--
-- Host: localhost    Database: account
-- ------------------------------------------------------


--
-- Table structure for table `Country`
--

CREATE TABLE `Country` (
  `id` bigint(20) NOT NULL AUTO_INCREMENT,
  `name` varchar(100) NOT NULL DEFAULT '',
  `code` varchar(10) NOT NULL DEFAULT '',
  KEY `id` (`id`)
) ENGINE=MyISAM AUTO_INCREMENT=207 DEFAULT CHARSET=latin1;

--
-- Dumping data for table `Country`
--

INSERT INTO `Country` VALUES (1,'ANDORRA','AD'),(2,'UNITED ARAB EMIRATES','AE'),(3,'AFGHANISTAN','AF'),(4,'ANTIGUA AND BARBUDA','AG'),(5,'ANGUILLA','AI'),(6,'ALBANIA','AL'),(7,'ARMENIA','AM'),(8,'NETHERLANDS ANTILLES','AN'),(9,'ANGOLA','AO'),(10,'ARGENTINA','AR'),(11,'AMERICAN SAMOA','AS'),(12,'AUSTRIA','AT'),(13,'AUSTRALIA','AU'),(14,'ARUBA','AW'),(15,'AZERBAIJAN','AZ'),(16,'BOSNIA','BA'),(17,'BARBADOS','BB'),(18,'BANGLADESH','BD'),(19,'BELGIUM','BE'),(20,'BURKINA FASO','BF'),(21,'BULGARIA','BG'),(22,'BAHRAIN','BH'),(23,'BURUNDI','BI'),(24,'BENIN','BJ'),(25,'BERMUDA','BM'),(26,'BRUNEI DARUSSALAM','BN'),(27,'BOLIVIA','BO'),(28,'BRAZIL','BR'),(29,'BAHAMAS','BS'),(30,'BHUTAN','BT'),(31,'BOTSWANA','BW'),(32,'BELARUS','BY'),(33,'BELIZE','BZ'),(34,'CANADA','CA'),(35,'CENTRAL AFRICAN REP.','CF'),(36,'CONGO','CG'),(37,'SWITZERLAND','CH'),(38,'IVORY COAST','CI'),(39,'COOK ISLANDS','CK'),(40,'CHILE','CL'),(41,'CAMEROON','CM'),(42,'CHINA','CN'),(43,'COLOMBIA','CO'),(44,'COSTARICA','CR'),(45,'CAPE VERDE','CV'),(46,'CYPRUS','CY'),(47,'CZECH REPUBLIC','CZ'),(48,'GERMANY','DE'),(49,'DJIBOUTI','DJ'),(50,'DENMARK','DK'),(51,'DOMINICA','DM'),(52,'DOMINICAN REPUBLIC','DO'),(53,'ALGERIA','DZ'),(54,'ECUADOR','EC'),(55,'ESTONIA','EE'),(56,'EGYPT','EG'),(57,'WESTERN SOMOA','EH'),(58,'ERITREA','ER'),(59,'SPAIN','ES'),(60,'ETHIOPIA','ET'),(61,'FINLAND','FI'),(62,'FIJI','FJ'),(63,'MICRONESIA','FM'),(64,'FAEROE ISLANDS','FO'),(65,'FRANCE','FR'),(66,'GABON','GA'),(67,'UNITED KINGDOM','GB'),(68,'GRENADA','GD'),(69,'GEORGIA','GE'),(70,'FRENCH GUIANA','GF'),(71,'GHANA','GH'),(72,'GIBRALTAR','GI'),(73,'GREENLAND','GL'),(74,'GAMBIA','GM'),(75,'GUINEA','GN'),(76,'GUADELOUPE','GP'),(77,'EQUATORIAL GUINEA','GQ'),(78,'GREECE','GR'),(79,'GUATEMALA','GT'),(80,'GUAM','GU'),(81,'GUINEA-BISSAU','GW'),(82,'GUYANA','GY'),(83,'HONG KONG','HK'),(84,'HONDURAS','HN'),(85,'CROATIA','HR'),(86,'HAITI','HT'),(87,'HUNGARY','HU'),(88,'INDONESIA','ID'),(89,'ISRAEL','IL'),(90,'INDIA','IN'),(91,'IRELAND, REPUBLIC OF','IR'),(92,'ICE LAND','IS'),(93,'ITALY AND VATICAN CITY STATE','IT'),(94,'JAMAICA','JM'),(95,'JORDAN','JO'),(96,'JAPAN','JP'),(97,'KENYA','KE'),(98,'KYRGYZSTAN','KG'),(99,'CAMBODIA','KH'),(100,'KIRIBATI','KI'),(101,'SAINT KITTS AND NEVIS','KN'),(102,'SOUTH KOREA','KR'),(103,'KUWAIT','KW'),(104,'KAZAKHSTAN','KZ'),(105,'LAOS','LA'),(106,'LEBANON','LB'),(107,'SAINT LUCIA','LC'),(108,'LIECHTENSTEIN','LI'),(109,'SRI LANKA','LK'),(110,'LIBERIA','LR'),(111,'LESOTHO','LS'),(112,'LITHUANIA','LT'),(113,'LUXEMBOURG','LU'),(114,'LATVIA','LV'),(115,'MOROCCO','MA'),(116,'MONACO','MC'),(117,'MOLDOVA','MD'),(118,'MADAGASCAR','MG'),(119,'MARSHALL ISLANDS','MH'),(120,'MACEDONIA','MK'),(121,'MALI','ML'),(122,'MONGOLIA','MN'),(123,'MACAU','MO'),(124,'NORTHERN MARIANA ISLANDS','MP'),(125,'MARTINIQUE','MQ'),(126,'MAURITANIA','MR'),(127,'MONTSERRAT','MS'),(128,'MALTA','MT'),(129,'MAURITIUS','MU'),(130,'MALDIVES','MV'),(131,'MALAWI','MW'),(132,'MEXICO','MX'),(133,'MALAYSIA','MY'),(134,'MOZAMBIQUE','MZ'),(135,'NAMIBIA','NA'),(136,'NEW CALEDONIA','NC'),(137,'NIGER','NE'),(138,'NORFOLK ISLAND','NF'),(139,'NIGERIA','NG'),(140,'NICARAGUA','NI'),(141,'NETHERLANDS (HOLLAND)','NL'),(142,'NORWAY','NO'),(143,'NEPAL','NP'),(144,'NEW ZEALAND','NZ'),(145,'OMAN','OM'),(146,'PANAMA','PA'),(147,'PERU','PE'),(148,'FRENCH POLYNESIA','PF'),(149,'PAPUA NEW GUINEA','PG'),(150,'PHILIPPINES','PH'),(151,'PAKISTAN','PK'),(152,'POLAND','PL'),(153,'PORTUGAL','PT'),(154,'PALAU','PW'),(155,'PARAGUAY','PY'),(156,'QATAR','QA'),(157,'REUNION','RE'),(158,'ROMANIA','RO'),(159,'RUSSIAN FEDERATION','RU'),(160,'RWANDA','RW'),(161,'SAUDI ARABIA','SA'),(162,'SOLOMON ISLANDS','SB'),(163,'SEYCHELLES','SC'),(164,'SWEDEN','SE'),(165,'SINGAPORE','SG'),(166,'SLOVENIA','SI'),(167,'SLOVAKIA','SK'),(168,'SIERRA LEONE','SL'),(169,'SAN MARINO','SM'),(170,'SENEGAL','SN'),(171,'SOMALIA','SO'),(172,'SURINAME','SR'),(173,'EL SALVADOR','SV'),(174,'SYRIAN ARAB REPUBLIC','SY'),(175,'SWAZILAND','SZ'),(176,'TURKS AND CAICOS ISLANDS','TC'),(177,'CHAD','TD'),(178,'TOGO','TG'),(179,'THAILAND','TH'),(180,'TAJIKISTAN','TJ'),(181,'TURKMENISTAN','TM'),(182,'TUNISIA','TN'),(183,'TONGA','TO'),(184,'TURKEY','TR'),(185,'TRINIDAD AND TOBAGO','TT'),(186,'TUVALU','TV'),(187,'TAIWAN','TW'),(188,'TANZANIA, UNITED REPUBLIC OF','TZ'),(189,'UKRAINE','UA'),(190,'UGANDA','UG'),(191,'UNITED STATES OF AMERICA','US'),(192,'URUGUAY','UY'),(193,'UZBEKISTAN','UZ'),(194,'SAINT VINCENT AND THE GRENADINES','VC'),(195,'VENEZUELA','VE'),(196,'VIRGIN ISLANDS (BRITISH)','VG'),(197,'VIRGIN ISLANDS (U.S.)','VI'),(198,'VIETNAM','VN'),(199,'VANUATU','VU'),(200,'WALLIS AND FUTUNA ISLANDS','WF'),(201,'SAMOA','WS'),(202,'YEMEN','YE'),(203,'YUGOSLAVIA','YU'),(204,'SOUTH AFRICA','ZA'),(205,'ZAMBIA','ZM'),(206,'ZAIRE','ZR');

--
-- Table structure for table `Login`
--

CREATE TABLE `Login` (
  `id` int(11) NOT NULL AUTO_INCREMENT,
  `datetime` int(11) NOT NULL DEFAULT '0',
  `userid` int(11) DEFAULT NULL,
  `user` tinytext NOT NULL,
  `ip` tinytext NOT NULL,
  PRIMARY KEY (`id`),
  UNIQUE KEY `id` (`id`)
) ENGINE=MyISAM AUTO_INCREMENT=114467 DEFAULT CHARSET=latin1 PACK_KEYS=1;

--
-- Dumping data for table `Login`
--

INSERT INTO `Login` VALUES (114464,1468419241,433,'henryOT39','24.206.231.215'),(114463,1468365446,433,'henryOT39','24.206.231.215'),(114462,1468361000,42,'pacificgalle','71.107.131.197'),(114460,1468328980,433,'henryOT39','24.206.231.215'),(114461,1468341574,42,'pacificgalle','71.107.131.197'),(114466,1468433882,42,'pacificgalle','174.76.16.82'),(114465,1468429341,42,'pacificgalle','71.107.131.197');

--
-- Table structure for table `Shipping_Carriers`
--

CREATE TABLE `Shipping_Carriers` (
  `ID` int(11) NOT NULL AUTO_INCREMENT,
  `Code` varchar(255) NOT NULL DEFAULT '',
  `Name` varchar(255) NOT NULL DEFAULT '',
  `Enabled` tinyint(4) NOT NULL DEFAULT '1',
  PRIMARY KEY (`ID`),
  KEY `ID` (`ID`)
) ENGINE=MyISAM AUTO_INCREMENT=10 DEFAULT CHARSET=latin1;

--
-- Dumping data for table `Shipping_Carriers`
--

INSERT INTO `Shipping_Carriers` VALUES (1,'UPS','United Parcel Service',1),(2,'USP','U.S. Postal Service',1),(3,'ABX','Airborne Express',0),(4,'ANX','Airnet Express',0),(5,'BAX','BAX Global',0),(6,'DHL','DHL Airways',1),(7,'EWW','Emery Worldwide',0),(8,'FDX','FedEx Express',1),(9,'RPS','FedEx Ground',0);

--
-- Table structure for table `Shipping_Methods`
--

CREATE TABLE `Shipping_Methods` (
  `ID` int(11) NOT NULL AUTO_INCREMENT,
  `CarrierID` int(11) NOT NULL DEFAULT '0',
  `Name` varchar(255) NOT NULL DEFAULT '',
  `code` varchar(10) DEFAULT NULL,
  `class` varchar(10) DEFAULT NULL,
  `Enabled` tinyint(4) NOT NULL DEFAULT '1',
  PRIMARY KEY (`ID`),
  KEY `ID` (`ID`)
) ENGINE=MyISAM AUTO_INCREMENT=47 DEFAULT CHARSET=latin1;

--
-- Dumping data for table `Shipping_Methods`
--

INSERT INTO `Shipping_Methods` VALUES (1,1,'Next Day Air','UND','1DY',1),(2,1,'Next Day Air w/ Sat. Delivery','','',0),(3,1,'Next Day Air Early AM','UNA','1DY',1),(4,1,'Next Day Air Saver','UNS','1DY',1),(5,1,'2nd Day Air','U2D','2DY',1),(6,1,'2nd Day Air A.M.','U2A','2DY',1),(7,1,'3 Day Select','U3S','3DY',1),(8,1,'Ground','UGN','GND',1),(9,1,'Ground (Residential)','','',0),(10,2,'Priority Mail w/ Dlvr. Conf','PPM','2DY',1),(11,2,'Parcel Post w/ Dlvr. Conf','PGN','2DY',1),(12,2,'Express Mail','PEA','3DY',1),(13,8,'Priority Overnight','FPN','1DY',1),(14,8,'Standard Overnight','FSO','1DY',1),(15,8,'2-Day','F2D','2DY',1),(16,8,'Express Saver','FES','3DY',1),(17,3,'Second Day Service','','',0),(18,3,'Express Service','','',0),(19,3,'Express Service w/ Sat. Delivery','','',0),(20,9,'Guaranteed Ground','','',0),(21,7,'Gold Priority AM','','',0),(22,7,'Gold Priority AM w/ Sat. Delivery','','',0),(23,7,'Gold Priority Second Day','','',0),(24,7,'Gold Priority Deferred',NULL,NULL,1),(25,6,'USA Overnight','DON','1DY',1),(26,6,'USA Overnight w/ Sat. Delivery','','',0),(27,7,'Intl. Express Service','','',0),(28,2,'Express Mail Intl. Service','','',0),(29,2,'Intl. Air Parcel Post','','',0),(30,2,'Intl. Surface Parcel Post','','',0),(31,1,'Worldwide Express','UWE','3DY',1),(32,1,'Worldwide Expedited','UWX','1DY',1),(33,3,'Intl. Express Service','','',0),(34,9,'US-to-Mexico Service','','',0),(36,8,'Ground','FGN','GND',1),(37,8,'First Overnight','FON','1DY',1),(38,1,'Standard Canadian Service','UCS','GND',1),(39,1,'Canadian Expedited','UCX','3DY',1),(40,1,'Canadian Express Plus','UCP','1DY',1),(41,1,'Canadian Express','UCE','2DY',1),(42,8,'Canadian Ground','FCG','GND',1),(43,8,'Canadian International Economy','FCE','3DY',1),(44,8,'Canadian International First','FCF','2DY',1),(45,8,'Canadian International Priority','FCP','2DY',1),(46,2,'Global Economy Parcel','PEP','',1);

--
-- Table structure for table `Visitor`
--

CREATE TABLE `Visitor` (
  `ID` int(11) NOT NULL AUTO_INCREMENT,
  `date` datetime DEFAULT NULL,
  `email` text,
  `processed` tinyint(4) NOT NULL DEFAULT '0',
  PRIMARY KEY (`ID`),
  KEY `ID` (`ID`)
) ENGINE=MyISAM AUTO_INCREMENT=1562 DEFAULT CHARSET=latin1 PACK_KEYS=1;

--
-- Dumping data for table `Visitor`
--

INSERT INTO `Visitor` VALUES (612,'2000-09-29 08:54:52','jjazons@aol.com',0),(8,'2000-04-11 17:34:08','bill_knows@hotmail.com',0),(1068,'2002-03-12 19:29:00','n8atcu@yahoo.com',0),(7,'2000-04-11 13:58:36','matt@kc.rr.com',0),(5,'2000-04-11 09:31:47','bheglie@blueguru.com',0),(4,'2000-04-10 16:57:31','thompsonlw@aol.com',0),(3,'2000-04-10 15:58:17','eglenn@tucsonchamber.org',0),(1065,'2002-03-10 12:17:11','s@S.com',0),(1,'2000-04-10 12:48:05','jbush@blueguru.com',0),(10,'2000-04-12 10:09:12','jbush@blueguru.com',0),(11,'2000-04-12 12:16:31','938sc@pcbank.net',0),(12,'2000-04-12 23:10:50','duane@belfast.com',0),(13,'2000-04-13 00:43:34','german@funcow.com',0),(14,'2000-04-13 13:53:14','guilloryd@earthlink.net',0),(1394,'2003-07-18 08:23:17','john@hotmail.com',0),(16,'2000-04-13 20:58:27','anagam4@aol.com',0),(1397,'2003-08-20 10:26:39','test@test.com',0),(18,'2000-04-14 10:07:16','mash@blueguru.com',0),(19,'2000-04-14 11:52:03','PERZAN1@PRODIGY.NET',0),(20,'2000-04-14 14:03:18','tskinner@tpacaz.org',0),(21,'2000-04-14 18:20:50','jninde@primenet.com',0),(22,'2000-04-15 09:09:44','mizzoumo@aol.com',0),(23,'2000-04-15 09:14:53','izzoumo@aol.com',0),(24,'2000-04-15 17:34:34','jb4426@aol.com',0),(25,'2000-04-17 07:09:24','pdhallaz',0),(26,'2000-04-17 10:59:53','bob@bob.com',0),(1392,'2003-07-11 09:19:27','john@hotmail.com',0),(29,'2000-04-17 12:44:22','stevew@sedona.net',0),(30,'2000-04-17 12:48:34','shafer@sedona.net',0),(1066,'2002-03-12 10:47:12','aZGhdsa@asjdsa.com',0),(32,'2000-04-18 12:24:42','test@yahoo.com',0),(1064,'2002-03-08 21:10:08','no@way.com',0),(35,'2000-04-19 09:05:25','jeff@canyon.net',0),(36,'2000-04-19 09:16:38','seth@canyon.net',0),(37,'2000-04-19 09:20:17','john.delalla@usa.net',0),(38,'2000-04-19 10:05:30','mash@blueguru.com',0),(39,'2000-04-19 10:35:22','jbush@blueguru.com',0),(40,'2000-04-19 17:22:46','jbush@blueguru.com',0),(41,'2000-04-20 10:37:19','mash@blueguru.com',0),(42,'2000-04-20 11:04:09','shawn996@aol.com',0),(43,'2000-04-20 15:22:23','Velasquez@RocketMail.com',0),(44,'2000-04-21 10:34:02','jfjfj@jfdkf.com',0),(45,'2000-04-21 11:38:16','gunltd@AOL.COM',0),(46,'2000-04-21 11:41:24','gunltd@AOL.COM',0),(47,'2000-04-21 11:46:35','MonkeyManx@home.com',0),(48,'2000-04-21 12:35:33','zach@zak.doitnow.com',0),(49,'2000-04-23 10:54:35','manuel@medina.as',0),(50,'2000-04-23 18:53:21','fhg@fhg.com',0),(51,'2000-04-24 04:55:59','m.bateman2@lancaster.ac.uk',0),(52,'2000-04-24 07:21:44','l_robert_c@yahoo.com',0),(53,'2000-04-24 08:13:34','ccampbell@team.look.ca',0),(54,'2000-04-24 08:48:33','joe@nonya.net',0),(55,'2000-04-24 11:00:55','ccampbell@team.look.ca',0),(56,'2000-04-24 13:25:20','info@nemanic.com',0),(57,'2000-04-24 22:32:40','thedfly@hotmail.com',0),(58,'2000-04-25 02:24:57','test@test.com',0),(59,'2000-04-25 10:14:31','trueseven7@aol.com',0),(60,'2000-04-25 10:15:13','trueseven7@aol.com',0),(61,'2000-04-25 12:24:33','dbs@doitnow.com',0),(62,'2000-04-25 12:24:34','dbs@doitnow.com',0),(63,'2000-04-25 12:27:01','dbs@doitnow.com',0),(64,'2000-04-25 12:31:35','dukejr1@aol.com',0),(65,'2000-04-25 16:09:30','blueguru@imail.ihood.com',0),(66,'2000-04-26 14:35:54','kaynesmith@aol.com',0),(67,'2000-04-26 16:06:13','SWTIENDAS@AOL.COM',0),(68,'2000-04-26 16:32:36','info@danyoungartist.com',0),(69,'2000-04-26 16:34:09','petersonfineart@aol.com',0),(70,'2000-04-26 17:38:42','jason@hotmail.com',0),(71,'2000-04-26 23:36:45','stuff@stuff.com',0),(72,'2000-04-27 10:01:01','bheglie@blueguru.com',0),(73,'2000-04-27 10:48:54','tim.romano@worldnet.att.net',0),(74,'2000-04-27 10:53:19','info@oldterritorialshop.com',0),(75,'2000-04-27 20:22:12','jbush@blueguru.com',0),(76,'2000-04-28 09:53:24','sdf@df.com',0),(77,'2000-04-28 09:55:27','dsf@as.com',0),(78,'2000-04-28 09:58:22','randy@seniormedia.com',0),(79,'2000-04-28 10:03:25','info@oldterritorialshop.com',0),(80,'2000-04-28 11:35:43','geri@tpacaz.org',0),(81,'2000-04-28 11:43:16','jbush@blueguru.com',0),(82,'2000-04-28 11:44:17','jbush@blueguru.com',0),(83,'2000-04-28 11:44:29','jbush@blueguru.com',0),(84,'2000-04-28 11:44:34','jbush@blueguru.com',0),(85,'2000-04-28 11:44:44','jbush@blueguru.com',0),(86,'2000-04-28 11:47:05','jbush@blueguru.com',0),(87,'2000-04-28 12:11:00','masters',0),(88,'2000-04-28 14:50:05','randy@seniormedia.com',0),(89,'2000-04-28 14:50:37','randy@seniormedia.com',0),(90,'2000-04-28 14:52:11','randy@seniormedia.com',0),(91,'2000-04-28 22:25:03','hamad@marri.com',0),(92,'2000-04-29 16:03:43','songhay360@aol.com',0),(93,'2000-05-01 09:02:40','john@joe.com',0),(94,'2000-05-01 13:53:53','test@test.com',0),(95,'2000-05-01 15:08:58','dsfsdf@sfgsdf.com',0),(96,'2000-05-01 15:11:27','dsfsdf@sfgsdf.com',0),(97,'2000-05-01 16:12:00','sales@discountbiblesoftware.com',0),(98,'2000-05-01 18:40:09','petersonfineart@aol.com',0),(99,'2000-05-02 04:27:14','sviorel@uti.ro',0),(100,'2000-05-02 12:08:01','michael@ei-web.com',0),(101,'2000-05-02 13:27:21','aa@aol.com',0),(102,'2000-05-02 15:07:43','bheglie@blueguru.com',0),(103,'2000-05-03 11:40:10','blowme@aol.com',0),(104,'2000-05-03 12:51:04','jkdsfjkdsl@sjkdjflk.com',0),(105,'2000-05-04 07:22:29','ronwwing@earthlink.net',0),(106,'2000-05-04 08:38:18','tmazelon@fourthventure.com',0),(107,'2000-05-04 11:56:05','jdenecke@worldnet.att.net',0),(108,'2000-05-04 14:47:35','matt@intershipper.net',0),(109,'2000-05-04 15:41:05','rackley@amazingmail.com',0),(110,'2000-05-04 19:30:09','replogle992@hotmail.com',0),(111,'2000-05-05 13:06:49','sales@targetmarketing4u.com',0),(112,'2000-05-05 21:06:38','tch@eoni.com',0),(113,'2000-05-05 21:11:01','tch@eoni.com',0),(114,'2000-05-05 21:11:46','tch@eoni.com',0),(115,'2000-05-06 01:04:39','mme@uswest.net',0),(116,'2000-05-06 19:11:32','bheglie@blueguur.com',0),(117,'2000-05-07 10:50:36','demo@usa.com',0),(118,'2000-05-07 23:03:17','paladinsan',0),(119,'2000-05-08 08:19:46','jamie@thisislancashire.co.uk',0),(120,'2000-05-08 11:42:32','luvmedolls@aol.com',0),(121,'2000-05-08 16:22:50','jcram@isitedesign.com',0),(122,'2000-05-08 20:51:54','replogle992@hotmail.com',0),(123,'2000-05-09 06:32:19','r@dsrd.cccccom',0),(124,'2000-05-09 11:01:48','mash@blueguru.com',0),(125,'2000-05-09 13:40:31','ok@blueguru.com',0),(126,'2000-05-09 14:28:54','gfsdkl@aol.com',0),(127,'2000-05-09 15:14:42','demo',0),(128,'2000-05-09 19:08:32','asdf@asdf.com',0),(129,'2000-05-10 10:36:57','rt@aol.com',0),(130,'2000-05-10 11:07:28','rt@aol.com',0),(131,'2000-05-10 11:16:54','asdf@asdf.com',0),(132,'2000-05-10 12:27:29','nick@directiondesign.com',0),(133,'2000-05-10 15:07:57','jbush@blueguru.com',0),(134,'2000-05-10 16:52:58','cindy_millam@jafra.com',0),(135,'2000-05-10 19:33:18','bheglie@blueguru.com',0),(136,'2000-05-10 23:09:55','a@a.com',0),(137,'2000-05-10 23:10:26','a@a.com',0),(138,'2000-05-11 09:18:11','jbush@blueguru.com',0),(139,'2000-05-11 09:36:44','jbush@blueguru.com',0),(140,'2000-05-11 10:53:24','rags@cmn.net',0),(141,'2000-05-11 10:58:41','rags@cmn.net',0),(142,'2000-05-11 10:58:49','rags@cmn.net',0),(143,'2000-05-11 13:01:03','j@jJ.com',0),(144,'2000-05-11 13:52:29','dina.garnatz@ingrammicro.com',0),(145,'2000-05-11 13:57:36','dina.garnatz@ingrammicro.com',0),(146,'2000-05-11 18:27:35','josephsalamon@earthlink.net',0),(147,'2000-05-13 13:26:19','david_miller@earthling.net',0),(148,'2000-05-13 14:38:42','moneymagic@ureach.com',0),(149,'2000-05-13 15:43:35','alanjack@uswest.net',0),(150,'2000-05-13 17:04:34','jb4426@aol.com',0),(151,'2000-05-13 21:23:19','mme@phnx.uswest.net',0),(152,'2000-05-14 14:51:15','simplton@mailcity.com',0),(153,'2000-05-15 08:34:12','bart@hireasolution.com',0),(154,'2000-05-16 10:22:01','ronwwing@applicationsgateway.com',0),(155,'2000-05-16 12:12:11','ttorrington@clicksure.com',0),(156,'2000-05-16 14:49:36','olegv@home.com',0),(157,'2000-05-16 14:53:46','rackley@amazingmail.com',0),(158,'2000-05-16 14:57:47','mi@ei-web.com',0),(159,'2000-05-16 15:41:37','jdj@jksjks.com',0),(160,'2000-05-16 16:17:21','dentalpros@aol.com',0),(161,'2000-05-16 19:49:40','gmorrison@uswest.net',0),(162,'2000-05-16 23:23:30','shdfgih@aol.com',0),(163,'2000-05-17 10:16:26','a@b.com',0),(164,'2000-05-17 16:04:30','rickekr@u.arizona.edu',0),(165,'2000-05-18 05:02:24','lll@lll.as',0),(166,'2000-05-18 07:26:28','dshires@voyager.net',0),(167,'2000-05-18 07:27:16','dshires@voyager.net',0),(168,'2000-05-18 11:42:25','stevec@hireasolution.com',0),(169,'2000-05-18 16:53:24','xxx@xxx.net',0),(170,'2000-05-18 17:37:06','bbb@nn',0),(171,'2000-05-19 13:04:44','pete@plesk.com',0),(172,'2000-05-20 08:20:47','abc@usa.com',0),(173,'2000-05-20 15:32:38','jbush@blueguru.com',0),(174,'2000-05-20 17:03:04','jbush@blueguru.com',0),(175,'2000-05-20 17:39:13','mash@blueguru.com',0),(176,'2000-05-20 22:36:44','p@indiatimes.com',0),(177,'2000-05-21 07:36:19','tonyloviscek@home.com',0),(178,'2000-05-21 12:24:28','nick@directiondesign.com',0),(179,'2000-05-21 14:03:29','asfd@asdf.com',0),(180,'2000-05-21 14:05:00','asfd@asdf.com',0),(181,'2000-05-21 14:34:25','rossjmiller@uswest.net',0),(182,'2000-05-21 14:37:12','asdf@asfd.com',0),(183,'2000-05-21 14:39:03','asdf@asfd.com',0),(184,'2000-05-21 14:47:04','rossjmiller@uswest.net',0),(185,'2000-05-21 15:11:43','hibach@earthlink.net',0),(186,'2000-05-21 15:12:25','mlserna',0),(187,'2000-05-21 16:18:54','jbush@blueguru.com',0),(188,'2000-05-22 01:10:03','lovato@azstarnet.com',0),(189,'2000-05-22 08:33:21','mildor7@aol.com',0),(190,'2000-05-22 19:06:53','blheglie@blueguru.com',0),(191,'2000-05-22 21:52:01','fuck@you.com',0),(192,'2000-05-22 21:54:56','fuck@you.com',0),(193,'2000-05-23 05:11:39','bmoynahan@netscape.net',0),(194,'2000-05-23 15:38:37','eglenn@tucsonchamber.org',0),(195,'2000-05-23 23:49:17','a@aol.com',0),(196,'2000-05-24 05:51:18','bheglie@blueguru.com',0),(197,'2000-05-24 07:23:07','bheglie@blueguru.co',0),(198,'2000-05-24 08:04:24','dkroshka@fcb.com',0),(199,'2000-05-24 09:11:45','JLGARCIAII@aol.com',0),(200,'2000-05-24 11:53:20','matt@nupraiz.com',0),(201,'2000-05-24 15:40:34','fdltours@flash.net',0),(202,'2000-05-24 15:43:17','fdltours@flash.net',0),(203,'2000-05-24 19:31:58','zach@zak.doitnow.com',0),(204,'2000-05-25 00:39:55','JTC1015@aol.com',0),(205,'2000-05-25 06:02:30','ghenthorn@hotmail.com',0),(206,'2000-05-25 10:09:23','nick@directiondesign.com',0),(207,'2000-05-25 15:29:31','liamknuj@netlane.com',0),(208,'2000-05-26 10:17:07','blean@durocom.com',0),(209,'2000-05-26 11:55:19','sdfgsd@dfhshgd.org',0),(210,'2000-05-26 13:23:26','rswing@hiwaay.net',0),(211,'2000-05-26 17:42:47','Jlpriceart@aol.com',0),(212,'2000-05-26 17:43:06','etimmis@accela-r.com',0),(213,'2000-05-28 00:04:13','bgaineshunter@yahoo.com',0),(214,'2000-05-28 06:20:43','jmc4375@aol.com',0),(215,'2000-05-28 08:56:29','tim.loney@c-s-2000.com',0),(216,'2000-05-29 14:20:41','paulasteve@juno.com',0),(217,'2000-05-30 04:08:12','oo@nn.ca',0),(218,'2000-05-30 04:09:36','oo@nn.ca',0),(219,'2000-05-30 04:14:08','oo@nn.ca',0),(220,'2000-05-30 05:58:24','rmalnati@uslec.com',0),(221,'2000-05-30 06:18:46','ned@exploreinteractive.com',0),(222,'2000-05-30 09:52:15','aaa@aa.ca',0),(223,'2000-05-30 11:48:13','tague@win.net',0),(224,'2000-05-30 11:49:25','tague@win.net',0),(225,'2000-05-30 14:49:05','x',0),(226,'2000-05-30 16:03:50','sdfs@fsdfs.com',0),(227,'2000-05-30 16:17:19','me@your.net',0),(228,'2000-05-30 16:37:51','josephsalamon@earthlink.net',0),(229,'2000-05-30 16:40:10','josephsalamon@earthlink.net',0),(230,'2000-05-30 16:41:51','josephsalamon@earthlink.net',0),(231,'2000-05-30 16:42:41','josephsalamon@earthlink.net',0),(232,'2000-05-30 16:44:08','josephsalamon@earthlink.net',0),(233,'2000-05-30 19:41:50','d@dd.com',0),(234,'2000-05-30 19:45:14','fgjhg@jhghdg.com',0),(235,'2000-05-30 19:45:48','fgjhg@jhghdg.com',0),(236,'2000-05-30 20:51:29','josephsalamon@earthlink.net',0),(237,'2000-05-30 20:52:25','josephsalamon@earthlink.net',0),(238,'2000-05-30 21:11:33','xxx',0),(239,'2000-05-30 21:15:37','ccc',0),(240,'2000-05-31 10:21:10','arcom@telkom.net',0),(241,'2000-05-31 19:11:34','nancydavis_92551@yahoo.com',0),(242,'2000-05-31 19:13:06','nancydavis_92551@yahoo.com',0),(243,'2000-06-01 09:13:56','unhappygary@hotmail.com',0),(244,'2000-06-01 09:47:28','camster1@flash.net',0),(245,'2000-06-01 09:54:57','camster1@flash.net',0),(246,'2000-06-01 10:16:45','mfeeney4@home.com',0),(247,'2000-06-01 14:10:34','ashdesigns@aol.com',0),(248,'2000-06-01 14:15:56','alyosha7@yahoo.xom',0),(249,'2000-06-01 14:43:48','ned@exploreinteractive.com',0),(250,'2000-06-01 23:01:13','bkkchoate@yahoo.com',0),(251,'2000-06-01 23:48:51','bryan@ccsoft.cc',0),(252,'2000-06-01 23:50:11','bryan@ccsoft.cc',0),(253,'2000-06-02 12:38:59','bkkchoate@yahoo.com',0),(254,'2000-06-02 12:39:52','bkkchoate@yahoo.com',0),(255,'2000-06-02 14:15:03','tre@sce.com',0),(256,'2000-06-02 14:31:19','bkkchoate@yahoo.com',0),(257,'2000-06-02 14:32:21','bkkchoate@yahoo.com',0),(258,'2000-06-02 14:32:23','bkkchoate@yahoo.com',0),(259,'2000-06-03 07:31:49','ov@we.con',0),(260,'2000-06-04 08:19:11','rebecca@digital.net',0),(261,'2000-06-04 08:20:36','rebecca@digital.net',0),(262,'2000-06-05 00:06:03','vbv?@hgj',0),(263,'2000-06-05 06:00:14','bluesone99@aaol.com',0),(264,'2000-06-05 10:01:12','mom@pobox.com',0),(265,'2000-06-05 12:10:59','cale@cohesive.net',0),(266,'2000-06-05 15:16:19','andy@aol.com',0),(267,'2000-06-05 17:12:19','luvmedolls@aol.com',0),(268,'2000-06-05 17:19:14','cornell@dewittgallery.com',0),(269,'2000-06-06 09:15:24','paul@rampart.net',0),(270,'2000-06-06 09:39:16','andy@aol.com',0),(271,'2000-06-06 15:44:18','bogus@yahoo.com',0),(272,'2000-06-06 15:46:21','gewm@aol.com',0),(273,'2000-06-06 16:00:53','ingram@ithink.com',0),(274,'2000-06-06 17:13:10','joltmans@interentconnect.net',0),(275,'2000-06-06 17:18:34','joltmans@interentconnect.net',0),(276,'2000-06-07 07:49:22','ecook@internet.com',0),(277,'2000-06-07 09:10:18','ebyglass@home.com',0),(278,'2000-06-07 11:05:43','glenp7@aol.com',0),(279,'2000-06-08 08:08:50','dshires@voyager.net',0),(280,'2000-06-08 11:26:35','johnl@corp-com.com',0),(281,'2000-06-08 14:01:16','seans',0),(282,'2000-06-08 15:26:23','seans',0),(283,'2000-06-08 17:33:45','natgagui@aol.com',0),(284,'2000-06-08 17:38:40','smatteson@sedona.net',0),(285,'2000-06-08 19:00:12','dizzy@sedona.net',0),(286,'2000-06-08 19:54:44','alfredphx@foreveryoursphoto.com',0),(287,'2000-06-08 19:57:23','alfredphx@foreveryoursphoto.com',0),(288,'2000-06-08 19:57:56','alfredphx@foreveryoursphoto.com',0),(289,'2000-06-09 12:39:23','bsmith@msn.com',0),(290,'2000-06-09 13:06:14','bc_taber@msn.com',0),(291,'2000-06-10 16:16:30','rossjmiller@uswest.net',0),(292,'2000-06-11 13:32:00','ob@nl',0),(293,'2000-06-11 13:32:36','ob@nl',0),(294,'2000-06-11 16:54:14','abebes@rocketmail.com',0),(295,'2000-06-12 10:07:44','paco@faho.com',0),(296,'2000-06-12 12:50:09','destudio@eircom.net',0),(297,'2000-06-12 13:54:36','adamb99@uswest.net',0),(298,'2000-06-12 15:59:39','orldog@yahoo.com',0),(299,'2000-06-12 16:35:41','wkalprivat@aol.com',0),(300,'2000-06-12 16:49:59','geoalfo@aol.com',0),(301,'2000-06-12 17:11:08','geoalfo@aol.com',0),(302,'2000-06-12 17:12:12','geoalfo@aol.com',0),(303,'2000-06-13 09:57:47','me@com.com',0),(304,'2000-06-13 13:38:25','mcguire@nconnect.net',0),(305,'2000-06-13 16:39:23','theo@transmerchant.com',0),(306,'2000-06-13 20:15:31','forgey@azstarnet.com',0),(307,'2000-06-13 20:23:27','safesys@ix.netcom.com',0),(308,'2000-06-13 22:17:06','alber@dellnet.com',0),(309,'2000-06-14 13:01:49','ansuz1@hotmail.com',0),(310,'2000-06-14 13:03:35','the@the.com',0),(311,'2000-06-14 13:04:03','smaug@hotmail.com',0),(312,'2000-06-14 14:00:29','test@test.com',0),(313,'2000-06-14 14:18:14','derek@idirect.com',0),(314,'2000-06-14 14:21:01','bob@nothing.com',0),(315,'2000-06-14 14:37:44','eclaflin@whazit.com',0),(316,'2000-06-14 14:43:38','joey@jerkbank.com',0),(317,'2000-06-14 15:24:13','anita@hostopia.com',0),(318,'2000-06-14 15:30:16','test@test.com',0),(319,'2000-06-14 15:45:57','brian@hotmail.com',0),(320,'2000-06-14 16:51:56','x@x.com',0),(321,'2000-06-15 08:01:49','stashman@bigfoot.com',0),(322,'2000-06-15 08:02:40','stashman@bigfoot.com',0),(323,'2000-06-15 08:09:48','joe@hotmail.com',0),(324,'2000-06-15 08:58:48','jaybsi@aol.com',0),(325,'2000-06-15 10:24:28','pa@hostopia.com',0),(326,'2000-06-15 11:44:37','aplpebum@anita.bluegenesis.com',0),(327,'2000-06-15 14:42:11','bob@aol.com',0),(328,'2000-06-15 16:07:16','ramibenavraham@netscape.net',0),(329,'2000-06-15 16:09:40','ramibenavraham.com',0),(330,'2000-06-15 17:22:27','tskinner@tpacaz.org',0),(331,'2000-06-15 19:09:53','tskinner@tpacaz.org',0),(332,'2000-06-15 19:24:03','tskinner@tpacaz.org',0),(333,'2000-06-15 23:38:57','ldgfineart@msn.com',0),(334,'2000-06-15 23:39:00','ldgfineart@msn.com',0),(335,'2000-06-17 13:43:29','ddd@ddd.cc',0),(336,'2000-06-17 19:40:25','sritrang@thaimail.com',0),(337,'2000-06-18 09:14:50','silkem71@hotmail.com',0),(338,'2000-06-19 05:32:27','sales@pc-lab.com',0),(339,'2000-06-20 12:58:37','paul@rampart.net',0),(340,'2000-06-20 13:29:30','jroberts.otr@att.net',0),(341,'2000-06-20 14:56:11','JLGARCIAII@aol.com',0),(342,'2000-06-21 04:09:28','sss@bbb',0),(343,'2000-06-21 14:40:01','ersdf@earthlink.net',0),(344,'2000-06-21 17:29:09','blah@blueguru.com',0),(345,'2000-06-21 20:14:03','234234',0),(346,'2000-06-22 03:05:30','anandpandu@usa.net',0),(347,'2000-06-22 03:59:25','geffen_adam@hotmail.com',0),(348,'2000-06-22 06:45:03','bkkchoate@yahoo.com',0),(349,'2000-06-22 06:46:12','bkkchoate@yahoo.com',0),(350,'2000-06-22 06:46:55','bkkchoate@yahoo.com',0),(351,'2000-06-22 18:55:52','asdf@asdf.com',0),(352,'2000-06-23 18:47:05','bheglie@blueguru.com',0),(353,'2000-06-23 21:26:49','everc1@azstarnet.com',0),(354,'2000-06-23 22:15:46','roxy@sprintmail.com',0),(355,'2000-06-26 05:52:06','jemtay@bigpond.com.au',0),(356,'2000-06-26 13:15:04','aampcoTag@aol.com',0),(357,'2000-06-26 14:51:20','mash@blueguru.com',0),(358,'2000-06-26 16:26:04','asbb02@uswest.net',0),(359,'2000-06-26 16:27:16','asbb02@uswest.net',0),(360,'2000-06-26 16:34:17','asbb02@uswest.net',0),(361,'2000-06-26 16:34:53','asbb02@uswest.net',0),(362,'2000-06-26 17:40:23','Karen_Chris@prodigy.net',0),(363,'2000-06-27 08:40:03','asdf@asdf.com',0),(364,'2000-06-27 09:11:02','asdf',0),(365,'2000-06-27 10:24:55','sttile@cs.com',0),(366,'2000-06-27 10:28:56','sAD',0),(367,'2000-06-27 10:42:10','SSdSADFaS',0),(368,'2000-06-28 07:50:19','Keecha2@msn.con',0),(369,'2000-06-28 13:46:35','derek.lewis@marketnow.com',0),(370,'2000-06-28 14:07:02','sttile@cs.com',0),(371,'2000-06-28 14:32:24','derek.lewis@marketnow.com',0),(372,'2000-06-28 14:33:06','derek.lewis@marketnow.com',0),(373,'2000-06-28 17:04:20','blah@blah.com',0),(374,'2000-06-28 17:09:11','blah@mm.m',0),(375,'2000-06-29 14:57:26','andrea@shadesofthewest.com',0),(376,'2000-06-29 15:03:38','andrea@shadesofthewest.com',0),(377,'2000-06-29 15:59:50','karin.childress@staff-leasing.com',0),(378,'2000-06-29 16:44:15','yabadaba@hotmail.com',0),(379,'2000-06-30 08:09:16','jcm__@hotmail.com',0),(380,'2000-06-30 13:59:49','test@test.com',0),(381,'2000-07-01 17:58:38','briggs@expresscorp.com',0),(382,'2000-07-03 12:37:01','abbottr@bellsouth.net',0),(383,'2000-07-05 10:48:18','sententia_64@yahoo.com',0),(384,'2000-07-06 02:33:11','df@df.com',0),(385,'2000-07-06 12:30:38','dan@aol.com',0),(386,'2000-07-06 12:32:04','travis@primaryhub.com',0),(387,'2000-07-06 21:59:44','mimsamal@aol.com',0),(388,'2000-07-06 22:08:53','ingridsaunders@home.com',0),(389,'2000-07-07 11:40:06','pesaru@yahoo.com',0),(390,'2000-07-07 13:40:16','ebon8263@aol.com',0),(391,'2000-07-07 14:07:09','PERZAN1@PRODIGY.NET',0),(392,'2000-07-07 17:09:35','sales@yourtherapist.com',0),(393,'2000-07-07 18:52:23','mmm@jjj.com',0),(394,'2000-07-09 11:49:15','JLGARCIAII@aol.com',0),(395,'2000-07-10 22:21:48','jendesrtdv@aol.com',0),(396,'2000-07-10 23:32:23','jendesrtdv@aol.com',0),(397,'2000-07-11 16:50:24','doug@primaryhub.com',0),(398,'2000-07-12 10:38:45','rasta@inficad.com',0),(399,'2000-07-12 11:47:06','sdas@dfds.com',0),(400,'2000-07-12 12:22:21','clarisdemo@hotmail.com',0),(401,'2000-07-12 12:28:17','sdr@sdf.ert',0),(402,'2000-07-12 15:05:47','da@asd.com',0),(403,'2000-07-12 15:31:53','RED@RED.COM',0),(404,'2000-07-12 15:40:38','GHJ@GHJ.COM',0),(405,'2000-07-13 10:36:34','silkem71@yahoo.com',0),(406,'2000-07-13 14:27:13','whwyatt@bungo.com',0),(407,'2000-07-13 22:11:38','hbrien@evergreen.com',0),(408,'2000-07-14 12:08:24','peppergrl9@aol.com',0),(409,'2000-07-15 18:40:30','bc@bnsa.com',0),(410,'2000-07-17 15:48:42','steve@dalgar.com',0),(411,'2000-07-17 22:38:53','gtasaka@excite.com',0),(412,'2000-07-21 11:26:49','doug@primaryhub.com',0),(413,'2000-07-21 15:24:32','gfgfsd@adfss.com',0),(414,'2000-07-21 17:57:32','me@them.com',0),(415,'2000-07-23 13:49:04','lkern@yahoo.com',0),(416,'2000-07-23 13:50:48','lkern@yahoo.com',0),(417,'2000-07-23 13:53:24','lkern@yahoo.com',0),(418,'2000-07-24 09:58:20','doug@primaryhub.com',0),(419,'2000-07-24 09:59:32','doug@primaryhub.com',0),(420,'2000-07-24 12:39:27','galaxygiftshop@netscape.net',0),(421,'2000-07-24 15:47:20','warrenmia@sales.com',0),(611,'2000-09-29 08:54:00','leekya66@aol.com',0),(610,'2000-09-29 08:45:22','leekya66@aol.com',0),(609,'2000-09-29 08:32:30','leekya66@aol.com',0),(608,'2000-09-28 14:23:44','chip@azlink.com',0),(607,'2000-09-28 14:20:33','chip@azlink.com',0),(606,'2000-09-27 17:10:35','tnava74651@msn.com',0),(605,'2000-09-27 12:42:11','ossn@compuserve.com',0),(604,'2000-09-27 08:53:18','leekya66@aol.com',0),(603,'2000-09-26 22:13:18','jendesrtdv@aol.com',0),(439,'2000-07-25 21:45:13','asdf@asdf.com',0),(440,'2000-07-25 21:47:45','asdf@asdf.com',0),(441,'2000-07-26 09:07:22','Primaryprincess@hotmail.com',0),(442,'2000-07-26 13:51:01','bheglie@blueguru.com',0),(443,'2000-07-26 15:28:25','Robinb@primaryhub.com',0),(444,'2000-07-26 15:39:37','silvey1998@hotmail.com',0),(445,'2000-07-26 15:41:44','silvey1998@hotmail.com',0),(446,'2000-07-26 18:59:20','asdf@asdf.com',0),(447,'2000-07-26 19:01:19','asdf@asdf.com',0),(448,'2000-07-26 19:01:43','asdf@asdf.com',0),(449,'2000-07-27 09:55:29','crackpot@pcanywhere.com',0),(450,'2000-07-27 14:52:22','brian@spam.com',0),(451,'2000-07-27 15:15:59','sdfasd@sda.com',0),(452,'2000-07-27 16:17:51','doug@primaryhub.com',0),(453,'2000-07-27 16:21:05','doug@primaryhub.com',0),(454,'2000-07-27 16:33:44','doug@primaryhub.com',0),(455,'2000-07-27 20:09:29','brian@primaryhub.com',0),(456,'2000-07-27 20:12:41','test@test.com',0),(457,'2000-07-27 22:18:56','whytell@ilie.com',0),(458,'2000-07-28 11:14:47','benjaminc@ncslink.com',0),(459,'2000-07-28 12:11:27','gordonstoa',0),(460,'2000-07-28 15:08:12','cousij@buzzeo.com',0),(461,'2000-07-28 16:10:01','kkadsfk@asfdjjka.asdk',0),(462,'2000-07-28 16:24:50','john@azonlinerealtor.com',0),(463,'2000-07-28 21:48:40','prince@aol.com',0),(464,'2000-07-28 23:32:03','BillJustice@rocketmail.com',0),(465,'2000-07-29 11:47:52','rufjv',0),(466,'2000-07-29 12:28:39','asdfsadf',0),(467,'2000-07-29 14:02:51','sdlkfj',0),(468,'2000-07-29 15:04:48','bokfu@asianavenue.com',0),(469,'2000-07-29 16:09:22','saef',0),(470,'2000-07-29 19:11:29','billsnow@aol.com',0),(471,'2000-07-30 10:31:14','nope@guess.dk',0),(472,'2000-07-30 13:31:24','rESG@FDSA.EE',0),(473,'2000-07-31 12:31:23','jmiller@motiontechnologies.com',0),(474,'2000-07-31 15:10:23','jeramyw@primaryhub.com',0),(475,'2000-08-03 02:41:25','choice_38610',0),(476,'2000-08-03 16:21:06','anyone@anywhere.com',0),(477,'2000-08-05 14:25:04','ciseas@hotmail.com',0),(478,'2000-08-05 14:27:15','fdfg@.com',0),(479,'2000-08-05 14:28:45','ciseas@hotmail.com',0),(480,'2000-08-07 14:36:43','jhgf@hotmail.com',0),(481,'2000-08-07 18:42:27','bkkchoate@yahoo.com',0),(482,'2000-08-08 12:40:35','john@msn.com',0),(483,'2000-08-08 16:03:18','hermitshollow.com',0),(484,'2000-08-08 20:34:38','hermitshollow.com',0),(485,'2000-08-09 06:44:51','hermitshollow.com',0),(486,'2000-08-10 04:12:42','julia@liquiddata.com.au',0),(487,'2000-08-10 04:19:55','julia@liquiddata.com.au',0),(488,'2000-08-10 13:19:29','daskj@fnjkd.com',0),(489,'2000-08-10 13:44:02','mennix@gate.net',0),(490,'2000-08-10 17:22:42','heritshollow.com',0),(491,'2000-08-10 17:22:51','hermitshollow.com',0),(492,'2000-08-16 01:08:27','diastarr@hotmail.com',0),(493,'2000-08-16 12:16:21','mcgowan@lynch2.com',0),(494,'2000-08-17 10:45:19','robinb@primaryhub.com',0),(495,'2000-08-17 17:04:52','gnillehcs@hotmail.com',0),(496,'2000-08-17 22:59:08','judyart@mlode.com',0),(497,'2000-08-17 23:10:08','judyart@mlode.com',0),(498,'2000-08-18 07:24:07','hermitshollow.com',0),(499,'2000-08-18 15:31:50','mickey@primaryhub.com',0),(500,'2000-08-19 15:33:49','mickey@primenet.com',0),(501,'2000-08-21 11:39:55','camster1@flash.net',0),(502,'2000-08-21 11:40:26','dansjk@aksdj.com',0),(503,'2000-08-21 13:30:13','camster1@flash.net',0),(504,'2000-08-21 17:19:40','dee@primaryhub.com',0),(505,'2000-08-21 20:58:16','juxta@email.com',0),(506,'2000-08-21 23:07:59','ddd2GFG@GG.COM',0),(507,'2000-08-22 11:51:08','mickey@primaryhub.com',0),(508,'2000-08-22 14:19:25','dee@primaryhub.com',0),(509,'2000-08-22 14:20:15','grouchy@myhome',0),(510,'2000-08-22 14:27:32','president@whitehouse.gov',0),(511,'2000-08-23 13:20:44','noway@hopeless.com',0),(512,'2000-08-24 15:24:52','phil@primaryhub.com',0),(513,'2000-08-24 15:28:20','test@test.com',0),(514,'2000-08-24 15:28:24','test@test.com',0),(515,'2000-08-24 18:21:05','brucew@desertlandscapes.com',0),(516,'2000-08-24 18:28:39','brucew@desertlandscapes.com',0),(517,'2000-08-25 09:12:13','justin@primaryhub.com',0),(518,'2000-08-25 11:14:41','cy11@aol.com',0),(519,'2000-08-25 11:20:11','brians@primaryhub.com',0),(520,'2000-08-25 12:17:45','brians@primaryhub.com',0),(521,'2000-08-25 12:51:44','farwestmortgage@aol.com',0),(522,'2000-08-25 17:09:47','cdasf@sdfgsdf.com',0),(523,'2000-08-26 09:27:10','mcrearer@aol.com',0),(524,'2000-08-27 13:50:13','walter19@home.com',0),(525,'2000-08-28 16:02:33','farwestmortgage@aol.com',0),(526,'2000-08-28 21:45:58','justin@primaryhub.com',0),(527,'2000-08-29 15:58:33','WeazleMadd@aol.com',0),(528,'2000-08-30 09:54:15','lewis_pointer@instinet.com',0),(529,'2000-08-30 09:55:49','lewis_pointer@instinet.com',0),(530,'2000-08-30 09:56:17','lewis_pointer@instinet.com',0),(531,'2000-08-30 09:58:02','lewis_pointer@instinet.com',0),(532,'2000-08-30 10:03:22','lewis_pointer@instinet.com',0),(533,'2000-08-30 15:51:46','gillatt@ip.brisnet.org.au',0),(534,'2000-08-31 00:17:36','netg0d@hotmail.com',0),(535,'2000-08-31 08:57:59','ccampbell@team.look.ca',0),(536,'2000-08-31 22:55:05','bizebe2hotmail.com',0),(537,'2000-09-01 13:47:44','fostercheq@aol.com',0),(538,'2000-09-01 14:20:57','Jlpriceart@hotmail.com',0),(539,'2000-09-01 19:20:19','hermitshollow.com',0),(540,'2000-09-02 07:49:46','anvilansweres',0),(541,'2000-09-05 14:08:41','zebu4@home.com',0),(542,'2000-09-05 15:36:23','dave@primaryhub.com',0),(543,'2000-09-06 07:35:11','hermitshollow.com',0),(544,'2000-09-06 18:58:48','hafiz@surfree.com',0),(545,'2000-09-06 19:00:33','hafiz@surfree.com',0),(546,'2000-09-06 21:32:07','jendesrtdv@aol.com',0),(547,'2000-09-07 08:13:37','djones@catdir.com',0),(548,'2000-09-07 11:09:03','millsnathan@hotmail.com',0),(549,'2000-09-07 14:50:43','p@me.com',0),(550,'2000-09-07 16:58:16','primaryprincess@hotmail.com',0),(551,'2000-09-07 16:58:21','primaryprincess@hotmail.com',0),(552,'2000-09-08 14:46:21','justin@primaryhub.com',0),(553,'2000-09-08 16:15:11','mike@penumbratech.com',0),(554,'2000-09-08 18:09:07','conlinc@hotmail.com',0),(555,'2000-09-08 18:10:12','conlinc@hotmail.com',0),(556,'2000-09-08 20:51:32','Kazu50@mail.com',0),(557,'2000-09-08 20:51:56','Kazu50@mail.com',0),(558,'2000-09-10 15:52:08','tedrabird@ev1.net',0),(559,'2000-09-10 15:55:51','tedrabird@ev1.net',0),(560,'2000-09-10 15:56:22','tedrabird@ev1.net',0),(561,'2000-09-10 15:57:03','tedrabird@ev1.net',0),(562,'2000-09-11 14:04:09','mickey@primaryhub.com',0),(563,'2000-09-11 15:22:06','ingridhervey@hotmail.com',0),(564,'2000-09-11 15:46:52','uhh@no.com',0),(565,'2000-09-11 15:59:16','travisfields@home.com',0),(566,'2000-09-11 19:05:36','quinakasha@aol.com',0),(567,'2000-09-12 15:13:09','dee@primaryhub.com',0),(568,'2000-09-12 22:47:27','spilon@yahoo.com',0),(569,'2000-09-13 11:36:50','primaryprincess@hotmail.com',0),(570,'2000-09-13 11:55:12','lkajdl@yahoo.com',0),(571,'2000-09-13 14:22:48','dawn@primaryhub.com',0),(572,'2000-09-13 14:49:59','g@aol.com',0),(573,'2000-09-14 10:33:56','johnamazon@aol.com',0),(574,'2000-09-15 09:21:34','bob@aol.com',0),(575,'2000-09-15 10:03:34','mickey@primaryhub.com',0),(576,'2000-09-15 15:38:37','greg@primaryhub.com',0),(577,'2000-09-15 21:56:25','netg0d@hotmail.com',0),(578,'2000-09-15 21:56:30','netg0d@hotmail.com',0),(579,'2000-09-16 21:44:21','bizebe@hotmail.com',0),(580,'2000-09-17 16:02:14','A13discipl@aol.com',0),(581,'2000-09-18 10:22:14','greg@primaryhub.com',0),(582,'2000-09-18 10:44:37','y',0),(583,'2000-09-18 10:48:27','y',0),(584,'2000-09-19 11:30:48','hjkgc',0),(585,'2000-09-20 11:14:12','dgfh',0),(586,'2000-09-20 11:14:53','dgfh',0),(587,'2000-09-20 12:45:22','birdzerk@mindless.com',0),(588,'2000-09-20 12:57:45','admcclure@home.com',0),(589,'2000-09-21 08:29:01','scwpcottons@cs.com',0),(590,'2000-09-21 08:31:52','scwpcottons@cs.com',0),(591,'2000-09-21 11:09:56','goinaz@netscape.net',0),(592,'2000-09-22 08:59:14','user@tryfirst.com',0),(593,'2000-09-22 21:35:50','light1@uswest.net',0),(594,'2000-09-23 11:20:52','DBSJF@aol.com',0),(595,'2000-09-24 19:49:02','fd@fsd.com',0),(596,'2000-09-25 08:22:27','anzart@hotmail.com',0),(597,'2000-09-25 08:30:05','anzart@hotmail.com',0),(598,'2000-09-25 08:30:06','anzart@hotmail.com',0),(599,'2000-09-25 08:30:06','anzart@hotmail.com',0),(600,'2000-09-26 11:45:34','chip@azlink.com',0),(601,'2000-09-26 12:40:38','chip@azlink.com',0),(602,'2000-09-26 15:53:12','e@e2eh.com',0),(613,'2000-09-29 16:07:55','hlm@yahoo.com',0),(614,'2000-09-30 11:23:05','bmooty@bigplanet.com',0),(615,'2000-09-30 16:10:12','dan@thecoolnet.com',0),(616,'2000-10-01 18:22:35','csinger.com',0),(617,'2000-10-02 06:59:10','shorth2961@aol.com',0),(618,'2000-10-02 16:17:31','amkegger@msn.com',0),(619,'2000-10-03 18:35:31','leekya66@aol.com',0),(620,'2000-10-04 10:05:38','ossn@ossn.com',0),(621,'2000-10-04 13:36:42','jk15555@hotmail.com',0),(622,'2000-10-05 13:08:50','rco1000@earthlink.net',0),(623,'2000-10-05 14:07:46','rco1000@earthlink.net',0),(624,'2000-10-05 14:18:25','rco1000@earthlink.net',0),(625,'2000-10-05 16:07:36','rco1000@earthlink.net',0),(626,'2000-10-06 03:47:55','t@cruisecontrol.uk.com',0),(627,'2000-10-06 09:58:17','LEEKYA66@COM',0),(628,'2000-10-06 14:12:44','me@me.com',0),(629,'2000-10-06 14:18:48','leekya66@aol.com',0),(630,'2000-10-07 16:29:04','captain918@earthlink.net',0),(631,'2000-10-07 16:56:41','captain918@earthlink.net',0),(632,'2000-10-09 14:26:11','dcioffi@toad.net',0),(633,'2000-10-10 08:01:36','aisling@cantec.ie',0),(634,'2000-10-10 12:35:50','lrfish246@aol.com',0),(635,'2000-10-10 15:39:23','Mygodess001@hotmail.com',0),(636,'2000-10-12 13:15:49','emiekeyte@aol.com',0),(637,'2000-10-13 09:50:58','mg@hotmail.com',0),(638,'2000-10-14 14:57:58','jenexpressions@qwest.net',0),(639,'2000-10-15 19:55:01','anneflinnpowell@compuserve.com',0),(640,'2000-10-16 15:00:53','jenexpressions@qwest.net',0),(641,'2000-10-18 09:37:33','asod@fjgjdg.com',0),(642,'2000-10-18 18:32:03','test@test.com',0),(643,'2000-10-19 07:40:54','emrco@aol.com',0),(644,'2000-10-19 14:53:20','A13discipl@aol.com',0),(645,'2000-10-20 12:17:18','midjfs@ljfsjf.com',0),(646,'2000-10-21 20:09:59','aaa@ddd.com',0),(647,'2000-10-23 21:21:48','glassart4u@aol.com',0),(648,'2000-10-25 14:54:46','leekya66@aol.com',0),(649,'2000-10-25 16:11:31','leekya66@aol.com',0),(650,'2000-10-26 08:19:45','leekya66@aol.com',0),(651,'2000-10-30 15:00:34','jenexpressions@qwest.net',0),(652,'2000-10-31 19:29:38','someone@primaryhub.com',0),(653,'2000-11-01 16:55:59','leekya66@aol.com',0),(654,'2000-11-03 08:32:35','stytchen.tyme@sympatico.ca',0),(655,'2000-11-03 08:33:24','stytchen.tyme@sympatico.ca',0),(656,'2000-11-05 02:52:00','dff@aol.com',0),(657,'2000-11-06 23:05:49','azgenie@hotmail.com',0),(658,'2000-11-07 13:11:08','mjshoel2@azstarnet.com',0),(659,'2000-11-07 13:19:49','mjshoel2@azstarnet.com',0),(660,'2000-11-07 13:20:33','mjshoel2@azstarnet.com',0),(661,'2000-11-07 13:20:47','mjshoel2@azstarnet.com',0),(662,'2000-11-07 13:21:08','mjshoel2@azstarnet.com',0),(663,'2000-11-07 13:21:24','mjshoel2@azstarnet.com',0),(664,'2000-11-07 13:23:06','mjshoel2@azstarnet.com',0),(665,'2000-11-07 14:17:03','az_rpl@hotmail.com',0),(666,'2000-11-07 15:11:45','tomas@littlebear-observatory.com',0),(667,'2000-11-08 10:51:35','statewdlgt@aol.com',0),(668,'2000-11-08 16:33:04','ugh@ugh.com',0),(669,'2000-11-08 16:34:45','unk@unk.com',0),(670,'2000-11-08 17:19:29','unk@unk.com',0),(671,'2000-11-09 13:48:41','karen_dapsis@prevailtech.com',0),(672,'2000-11-09 14:57:11','rfish2909@aol.com',0),(673,'2000-11-09 15:00:03','rfish2909@aol.com',0),(674,'2000-11-09 15:38:28','guido.ascheri@azurimmo.com',0),(675,'2000-11-09 19:40:02','rfish2909@aol.com',0),(676,'2000-11-10 08:54:36','adam_e_bomb2YAHOO.COM',0),(677,'2000-11-10 08:54:37','adam_e_bomb2YAHOO.COM',0),(678,'2000-11-10 09:34:58','email@email.com',0),(679,'2000-11-10 11:32:35','vt.agent@gte.net',0),(680,'2000-11-11 11:25:10','mfee@bellsouth.net',0),(681,'2000-11-13 14:51:55','rpl_az@hotmail.com',0),(682,'2000-11-14 13:52:31','test@test.com',0),(683,'2000-11-15 12:01:46','joe@joe.com',0),(684,'2000-11-19 11:09:18','nomad110@aol.com',0),(685,'2000-11-20 14:58:19','rwbair@cs.com',0),(686,'2000-11-21 14:17:17','joe@aol.com',0),(687,'2000-11-22 08:15:26','pf@marketingbrokerage.com',0),(688,'2000-11-23 06:11:42','r@r.com',0),(689,'2000-11-24 07:19:27','cecileg@ville.lasalle.qc.ca',0),(690,'2000-11-24 20:55:06','gwickstrom@yahoo.com',0),(691,'2000-11-26 00:58:22','ju@doitnow.com',0),(692,'2000-11-27 09:57:41','buybooks@bellsouth.net',0),(693,'2000-11-27 11:31:43','browncow@teleport.net',0),(694,'2000-11-27 12:14:34','browncow@teleport.net',0),(695,'2000-11-27 15:07:38','president@whitehouse.gov',0),(696,'2000-11-27 15:24:54','president@whitehouse.gov',0),(697,'2000-11-27 16:25:43','ddfg@ghgj.com',0),(698,'2000-11-27 16:25:57','TEST@PRODUGY.COM',0),(699,'2000-11-27 16:38:40','dee@primaryhub.com',0),(700,'2000-11-27 18:00:37','gshartva@aol.com',0),(701,'2000-11-27 19:30:48','mike@aol.com',0),(702,'2000-11-29 16:46:26','mgrief@worldnet.att.net',0),(703,'2000-11-30 16:14:17','test@nowhere.com',0),(704,'2000-12-02 20:31:34','pvranch@cyberport.net',0),(705,'2000-12-04 19:07:08','brianscarr@yahoo.com',0),(706,'2000-12-04 22:23:17','michael.springer@sccmail.maricopa.edu',0),(707,'2000-12-06 10:35:21','eric@winvnet.com',0),(708,'2000-12-06 21:16:48','skipdreibelbis@home.com',0),(709,'2000-12-06 21:32:34','skipdreibelbis@home.com',0),(710,'2000-12-07 08:15:01','e@e.com',0),(711,'2000-12-08 13:08:41','andrewhenkel@hotmail.com',0),(712,'2000-12-08 15:18:10','dsa@dfa.com',0),(713,'2000-12-10 14:00:45','test@test.com',0),(714,'2000-12-10 14:00:51','test@test.com',0),(715,'2000-12-10 15:23:16','welive@itsallgood.com',0),(716,'2000-12-10 22:37:21','eric@winvnet.com',0),(717,'2000-12-12 05:39:38','aaabirds@aol.com',0),(718,'2000-12-12 07:29:14','hhyu@jjilo.com',0),(719,'2000-12-12 07:29:22','hhyu@jjilo.com',0),(720,'2000-12-13 15:18:16','dontknow@cantsay.com',0),(721,'2000-12-13 21:17:04','davis.jean@amstr.com',0),(722,'2000-12-14 09:38:49','huhuh@dfdfd.com',0),(723,'2000-12-18 09:05:52','g.s.trask@worldnet.att.net',0),(724,'2000-12-18 09:13:46','fsd@ajklssd.com',0),(725,'2000-12-18 10:33:34','fasdfsda@dfkadjf.com',0),(726,'2000-12-18 10:33:40','phil@primaryhub.com',0),(727,'2000-12-18 20:01:44','boob@asst.net',0),(728,'2000-12-19 10:53:19','benthere@aolco.com',0),(729,'2000-12-19 12:35:01','biib@weeb.net',0),(730,'2000-12-21 14:57:41','jeremy@limelighttraining.com',0),(731,'2000-12-23 18:55:45','homecreations1@aol.com',0),(732,'2000-12-28 08:54:47','you_dont@need.it',0),(733,'2000-12-29 15:35:01','ldgfineart@msn.com',0),(734,'2001-01-02 08:47:28','jmm@hr.st',0),(735,'2001-01-02 20:48:59','yeah@msn.com',0),(736,'2001-01-03 08:00:50','arkie5@msn.com',0),(737,'2001-01-04 18:17:29','jeff@primaryhub.com',0),(738,'2001-01-04 18:26:04','jeff@primaryhub.com',0),(739,'2001-01-04 18:28:54','jeff@primaryhub.com',0),(740,'2001-01-04 18:36:46','demo@demo.com',0),(741,'2001-01-04 19:33:02','mpina4@netscape.net',0),(742,'2001-01-05 07:58:05','jpb@mpinet.net',0),(743,'2001-01-05 09:18:51','asefdjuisafdj@sdfj.com',0),(744,'2001-01-05 10:03:49','mfoster@advantasolutions.com',0),(745,'2001-01-09 06:36:14','lyell@usa.net',0),(746,'2001-01-10 11:52:34','dee@primaryhub.com',0),(747,'2001-01-11 13:50:58','mneild@stargate.ca',0),(748,'2001-01-11 17:39:27','homecreations1@aol.com',0),(749,'2001-01-11 17:45:59','homecreations1@aol.com',0),(750,'2001-01-12 00:26:20','iqlink@email.msn.com',0),(751,'2001-01-14 06:40:59','LStau71418@aol.com',0),(752,'2001-01-17 08:47:50','Janette2U@aol.com',0),(753,'2001-01-17 08:48:12','Janette2U@aol.com',0),(754,'2001-01-17 18:51:41','birdzerk@mindless.com',0),(755,'2001-01-18 08:45:19','FGF@SDSD.COM',0),(756,'2001-01-18 08:45:45','FGF@SDSD.COM',0),(757,'2001-01-18 11:17:47','jscottbrown@hotmail.com',0),(758,'2001-01-18 11:18:08','jscottbrown@hotmail.com',0),(759,'2001-01-19 16:05:09','amerlink@email.msn.com',0),(760,'2001-01-19 16:05:30','amerlink@email.msn.com',0),(761,'2001-01-19 16:05:40','amerlink@email.msn.com',0),(762,'2001-01-21 12:26:12','mobaby50@hotmail.com',0),(763,'2001-01-22 15:33:37','gerry375@home.com',0),(764,'2001-01-22 15:33:42','gerry375@home.com',0),(765,'2001-01-22 15:33:59','gerry375@home.com',0),(766,'2001-01-23 11:08:04','verbena@mediaone.net',0),(767,'2001-01-23 12:32:00','e_abeyta@yahoo.com',0),(768,'2001-01-24 09:28:02','verbena@mediaone.net',0),(769,'2001-01-24 14:38:07','cre8art4life@yahoo.com',0),(770,'2001-01-25 13:57:25','info@aol.com',0),(771,'2001-01-25 13:57:44','info@citease.com',0),(772,'2001-01-26 11:46:55','elizabeth@sharednet.com',0),(773,'2001-01-26 11:47:15','elizabeth@sharednet.com',0),(774,'2001-01-27 14:04:52','thedinman@aol.com',0),(775,'2001-01-27 14:04:54','thedinman@aol.com',0),(776,'2001-01-28 12:08:42','kmartin@kcinternaitional.net',0),(777,'2001-01-29 11:12:53','test@home.com',0),(778,'2001-01-29 11:13:07','test@home.com',0),(779,'2001-01-29 11:13:11','amw1976@hotmail.com',0),(780,'2001-01-29 13:28:27','test@test.com',0),(781,'2001-01-29 13:30:30','mickey@primaryhub.com',0),(782,'2001-01-29 13:36:08','brian@redtight.com',0),(783,'2001-01-29 13:46:08','jhas@asjkd.com',0),(784,'2001-01-29 13:46:22','jott@home.com',0),(785,'2001-01-29 18:48:51','jorain@excite.com',0),(786,'2001-01-29 18:48:53','jorain@excite.com',0),(787,'2001-01-30 14:51:19','t@j.com',0),(788,'2001-01-30 20:09:32','patro@swbell.net',0),(789,'2001-02-01 17:00:56','burns@sedona.net',0),(790,'2001-02-02 14:54:05','mattinga@hotmail.com',0),(791,'2001-02-02 23:27:32','arun_n_rao@yahoo.com',0),(792,'2001-02-03 17:20:31','lhf123@aol.com',0),(793,'2001-02-04 12:57:23','jmdeli@home.com',0),(794,'2001-02-05 12:51:13','KMonsefi@instinctmag.com',0),(795,'2001-02-06 13:16:36','leekya66@aol.com',0),(796,'2001-02-06 16:40:42','vora@aol.com',0),(797,'2001-02-06 18:08:36','lennf@westernlocations.com',0),(798,'2001-02-06 18:13:32','lennf@westernlocations.com',0),(799,'2001-02-06 18:15:30','lennf@westernlocations.com',0),(800,'2001-02-07 13:33:45','brian@primaryhub.com',0),(801,'2001-02-07 13:34:57','brian@primaryhub.com',0),(802,'2001-02-07 19:35:42','achristopheraz@qwest.net',0),(803,'2001-02-09 03:08:52','cftbox@northstate.net',0),(804,'2001-02-13 12:55:33','  gdvfdd',0),(805,'2001-02-15 08:21:41','karthik_94@yahoo.com',0),(806,'2001-02-19 08:38:01','bjons@hotmail.com',0),(807,'2001-02-19 17:50:52','la.gringa@verizonmail.com',0),(808,'2001-02-19 18:01:00','la.gringa@verizonmail.com',0),(809,'2001-02-22 11:01:39','kingdomart@home.com',0),(810,'2001-02-22 18:56:08','robw@knology.net',0),(811,'2001-04-12 12:47:24','jksj@jklsds.com',0),(812,'2001-04-12 12:47:50','jksj@jklsds.com',0),(813,'2001-04-14 21:11:15','dl.puckett@gte.net',0),(814,'2001-04-15 13:07:25','dl.puckett@gte.net',0),(815,'2001-04-16 12:24:08','chad@netheartbeat.com',0),(816,'2001-04-19 07:12:52','afds@asofiewa.com',0),(817,'2001-04-19 16:27:25','asd@asdsadas.com',0),(818,'2001-04-20 19:30:11','donnasegura@usa.net',0),(819,'2001-04-21 16:02:17','ada@lkajfjasdlfjas.com',0),(820,'2001-04-21 16:03:26','ada@lkajfjasdlfjas.com',0),(821,'2001-04-22 23:53:48','dan@www.tv',0),(822,'2001-04-22 23:55:17','dan@www.tv',0),(823,'2001-04-23 12:34:00','cruisestours@home.net',0),(824,'2001-04-23 12:51:57','cruisestours@home.net',0),(825,'2001-04-24 10:29:29','daveeriksson@home.com',0),(826,'2001-04-28 08:31:44','adas@afdjkaldf.com',0),(827,'2001-04-29 09:59:52','adf@asdf.com',0),(828,'2001-04-30 02:17:10','mcclown@hotmail.com',0),(829,'2001-04-30 10:11:13','phil@primaryhub.com',0),(830,'2001-04-30 10:11:54','phil@primaryhub.com',0),(831,'2001-04-30 11:51:47','jon@dreamteamtech.com',0),(832,'2001-05-03 13:27:08','bob@bob.com',0),(833,'2001-05-03 22:00:55','bhuvanraj@visto.com',0),(834,'2001-05-04 17:23:49','jon@doe.com',0),(835,'2001-05-04 22:46:36','cdlasota@home.com',0),(836,'2001-05-04 22:46:39','cdlasota@home.com',0),(837,'2001-05-04 22:47:16','cdlasota@home.com',0),(838,'2001-05-05 10:54:59','asdsad@asdsad.com',0),(839,'2001-05-06 10:42:14','info@asdf.com',0),(840,'2001-05-07 12:43:25','dave@primaryhub.com',0),(841,'2001-05-07 13:00:40','demo@demo.com',0),(842,'2001-05-07 13:00:43','demo@demo.com',0),(843,'2001-05-07 14:35:25','acac@afdasd.com',0),(844,'2001-05-07 14:35:26','acac@afdasd.com',0),(845,'2001-05-07 21:18:15','cdlasota@aol.com',0),(846,'2001-05-07 21:18:33','cdlasota@aol.com',0),(847,'2001-05-07 21:18:55','cdlasota@aol.com',0),(848,'2001-05-08 13:10:05','cruisestours@home.net',0),(849,'2001-05-08 15:03:28','test@test.com',0),(850,'2001-05-09 13:44:13','gddgd',0),(851,'2001-05-10 13:37:06','dave@primaryhub.com',0),(852,'2001-05-10 15:17:52','president@whitehouse.gov',0),(853,'2001-05-11 12:14:11','ekko11@hotmail.com',0),(854,'2001-05-11 13:16:58','brian@primaryhub.com',0),(855,'2001-05-11 21:08:17','asdf@asdf.com',0),(856,'2001-05-12 17:34:42','elaines@mediaone.net',0),(857,'2001-05-12 22:49:15','zlaron@ort.org.il',0),(858,'2001-05-14 08:55:27','brian@primaryhub.com',0),(859,'2001-05-14 09:04:42','test@test.com',0),(860,'2001-05-15 15:14:48','glassart4u@aol.com',0),(861,'2001-05-15 15:56:27','lwc@atlas22.com',0),(862,'2001-05-16 14:33:58','dave_99999@yahoo.com',0),(863,'2001-05-16 21:30:58','blah',0),(864,'2001-05-18 16:49:38','eric@winvnet.com',0),(865,'2001-05-18 22:42:30','eric@winvnet.com',0),(866,'2001-05-21 17:58:08','bestcruz4u@aol.com',0),(867,'2001-05-22 21:48:54','rickcochrane@mediaone.net',0),(868,'2001-05-23 14:06:20','pault@techusa.org',0),(869,'2001-05-23 14:43:26','markfinch@isletravel.net',0),(870,'2001-05-23 14:43:56','markfinch@isletravel.net',0),(871,'2001-05-23 14:45:10','markfinch@isletravel.net',0),(872,'2001-05-23 14:46:11','markfinch@isletravel.net',0),(873,'2001-05-23 14:46:21','markfinch@isletravel.net',0),(874,'2001-05-23 14:50:24','markfinch@isletravel.net',0),(875,'2001-05-23 14:50:36','markfinch@isletravel.net',0),(876,'2001-05-25 07:31:31','markfinch@isletravel.net',0),(877,'2001-05-25 07:35:01','markfinch@isletravel.net',0),(878,'2001-05-25 07:36:00','markfinch@isletravel.net',0),(879,'2001-05-25 07:36:24','markfinch@isletravel.net',0),(880,'2001-05-25 13:06:41','primaryprincess@hotmail.com',0),(881,'2001-05-25 15:26:04','easy__11@yahoo.com',0),(882,'2001-05-30 15:50:39','ehamm@wwcc.cc.wy.us',0),(883,'2001-05-31 07:51:00','jasmine38',0),(884,'2001-05-31 11:34:22','solotime@aol.com',0),(885,'2001-05-31 11:34:23','solotime@aol.com',0),(886,'2001-06-01 10:13:27','jim@fuckyou.com',0),(887,'2001-06-01 10:14:22','jim@fuckyou.com',0),(888,'2001-06-01 10:14:25','jim@fuckyou.com',0),(889,'2001-06-01 10:14:26','jim@fuckyou.com',0),(890,'2001-06-03 18:36:16','Tmeg2000@charter.net',0),(891,'2001-06-03 18:46:43','Tmeg2000@charter.net',0),(892,'2001-06-04 13:38:00','cbrown@sbcaz.org',0),(893,'2001-06-04 13:39:34','cbrown@sbcaz.org',0),(894,'2001-06-04 15:25:21','jayzone@primaryhub.com',0),(895,'2001-06-05 09:07:41','steve@primaryhub.com',0),(896,'2001-06-05 18:10:44','ds@ds.com',0),(897,'2001-06-05 23:32:36','winvnet',0),(898,'2001-06-07 07:13:04','jpsarlo@earthlink.net',0),(899,'2001-06-09 07:53:34','nmchrls@yahoo.com',0),(900,'2001-06-09 08:04:53','nmchrls@yahoo.com',0),(901,'2001-06-10 11:38:46','beautinette@yahoo.com',0),(902,'2001-06-12 10:22:31','ansurnet@ansur.net',0),(903,'2001-06-14 13:38:14','steve@primaryhub.com',0),(904,'2001-06-14 15:37:10','blah@blah.com',0),(905,'2001-06-19 09:06:15','jdwdist@aol.com',0),(906,'2001-06-20 08:50:54','jayzone@primaryhub.com',0),(907,'2001-06-20 09:24:32','test@primaryhub.com',0),(908,'2001-06-20 11:00:31','dave@primaryhub.com',0),(909,'2001-06-20 13:48:41','brentster@primaryhub.com',0),(910,'2001-06-21 08:30:45','steve@primaryhub.com',0),(911,'2001-06-21 13:03:27','karis@primaryhub.com',0),(912,'2001-06-24 11:13:21','aschimdyt',0),(913,'2001-06-26 19:16:04','info@danceplus.com',0),(914,'2001-07-03 03:02:02','liam.mcvicker@sx3.com',0),(915,'2001-07-08 15:49:43','sda@dgf',0),(916,'2001-07-12 12:50:57','datacom@veting.com',0),(917,'2001-07-12 14:40:32','grant503@earthlink.net',0),(918,'2001-07-12 14:50:42','grant503@earthlink.net',0),(919,'2001-07-13 17:51:24','ellery14@home.com',0),(920,'2001-07-17 16:35:29','sales@fogcitytravel.com',0),(921,'2001-07-18 14:53:47','gbdavis@home.com',0),(922,'2001-07-18 14:57:23','gbdavis@home.com',0),(923,'2001-07-20 06:03:49','aldo@pci123.com',0),(924,'2001-07-20 06:41:10','aldo@pci123.com',0),(925,'2001-07-23 10:54:42','dave@primaryhub.com]',0),(926,'2001-07-24 06:43:11','rgeremia@earthlink.com',0),(927,'2001-07-24 10:37:03','chad_999@yahoo.com',0),(928,'2001-07-25 10:59:09','karis@primaryhub.com',0),(929,'2001-07-26 14:44:28','Bearhenry@aol.com',0),(930,'2001-07-29 02:47:13','twat@twat.net',0),(931,'2001-07-30 08:04:47','jef.patat@pandora.be',0),(932,'2001-07-30 14:35:42','butchbev@aol.com',0),(933,'2001-07-30 14:37:14','butchbev@aol.com',0),(934,'2001-07-31 14:35:03','andre@olympusdirect.com',0),(935,'2001-08-01 09:44:17','karis@primaryhub.com',0),(936,'2001-08-03 11:08:40','ranghabarutu@remses.org',0),(937,'2001-08-09 15:39:55','jeramy.williams@belae.com',0),(938,'2001-08-09 21:42:12','cocotwin@aol.com',0),(939,'2001-08-09 21:44:33','cocotwin@aol.com',0),(940,'2001-08-10 14:01:41','andre@olympusdirect.com',0),(941,'2001-08-10 14:01:50','jerk@jerky.com',0),(942,'2001-08-13 14:31:56','michaelbova@yahoo.com',0),(943,'2001-08-13 14:31:58','michaelbova@yahoo.com',0),(944,'2001-08-13 16:05:19','lyle@handypantry.com',0),(945,'2001-08-14 19:00:07','cocotwin@aol.com',0),(946,'2001-08-15 12:20:21','phil@primaryhub.com',0),(947,'2001-08-15 19:24:27','karenrichins@msn.com',0),(948,'2001-08-15 21:29:55','karenrichins@msn.com',0),(949,'2001-08-15 22:44:53','azhunts@home.com',0),(950,'2001-08-15 22:52:46','',0),(951,'2001-08-17 13:14:55','robl@usa.com',0),(952,'2001-08-19 00:59:50','roty@aol.com',0),(953,'2001-08-20 17:15:37','bob@e2010.com',0),(954,'2001-08-21 10:36:51','test@test.com',0),(955,'2001-08-22 15:36:05','oscaromg@megared.net.mx',0),(956,'2001-08-22 15:50:57','jlriverag@megared.com.mx',0),(957,'2001-08-23 05:33:23','asa@achuu.com',0),(958,'2001-08-23 05:43:30','ASA@sdsd.com',0),(959,'2001-08-23 20:59:35','test@test.com',0),(960,'2001-08-24 15:04:24','dee@primaryhub.com',0),(961,'2001-08-24 15:59:44','oscaromg@megared.net.mx',0),(962,'2001-08-27 05:08:48','dementsam@hotmail.com',0),(963,'2001-08-27 12:28:09','sc@charihome.com',0),(964,'2001-08-27 19:21:00','michele@escapadestravelclub.com',0),(965,'2001-08-27 19:29:40','michele@escapadestravelclub.com',0),(966,'2001-08-28 00:51:05','max@lkjl.com',0),(967,'2001-08-28 00:51:11','max@lkjl.com',0),(968,'2001-08-28 13:04:16','cdk@thewebmark.com',0),(969,'2001-08-29 10:31:13','dude@yahoo.com',0),(970,'2001-08-30 14:20:06','DrMartin@home.com',0),(971,'2001-09-02 22:56:20','dndgjdfgh',0),(972,'2001-09-02 22:57:59','dndgjdfgh',0),(973,'2001-09-02 22:58:34','dndgjdfgh',0),(974,'2001-09-05 07:50:21','kittyfish1@yahoo.com',0),(975,'2001-09-08 10:04:43','test@demo',0),(976,'2001-09-09 13:59:40','eric.d@home.com',0),(977,'2001-09-09 14:02:27','eric.d@home.com',0),(978,'2001-09-10 14:38:35','myjiemin@hotmail.com',0),(979,'2001-09-11 14:44:56','jdwdist@aol.com',0),(980,'2001-09-12 07:19:39','paintedchic@aol.com',0),(981,'2001-09-12 08:22:40','sdf@tyu.com',0),(982,'2001-09-13 16:00:47','test@test.com',0),(983,'2001-09-13 16:00:52','test@test.com',0),(984,'2001-09-17 21:35:34','66',0),(985,'2001-09-17 21:40:05','why@why.com',0),(986,'2001-09-20 11:04:16','cbourin@home.com',0),(987,'2001-09-27 11:35:41','no@none.com',0),(988,'2001-10-04 04:58:55','blah@blah.com',0),(989,'2001-10-16 06:52:11','hj@kj.com',0),(990,'2001-10-17 16:51:29','test@test.com',0),(991,'2001-10-21 13:19:50','bert@kans.com',0),(992,'2001-10-22 06:21:44','hjjb@nkln.net',0),(993,'2001-11-01 14:22:49','crossovr@msn.com',0),(994,'2001-11-03 12:12:30','netmusic@mediaone.net',0),(995,'2001-11-11 22:28:17','hhh@hjhh.com',0),(996,'2001-11-11 22:29:05','hhh@hjhh.com',0),(997,'2001-11-18 13:45:15','a@aol.com',0),(998,'2001-11-18 17:52:49','markhamlett@richardthomasgalleries.com',0),(999,'2001-11-20 19:00:39','josh@trinitysys.net',0),(1000,'2001-11-26 09:10:34','ebyglass@home.com',0),(1001,'2001-11-26 13:46:23','mkelly@bigmeadow.net',0),(1002,'2001-12-07 09:57:57','jason73178@hotmail.com',0),(1003,'2001-12-07 11:58:34','jason73178@hotmail.com',0),(1004,'2001-12-11 10:19:14','richetelli@digi-net.com',0),(1005,'2001-12-16 11:09:24','earthafrica@cybertrade.co.za',0),(1006,'2001-12-20 11:16:13','k',0),(1007,'2001-12-27 09:29:59','phil@primaryhub.com',0),(1008,'2001-12-27 09:34:39','phil@primaryhub.com',0),(1009,'2001-12-28 13:39:28','sarahrcase@hotmail.com',0),(1010,'2001-12-28 14:46:14','demo@demo.com',0),(1011,'2001-12-28 14:48:33','sarahrcase@hotmail.com',0),(1012,'2002-01-04 05:35:12','houtw@yam.com',0),(1013,'2002-01-08 09:25:49','timsamel@aol.com',0),(1014,'2002-01-08 22:24:00','ErcsharkE@netscape.net',0),(1015,'2002-01-10 14:12:23','test@test.com',0),(1016,'2002-01-15 19:29:30','memo@asu.edu',0),(1017,'2002-01-16 15:35:52','ahlsct@aol.com',0),(1018,'2002-01-20 12:16:13','ninja85001@yahoo.com',0),(1019,'2002-01-21 16:19:06','tony@angleseydesign.com',0),(1020,'2002-01-26 16:02:47','trvldenises@aol.com',0),(1021,'2002-01-28 16:16:25','jkhAGSDc@lkjhadf.com',0),(1022,'2002-01-28 16:17:05','jkhAGSDc@lkjhadf.com',0),(1023,'2002-01-28 16:18:27','jkhAGSDc@lkjhadf.com',0),(1024,'2002-01-29 12:26:07','emailme@farsideoftheweb.com',0),(1025,'2002-01-29 16:36:31','ruthie@primaryhub.com',0),(1026,'2002-01-29 19:00:24','bll@bll.com',0),(1027,'2002-01-31 19:46:04','laeverson@ev1.net',0),(1028,'2002-02-01 13:58:38','rlzcmz@cybervault.com',0),(1029,'2002-02-01 13:58:39','rlzcmz@cybervault.com',0),(1030,'2002-02-03 06:10:44','brouwer@web.de',0),(1037,'2002-02-11 14:33:39','trips83565@Aol.com',0),(1038,'2002-02-11 14:41:50','john@valenty.com',0),(1033,'2002-02-07 19:47:25','sales@becooling.com',0),(1034,'2002-02-10 13:32:25','kgb0022@netscape.net',0),(1391,'2003-07-03 13:39:25','asdf@asdf.com',0),(1036,'2002-02-10 20:23:37','mario_jorge@hotmail.com',0),(1069,'2002-03-14 10:02:03','lennf@infoanddatacenter.com',0),(1040,'2002-02-12 14:26:43','aaron_pantoja@hotmail.com',0),(1041,'2002-02-12 14:27:35','aaron_pantoja@hotmail.com',0),(1062,'2002-03-03 03:35:20','gffddggd',0),(1043,'2002-02-12 14:28:30','aaron_pantoja@hotmail.com',0),(1044,'2002-02-16 03:25:46','trips83565@Aol.com',0),(1045,'2002-02-16 10:10:04','jimlynn@cybercious.com',0),(1046,'2002-02-17 14:46:24','Denise-Sartorio@att.net',0),(1047,'2002-02-17 14:48:53','trvldenises@aol.com',0),(1048,'2002-02-22 11:27:46','phil@primaryhub.com',0),(1049,'2002-02-22 12:24:51','phil@primaryhub.com',0),(1050,'2002-02-22 12:59:55','phil@primaryhub.com',0),(1051,'2002-02-22 15:42:19','pdenigris@ubiqgroup.com',0),(1052,'2002-02-22 15:45:47','pdenigris@ubiqgroup.com',0),(1053,'2002-02-25 21:07:40','areumygf@aol.com',0),(1054,'2002-02-25 21:25:08','pdenigris@email.com',0),(1055,'2002-02-25 21:27:30','pdenigris@email.com',0),(1056,'2002-02-26 10:21:00','cgt1z@home.com',0),(1057,'2002-02-26 10:24:18','cgt1z@home.com',0),(1058,'2002-02-27 13:42:40','a@b.com',0),(1059,'2002-02-27 13:42:42','a@b.com',0),(1060,'2002-02-27 15:01:18','anniez2001@yahoo.com',0),(1061,'2002-02-27 17:51:47','interludetours@hotmail.com',0),(1070,'2002-03-14 10:07:00','lennf@infoanddatacenter.com',0),(1071,'2002-03-14 13:26:27','fdfds@sdsds.com',0),(1072,'2002-03-18 12:45:03','shavtronic@aol.com',0),(1073,'2002-03-18 12:46:28','shavtronic@aol.com',0),(1074,'2002-03-18 15:59:38','bluguru@blueguru.com',0),(1075,'2002-03-20 14:05:20','gregbretz@msn.com',0),(1076,'2002-03-20 21:16:53','sldfkg@sdlffjh.com',0),(1077,'2002-03-26 07:29:35','test@test.com',0),(1078,'2002-03-26 13:34:03','bigstonez@aol.com',0),(1079,'2002-03-26 13:35:41','bigstonez@aol.com',0),(1080,'2002-03-26 15:17:25','fucko@test.com',0),(1081,'2002-03-27 11:47:08','russ@araitec.com',0),(1082,'2002-03-27 13:34:42','sadgf',0),(1083,'2002-04-01 13:28:50','jodiivy@mac.com',0),(1084,'2002-04-01 15:00:21','WINjw@aol.com',0),(1085,'2002-04-01 15:00:24','WINjw@aol.com',0),(1086,'2002-04-01 15:04:12','WINjw@aol.com',0),(1087,'2002-04-02 13:24:08','shavtronic@aol.com',0),(1088,'2002-04-02 21:56:25','gregbretz@msn.com',0),(1089,'2002-04-03 14:30:43','pblair@mkbc.com',0),(1090,'2002-04-06 13:40:08','foo@bar.com',0),(1091,'2002-04-08 23:39:57','lena.bretz@c2i.net',0),(1092,'2002-04-10 19:23:23','fhjghjf@hbhe.com',0),(1093,'2002-04-11 07:59:22','avamav@aol.com',0),(1094,'2002-04-16 18:39:13','ZxZ@sdsadsad,com',0),(1095,'2002-04-17 09:09:34','test@testtest.com',0),(1096,'2002-04-17 09:10:30','test@testtest.com',0),(1097,'2002-04-17 09:36:28','test@testtest.com',0),(1098,'2002-04-17 09:43:44','gsadhjsa@hjasdsa.com',0),(1099,'2002-04-17 11:22:30','sasad@ksadsa.com',0),(1100,'2002-04-17 14:42:52','sdsdsad@sadsadsa.com',0),(1101,'2002-04-17 19:05:08','asdasd!@dsdsadas.com',0),(1102,'2002-04-18 03:44:43','zonajack@cox.net',0),(1103,'2002-04-19 17:28:34','df@dsaf.com',0),(1104,'2002-04-23 13:11:35','mail@atomiccomics.com',0),(1105,'2002-04-25 09:01:39','gregbretz@semesterinaday.com',0),(1106,'2002-04-26 06:40:29','aztruckglass@aol.com',0),(1107,'2002-04-26 12:26:23','labye@mindspring.com',0),(1108,'2002-04-26 12:27:48','labye@mindspring.com',0),(1109,'2002-04-30 11:24:55','jimmolnar@semesterinaday.com',0),(1110,'2002-04-30 11:26:52','jimmolnar@semesterinaday.com',0),(1111,'2002-05-01 16:31:03','tlcphoenix@qwest.net',0),(1112,'2002-05-06 16:01:38','mshore@qwest.net',0),(1113,'2002-05-06 21:38:08','goodman@amsalesgroup.com',0),(1114,'2002-05-07 14:45:20','jack@azterritory.net',0),(1115,'2002-05-07 15:54:28','leatherrich@qwest.net',0),(1116,'2002-05-07 19:04:25','info@danyoungartist.com',0),(1117,'2002-05-10 12:22:41','jonathanm@icmconv.com',0),(1118,'2002-05-10 15:38:16','equest2001@cox.net',0),(1119,'2002-05-13 15:26:32','molnar4u@yahoo.com',0),(1120,'2002-05-16 00:15:10','jcc122@cox.net',0),(1121,'2002-05-16 11:06:00','heyjezebel@aol.com',0),(1122,'2002-05-20 15:31:15','acomahome@aol.com',0),(1123,'2002-05-21 15:10:02','gpcwrc.aol.com',0),(1124,'2002-05-24 04:50:01','lennf@destinationlogistics.com',0),(1125,'2002-05-24 12:45:08','JIMMOLNAR@SEMESTERINADAY.COM',0),(1126,'2002-05-24 16:05:13','test@test.com',0),(1127,'2002-05-28 10:55:33','dontask@airways.com',0),(1128,'2002-05-28 13:35:59','fizzy@aol.com',0),(1129,'2002-06-06 15:55:42','jimmolar@semesterinaday.com',0),(1130,'2002-06-06 18:03:28','test@tets.com',0),(1131,'2002-06-07 08:58:27','laurie@lauriew.com',0),(1132,'2002-06-10 08:44:55','myfamilycloset@bellsouth.net',0),(1133,'2002-06-11 15:47:45','test@test.com',0),(1134,'2002-06-12 13:35:56','hcarr@houston.rr.com',0),(1135,'2002-06-13 11:11:21','vendor@alphaecological.com',0),(1136,'2002-06-13 11:12:17','gregbretz@semesterinaday.com',0),(1137,'2002-06-14 07:34:38','labye@mindspring.com',0),(1138,'2002-06-14 07:37:40','labye@mindspring.com',0),(1139,'2002-06-14 14:45:00','test@test.com',0),(1140,'2002-06-14 14:46:02','est@test.com',0),(1141,'2002-06-14 14:48:38','test@test.com',0),(1142,'2002-06-17 11:57:28','steve@deeley.ws',0),(1143,'2002-06-20 09:58:24','gregbretz@semesterinaday.com',0),(1144,'2002-06-20 15:05:17','dcastillo@acceptingcredit.com',0),(1145,'2002-06-20 15:05:42','dcastillo@acceptingcredit.com',0),(1146,'2002-06-20 15:09:55','dcastillo@acceptingcredit.com',0),(1147,'2002-06-21 04:35:48','nickbayley@xtra.co.nz',0),(1148,'2002-06-24 16:58:21','jeffh@semesterinaday.com',0),(1149,'2002-06-24 23:35:22','siv.chelakkara@3cc.co.wayne.mi.us',0),(1150,'2002-06-25 11:50:52','kjh@lkjh.com',0),(1151,'2002-06-26 14:39:57','jalex47@msn.com',0),(1152,'2002-06-27 13:09:00','a@a.com',0),(1153,'2002-06-27 14:36:11','askme@aol.com',0),(1154,'2002-06-27 14:38:27','askme@aol.com',0),(1155,'2002-06-27 14:38:55','askme@aol.com',0),(1156,'2002-06-27 17:42:02','kyleburnett@att.net',0),(1157,'2002-06-28 10:42:31','candocdx@telusplanet.net',0),(1158,'2002-07-01 08:34:50','ppmichaud@hotmail.com',0),(1159,'2002-07-01 17:24:55','null@bitbucket.com',0),(1160,'2002-07-02 14:01:41','sdfa@gsfg.com',0),(1161,'2002-07-09 12:10:16','steinbach@texnet.net',0),(1162,'2002-07-10 08:26:58','jaime@sws2.com',0),(1163,'2002-07-10 08:27:24','jaime@sws2.com',0),(1164,'2002-07-10 12:54:23','jjohn-donna@msn.com',0),(1165,'2002-07-11 20:06:01','sassy@hotmail.com',0),(1166,'2002-07-12 16:49:05','ceci273@yahoo.com',0),(1167,'2002-07-12 19:56:15','ghibner@msn.com',0),(1168,'2002-07-12 21:09:00','this@that.com',0),(1169,'2002-07-16 18:17:03','vitalelink@earthlink.net',0),(1170,'2002-07-17 12:36:10','notfadeawy@att.net',0),(1171,'2002-07-23 14:15:55','motyme4273@aol.com',0),(1172,'2002-07-24 14:53:01','gregbretz@msn.com',0),(1173,'2002-07-24 14:53:04','tilesigns@aol.com',0),(1174,'2002-07-26 09:33:56','webmaster@vanished.com',0),(1175,'2002-07-26 09:33:58','webmaster@vanished.com',0),(1176,'2002-07-26 12:33:13','wqwqe@rs.ng',0),(1177,'2002-07-28 15:42:48','test@me.com',0),(1178,'2002-07-28 15:48:01','test@me.com',0),(1179,'2002-07-30 13:03:01','lorsplace@atlanti.net',0),(1180,'2002-07-30 13:05:46','lorsplace@atlanti.net',0),(1181,'2002-07-31 20:11:39','jrrealty2000@yahoo.com',0),(1182,'2002-08-01 14:13:56','no@nonono.com',0),(1183,'2002-08-05 12:28:01','juleiaa02@aol.com',0),(1184,'2002-08-06 11:47:43','dpetsche@quik.com',0),(1185,'2002-08-06 15:25:09','brian@arizonasbestbuys.com',0),(1186,'2002-08-06 15:25:33','brian@arizonasbestbuy.com',0),(1187,'2002-08-06 22:43:06','mycock@yourmomsass.com',0),(1188,'2002-08-07 10:31:34','xyz@xyz.com',0),(1189,'2002-08-07 11:25:11','slusheru@aol.com',0),(1190,'2002-08-08 11:05:30','roger@msn.com',0),(1191,'2002-08-12 11:40:24','dx2vx2@go.com',0),(1192,'2002-08-12 14:29:16','esakov@dzerts.net',0),(1193,'2002-08-12 14:35:16','esakov@dzerts.net',0),(1194,'2002-08-13 13:49:34','mnino@jaguarinternet.com',0),(1195,'2002-08-15 14:44:21','tets@tyestre.com',0),(1196,'2002-08-16 00:16:28','bubba@aol.com',0),(1197,'2002-08-16 00:16:55','bubba@aol.com',0),(1198,'2002-08-16 11:13:05','randywilliams@hotmail.com',0),(1199,'2002-08-16 11:13:54','randywilliams@hotmail.com',0),(1200,'2002-08-16 11:44:03','peter.edwards@att.net',0),(1201,'2002-08-16 14:23:36','gregbretz@semesterinaday.com',0),(1202,'2002-08-19 20:10:56','JOEL6990@AOL.COM',0),(1203,'2002-08-19 20:13:01','JOEL6990@AOL.COM',0),(1204,'2002-08-20 22:24:18','a@a.a',0),(1205,'2002-08-21 18:34:33','advancedgolf.com',0),(1206,'2002-08-21 19:36:32','guru@azmoving.com',0),(1207,'2002-08-23 06:40:49','partsatpioneer@netscape.net',0),(1208,'2002-08-25 03:27:53','joel2a@yahoo.com',0),(1209,'2002-08-25 11:00:58','juleiaa02@surfbest.com',0),(1210,'2002-08-25 11:04:37','juleiaa02@surfbest.com',0),(1211,'2002-08-25 11:05:18','juleiaa02@surfbest.net',0),(1212,'2002-08-25 11:09:10','juleiaa02@surfbest.net',0),(1213,'2002-08-25 11:09:30','juleiaa02@surfbest.net',0),(1214,'2002-08-26 12:22:43','tjperuch@hotmail.com',0),(1215,'2002-08-26 13:09:12','tjperuch@hotmail.com',0),(1216,'2002-08-27 10:17:38','rathead@email.com',0),(1217,'2002-08-28 23:41:52','jvercelli@msn.com',0),(1218,'2002-08-28 23:45:55','jvercelli@msn.com',0),(1219,'2002-08-28 23:46:35','jvercelli@msn.com',0),(1220,'2002-08-29 09:47:43','bvandewater@swheartlung.com',0),(1221,'2002-08-31 13:34:12','agent@destine2travel.com',0),(1222,'2002-08-31 13:35:17','agent@destine2travel.com',0),(1223,'2002-09-03 12:06:09','fsccad@foodserviceconepts.net',0),(1224,'2002-09-03 23:27:18','fdsags@asd.com',0),(1225,'2002-09-04 19:46:06','juleiaa02@aol.com',0),(1226,'2002-09-05 16:11:56','gregbretz@semesterinaday.com',0),(1227,'2002-09-05 16:12:11','ejg3@cox.net',0),(1228,'2002-09-06 06:12:20','juleiaa02@aol.com',0),(1229,'2002-09-06 06:17:25','juleiaa02@aol.com',0),(1230,'2002-09-07 14:38:09','ejg3@cox.net',0),(1231,'2002-09-07 21:03:40','sungypsy_003@yahoo.com',0),(1232,'2002-09-10 11:01:30','test@test.com',0),(1233,'2002-09-10 11:02:51','test@test.com',0),(1234,'2002-09-10 12:26:58','test@test.com',0),(1235,'2002-09-10 13:13:48','test@test.com',0),(1236,'2002-09-10 14:16:09','test@test.com',0),(1237,'2002-09-11 11:09:41','test',0),(1238,'2002-09-11 11:49:46','test',0),(1239,'2002-09-11 11:49:51','test',0),(1240,'2002-09-11 11:49:57','test',0),(1241,'2002-09-12 13:10:05','wjt12@cox.net',0),(1242,'2002-09-12 13:27:56','wjt12@cox.net',0),(1243,'2002-09-12 14:34:50','test',0),(1244,'2002-09-12 14:38:34','barbd42@aol.com',0),(1245,'2002-09-12 19:21:05','test',0),(1246,'2002-09-13 13:43:33','joe@hotmail.com',0),(1247,'2002-09-13 13:44:18','joe@hotmail.com',0),(1248,'2002-09-16 06:19:19','butterboy2@charter.net',0),(1249,'2002-09-16 06:20:18','butterboy2@charter.net',0),(1250,'2002-09-16 15:48:31','goaway@yoohoo.com',0),(1251,'2002-09-16 21:34:44','pamela@vacationpackagesetc.com',0),(1252,'2002-09-16 21:39:21','pamela@vacationpackagesetc.com',0),(1253,'2002-09-18 22:59:24','jghz@',0),(1254,'2002-09-18 23:00:28','jghz@',0),(1255,'2002-09-19 13:16:41','test',0),(1256,'2002-09-19 15:49:25','test',0),(1257,'2002-09-20 10:05:29','gregbretz@semesterinaday.com',0),(1258,'2002-09-20 10:11:51','gregbretz@semesterinaday.com',0),(1259,'2002-09-20 10:34:22','test',0),(1260,'2002-09-22 12:49:06','home@cox.net',0),(1261,'2002-09-22 23:40:52','mnino@jaguarinternet.com',0),(1262,'2002-09-25 09:58:55','aj@fff.com',0),(1263,'2002-09-25 10:05:57','aj@lkdjfa.com',0),(1264,'2002-09-25 10:13:51','test',0),(1265,'2002-09-26 15:17:31','test',0),(1266,'2002-09-26 15:35:23','asdfa',0),(1267,'2002-09-27 07:45:52','mexycanlink@hotmail.com',0),(1268,'2002-09-29 14:47:15','kagallaway@aol.com',0),(1269,'2002-10-01 10:37:57','bobcar7@netwrx.net',0),(1270,'2002-10-01 10:40:19','bobcar7@netwrx.net',0),(1271,'2002-10-01 13:20:25','info@us-militarysurplus.com',0),(1272,'2002-10-04 11:42:02','noyb@yahoo.com',0),(1273,'2002-10-08 10:56:14','victorcoleman@earthlink.net',0),(1274,'2002-10-10 09:51:30','apcpallets@uswestnet',0),(1275,'2002-10-11 12:13:47','tets@terts.com',0),(1276,'2002-10-15 09:19:48','ert@ert.com',0),(1277,'2002-10-15 09:40:03','t54',0),(1278,'2002-10-16 10:49:30','nino@primaryhub.com',0),(1279,'2002-10-16 11:26:48','nino@primaryhub.com',0),(1280,'2002-10-16 11:38:55','nino@primaryhub.com',0),(1281,'2002-10-22 16:06:47','nino@primaryhub.com',0),(1282,'2002-10-24 12:49:38','mneild@stargate.ca',0),(1283,'2002-10-25 13:31:02','kimerly.yawn@homepointmortgage.net',0),(1284,'2002-10-25 13:32:05','kimberly.yawn@homepointmortgage.net',0),(1285,'2002-10-27 18:25:55','greenmantravel@charter.net',0),(1286,'2002-10-27 18:27:11','greenmantravel@charter.net',0),(1287,'2002-10-29 10:14:40','bhavesh88@hotmail.com',0),(1288,'2002-10-29 10:14:42','bhavesh88@hotmail.com',0),(1289,'2002-11-04 19:56:49','claudette2@bellsouth.net',0),(1290,'2002-11-05 23:37:28','Devilh_75@hotmail.com',0),(1291,'2002-11-07 04:03:01','scotthg@hotmail.com',0),(1292,'2002-11-07 14:57:06','bayoung@email.com',0),(1293,'2002-11-07 15:02:31','bayoung@email.com',0),(1294,'2002-11-07 21:02:49',' ideadoc@hotmail.com',0),(1295,'2002-11-09 02:43:27','e.Comet@web.de',0),(1296,'2002-11-11 21:40:40','ap_tt@yahoo.com',0),(1297,'2002-11-12 08:54:54','mbaker8369',0),(1298,'2002-11-14 16:38:14','kirk@rmi.net',0),(1299,'2002-11-15 21:21:44','shit@shitty.com',0),(1300,'2002-11-19 17:59:06','tapestries-of-light@cox.net',0),(1301,'2002-11-21 08:59:24','leora99999@yahoo.com',0),(1302,'2002-11-24 20:24:57','LAB112946@AOL.COM',0),(1303,'2002-11-26 14:40:25','dfsfdfds@sdfsdfdsf.com',0),(1304,'2002-11-30 19:31:23','mrbill3@earthlink.net',0),(1305,'2002-12-01 15:03:30','burnsstudio@msn.com',0),(1306,'2002-12-02 10:51:12','a@aa.com',0),(1307,'2002-12-02 10:52:00','a@aa.com',0),(1308,'2002-12-04 16:35:50','alex@kong.org',0),(1309,'2002-12-06 10:24:01','traveler@lodinet.com',0),(1310,'2002-12-09 12:14:23','test@test.com',0),(1311,'2002-12-09 16:56:40','nino@primaryhub.com',0),(1312,'2002-12-16 10:49:28','asdas@lkas.as',0),(1313,'2002-12-16 14:26:59','andydaga@comcast.ent',0),(1314,'2002-12-22 07:49:32','leon.kozar@amis.net',0),(1315,'2002-12-25 23:10:00','bmdavies@comcast.net',0),(1316,'2002-12-25 23:10:03','bmdavies@comcast.net',0),(1317,'2002-12-27 19:39:35','demo',0),(1318,'2002-12-27 19:42:18','demo',0),(1319,'2003-01-02 09:14:06','test@test.com',0),(1320,'2003-01-04 22:20:25','asdsgfaf@asfsd.net',0),(1321,'2003-01-05 00:00:24','jetravelfun@earthlink.net',0),(1322,'2003-01-05 00:01:38','jetravelfun@earthlink.net',0),(1323,'2003-01-07 11:53:22','bayoung@email.com',0),(1324,'2003-01-07 13:06:35','bayoung@email.com',0),(1325,'2003-01-07 14:22:59','mat17@charter.net',0),(1326,'2003-01-07 14:42:33','mat17@charter.net',0),(1327,'2003-01-10 02:34:08','SINCITYREALTOR@YAHOO.COM',0),(1328,'2003-01-10 19:48:58','test@test.com',0),(1329,'2003-01-10 19:49:01','test@test.com',0),(1330,'2003-01-12 11:16:11','test@test.com',0),(1331,'2003-01-23 13:29:28','sdf',0),(1332,'2003-01-23 14:27:10','test@tets.com',0),(1333,'2003-01-23 16:57:07','rwomack@gltsonline.com',0),(1334,'2003-01-23 16:59:37','steveowen@stablecomputing.com',0),(1335,'2003-01-24 12:52:29','fdf@dslsd.com',0),(1336,'2003-01-25 18:46:37','ddruski@yahoo.com',0),(1337,'2003-01-27 14:32:50','john@hotmail.com',0),(1338,'2003-01-27 14:37:01','john@hotmail.com',0),(1339,'2003-01-27 14:37:11','daneter.swbell.net',0),(1340,'2003-01-30 00:03:38','sblunt@fastq.com',0),(1341,'2003-01-30 00:05:00','sblunt@fastq.com',0),(1342,'2003-01-31 11:45:55','test@tesstr.com',0),(1343,'2003-02-07 14:24:31','test@etest.com',0),(1344,'2003-02-08 16:02:20','kenniejonesnyc@cs.com',0),(1345,'2003-02-10 16:27:37','test@test.com',0),(1346,'2003-02-11 11:40:27','test@test.com',0),(1347,'2003-02-11 18:50:30','ddapcreations@yahoo.com',0),(1348,'2003-02-13 16:23:33','any@yahoo.com',0),(1349,'2003-02-14 08:13:27','ggg@fuckoff.com',0),(1350,'2003-02-18 13:37:23','test@test.com',0),(1351,'2003-02-21 22:39:17','asdf@asdf.com',0),(1352,'2003-02-24 15:04:11','test@test',0),(1353,'2003-02-24 15:04:11','test@test.com',0),(1355,'2003-02-24 15:04:54','test@test8ik.com',0),(1356,'2003-02-27 06:22:23','suni.p@freenet.de',0),(1357,'2003-02-27 07:47:58','kennyo@ctcweb.net',0),(1358,'2003-02-28 00:19:55','jeremy.cummings@sympatico.ca',0),(1359,'2003-03-02 11:10:58','WayneMorris@cox.net',0),(1360,'2003-03-02 19:50:47','dz8008@yahoo.com',0),(1362,'2003-03-04 17:55:40','kennyo@ctcweb.net',0),(1363,'2003-03-18 13:44:16','bwjourneys@hotmail.com',0),(1364,'2003-03-18 13:44:51','bwjourneys@hotmail.com',0),(1365,'2003-03-21 13:29:27','sayinit1@aol.com',0),(1366,'2003-03-24 16:07:42','support@webhosting.com',0),(1367,'2003-03-25 15:09:38','mtoll@alo.com',0),(1368,'2003-04-01 19:29:20','claudette2@bellsouth.net',0),(1400,'2003-09-09 10:17:29','jbowen@compagain.com',0),(1396,'2003-08-08 06:51:30','roger@rmktravel.com',0),(1371,'2003-04-06 21:24:03','tbartoli@aol.com',0),(1372,'2003-04-10 20:14:05','dmzeh43@cs.com',0),(1373,'2003-04-11 06:28:42','helmswoman@juno.com',0),(1375,'2003-04-11 16:49:22','test@test.com',0),(1376,'2003-04-11 16:49:24','brian.com',0),(1377,'2003-04-25 17:25:00','test@test.com',0),(1378,'2003-05-03 07:44:52','mat17@charter.net',0),(1379,'2003-05-08 17:41:19','sue@prographics.demon.co.uk',0),(1380,'2003-05-08 17:42:22','sue@prographics.demon.co.uk',0),(1381,'2003-05-12 22:02:11','harrisceramics@cox.net',0),(1395,'2003-07-22 16:25:55','rwomack@gltsonline.com',0),(1383,'2003-05-22 05:52:40','asd@asd.com',0),(1393,'2003-07-17 19:13:55','rwomack@gltsonline.com',0),(1385,'2003-06-12 11:01:33','test@test.com',0),(1387,'2003-06-13 16:17:29','test@test.com',0),(1398,'2003-08-26 09:22:39','asdf@asdf.com',0),(1399,'2003-09-06 17:52:52','asasas@qwqwqw.com',0),(1390,'2003-06-16 22:52:06','sofia_r_m@hotmail.com',0),(1401,'2003-09-11 13:27:25','eric@eskinc.com',0),(1402,'2003-09-11 13:36:34','eric@eskinc.com',0),(1403,'2003-09-11 14:15:19','eric@eskinc.com',0),(1404,'2003-09-11 14:42:51','eric@eskinc.com',0),(1405,'2003-09-18 11:46:05','extremespeed@mcleodusa.net',0),(1406,'2003-09-18 11:47:54','extremespeed@mcleodusa.net',0),(1407,'2003-09-18 11:53:53','extremespeed@mcleodusa.net',0),(1408,'2003-09-25 09:46:59','administrator@discounts1.net',0),(1409,'2003-10-02 08:47:53','xxx@yy.com',0),(1410,'2003-10-02 08:49:10','xxx@yy.com',0),(1411,'2003-10-17 10:05:35','test@test.com',0),(1412,'2003-10-28 10:28:48','a@a.com',0),(1413,'2003-10-29 15:07:23','test@test.com',0),(1414,'2003-10-29 15:07:25','test@test.com',0),(1415,'2003-10-29 15:07:26','test@test.com',0),(1416,'2003-10-29 15:50:14','test@test.com',0),(1417,'2003-10-30 11:23:36','test@test.com',0),(1418,'2003-11-05 11:00:49','steve@newanglemedia.com',0),(1419,'2003-11-05 12:57:51','hthesing@cfl.rr.com',0),(1420,'2003-11-05 12:58:34','hthesing@cfl.rr.com',0),(1421,'2003-11-08 06:27:37','c@c.com',0),(1422,'2003-11-13 11:24:29','john@theenvoygroup.com',0),(1423,'2003-11-19 13:37:17','carriesinger@cox.net',0),(1424,'2003-11-24 14:14:02','test@test.com',0),(1425,'2003-12-11 14:05:54','test',0),(1426,'2003-12-12 14:07:44','contact@mindless.com',0),(1427,'2003-12-12 14:15:48','contact@mindless.com',0),(1428,'2004-01-17 16:20:26','dwaydonn_2000@yahoo.com',0),(1429,'2004-01-17 21:16:48','murtaheen@yahoo.com',0),(1430,'2004-01-17 21:24:16','murtaheen@yahoo.com',0),(1431,'2004-01-18 19:23:42','willows5050@frontiernet.net',0),(1432,'2004-01-25 18:18:23','COSTI@FRONTIERNET.NET',0),(1433,'2004-01-25 18:20:09','COSTI@FRONTIERNET.NET',0),(1434,'2004-01-27 16:36:43','bjholmes@comcast.net',0),(1435,'2004-02-04 11:38:21','test@test.com',0),(1436,'2004-02-04 11:46:54','test@test.com',0),(1437,'2004-02-10 08:53:16','test@test.com',0),(1438,'2004-02-10 08:59:06','test@test.com',0),(1439,'2004-02-23 11:45:29','tempmicheal@yahoo.com',0),(1440,'2004-02-27 12:10:42','test@test.com',0),(1441,'2004-03-02 16:18:43','rest@ttest.com',0),(1442,'2004-03-08 21:13:27','chkhc@aol.com',0),(1443,'2004-03-08 21:16:18','chkhc@aol.com',0),(1444,'2004-03-16 11:46:39','test@test.com',0),(1445,'2004-03-17 07:48:54','cheryl@4affordabletravel.com',0),(1446,'2004-03-17 15:59:17','cjuhnke@passportonlineinc.com',0),(1447,'2004-03-19 14:40:05','fooy@aol.com',0),(1448,'2004-03-21 13:45:41','higby33@cox.net',0),(1449,'2004-03-22 15:21:40','cdesouza@rccl.com',0),(1450,'2004-03-28 18:35:14','test@test.com',0),(1451,'2004-04-05 19:09:23','monkeybuttparts@aol.com',0),(1452,'2004-04-09 13:50:42','atlasvoyages@msn.com',0),(1453,'2004-04-20 02:24:21','brandon@primaryhub',0),(1454,'2004-04-20 02:28:30','brandon@primaryhub',0),(1455,'2004-05-18 10:39:44','test@test.com',0),(1456,'2004-05-18 10:39:46','testetstest.com',0),(1457,'2004-05-28 12:33:32','linda.holland9@verizon.net',0),(1458,'2004-05-28 12:39:34','linda.holland9@verizon.net',0),(1459,'2004-06-04 09:34:13','juelam@worldnet.att.net',0),(1460,'2004-06-10 10:37:28','goerge@curious.com',0),(1461,'2004-06-11 08:19:42','donalford@donalford.com',0),(1462,'2004-06-21 16:51:43','linda.holland9@verizon.net',0),(1463,'2004-06-21 16:53:24','linda.holland9@verizon.net',0),(1464,'2004-06-24 18:19:20','haha@haha.com',0),(1465,'2004-06-24 22:11:59','linda.holland9@vrizon.net',0),(1466,'2004-06-26 13:32:58','toto@toto.com',0),(1467,'2004-07-08 12:29:36','noemail@home.com',0),(1468,'2004-07-14 14:00:15','john@hotmail.com',0),(1469,'2004-07-16 12:59:09','marc@cheapticketscanada.com',0),(1470,'2004-07-19 10:10:52','test@test.com',0),(1471,'2004-07-21 11:22:22','test@example.com',0),(1472,'2004-07-21 12:23:18','southpacific@travel.lvcoxmail.com',0),(1473,'2004-07-21 23:09:40','linda.holland9@verizon.net',0),(1474,'2004-08-17 16:23:13','cbrent@sisna.com',0),(1475,'2004-08-24 22:43:00','kmg@la-tierra.com',0),(1476,'2004-08-25 10:07:24','jmiller@cox.net',0),(1477,'2004-08-25 10:10:36','jmiller@cox.net',0),(1478,'2004-08-25 10:32:45','jmiller@cox.net',0),(1479,'2004-08-25 14:40:56','Hans@Sander.com',0),(1480,'2004-09-02 07:21:52','dunserv@charter.net',0),(1481,'2004-09-07 03:31:40','netafrica@ananzi.co.za',0),(1482,'2004-09-07 08:25:58','sportcycles@msn.com',0),(1483,'2004-09-17 17:19:34','pneria@aol.com',0),(1484,'2004-09-25 18:28:45','asfd.2asfd.com',0),(1485,'2004-10-25 11:49:32','mat17@charter.net',0),(1486,'2004-10-25 11:58:06','mat17@charter.net',0),(1487,'2004-11-06 09:50:31','jonhomenow@aol.com',0),(1488,'2004-11-08 12:39:29','douglas_stuber@yahoo.com',0),(1489,'2004-11-17 13:04:02','gusvournas@hotmail.com',0),(1490,'2004-11-17 13:08:33','gusvournas@hotmail.com',0),(1491,'2004-12-27 03:05:22','ddd@dkjfe.com',0),(1492,'2005-01-25 00:49:09','yoursite@sucks.com',0),(1493,'2005-03-16 12:30:58','tag@inlijmnnne.com',0),(1494,'2005-04-01 06:58:15','destinytravel@rochester.rr.com',0),(1495,'2005-05-05 20:32:27','kjkjdksdkksdks@aol.com',0),(1496,'2005-05-05 20:41:00','kjkjdksdkksdks@aol.com',0),(1497,'2005-05-25 19:09:55','test@digitaldoghouse.com',0),(1498,'2005-05-26 15:34:50','asdf@asdf.com',0),(1499,'2005-07-15 13:50:43','jenexpressions@qwest.net',0),(1500,'2005-09-23 10:02:09','lsmith@doitsmarter.com',0),(1501,'2005-09-27 06:37:09','dave@cercables.com',0),(1502,'2005-10-14 11:22:32','dave@cercables.com',0),(1503,'2005-10-14 12:26:17','dave@cercables.com',0),(1504,'2005-10-31 08:23:24','dave@cercables.com',0),(1505,'2005-11-30 15:01:11','ghjgjhg@yahoo.com',0),(1506,'2005-12-06 15:07:32','medlins@ezeeweb.com',0),(1507,'2006-01-24 21:40:07','joesmith@aol.com',0),(1508,'2006-01-24 21:40:44','joesmith@aol.com',0),(1509,'2006-03-17 17:14:57','asdf@asdf.com',0),(1510,'2006-03-18 17:58:50','kristinepoulson@yahoo.com',0),(1511,'2006-03-18 18:00:30','kristinepoulson@yahoo.com',0),(1512,'2006-03-20 20:02:34','vickioliver2004@yahoo.com',0),(1513,'2006-04-03 08:41:28','abbyjones8@yahoo.com',0),(1514,'2006-04-20 23:08:34','amenghra@hotmail.com',0),(1515,'2006-05-05 11:33:52','chkhc@aol.com',0),(1516,'2006-05-16 12:38:28','tlspeegle@mac.com',0),(1517,'2006-06-05 09:55:04','info@fpuinc.com',0),(1518,'2006-07-07 18:11:36','me@aol.com',0),(1519,'2006-07-21 02:40:01','pyar_ishq_aur_mohhobat@yahoo.com',0),(1520,'2006-08-01 18:54:39','melbasgirl@yahoo.com',0),(1521,'2006-09-19 11:19:02','jordangirl37@yahoo.com',0),(1522,'2006-09-28 13:53:51','dave2cercables.com',0),(1523,'2006-10-09 04:07:41','siggi@ossur.is',0),(1524,'2006-10-09 04:07:43','siggi@ossur.is',0),(1525,'2006-11-27 21:03:50','hubbyhubbyceo',0),(1526,'2007-01-16 08:47:09','layne@blusun.com',0),(1527,'2007-01-17 10:28:21','retrists@inbox.lv',0),(1528,'2007-02-11 06:13:16','rj_snivel@yahoo.com',0),(1529,'2007-05-08 21:14:10','azzman_nz@yahoo.com',0),(1530,'2007-07-16 13:01:19','dezrtrasr@cox.net',0),(1531,'2007-08-02 12:18:42','info@sci.com',0),(1532,'2007-10-22 18:08:19','fart@primaryhub.com',0),(1533,'2007-10-28 08:02:49','kylenichol@fitnesstogether.com',0),(1534,'2007-11-11 17:01:16','lantermanphotography@yahoo.com',0),(1535,'2007-11-30 20:55:12','spssiva@yahoo.co.in',0),(1536,'2008-01-26 07:26:58','banda.murali@gmail.com',0),(1537,'2008-01-31 18:12:36','selegance@COMCAST.NET',0),(1538,'2008-03-13 08:38:48','rycc1@msn.com',0),(1539,'2008-03-13 10:00:35','brentb@babenham.com',0),(1540,'2008-03-27 23:04:00','parrigraphs@cox.net',0),(1541,'2008-03-27 23:11:30','parrigraphs@cox.net',0),(1542,'2008-03-27 23:24:59','parrigraphs@cox.net',0),(1543,'2008-05-08 09:16:33','hillschumacherllc@yahoo.com',0),(1544,'2008-05-28 16:08:50','l.dog45@yahoo.com',0),(1545,'2008-06-11 04:58:39','clairejdavies@hotmail.com',0),(1546,'2008-07-30 11:44:30','drcmatar@yahoo.com',0),(1547,'2008-09-25 09:55:42','quarterhorses@gmail.com',0),(1548,'2008-09-25 19:09:26','quarterhorses@gmail.com',0),(1549,'2008-09-25 19:09:28','quarterhorses@gmail.com',0),(1550,'2008-11-19 17:57:08','meme@meme.com',0),(1551,'2008-11-20 14:48:57','bnvi@yahoo.com',0),(1552,'2008-12-15 18:20:24','info@axeo.com',0),(1553,'2009-06-03 23:16:16','winvnet@yahoo.com',0),(1554,'2009-07-07 10:27:32','wwddaminc@gmail.com',0),(1555,'2009-07-09 12:41:51','mvjart@pacbell.net',0),(1556,'2009-07-09 12:57:41','mvjart@pacbell.net',0),(1557,'2009-07-10 10:19:01','mvjart@pacbell.net',0),(1558,'2009-07-12 12:47:08','tmullis9789@hotmail.com',0),(1559,'2009-08-20 12:13:16','mickeymouse@mitsllc.com',0),(1560,'2009-08-20 13:26:51','mickeymouse@mitsllc.com',0),(1561,'2009-08-24 15:12:16','pinot1-misc@yahoo.com',0);

--
-- Dumping events for database 'account'
--

--
-- Dumping routines for database 'account'
--


