--
-- Host: localhost    Database: apparatusiron
-- ------------------------------------------------------


--
-- Table structure for table `Category`
--

CREATE TABLE `Category` (
  `ID` int(11) NOT NULL AUTO_INCREMENT,
  `protected` int(11) NOT NULL DEFAULT '0',
  `display` int(11) NOT NULL DEFAULT '0',
  `next` int(11) NOT NULL DEFAULT '0',
  `child` int(11) NOT NULL DEFAULT '0',
  `description` blob,
  `name` varchar(50) DEFAULT NULL,
  `image` varchar(50) DEFAULT NULL,
  `old_id` smallint(4) NOT NULL DEFAULT '0',
  PRIMARY KEY (`ID`),
  KEY `ID` (`ID`)
) ENGINE=MyISAM AUTO_INCREMENT=10 DEFAULT CHARSET=latin1 PACK_KEYS=1;

--
-- Dumping data for table `Category`
--

INSERT INTO `Category` VALUES (1,0,0,0,8,NULL,'Top Level',NULL,1),(9,0,1,0,0,'We will be adding new images of our public art commissions soon! Check back!','PUBLIC ART','',0),(8,0,1,9,0,'We will be adding to this on-line portfolio of some of our custom work. Please check back for new images','CUSTOM WORK','',0);

--
-- Table structure for table `Inventory`
--

CREATE TABLE `Inventory` (
  `ID` int(11) NOT NULL AUTO_INCREMENT,
  `productID` int(11) NOT NULL DEFAULT '0',
  `categoryID` int(11) NOT NULL DEFAULT '0',
  PRIMARY KEY (`ID`),
  KEY `categoryID` (`categoryID`),
  KEY `ID` (`ID`)
) ENGINE=MyISAM AUTO_INCREMENT=145 DEFAULT CHARSET=latin1 PACK_KEYS=1;

--
-- Dumping data for table `Inventory`
--

INSERT INTO `Inventory` VALUES (78,48,7),(142,71,9),(130,49,4),(45,45,7),(44,44,7),(43,43,7),(42,42,7),(136,65,8),(119,19,4),(36,36,6),(35,35,6),(34,34,6),(33,33,6),(121,30,5),(120,29,5),(28,28,5),(62,27,5),(26,26,5),(129,25,5),(24,24,5),(135,23,5),(144,67,8),(123,20,4),(118,19,5),(131,18,4),(132,54,4),(137,66,8),(81,14,4),(13,13,3),(12,12,3),(11,11,3),(133,10,3),(99,8,2),(124,7,2),(96,6,2),(5,5,2),(125,4,2),(3,3,2),(2,2,2),(1,1,2),(134,50,4),(140,69,9),(143,72,8),(139,68,9),(94,53,8),(106,58,8),(141,70,9);

--
-- Table structure for table `Invoice`
--

CREATE TABLE `Invoice` (
  `ID` int(11) NOT NULL AUTO_INCREMENT,
  `date` datetime DEFAULT NULL,
  `purchasedby` int(11) NOT NULL DEFAULT '0',
  `deliverto` int(11) NOT NULL DEFAULT '0',
  `processed` int(11) NOT NULL DEFAULT '0',
  `shiptype` varchar(50) DEFAULT NULL,
  `shipcost` double(8,2) NOT NULL DEFAULT '0.00',
  `comment` tinyblob,
  `cart_total` double(8,2) DEFAULT NULL,
  `tax` double(8,2) DEFAULT NULL,
  PRIMARY KEY (`ID`),
  KEY `ID` (`ID`)
) ENGINE=MyISAM AUTO_INCREMENT=245 DEFAULT CHARSET=latin1 PACK_KEYS=1;

--
-- Dumping data for table `Invoice`
--

INSERT INTO `Invoice` VALUES (1,'2000-04-01 15:26:52',13,13,1,'Standard Shipping - East of the Mississippi',17.00,NULL,NULL,NULL),(2,'2000-04-03 08:11:29',17,17,1,'Standard Shipping - West of the Mississippi',12.00,NULL,NULL,NULL),(3,'2000-04-03 08:18:17',18,18,1,'Standard Shipping - West of the Mississippi',12.00,NULL,NULL,NULL),(4,'2000-04-06 15:49:52',22,22,1,'Standard Shipping - West of the Mississippi',8.00,NULL,NULL,NULL),(5,'2000-04-14 13:41:39',32,33,1,'Standard Shipping - West of the Mississippi',8.00,NULL,NULL,NULL),(6,'2000-04-17 09:42:14',37,37,1,'Standard Shipping - West of the Mississippi',12.00,NULL,NULL,NULL),(7,'2000-04-17 21:37:59',38,38,1,'Standard Shipping - East of the Mississippi',9.00,NULL,NULL,NULL),(8,'2000-04-20 18:03:10',42,42,1,'Standard Shipping - East of the Mississippi',33.00,NULL,NULL,NULL),(9,'2000-04-24 19:51:36',45,46,1,'Standard Shipping - East of the Mississippi',13.00,NULL,NULL,NULL),(10,'2000-04-24 19:52:30',47,48,1,'Standard Shipping - East of the Mississippi',13.00,NULL,NULL,NULL),(11,'2000-04-25 14:26:18',51,52,1,'Standard Shipping - West of the Mississippi',14.00,NULL,NULL,NULL),(12,'2000-04-26 06:06:05',54,54,1,'Standard Shipping - East of the Mississippi',9.00,NULL,NULL,NULL),(13,'2000-05-01 07:42:27',57,58,1,'Standard Shipping - West of the Mississippi',8.00,NULL,NULL,NULL),(14,'2000-05-01 07:47:28',59,59,1,'Standard Shipping - East of the Mississippi',9.00,NULL,NULL,NULL),(15,'2000-05-03 07:32:44',62,62,1,'Standard Shipping - East of the Mississippi',17.00,NULL,NULL,NULL),(16,'2000-05-04 19:38:28',64,64,1,'Standard Shipping - West of the Mississippi',8.00,NULL,NULL,NULL),(17,'2000-05-05 16:49:08',65,65,1,'Standard Shipping - West of the Mississippi',8.00,NULL,NULL,NULL),(18,'2000-05-07 20:21:45',68,69,1,'Standard Shipping - East of the Mississippi',9.00,NULL,NULL,NULL),(19,'2000-05-08 20:15:40',71,71,1,'Standard Shipping - West of the Mississippi',8.00,NULL,NULL,NULL),(20,'2000-05-08 23:11:27',72,72,1,'Standard Shipping - West of the Mississippi',8.00,NULL,NULL,NULL),(21,'2000-05-09 11:44:16',73,74,1,'Standard Shipping - West of the Mississippi',8.00,NULL,NULL,NULL),(22,'2000-05-11 12:16:41',78,79,1,'Standard Shipping - West of the Mississippi',8.00,'This order is a gift. Please do not send the invoice along with the merchandise.  Also thank you for responding to my e-mail about my inquiry for shipping two different styles of the small butterflies on this order.  Thank you.',NULL,NULL),(23,'2000-05-15 16:56:03',85,86,1,'Standard Shipping - East of the Mississippi',9.00,'Can you enclose a card that says, \r\n\"Happy Birthday! Love, Dianne\"   ??\r\nIf you could, that would be great! Thx.',NULL,NULL),(24,'2000-05-18 12:00:42',90,90,1,'Standard Shipping - West of the Mississippi',12.00,'',NULL,NULL),(25,'2000-05-19 15:17:41',92,92,1,'Standard Shipping - West of the Mississippi',8.00,'I don\'t know what color or kind of beads you use, but I like purple and anything unusual. Thanks.',NULL,NULL),(26,'2000-05-23 20:56:19',96,96,1,'Standard Shipping - West of the Mississippi',8.00,'',NULL,NULL),(27,'2000-05-24 07:18:03',97,98,1,'Standard Shipping - West of the Mississippi',8.00,'Happy belated birthday! From Joey,\r\nJim, Leigh & Jenni',NULL,NULL),(28,'2000-05-29 14:22:17',105,106,1,'Standard Shipping - East of the Mississippi',9.00,'Saw your stuff at Indian Gardens Trading Post in Sedona.  She\'s been lamenting not buying a piece while we were there.  This should be a nice surprise.',NULL,NULL),(29,'2000-05-31 17:03:30',109,110,1,'Standard Shipping - East of the Mississippi',9.00,'Happy Birthday, Love Mike ',NULL,NULL),(30,'2000-06-04 21:46:12',111,111,1,'Standard Shipping - East of the Mississippi',9.00,'',NULL,NULL),(33,'2000-06-23 13:49:01',128,129,1,'Standard Shipping - East of the Mississippi',9.00,'',NULL,NULL),(32,'2000-06-17 09:58:11',122,122,1,'Standard Shipping - West of the Mississippi',12.00,'Butterflies will e side by side; combination that looks good together',NULL,NULL),(34,'2000-06-29 03:16:01',130,130,1,'Standard Shipping - West of the Mississippi',8.00,'',NULL,NULL),(35,'2000-06-29 10:10:54',131,132,1,'Standard Shipping - East of the Mississippi',9.00,'Happy Belated Birthday!\r\nLove Eddie & Juliann',NULL,NULL),(36,'2000-06-30 21:44:02',134,135,1,'Standard Shipping - East of the Mississippi',9.00,'Happy Birthday, Carla!\r\nLove, Maria',NULL,NULL),(37,'2000-07-02 19:48:07',136,136,1,'Standard Shipping - East of the Mississippi',9.00,'',NULL,NULL),(40,'2000-07-13 11:56:49',143,143,1,'Standard Shipping - East of the Mississippi',9.00,'',NULL,NULL),(39,'2000-07-08 14:14:57',142,142,1,'Standard Shipping - West of the Mississippi',8.00,'Happy Birthday!\r\n\r\nLove, Mike',NULL,NULL),(41,'2000-07-14 16:36:33',144,144,1,'Standard Shipping - West of the Mississippi',8.00,'',NULL,NULL),(42,'2000-07-16 13:03:32',145,146,1,'Standard Shipping - East of the Mississippi',9.00,'Sarah!\r\nThis is the order I told you I would \r\nplace for my mom\'s birthday, I was \r\nwondering if it could be shipped \r\nquicker, although I noticed that your \r\nquick shipping option is not available\r\nat this point.  Her birthday is the 23rd,\r\nso if I could',NULL,NULL),(43,'2000-07-21 09:27:16',151,151,1,'Standard Shipping - East of the Mississippi',9.00,'',NULL,NULL),(44,'2000-07-24 07:47:48',155,155,1,'Standard Shipping - West of the Mississippi',18.00,'THIS IS A WHOLESALE ORDER.\r\nMY TAX ID ISOklahoma 185164.\r\nPlease e-mail confirmation of wholesale order. Thanks.',NULL,NULL),(45,'2000-08-01 00:10:50',158,159,1,'Standard Shipping - West of the Mississippi',8.00,'Happy Birthday\r\nGibson Girl!\r\nA dragonfly for a Princess.',NULL,NULL),(46,'2000-08-09 06:33:46',162,162,1,'Standard Shipping - East of the Mississippi',33.00,'',NULL,NULL),(47,'2000-08-14 09:52:27',165,166,1,'Standard Shipping - East of the Mississippi',9.00,'Happy Birthday, Mom!\r\nLove, Andy',NULL,NULL),(48,'2000-09-04 21:26:48',171,172,1,'Standard Shipping - East of the Mississippi',13.00,'Place these upstate in the water.  They will brig you good fortune. Love Holly',NULL,NULL),(49,'2000-09-05 14:17:14',174,174,1,'Standard Shipping - West of the Mississippi',8.00,'',NULL,NULL),(50,'2000-09-11 11:15:45',176,176,1,'Standard Shipping - West of the Mississippi',12.00,'',NULL,NULL),(51,'2000-09-20 19:44:32',179,180,1,'Standard Shipping - West of the Mississippi',8.00,'For your new home!  Best wishes, Ann & George',NULL,NULL),(52,'2000-10-09 12:43:42',185,185,1,'Standard Shipping - East of the Mississippi',9.00,'',NULL,NULL),(53,'2000-10-18 07:38:01',189,189,1,'Standard Shipping - West of the Mississippi',15.00,'Bus Name Hot Java Tax ID#91-1923117 Fax #(619) 442-7444',NULL,NULL),(54,'2000-10-28 12:29:49',191,191,1,'Standard Shipping - East of the Mississippi',13.00,'',NULL,NULL),(55,'2000-11-02 09:19:43',193,194,1,'Standard Shipping - East of the Mississippi',9.00,'Thought this would brighten your day.\r\n   Love, All of us in Columbus',NULL,NULL),(56,'2000-11-03 13:15:36',195,195,1,'Standard Shipping - West of the Mississippi',8.00,'',NULL,NULL),(57,'2000-11-03 18:38:16',196,197,1,'Standard Shipping - West of the Mississippi',8.00,'This is a business.',NULL,NULL),(58,'2000-11-08 12:37:28',199,199,1,'Standard Shipping - West of the Mississippi',8.00,'Iwould also like to custom order the Medium Male Alien Rocker, $36. Thank You.\r\nTina Gay-Crawford',NULL,NULL),(59,'2000-11-08 13:20:11',200,200,1,'Standard Shipping - West of the Mississippi',8.00,'',NULL,NULL),(60,'2000-11-09 12:36:27',201,201,1,'Standard Shipping - West of the Mississippi',12.00,'',NULL,NULL),(61,'2000-11-10 07:38:17',202,202,1,'Standard Shipping - West of the Mississippi',8.00,'',NULL,NULL),(62,'2000-11-25 15:17:40',205,206,1,'Standard Shipping - West of the Mississippi',8.00,'',NULL,NULL),(63,'2000-11-26 15:26:48',207,207,1,'Standard Shipping - West of the Mississippi',8.00,'',NULL,NULL),(64,'2000-11-29 09:50:30',209,209,1,'Standard Shipping - East of the Mississippi',13.00,'',NULL,NULL),(65,'2000-11-29 12:28:22',210,210,1,'Standard Shipping - East of the Mississippi',13.00,'',NULL,NULL),(66,'2000-12-02 16:39:12',211,212,1,'Standard Shipping - East of the Mississippi',9.00,'15% discount',NULL,NULL),(67,'2000-12-05 00:28:57',213,214,1,'Standard Shipping - West of the Mississippi',8.00,'',NULL,NULL),(68,'2000-12-05 11:04:49',215,215,1,'Standard Shipping - West of the Mississippi',8.00,'',NULL,NULL),(69,'2000-12-05 18:50:58',217,217,1,'Standard Shipping - East of the Mississippi',9.00,'',NULL,NULL),(70,'2000-12-09 12:01:11',220,221,1,'Standard Shipping - East of the Mississippi',9.00,'',NULL,NULL),(71,'2000-12-10 19:14:14',223,223,1,'Standard Shipping - West of the Mississippi',8.00,'',NULL,NULL),(72,'2000-12-10 20:15:32',224,225,1,'Standard Shipping - West of the Mississippi',8.00,'Love, Sandy',NULL,NULL),(73,'2000-12-12 09:37:40',227,228,1,'Standard Shipping - West of the Mississippi',12.00,'Happy Holidays and Happy Housewarming\r\nfrom Sophia',NULL,NULL),(74,'2000-12-12 09:40:10',229,230,1,'Standard Shipping - East of the Mississippi',9.00,'Merry Christmas\r\n\r\nLove,\r\nSusan-Lea and Bill',NULL,NULL),(75,'2000-12-12 09:49:47',231,232,1,'Standard Shipping - West of the Mississippi',8.00,'Merry Christmas\r\n\r\nLove from us...\r\nSusan-Lea and Bill',NULL,NULL),(76,'2000-12-12 10:02:00',233,234,1,'Standard Shipping - East of the Mississippi',9.00,'Merry Christmas\r\n\r\nLove from us...\r\nSusan-Lea and Bill',NULL,NULL),(77,'2000-12-12 10:39:58',235,236,1,'Standard Shipping - East of the Mississippi',9.00,'Merry Christmas Love from us. . . Susan-Lea and Bill',NULL,NULL),(78,'2000-12-13 08:58:49',238,239,1,'Standard Shipping - West of the Mississippi',8.00,'Merry Christmas\r\n\r\nLove from us...\r\nSusan-Lea and Bill',NULL,NULL),(79,'2000-12-13 15:12:27',240,240,1,'Standard Shipping - East of the Mississippi',17.00,'',NULL,NULL),(80,'2000-12-14 06:01:26',241,241,1,'Standard Shipping',20.00,'',NULL,NULL),(81,'2000-12-15 10:14:33',242,242,1,'Standard Shipping',20.00,'',NULL,NULL),(82,'2000-12-15 10:27:36',243,243,1,'Standard Shipping',20.00,'',NULL,NULL),(83,'2000-12-15 17:14:31',244,244,1,'Standard Shipping',20.00,'',NULL,NULL),(84,'2000-12-15 18:12:17',245,246,1,'Standard Shipping',20.00,'DO NOT OPEN TELL YOUR BIRTHDAY\r\n01/01/01\r\n\r\n-Scott\r\n',NULL,NULL),(85,'2000-12-15 19:01:01',247,248,1,'Standard Shipping',20.00,'Merry Christmas\r\n\r\n-Scott\r\n\r\n',NULL,NULL),(86,'2000-12-15 20:56:01',249,250,1,'Standard Shipping',20.00,'Merry Christmas from Walter, Kristin, Gehring, Ilse, & Mahala',NULL,NULL),(87,'2000-12-16 00:18:00',251,252,1,'Standard Shipping',20.00,'',NULL,NULL),(88,'2000-12-18 11:13:04',257,258,1,'Standard Shipping',20.00,'Merry Christmas, Love from us, Susan-Lea and Bill',NULL,NULL),(89,'2000-12-18 16:54:34',259,260,1,'Standard Shipping',20.00,'Merry Christmas\r\nLove John',NULL,NULL),(91,'2000-12-20 12:17:40',264,265,1,'Standard Shipping',20.00,'MA is Zipcode Mass?\r\n\r\nerry Christmas Mom,Love Bruce, Kim, Taylor and David',NULL,NULL),(92,'2000-12-22 08:07:26',266,267,1,'Standard Shipping',20.00,'Merry Christmas Grandma!!  Love, Kevin, Jon E & kids',NULL,NULL),(93,'2001-01-07 06:27:26',269,269,1,'USPS:Priority Mail w/ Dlvr. Conf.',31.60,'',NULL,NULL),(94,'2001-01-26 13:58:47',291,292,1,'USPS:Priority Mail w/ Dlvr. Conf.',8.55,'',NULL,NULL),(95,'2001-01-28 15:37:55',293,293,1,'USPS:Priority Mail w/ Dlvr. Conf.',8.55,'',NULL,NULL),(96,'2001-02-21 09:24:30',302,302,1,'USPS:Priority Mail w/ Dlvr. Conf.',12.45,'',NULL,NULL),(97,'2001-04-30 12:36:03',313,314,1,'USPS:Priority Mail w/ Dlvr. Conf.',27.75,'This is a gift.  If possible inclose note saying Happy Anniversary.',NULL,NULL),(98,'2001-05-02 07:39:17',316,316,1,'USPS:Priority Mail w/ Dlvr. Conf.',10.50,'',NULL,NULL),(103,'2001-05-11 07:09:49',328,329,1,'USPS:Priority Mail w/ Dlvr. Conf.',8.85,'Oh dear! Too late for Mother\'s Day.',NULL,NULL),(100,'2001-05-06 08:17:15',318,318,1,'USPS:Priority Mail w/ Dlvr. Conf.',14.10,'',NULL,NULL),(101,'2001-05-06 23:32:27',319,319,1,'USPS:Priority Mail w/ Dlvr. Conf.',8.85,'',NULL,NULL),(102,'2001-05-07 10:22:53',322,323,1,'USPS:Priority Mail w/ Dlvr. Conf.',8.85,'Happy Mother\'s Day Mom! \r\nLove Mark',NULL,NULL),(104,'2001-06-05 10:14:45',338,338,1,'USPS:Priority Mail w/ Dlvr. Conf.',9.30,'',NULL,NULL),(105,'2001-06-13 17:00:18',340,340,1,'USPS:Priority Mail w/ Dlvr. Conf.',11.75,'',NULL,NULL),(106,'2001-06-19 11:21:27',343,344,1,'USPS:Priority Mail w/ Dlvr. Conf.',8.90,'c/o Stinson, Mag & Fizzell',NULL,NULL),(107,'2001-06-28 11:36:32',348,349,1,'USPS:Priority Mail w/ Dlvr. Conf.',8.90,'',NULL,NULL),(108,'2001-06-29 19:25:54',350,350,1,'USPS:Priority Mail w/ Dlvr. Conf.',9.35,'saw this at Tucson museum of art - loved it - can\'t wait to get it!',NULL,NULL),(109,'2001-07-03 06:06:56',352,352,1,'USPS:Priority Mail w/ Dlvr. Conf.',37.70,'',NULL,NULL),(110,'2001-07-27 12:14:43',359,359,1,'RPS:Guaranteed Ground',10.09,'',NULL,NULL),(111,'2001-07-29 14:17:50',367,368,1,'RPS:Guaranteed Ground',8.63,'',NULL,NULL),(112,'2001-07-30 13:39:02',369,369,1,'RPS:Guaranteed Ground',8.12,'',NULL,NULL),(113,'2001-07-31 19:58:54',370,370,1,'RPS:Guaranteed Ground',8.81,'',NULL,NULL),(114,'2001-08-02 07:16:11',371,371,1,'RPS:Guaranteed Ground',24.56,'',NULL,NULL),(115,'2001-08-03 05:49:59',372,372,1,'USPS:Priority Mail w/ Dlvr. Conf.',8.90,'',NULL,NULL),(116,'2001-08-05 12:53:42',373,373,1,'RPS:Guaranteed Ground',15.16,'',NULL,NULL),(117,'2001-08-06 06:16:02',375,376,1,'USPS:Priority Mail w/ Dlvr. Conf.',8.90,'Happy Birthday\r\nTon frere, Lennie, Scooter',NULL,NULL),(118,'2001-08-06 10:53:26',377,378,1,'RPS:Guaranteed Ground',8.63,'Happy Birthday!\r\nWe Love You, Joseph and Kristie',NULL,NULL),(119,'2001-08-09 11:46:03',379,380,1,'RPS:Guaranteed Ground',8.40,'Happy Birthday Rebecca!  We love you,  Joseph and Kristie',NULL,NULL),(120,'2001-08-12 10:47:36',381,381,1,'RPS:Guaranteed Ground',8.73,'',NULL,NULL),(121,'2001-08-20 11:16:38',389,390,1,'RPS:Guaranteed Ground',8.59,'Dear Grandma and Grandpa:\r\nThanks so much for taking good care of me\r\nthis summer! I wanted to send you this lawn\r\nornament so you could remember me and all\r\nthe deposits I left for you on your lawn ;-))\r\nI\'ll come and visit again soon to play frisbee\r\nan',NULL,NULL),(122,'2001-08-21 10:22:18',391,391,1,'RPS:Guaranteed Ground',23.99,'',NULL,NULL),(123,'2001-09-03 14:59:11',394,394,1,'RPS:Guaranteed Ground',9.52,'',NULL,NULL),(124,'2001-09-13 12:45:54',397,398,1,'RPS:Guaranteed Ground',20.23,'SAKS INC.\r\n\r\nfedtaxid# 43-1893731\r\nfax (785) 823-1777',NULL,NULL),(125,'2001-10-01 12:51:05',403,403,1,'RPS:Guaranteed Ground',8.73,'',NULL,NULL),(126,'2001-10-09 21:30:01',406,407,1,'USPS:Priority Mail w/ Dlvr. Conf.',8.90,'Parkview Properties\r\nc/o Megan McDonald',NULL,NULL),(127,'2001-10-13 10:32:42',409,409,1,'RPS:Guaranteed Ground',17.91,'',NULL,NULL),(128,'2001-10-15 06:48:04',412,412,1,'RPS:Guaranteed Ground',24.56,'',NULL,NULL),(129,'2001-10-22 16:10:54',414,414,1,'RPS:Guaranteed Ground',23.42,'',NULL,NULL),(130,'2001-10-22 17:30:31',415,415,1,'RPS:Guaranteed Ground',9.97,'',NULL,NULL),(131,'2001-10-23 09:33:03',416,416,1,'RPS:Guaranteed Ground',11.60,'',NULL,NULL),(132,'2001-10-30 15:14:52',419,419,1,'RPS:Guaranteed Ground',17.91,'',NULL,NULL),(133,'2001-11-11 13:00:03',425,425,1,'USPS:Priority Mail w/ Dlvr. Conf.',9.35,'',NULL,NULL),(134,'2001-11-13 22:29:38',427,427,1,'RPS:Guaranteed Ground',23.42,'',NULL,NULL),(135,'2001-11-14 11:53:13',428,428,1,'RPS:Guaranteed Ground',8.73,'',NULL,NULL),(136,'2001-11-15 14:34:18',429,429,1,'RPS:Guaranteed Ground',9.81,'This item is a Christmas gift for a new home owner and a new garden enthusiast! If you could please enclose a brochure or card giving your website address, I would love to include that with their gift.  Thank you!  :)',NULL,NULL),(137,'2001-11-18 16:56:15',430,430,1,'RPS:Guaranteed Ground',8.59,'',NULL,NULL),(138,'2001-11-24 13:15:21',435,435,1,'RPS:Guaranteed Ground',8.02,'',NULL,NULL),(139,'2001-11-25 07:57:09',436,436,1,'RPS:Guaranteed Ground',8.73,'',NULL,NULL),(140,'2001-11-25 16:10:23',437,438,1,'USPS:Priority Mail w/ Dlvr. Conf.',8.90,'If not home please leave on porch.',NULL,NULL),(141,'2001-11-25 16:49:18',439,439,1,'RPS:Guaranteed Ground',9.00,'',NULL,NULL),(142,'2001-11-26 09:48:27',440,440,1,'RPS:Guaranteed Ground',10.43,'If not home please leave on porch.',NULL,NULL),(143,'2001-11-27 10:49:42',441,441,1,'RPS:Guaranteed Ground',23.42,'',NULL,NULL),(144,'2001-11-28 05:19:36',442,442,1,'RPS:Guaranteed Ground',26.24,'',NULL,NULL),(145,'2001-12-02 09:24:56',445,445,1,'RPS:Guaranteed Ground',9.09,'',NULL,NULL),(146,'2001-12-03 18:59:10',446,446,1,'RPS:Guaranteed Ground',9.35,'',NULL,NULL),(148,'2001-12-03 21:16:54',449,449,1,'RPS:Guaranteed Ground',13.37,'',NULL,NULL),(149,'2001-12-08 11:25:34',452,453,1,'RPS:Guaranteed Ground',9.35,'Dear Chris: MERRY CHRISTMAS from your Kaiser Family exchange. I\'ll call after Christmas to let you know who I am!  Have a great Christmas vacation.  God Bless',NULL,NULL),(150,'2001-12-08 17:18:40',455,456,1,'RPS:Guaranteed Ground',9.92,'MERRY CHRISTMAS!\r\nLOVE, DENISE & ALLEN',NULL,NULL),(151,'2001-12-10 09:13:50',457,458,1,'RPS:Guaranteed Ground',9.09,'',NULL,NULL),(152,'2001-12-12 18:45:05',462,462,1,'RPS:Guaranteed Ground',9.35,'',NULL,NULL),(153,'2001-12-13 12:05:17',463,464,1,'RPS:Guaranteed Ground',8.40,'If possible, please include a note \"Merry Christmas\r\nLove, Jenn, Don, Stephen and Bryan\"',NULL,NULL),(154,'2001-12-15 20:35:29',467,468,1,'RPS:Guaranteed Ground',9.00,'',NULL,NULL),(155,'2001-12-17 12:15:22',469,470,1,'RPS:Guaranteed Ground',8.40,'',NULL,NULL),(156,'2001-12-23 20:48:46',472,472,1,'RPS:Guaranteed Ground',8.97,'This card number is only valid for this order (amex private payments option -- for my protection)',NULL,NULL),(157,'2002-01-01 17:41:58',473,473,1,'RPS:Guaranteed Ground',8.63,'',NULL,NULL),(158,'2002-01-03 06:14:17',474,474,1,'RPS:Guaranteed Ground',8.59,'',NULL,NULL),(159,'2002-01-03 18:58:05',476,476,1,'RPS:Guaranteed Ground',8.63,'',NULL,NULL),(160,'2002-01-19 19:46:04',480,480,1,'RPS:Guaranteed Ground',8.59,'leave on step in garage',NULL,NULL),(161,'2002-01-26 11:00:08',481,482,1,'RPS:Guaranteed Ground',9.00,'',NULL,NULL),(162,'2002-01-29 14:50:08',483,484,1,'RPS:Guaranteed Ground',36.78,'',NULL,NULL),(163,'2002-02-09 10:18:41',489,490,1,'RPS:Guaranteed Ground',8.40,'Happy Birthday!\r\nEnjoy your Pond Prince!',NULL,NULL),(164,'2002-03-12 13:59:26',508,508,1,'RPS:Guaranteed Ground',41.26,'wholesale order please\r\nGaffrey Art Gallery\r\nTax id # \r\n76-00-006033-52-5\r\nfax broken  could you please email invoice\r\n\r\nif you have questions please call today I will be out of tow wed & thur return friday morning\r\n& please list our site as retailer if y',NULL,NULL),(165,'2002-03-13 10:50:45',510,511,1,'RPS:Guaranteed Ground',9.09,'Happy Birthday!',NULL,NULL),(166,'2002-03-23 18:33:26',517,517,1,'RPS:Guaranteed Ground',9.09,'I have a $100 gift certificate from Steve and Amy Elzer,\r\ndated 12/17/2001.\r\nPlease charge extra\r\nto my Visa card.\r\nThanks, Debra',NULL,NULL),(167,'2002-04-04 12:34:54',523,523,1,'RPS:Guaranteed Ground',8.59,'',NULL,NULL),(168,'2002-04-19 14:03:26',526,526,1,'RPS:Guaranteed Ground',9.35,'',NULL,NULL),(169,'2002-05-05 12:42:27',535,536,1,'RPS:Guaranteed Ground',9.35,'Happy Birthday, Bil!\r\nLove, Cecee, Chris and Sam',NULL,NULL),(170,'2002-05-05 21:00:19',537,538,1,'RPS:Guaranteed Ground',8.71,'Happy Mother\'s Day!\r\n\r\nXXOO\r\nBruce, Kathryn, Jessica and Katie',NULL,NULL),(171,'2002-05-07 09:33:25',540,540,1,'RPS:Guaranteed Ground',11.77,'',NULL,NULL),(172,'2002-05-09 08:47:42',541,542,1,'RPS:Guaranteed Ground',8.59,'Happy Mother\'s Day',NULL,NULL),(173,'2002-05-13 10:57:13',543,544,1,'RPS:Guaranteed Ground',8.71,'',NULL,NULL),(174,'2002-05-13 16:39:08',545,545,1,'RPS:Guaranteed Ground',28.40,'',NULL,NULL),(175,'2002-05-14 13:07:37',546,547,1,'RPS:Guaranteed Ground',8.17,'',NULL,NULL),(176,'2002-05-14 22:47:24',548,548,1,'RPS:Guaranteed Ground',8.71,'',NULL,NULL),(177,'2002-05-17 17:19:13',551,551,1,'RPS:Guaranteed Ground',42.50,'',NULL,NULL),(178,'2002-05-20 11:50:55',552,552,1,'RPS:Guaranteed Ground',8.63,'',NULL,NULL),(179,'2002-05-28 05:20:31',554,555,1,'RPS:Guaranteed Ground',9.87,'',NULL,NULL),(180,'2002-05-30 11:49:28',558,558,1,'RPS:Guaranteed Ground',8.63,'',NULL,NULL),(181,'2002-06-18 22:42:42',564,564,1,'RPS:Guaranteed Ground',8.61,'',NULL,NULL),(182,'2002-06-19 12:53:58',565,566,1,'RPS:Guaranteed Ground',13.37,'',NULL,NULL),(183,'2002-06-24 09:41:07',569,569,1,'RPS:Guaranteed Ground',13.32,'',NULL,NULL),(184,'2002-06-27 07:47:39',572,572,1,'RPS:Guaranteed Ground',8.81,'',NULL,NULL),(185,'2002-07-20 13:47:35',577,577,1,'RPS:Guaranteed Ground',8.71,'',NULL,NULL),(186,'2002-07-24 14:31:19',579,579,1,'RPS:Guaranteed Ground',8.73,'',NULL,NULL),(187,'2002-08-19 10:58:15',585,585,1,'RPS:Guaranteed Ground',35.29,'',NULL,NULL),(188,'2002-08-28 06:39:18',595,595,1,'RPS:Guaranteed Ground',8.63,'',NULL,NULL),(189,'2002-08-31 14:44:56',596,596,1,'RPS:Guaranteed Ground',9.00,'',NULL,NULL),(190,'2002-09-05 12:51:43',598,599,1,'RPS:Guaranteed Ground',14.96,'For your gorgeous garden!\r\nLove, Ann & Dave',NULL,NULL),(191,'2002-09-05 12:55:47',600,601,1,'RPS:Guaranteed Ground',8.61,'Happy Birthday!\r\nLove, Kerbo',NULL,NULL),(192,'2002-09-05 13:00:14',602,603,1,'RPS:Guaranteed Ground',8.40,'happy birthday donna!\r\nlove, ann & dave & will & molly',NULL,NULL),(193,'2002-09-05 13:09:52',604,604,1,'RPS:Guaranteed Ground',9.43,'',NULL,NULL),(194,'2002-10-26 21:39:11',611,612,1,'RPS:Guaranteed Ground',8.59,'',NULL,NULL),(195,'2002-10-28 08:08:41',613,614,1,'RPS:Guaranteed Ground',8.97,'',NULL,NULL),(196,'2002-10-30 09:37:52',615,615,1,'RPS:Guaranteed Ground',32.55,'Tax ID# 56-2259548 Fax# (910)686-5510 Internet referral',NULL,NULL),(197,'2002-10-30 20:08:26',616,616,1,'RPS:Guaranteed Ground',8.40,'',NULL,NULL),(198,'2002-11-06 14:47:53',618,619,1,'RPS:Guaranteed Ground',8.61,'',NULL,NULL),(199,'2002-11-30 16:54:31',625,625,1,'RPS:Guaranteed Ground',8.71,'',NULL,NULL),(200,'2002-12-04 19:13:17',627,627,1,'RPS:Guaranteed Ground',8.97,'',NULL,NULL),(201,'2002-12-15 19:18:53',628,628,1,'RPS:Guaranteed Ground',8.71,'',NULL,NULL),(202,'2002-12-17 22:02:48',629,630,1,'RPS:Guaranteed Ground',8.40,'',NULL,NULL),(208,'2003-02-20 19:39:58',642,642,1,'RPS:Guaranteed Ground',46.21,'This is a wholesale order. Company Name is Garden Glen.  Resell # is sr jh 100-134109',NULL,NULL),(204,'2002-12-18 08:08:38',633,634,1,'RPS:Guaranteed Ground',8.35,'This is a holiday gift, but I understand it won\'t arrive by Christmas.',NULL,NULL),(205,'2002-12-18 08:12:38',635,636,1,'RPS:Guaranteed Ground',8.35,'This is a holiday gift but I understand it will not arrive in time for Christmas',NULL,NULL),(206,'2003-01-28 19:02:21',639,639,1,'RPS:Guaranteed Ground',9.93,'',NULL,NULL),(207,'2003-02-04 20:09:01',640,640,1,'RPS:Guaranteed Ground',14.27,'',NULL,NULL),(209,'2003-02-28 07:46:16',646,646,1,'RPS:Guaranteed Ground',10.12,'',NULL,NULL),(210,'2003-03-30 22:55:03',648,648,1,'RPS:Guaranteed Ground',8.40,'',NULL,NULL),(211,'2003-04-01 07:38:20',649,649,1,'RPS:Guaranteed Ground',48.32,'Wholesale Order for Patchy Valley Gardens, Tax id is pending (busy time at the dept. of revenue). fax is (704) 639-0645, would prefer email to lcanzona@msn.com. Thank you.',NULL,NULL),(212,'2003-04-20 12:26:19',650,650,1,'RPS:Guaranteed Ground',14.40,'This is a wholesale order for Garden Glen. Fed Tax ID is 05-0563803 Seller Permit #  sr jh 100-134109\r\n',NULL,NULL),(213,'2003-04-22 13:12:19',651,651,1,'RPS:Guaranteed Ground',21.72,'You should have our wholesale info on file. Call me on my cell phone if you have questions. 602.908.4435  Ship date: 1st week of May if possible.\r\n\r\nThanks   Janine',NULL,NULL),(214,'2003-04-27 05:32:55',652,652,1,'RPS:Guaranteed Ground',23.42,'Please ship as soon as possible.  This is a Mother\'s Day gift.  Thanks in advance.',NULL,NULL),(215,'2003-05-21 10:33:46',654,654,1,'RPS:Guaranteed Ground',8.28,'',NULL,NULL),(216,'2003-06-17 21:49:47',658,659,1,'RPS:Guaranteed Ground',21.93,'Hi, this is a wholesale order.  Our tax id #srkhe97933203. Fax #209-753-2016.  We heard about you from LunaSea, Pescadero, CA.  Please let us know when this will ship (we will not need it before 1st of July).  Thank you,\r\nStephanie Spencer, Proprietor.',NULL,NULL),(217,'2003-06-21 13:16:50',660,660,1,'RPS:Guaranteed Ground',8.08,'',NULL,NULL),(218,'2003-07-01 00:54:55',662,662,1,'RPS:Guaranteed Ground',8.71,'',NULL,NULL),(219,'2003-07-14 15:46:00',663,663,1,'RPS:Guaranteed Ground',11.29,'Hi. This is a wholesale order for Garden Glen. Seller Permit #  sr jh 100-134109.  Please contact me if any questions.  Thanks!  Sue.',NULL,NULL),(220,'2003-07-15 13:38:01',664,665,1,'RPS:Guaranteed Ground',8.73,'This is a present for my mother\'s birthday',NULL,NULL),(221,'2003-07-15 16:03:49',666,667,1,'RPS:Guaranteed Ground',8.73,'Please include a card with the following message:\r\n\r\nChris,\r\nThought these would be fun in your garden. Hope your birthday is great!\r\n\r\nJill',NULL,NULL),(222,'2003-11-05 11:22:20',679,679,1,'Shipping',12.00,'',NULL,NULL),(223,'2003-12-14 17:48:45',685,685,1,'Shipping',21.00,'',NULL,NULL),(224,'2003-12-30 06:18:59',686,686,1,'Shipping',8.00,'',NULL,NULL),(225,'2004-02-13 12:22:40',688,689,1,'Shipping',30.00,'We are a home furnishings and accesoories business in a resort area of northern Wisconsin.  I found you through a web-search.  Our sellers # is 004-0000295546-01.  I understand that the wholesale price is half of the listed retail price.  Call us at the s',NULL,NULL),(226,'2004-04-23 19:20:04',698,698,1,'Shipping',30.00,'',NULL,NULL),(227,'2004-05-01 14:25:10',699,700,1,'Shipping',30.00,'This is a wholesale order for Garden Glen.  Resell # sr jh 100-134109\r\n',NULL,NULL),(228,'2004-05-07 10:48:45',702,703,1,'Shipping',18.00,'Happy Birthday!!!',NULL,NULL),(229,'2004-05-10 11:08:01',704,704,1,'Shipping',21.00,'',NULL,NULL),(230,'2004-05-29 20:10:15',710,711,1,'Shipping',30.00,'we would also like to order a \"whimsical bench\".  We will need to know total shipping costs (fed ex has good freight rates).  We would like the ship date to be as close to 7/1/04 as possible.  Please contact us before processing the order.',NULL,NULL),(231,'2004-06-24 13:15:29',712,712,1,'Shipping',18.00,'',NULL,NULL),(232,'2004-06-27 21:08:56',713,713,1,'Shipping',18.00,'',NULL,NULL),(233,'2004-07-16 05:21:01',716,716,1,'Shipping',12.00,'',NULL,NULL),(234,'2004-07-18 13:55:56',718,718,1,'Shipping',30.00,'Wholesale order for Garden Glen, to be combined with the flower table order for my customer in Hawaii.  Call if any questions, Thanks!  Sue',NULL,NULL),(235,'2004-07-20 04:06:40',719,719,1,'Shipping',15.00,'',NULL,NULL),(236,'2004-07-23 11:27:31',720,720,1,'Shipping',8.00,'',NULL,NULL),(237,'2004-08-19 06:17:31',724,725,1,'Shipping',30.00,'',NULL,NULL),(238,'2004-11-13 10:28:13',730,730,1,'Shipping',8.00,'',NULL,NULL),(239,'2004-11-23 12:12:13',733,734,1,'Shipping',15.00,'',NULL,NULL),(240,'2004-12-02 19:50:27',737,737,1,'Shipping',8.00,'',NULL,NULL),(241,'2004-12-12 14:44:21',738,738,1,'Shipping',12.00,'',NULL,NULL),(242,'2004-12-22 16:35:46',739,739,1,'Shipping',30.00,'This is a wholesale order for Garden Glen. \r\nSue Greene',NULL,NULL),(243,'2005-02-21 14:16:49',741,741,1,'Shipping',30.00,'',NULL,NULL);

--
-- Table structure for table `Page`
--

CREATE TABLE `Page` (
  `ID` int(11) NOT NULL AUTO_INCREMENT,
  `body` blob,
  `template` int(11) NOT NULL DEFAULT '0',
  `type` int(11) NOT NULL DEFAULT '0',
  `image` varchar(255) DEFAULT NULL,
  `label` varchar(50) DEFAULT NULL,
  `featured` varchar(255) DEFAULT NULL,
  `title` varchar(255) DEFAULT NULL,
  `linkname` varchar(50) DEFAULT NULL,
  `link` varchar(255) DEFAULT NULL,
  PRIMARY KEY (`ID`),
  KEY `ID` (`ID`)
) ENGINE=MyISAM AUTO_INCREMENT=28 DEFAULT CHARSET=latin1 PACK_KEYS=1;

--
-- Dumping data for table `Page`
--

INSERT INTO `Page` VALUES (9,'This information will be updated frequently, so please check back to see if we are coming to a show near you. We would love to meet you in person!\r\n<P><A href=http://www.apparatusiron.com/_page_26.html> Click here</A> for information about upcoming workshops at Apparatus Iron.\r\n\r\n<P><H4>2005 Show Schedule:</H4><HR>\r\n<P><H3>GLOW - a nighttime art experience</H3>\r\n\r\n<P>The first \"glow\" was a huge success. Thank you to ALL who contributed their creative efforts and their time last year. There was a great combination of installations, sculpture, performance, wall art, and music all featuring some light or glowing element.\r\n<P>Already we are planning this year\'s event. It will be on TWO nights this year for double the fun! <B>GLOW 2 will be on August 19 and 20, 2005</B>\r\n<p>Check out images from last year\'s GLOW at the <A href=http://www.trianglelranch.com>Triangle L Ranch</A> web site. \r\n<P>More info will be coming soon to this page about participating in and attending GLOW.<HR>\r\n\r\n<center><H3>We hope to see you there!</H3></center>',1,1,'banner.gif',NULL,NULL,'Show Schedule and Events 2005','Show Schedule and Events',NULL),(6,'Apparatus Iron is a collaboration of two artists, Sharon Holnback and Sarah Kucerova. Apparatus Iron creates metal garden ornaments and other ornamental features for the home and garden.\r\n\r\n<P>Apparatus Iron garden ornaments are original designs handcrafted by the artists.  The process of their creation begins with the freehand drawing of  designs onto sheet steel.  The individually crafted pieces include flowers, bugs, animals and other whimsical designs.  These drawings are then cut out using a plasma cutter, and welded onto steel sticks.  The assembled pieces are given a rich patina of rust and sealed with clear lacquer. Many designs incorporate glass beads adding a jewel-like quality to the pieces. \r\n<P>Our new line is comprised of structures, furnishings, lighting and accessories that together form the ultimate garden environment.',1,1,'working_composite.jpg',NULL,NULL,'About Us','About Us',NULL),(7,'We want you to be completely happy with your Apparatus Iron purchase. If you are not satisfied, our return policy is as follows:<P>\r\n-If you or the recipients simply do not like the items, we will fully refund the price of the purchase plus the <U>original</U> shipping charge upon receipt of the pieces at our studio*. Return shipping costs are the responsibility of the customer.<P>\r\n-If the pieces arrive damaged, contact the shipper or Apparatus Iron to place a claim. We will then replace the pieces at no extra charge to you.<P>\r\n-If the pieces are defective (perish the thought), please contact us and we will arrange to exchange them at no additional cost to you.<P>\r\n<P>\r\nAll returns must be within 30 days of the receipt of your order.\r\n<P>\r\n*For your protection: all returns should be shipped via a service that offers tracking (such as UPS or FedEx) or proof of delivery.\r\n<P><center><B>Happy shopping at apparatusiron.com!</B></center><P><center>Contact info:<P>Apparatus Iron<BR>P.O. Box 349<BR>Oracle, AZ 85623<BR>(520) 623-6732</center>',1,1,'',NULL,NULL,'Return Policy','Return Policy',NULL),(10,'<CENTER><H3>2005 Update</H3></CENTER>\r\n\r\n\r\n<P>Dear Friends,<BR>\r\n<P>Thanks for your interest in Apparatus Iron. Our catalogue of garden ornaments is no longer available on line.\r\n<P>We are continuing to pursue creative endeavors. Our goal for 2005 is to focus on a limited number of public and private art commissions. We are also expanding our schedule of <A HREF=http://www.apparatusiron.com/_page_26.html>metal workshops </A>at the <A HREF=http://www.trianglelranch.com>Triangle L Ranch</A>.\r\n<P>This site is a portfolio of projects. Please feel free to <A HREF=http://www.apparatusiron.com/pk4/store.pl?contact=1>contact us </A>-- we\'d like to hear from you.\r\n<P>Sincerely,<BR>\r\nSharon Holnback',2,0,'','','65,53,58,67','Apparatus Iron',NULL,NULL),(27,'<center><H1>Links to sites related to Apparatus Iron</H1></center>\r\n<P>Click on the links below to visit sites on the internet that are related to the people and places of Apparatus Iron. If you would like to add your link to our page, please email your request to <a href=\"mailto:art@apparatusiron.com\">art@apparatusiron.com</a>. <HR>\r\n<H3>Triangle L Ranch Bed and Breakfast</H3>\r\nThis is the historic guest ranch where our shop is located. Visit <a href=\"http://www.trianglelranch.com\" target=\"_blank\">www.trianglelranch.com</a> to learn more about the interesting history, upcoming events, and guest accommodations of this beautiful place.\r\n<P><H3>Sarah Kucerova</H3>\r\nPart of the creative team at Apparatus Iron, Sarah Kucerova is also an artist who works with oil paint, encaustic, and of course, metal. Please visit her site to see more of her work at <a href=\"http://worldartviews.com/kucerova\" target=\"_blank\">worldartviews.com/kucerova</a>\r\n<P><H3>Robin Chlad</H3>\r\nArt and Clay Designs is the studio of Tucson artist Robin Chlad. Visit her on-line gallery and store to view the beautiful variety of colorful tile and clay work at <a href=\"http://www.artclaydesigns.com\" target=\"_blank\">www.artclaydesigns.com</a>.',1,1,'Barn.jpg',NULL,NULL,'Links','Links',NULL),(12,'<center>You can find Apparatus Iron garden ornaments at these fine retail stores across the country:</center>\r\n<P><B>Arizona</B>\r\n\r\n<BR><I>Beyond Garden Walls</I><BR>7001 N. Scottsdale Road<BR>Scottsdale, AZ 85253<BR>(480) 609.6910<BR>Hours: Monday-Saturday 10am-5pm<BR>e-mail:<A HREF=mailto:lynnebgw@aol.com>lynnebgw@aol.com</A>\r\n<BR>web site:<A HREF=http://www.beyondgardenwalls.com>www.beyondgardenwalls.com</A>\r\n\r\n<P><I>Garland\'s Oak Creek Lodge </I><BR>PO Box 152 <BR>Sedona, AZ 86339<BR>(928)282-3343<BR>e-mail: <A HREF=mailto:info@garlandslodge.com>info@garlandslodge.com</A><BR>web site: <A HREF=http://www.garlandslodge.com>www.info@garlandslodge.com</A>\r\n\r\n\r\n<P><I>Global Arts Gallery</I><BR>315 McKeown Avenue<BR>Patagonia, AZ 85624<BR>(520)394-0077<BR>Summer Hours: Thursday-Monday 10am-5pm<BR>e-mail: <A HREF=mailto:globalart@dakotacom.net>globalart@dakotacom.net</A>\r\n\r\n<P><I>Harlow Gardens</I><BR>5620 E. Pima St.<BR>Tucson, AZ 85712<BR>(520)886-5475<BR>Hours: Mon-Sat 9-5, Sunday 10-5<BR>e-mail <A HREF=mailto:harlows2@azstarnet.com>harlows2@azstarnet.com</A>\r\n\r\n<P><I>Old Town Pot Shop</I><BR>186 N. Meyer Avenue (at Old Town Artisans complex)<BR>Tucson, AZ 85701<BR> (520) 620.1725<BR>Summer Hours (June, July, Aug): Monday-Saturday 10am-4pm, Sunday 12pm-4pm Regular hours: 9.30am-5.30pm, Monday-Saturday, 12pm-4pm Sunday<BR>e-mail: <A HREF=mailto:nota@azstarnet.com>nota@azstarnet.com</A><BR>web site: <A HREF=http://www.oldtownartisans.com>www.oldtownsrtisans.com</A>\r\n\r\n<P><I>Southwest Gardener</I><BR>2809 North 15th Avenue<BR>Phoenix, AZ 85007<BR> (602) 279.9510<BR>Hours: Monday-Friday 10am-6pm, Saturday 10am-5pm, Sunday 12pm-4pm<BR>web site: coming soon - <A HREF=http://swgardener.com>swgardener.com</A>\r\n\r\n<P><I>Tucson Botanical Gardens</I><BR>2150 North Alvernon Way<BR>Tucson, AZ 85712<BR>(520) 326.9686 <BR>Hours: Monday-Sunday 8.30am-4.30pm<BR>e-mail: <A HREF=mailto:tbg@azstarnet.com>tbg@azstarnet.com</A><BR>web site: <A HREF=http://www.tucsonbotanical.org>www.tucsonbotanical.org</A>\r\n\r\n<P><I>Tucson Museum of Art</I><BR>140 North Main Avenue<BR>Tucson, AZ 85701<BR>Summer Hours: Tuesday-Saturday 10am-4pm<BR>e-mail:<A HREF=mailto: tma@azstarnet.com>tma@azstarnet.com</A><BR> web site: <A HREF=http://www.tucsonarts.com>www.tucsonarts.com</A>\r\n\r\n<P><B>California</B>\r\n\r\n<P><I>Bonsai Courtyard</I><BR>1001 Center Street<BR>Santa Cruz, CA 95060<BR>(831) 479.1343<BR>e-mail: <A HREF=mailto:bonsaicrtyard@hotmail.com>bonsaicrtyard@hotmail.com</A>\r\n\r\n<P><I>The Elegant Garden</I><BR>1971 Rainbow Drive<BR>Santa Ana, CA 92705<BR>(714) 838.7310<BR>Hours: by appointment<BR>e-mail: <A HREF=mailto:elegantgarden@msn.com>elegantgarden@msn.com</A>\r\n\r\n\r\n<P><I>Garden Glen</I><BR>13608 Arnold Drive<BR>Glen Ellen, CA 95442\r\n<BR>Phone: (707) 935-5805\r\n\r\n<P><I>Luna Sea</I><BR>250 Stage Road<BR>Pescadero, CA 94060<BR> (650) 879.1207<BR>Hours: Thurs. 12-5pm, Fri. and Sat. 11am-6pm, Monday 12-5pm<BR>e-mail: <A HREF=mailto:janicekeen@earthlink.net>janicekeen@earthlink.net</A><BR>web site: <A HREF=http://www.lunaseagallery.com>www.lunaseagallery</A>\r\n\r\n<P><I>Roger\'s Gardens</I><BR>2301 San Joaquin Hills Road<BR>Corona del Mar, CA 92625<BR> (949) 640.5800<BR>Hours: Daily 9am-7pm<BR>e-mail: <A HREF=mailto:sales@rogersgardens.com>sales@rogersgardens</A><BR>web site: <A HREF=http://www.rogersgardens.com>www.rogersgardens</A>\r\n\r\n<P><I>Zosaku American Contemporary Design</I><BR>1780 4th Street<BR>Berkeley, CA 94710<BR>(510)524.7407<BR>Hours: 10.30am-6pm<BR>e-mail: <A HREF=mailto:nelda@zosaku.com>nelda@zosaku.com</A><BR>web site: <A HREF=http://www.zosaku.com>www.zosaku.com</A>\r\n\r\n<P><B>New York</B>\r\n\r\n<P><I>Green Touch</I><BR>302 New York Avenue<BR>Huntington Village, New York 11743<BR> (631)351.0076<BR>Hours: Monday-Thursday 10.30am-6pm, Friday 10.30am-9pm, Sunday 12pm-5pm<BR>e-mail:<A HREF=mailto:morolay@erols.com>morolay@erols.com</A>',1,1,'banner.gif',NULL,NULL,'Where to Find Apparatus Iron','Our Retail Outlets',NULL),(13,NULL,0,2,NULL,NULL,NULL,NULL,'',''),(14,NULL,0,2,NULL,NULL,NULL,NULL,'',''),(15,NULL,0,2,NULL,NULL,NULL,NULL,'',''),(16,NULL,0,2,NULL,NULL,NULL,NULL,'',''),(17,NULL,0,2,NULL,NULL,NULL,NULL,'',''),(18,NULL,0,2,NULL,NULL,NULL,NULL,'',''),(19,NULL,0,2,NULL,NULL,NULL,NULL,'',''),(20,NULL,0,2,NULL,NULL,NULL,NULL,'',''),(21,NULL,0,2,NULL,NULL,NULL,NULL,'',''),(22,NULL,0,2,NULL,NULL,NULL,NULL,'',''),(26,'<center><B>Learn the basics of welding and plasma cutting to create your own rustic garden art!\r\n<P><I>2005 Schedule</I></B></center>\r\n<P>Apparatus Iron will be holding workshops at the historic <a href=http://www.trianglelranch.com>Triangle L Ranch Bed and Breakfast</a> in Oracle, Arizona. Workshops will cover basic design and metal working techniques such as cutting steel, welding and finishing. \r\n<P>Fee is $495 per participant. Fee includes all materials and equipment, Friday and Saturday night accommodations, meals, tour and reception. \r\n\r\n<P>No experience necessary! (Previous participants in our workshops are encouraged to return to work on more advanced projects. Please let us know ahead of time what you would like to make so we can prepare!)\r\n<P>Space is limited. Reservations will be made on a first come, first served basis. A 50% non-refundable deposit, along with your application, is required to reserve a space.\r\n<P><a href=mailto:art@apparatusiron.com> Email</A>  or call us at (520) 623-6732 to request an application form and further information.<HR>\r\n<P><B>2005 Workshop dates:\r\n<P>March 18-20\r\n<P>April 22-24\r\n<P>May 20-22\r\n<P>September 16-18',1,1,'workshop0903.jpg',NULL,NULL,'Workshops at Apparatus Iron','Workshop Schedule',NULL);

--
-- Table structure for table `Product`
--

CREATE TABLE `Product` (
  `ID` int(11) NOT NULL AUTO_INCREMENT,
  `name` varchar(60) DEFAULT NULL,
  `sku` varchar(30) DEFAULT NULL,
  `short_description` blob,
  `linkname` varchar(50) DEFAULT NULL,
  `link` blob,
  `alloworder` smallint(6) DEFAULT NULL,
  `instock` smallint(6) DEFAULT NULL,
  `label1` varchar(50) DEFAULT NULL,
  `label2` varchar(50) DEFAULT NULL,
  `price` double(8,2) NOT NULL DEFAULT '0.00',
  `list1` varchar(255) DEFAULT NULL,
  `list2` varchar(255) DEFAULT NULL,
  `image` varchar(255) DEFAULT NULL,
  `prices` varchar(255) DEFAULT NULL,
  `weight` double(8,4) NOT NULL DEFAULT '0.0000',
  `display` int(11) NOT NULL DEFAULT '0',
  `quantity` int(11) NOT NULL DEFAULT '0',
  `long_description` blob,
  `shipcost` float(10,2) NOT NULL DEFAULT '0.00',
  `number` smallint(6) NOT NULL DEFAULT '0',
  `notax` smallint(6) DEFAULT NULL,
  `inactive` smallint(6) DEFAULT NULL,
  PRIMARY KEY (`ID`),
  KEY `ID` (`ID`)
) ENGINE=MyISAM AUTO_INCREMENT=73 DEFAULT CHARSET=latin1 PACK_KEYS=1;

--
-- Dumping data for table `Product`
--

INSERT INTO `Product` VALUES (49,'caterpillars on leaves','0','These busy caterpillars have colorful jewels and can be found inching their way up wavy stems or perched on  hammered leaves.<BR>Please specify your preference.<BR>Caterpillars are 12\" wide on stems 49\" tall.',NULL,NULL,1,1,'style','',54.00,'on stem, on leaf','','catapillar.jpg','54, 54',1.5000,1,1,'These busy caterpillars have colorful jewels and can be found inching their way up wavy stems or perched on  hammered leaves.<BR>Please specify your preference.<BR>Caterpillars are 12\" wide on stems 49\" tall.',0.00,28,NULL,NULL),(50,'Bumbly Bees','0','These adorable \"bumbly bees\" have glass jewels set in their tails and are happiest flying with a few of their friends.<BR> They have a wingspan of 5\" and are set on 35\" sticks that sway in the breeze. <BR>Bumbly bees are $18.00 each.',NULL,NULL,1,1,'','',18.00,'','','bumblybees_1.jpg','',0.5000,1,1,'These adorable \"bumbly bees\" have glass jewels set in their tails and are happiest flying with a few of their friends.<BR> Each bee has a wingspan of 5\" and is set on a 35\" stick that sways in the breeze. <BR>Bumbly bees are $18.00 apiece.',0.00,17,NULL,NULL),(45,'sun & UFO','0','The small, tall sun has glass jewel eyes and looks very cheerful beaming down on your plants. The UFO is an ever popular design for us because of its sheer wackiness. Say \"hi\" to the alien and wave as he flies by. <br> Small tall sun is 7\"w x 58\"h. UFO is',NULL,NULL,1,1,'item','',0.00,'S tall sun with jewels,M UFO,,,,,,,,,,','','sunufo.jpg','30.00,46.00,,,,,,,,,,',2.0000,1,1,'The small, tall sun has glass jewel eyes and looks very cheerful beaming down on your plants. The UFO is an ever popular design for us because of its sheer wackiness. Say \"hi\" to the alien and wave as he flies by. <br> Small tall sun is 7\"w x 58\"h. UFO is 15\"w x 55\"h.',0.00,51,NULL,NULL),(44,'small celestial','0','Little sun, moon and stars are heavenly additions to your garden. They are just the right size for flowerpots and make a great set. <br> Squiggly sun is 5\"w x 20\"h. Small moon is 4\"w x 22\"h. Small star ($10) is 4\"w x 26\"h. Small star ($8) is 2.5\"w x 20\"h.',NULL,NULL,1,1,'item','',0.00,'S squiggly sun,S moon,S star ,S star,,,,,,,,','','sunmoon2stars.jpg','12.00,10.00,10.00,8.00,,,,,,,,',0.2500,1,1,'Little sun, moon and stars are heavenly additions to your garden. They are just the right size for flowerpots and make a great set. <br> Squiggly sun is 5\"w x 20\"h. Small moon is 4\"w x 22\"h. Small star ($10) is 4\"w x 26\"h. Small star ($8) is 2.5\"w x 20\"h.',0.00,36,NULL,NULL),(43,'wacky','0','Our wacky retro collection is made up of items certain to be unique in your garden. The phone--it\'s for you!--is ringing off the hook. The face with glasses speaks to our glamourous side, and the elegant hand silhouette makes a fashion statement: true fas',NULL,NULL,1,1,'item','',0.00,' phone,face with glasses,hand with heart,,,,,,,,,','','phonefacehand.jpg','36.00,36.00,26.00,,,,,,,,,',0.2500,1,1,'Our wacky retro collection is made up of items certain to be unique in your garden. The phone--it\'s for you!--is ringing off the hook. The face with glasses speaks to our glamourous side, and the elegant hand silhouette makes a fashion statement: true fashion, like good art, is timeless. <br> Telephone is 12\"w x 35\"h. Face with glasses is 11\"w x 35\"h. Hand with heart is 6\"w x 36\"h.',0.00,31,NULL,NULL),(42,'heebie jeebie bugs','0','Adorably wacky, these \"bugs\" are named after the 1931 Boswell Sister\'s song \"Heebie Jeebies.\" These bugs, filled with big, colorful glass beads are doing the heebie jeebie dance! <br> Heebie jeebies are 10\"w x 50\" to 52\"h.',NULL,NULL,1,1,'item','',0.00,'L female heebie jeebie bug with jewels,M heebie jeebie bug with jewels,L male heebie jeebie bug with jewels,,,,,,,,,','','3heejeebugs.jpg','56.00,44.00,56.00,,,,,,,,,',6.0000,1,1,'Adorably wacky, these \"bugs\" are named after the 1931 Boswell Sister\'s song \"Heebie Jeebies.\" These bugs, filled with big, colorful glass beads are doing the heebie jeebie dance! <br> Heebie jeebies are 10\"w x 50\" to 52\"h.',0.00,53,NULL,NULL),(66,'Custom Fireplace Screen','0','This fireplace screen is an example of our custom work. The decorative elements are all hand forged.',NULL,NULL,0,0,'','',0.00,'','','peacock.jpg','',0.0000,1,1,'This fireplace screen is an example of our custom work. The decorative elements are all hand forged.',0.00,66,NULL,NULL),(67,'Whimsical Bench','0','This fun garden bench features a concrete seat, which can be stained to your color preference.',NULL,NULL,0,0,'','',0.00,'','','bench.jpg','',0.0000,1,1,'This fun garden bench features a concrete seat, which can be stained to your color preference.',0.00,67,NULL,NULL),(70,'Garden of Light','0','(more info. and image coming soon!)',NULL,NULL,0,0,'','',0.00,'','','','',0.0000,1,1,'',0.00,69,NULL,NULL),(71,'Fence at Northwest Medical Center','0','This steel fence is located at the brand new Northwest Medical Center in Oro Valley, Arizona. More info and images coming soon!',NULL,NULL,0,0,'','',0.00,'','','','',0.0000,1,1,'',0.00,70,NULL,NULL),(72,'Custom Work Samples','0','Apparatus Iron does custom work on a commission basis. Examples of some of our custom designs are pictured here.\r\n \r\n<p>Please call us at (520) 623-6732 for design and pricing information, or email us at <A HREF=mailto:art@apparatusiron.com.>art@apparatusiron.com</\r\nA>',NULL,NULL,0,0,'','',0.00,'','','customcomposite.jpg','',0.0000,1,1,'Apparatus Iron does custom work on a commission basis. Examples of some of our custom designs are pictured here.\r\n \r\n<p>Please call us at (520) 623-6732 for design and pricing information, or email us at <A HREF=mailto:art@apparatusiron.com.>art@apparatusiron.com</\r\nA>',0.00,72,NULL,NULL),(53,'Garden Bench','0','Vine and Leaf Garden Bench, a hand-forged, unique bench with                              upholstered cushion. This is an example of custom order work we can do.',NULL,NULL,0,1,'','',0.00,'','','benchweb.jpg','',100.0000,1,1,'Vine and Leaf Garden Bench, a hand-forged, unique bench with upholstered cushion. This is an example of custom order work we can do. ',0.00,63,NULL,NULL),(36,'heart & rose trellises','0','These small graceful trellises work well in planters and with smaller vines and climbers. Each has a bird and a bug or two, and the heart trellis also has a jeweled center. <br> Heart trellis is 18\"w x 46\"h. Rose trellis is 17\"w x 44\"h.',NULL,NULL,1,1,'item','',0.00,'heart trellis,rose trellis,,,,,,,,,,','','heartrosetrellises.jpg','95.00,95.00,,,,,,,,,,',6.0000,1,1,'These small graceful trellises work well in planters and with smaller vines and climbers. Each has a bird and a bug or two, and the heart trellis also has a jeweled center. <br> Heart trellis is 18\"w x 46\"h. Rose trellis is 17\"w x 44\"h. ',0.00,49,NULL,NULL),(35,'dog trellis','0','This magical dog trellis features a moon and spiral for whimsical effect. Good for taller plants or vines. <br> Dog trellis is 18\"w x 70\"h. <br> <i> This piece ships oversize, but other pieces may be shipped with it at no extra cost.<i>',NULL,NULL,1,1,'item','',0.00,'dog trellis,,,,,,,,,,,','','dogtrellis.jpg','85.00,,,,,,,,,,,',30.0000,1,1,'This magical dog trellis features a moon and spiral for whimsical effect. Good for taller plants or vines. <br> Dog trellis is 18\"w x 70\"h. <br> <i> This piece ships oversize, but other pieces may be shipped with it at no extra cost.<i>',0.00,33,NULL,NULL),(34,'chair & snail trellises','0','Our adorable chair trellis has the illusion of appearing 3D, but is really 2D. It and the hungry snail trellis are perfect for flower beds, or for small climbing plants. <br> Chair trellis is 13\"w x 45\"h. Snail trellis is 24\"w x 36\"h. <br> <i> Snail trell',NULL,NULL,1,1,'item','',0.00,'chair trellis,snail trellis,,,,,,,,,,','','chairsnailtrellis.jpg','86.00,125.00,,,,,,,,,,',6.0000,1,1,'Our adorable chair trellis has the illusion of appearing 3D, but is really 2D. It and the hungry snail trellis are perfect for flower beds, or for small climbing plants. <br> Chair trellis is 13\"w x 45\"h. Snail trellis is 24\"w x 36\"h. <br> <i> Snail trellis ships oversize, but other pieces may be shipped with it at no extra cost.<i>',0.00,35,NULL,NULL),(33,'flower trellis','0','Our best-selling trellis features three different kinds of flowers and lots of bugs and sometimes a bird, too! Good for tall climbing plants and flowers, also looks great just by itself.<BR> Flower trellis is 19\"w x 72\"h.<BR> <i> This piece ships oversize',NULL,NULL,1,1,'item','',0.00,'flower trellis,,,,,,,,,,,','','flowertrellis.jpg','150.00,,,,,,,,,,,',30.0000,1,1,'Our best-selling trellis features three different kinds of flowers and lots of bugs and sometimes a bird, too! Good for tall climbing plants and flowers, also looks great just by itself.<BR> Flower trellis is 19\"w x 72\"h.<BR> <i> This piece ships oversize, but other pieces may be shipped with it at no extra cost.<i>\r\n',0.00,30,NULL,NULL),(30,'Welcome Banner','0','Your guests will feel welcomed to your home or garden by this cheerful little bird perched atop its banner. <br> Welcome is 17\"w x 43\"h.',NULL,NULL,1,1,'','',52.00,'','','welcome.jpg','',3.0000,1,1,'Your guests will feel welcomed to your home or garden by this cheerful little bird perched atop its banner. <br> Welcome is 17\"w x 43\"h. ',0.00,25,NULL,NULL),(29,'vase of roses','0','The strong design, intricate cutting and large scale of this piece makes it ideal to feature at an entrance way or in front of a wall. <br> Vase of roses is 15\"w x 58\"h.',NULL,NULL,1,1,'','',140.00,'','','vaseofflowers.jpg','',30.0000,1,1,'The strong design, intricate cutting and large scale of this piece makes it ideal to feature at an entrance way or in front of a wall. <br> Vase of roses is 15\"w x 58\"h.',0.00,21,NULL,NULL),(28,'extra large sunflower','0','An extra large sunflower has a little bug friend. (We use only beneficial insects!) <br> XL sunflower is 14\"w x 65\"h. <br> <i> This piece ships oversize, but other pieces may be shipped with it at no extra cost.<i>',NULL,NULL,1,1,'item','',0.00,'XL sunflower,,,,,,,,,,,','','1osunflower.jpg','74.00,,,,,,,,,,,',3.5000,1,1,'An extra large sunflower has a little bug friend. (We use only beneficial insects!) <br> XL sunflower is 14\"w x 65\"h. <br> <i> This piece ships oversize, but other pieces may be shipped with it at no extra cost.<i>',0.00,20,NULL,NULL),(27,'sunflowers','0','Spiraling 3D centers pop out slightly to add extra dimension to these happy flowers. <br> Medium sunflower is 6\"w x 31\"h. Large sunflower is 10\"w x 49\"h.',NULL,NULL,1,1,'item','',0.00,'M sunflower,L sunflower,,,,,,,,,,','','2sunflowers.jpg','34.00,42.00,,,,,,,,,,',2.0000,1,1,'Spiraling 3D centers pop out slightly to add extra dimension to these happy flowers. <br> Medium sunflower is 6\"w x 31\"h. Large sunflower is 10\"w x 49\"h.',0.00,19,NULL,NULL),(26,'words','0','These delightful words say it all. \"Grow\" for positive thinking, \"Herbs\" for the avid herb gardener, and our favorite word: \"Garden.\" Each word features little leaf accents. <br> Grow is 16\"w x 46\"h. Garden is 20\"w x 40\"h. Herbs is 16\"w x 44\"h.',NULL,NULL,1,1,'item','',0.00,'grow,herbs,garden,,,,,,,,,','','growherbsgarden.jpg','36.00,36.00,38.00,,,,,,,,,',2.0000,1,1,'These delightful words say it all. \"Grow\" for positive thinking, \"Herbs\" for the avid herb gardener, and our favorite word: \"Garden.\" Each word features little leaf accents. <br> Grow is 16\"w x 46\"h. Garden is 20\"w x 40\"h. Herbs is 16\"w x 44\"h.',0.00,23,NULL,NULL),(25,'large double daisy','0','A 3D double flower with a sparkling jeweled center and intricate cutting. The gracefully curving stem and little bug friend gives the piece extra <i> joie de vivre.</i>\r\n<br> Large double daisy is 12\"w x 48\"h.',NULL,NULL,1,1,'item','',0.00,'L double daisy with jewel,,,,,,,,,,,','','dbdaisy.jpg','68.00,,,,,,,,,,,',2.2500,1,1,'A 3D double flower with a sparkling jeweled center and intricate cutting. The gracefully curving stem and little bug friend gives the piece extra <i> joie de vivre.</i>\r\n<br> Large double daisy is 12\"w x 48\"h.',0.00,18,NULL,NULL),(24,'flower sculptures','0','These big, beautiful flowers on their gracefully curving stems have been long time favorites of our customers. They look great in groups, or arranged with other pieces. Have fun creating your own tableaux. Each flower has one or two bug friends. <br> Flow',NULL,NULL,1,1,'item','',0.00,'XL starflower,XL double daisy with jewel,,,,,,,,,,','','2oflowers.jpg','68.00,78.00,,,,,,,,,,',3.0000,1,1,'These big, beautiful flowers on their gracefully curving stems have been long time favorites of our customers. They look great in groups, or arranged with other pieces. Have fun creating your own tableaux. Each flower has one or two bug friends. <br> Flower sculptures are 14\"w x 60\"h.<br> <i> These pieces ship oversize, but other pieces may be shipped with them at no extra cost. <i>',0.00,16,NULL,NULL),(23,'small flowers','0','These little flowers are perfect for flowerpots and look great arranged with other small critters like the bunny or small bugs. <br> Small flowers are 4.5\"w x 26\"h.',NULL,NULL,1,1,'item','',0.00,'S flower, S flower with jewel,,,,,,,,,','','smflowersnew.jpg','18.00, 20.00,,,,,,,,,,',0.6250,1,1,'These little flowers are perfect for flowerpots and look great arranged with other small critters like the bunny or small bugs. <br> Small flowers are 4.5\"w x 26\"h.',0.00,15,NULL,NULL),(20,'Hummingbird','0','The hummingbird is always a welcome visitor to any garden. <br>Hummingbird is 6\"w x 35\"h.',NULL,NULL,1,1,'','',18.00,'','','hummingbird.jpg','',1.5000,1,1,'The hummingbird is always a welcome visitor to any garden. <br>Hummingbird is 6\"w x 35\"h.',0.00,34,NULL,NULL),(19,'hummingbird on rose','0','A perennial favorite, this sculptural piece features a hummingbird sipping nectar from a rose. <br> Hummingbird on a rose is 9\"w x 47\"h.',NULL,NULL,1,1,'','',48.00,'','','hummbirdrose.jpg','',2.0000,1,1,'A perennial favorite, this sculptural piece features a hummingbird sipping nectar from a rose. <br> Hummingbird on a rose is 9\"w x 47\"h.',0.00,29,NULL,NULL),(18,'Bird on Leaves','0','This happy songbird chirps happily from its leafy perch. There is even a little worm inching up its stem. <br> Bird on leaves with bug is 5\"w x 32\"h.',NULL,NULL,1,1,'','',36.00,'','','birdonleaves.jpg','',1.0000,1,1,'This happy songbird chirps happily from its leafy perch. There is even a little worm inching up its stem. <br> Bird on leaves with bug is 5\"w x 32\"h.',0.00,26,NULL,NULL),(65,'Custom Patio Set','0','This custom patio set features a square table topped with glass, and four wrought iron chairs.',NULL,NULL,0,0,'','',0.00,'','','patio-set.jpg','',0.0000,1,1,'This custom patio set features a square table topped with glass, and four wrought iron chairs.',0.00,65,NULL,NULL),(68,'Seed of Light','0','(more info and image coming soon!)',NULL,NULL,0,0,'','',0.00,'','','','',0.0000,1,1,'',0.00,68,NULL,NULL),(69,'Luminarias del Pueblo 2003','0','\"Where the River Meets the City of Light,\" \"Tree of Winter Light,\" and \"Cascade of Winter Light\" were commissioned by the Tucson Pima Arts Council for the pilot program for the Luminarias del Pueblo public art project. Click image for more detailed information.',NULL,NULL,0,0,'','',0.00,'','','luminarias.jpg','',0.0000,1,1,'<P><B>Where the River Meets the City of Light</B><br>\r\nThe concept for this trapezoidal tower-like sculpture is a river flowing through the city, cascading into a sea of light. The two larger sides - the river panels - have slender cuts in free-flowing shapes, to resemble illuminated water. The narrower sides are the city panels, made of stained glass. The city and the river stand together in harmony, sharing the same light and ground. Height approximately 6 feet. \r\n\r\n<P><B>Tree of Winter Light</B><br>\r\nThe inspiration for the tree comes from the folk art tradition of putting bottles on the ends of branches to keep evil spirits away. For this piece the glass bottle is taken a step further, combining different colored bottles with lights inside to create colorful illuminated flowers. Whimsical birds and bugs dwell among the hand forged branches. Height approximately 9 feet. \r\n\r\n<P><B>Cascade of Winter Light</B><br> \r\nThis sculpture is installed in a pond above a small waterfall. It is constructed of steel, glass spheres, crushed glass, marbles and blue and white lights. It is a shimmering, glowing reflection of the cascading waterfall that feeds the pond from higher up in Ventana Canyon. Height above water level approximately 6 and a half feet.\r\n\r\n',0.00,71,NULL,NULL),(13,'medium hearts','0','Like the small hearts, but bigger and fancier. <br> Medium hearts range from 6\" to 8\" wide and 32\" to 36\" high.',NULL,NULL,1,1,'item','',0.00,'M stars and spirals heart   ,M flowers and spiral heart with jewels,M swirls with jewels heart,M swirls with jewels heart,,,,,,,,','','4biggerhearts.jpg','24.00,32.00,30.00,32.00,,,,,,,,',0.7500,1,1,'Like the small hearts, but bigger and fancier. <br> Medium hearts range from 6\" to 8\" wide and 32\" to 36\" high.',0.00,13,NULL,NULL),(14,'Butterflies  & dragonflies','2','No two butterflies are alike, but each one is beautifully embellished with four sets of jewels. The dragonflies\' tails are also beaded with unique combinations of jewels. <br> Butterfly is 12\"w x 36\" to 38\"h. Dragonfly is 10\"w x 32\" to 36\"h.',NULL,NULL,1,1,'item','',0.00,'M butterfly with jewels,M dragonfly with jewels,,,,,,,,,,','','2butter2dragon.jpg','48.00,36.00',1.0000,1,1,'No two butterflies are alike, but each one is beautifully embellished with four sets of jewels. The dragonflies\' tails are also beaded with unique combinations of jewels. <br> Butterfly is 12\"w x 36\" to 38\"h. Dragonfly is 10\"w x 32\" to 36\"h.',0.00,14,NULL,NULL),(12,'large heart','0','A stunning accent piece that shows that a garden can only grow with love. <br> Large heart is 13\"w x 62\"h. <br> <i> This piece ships oversize, but other pieces may be shipped with it at no extra cost. <i>',NULL,NULL,1,1,'item','',0.00,'L heart with leaves and jewels,,,,,,,,,,,','','1lgheart.jpg','75.00,,,,,,,,,,,',30.0000,1,1,'A stunning accent piece that shows that a garden can only grow with love. <br> Large heart is 13\"w x 62\"h. <br> <i> This piece ships oversize, but other pieces may be shipped with it at no extra cost. <i>',0.00,12,NULL,NULL),(11,'wiggly heart','0','A medium sized heart with a jewel on a wiggly stick for extra fun! <br> Wiggly heart is 9\"w x 49\"h.',NULL,NULL,1,1,'item','',0.00,'M squiggly heart on wiggly stick with jewels,,,,,,,,,,,','','wigglyheart.jpg','46.00,,,,,,,,,,,',1.6250,1,1,'A medium sized heart with a jewel on a wiggly stick for extra fun! <br> Wiggly heart is 9\"w x 49\"h.',0.00,11,NULL,NULL),(10,'small hearts','0','These little hearts make great gifts for any occasion. They come in a variety of styles with or without jewels. <br> Small hearts range from 3\" to 5\" wide and 20\" to 27\" high.',NULL,NULL,1,1,'item','',0.00,'S 3D heart within a heart with jewel,S flower heart with jewel,S open squiggly heart with jewel,S stars and squiggles heart,S heart within a heart,,,,,,,','','5hearts.jpg','14.00,14.00,14.00,12.00,10.00,,,,,,,',0.2500,1,1,'These little hearts make great gifts for any occasion. They come in a variety of styles with or without jewels. <br> Small hearts range from 3\" to 5\" wide and 20\" to 27\" high.',0.00,10,NULL,NULL),(8,'Turtles','0','Bring this ancient sybol of longevity to your garden! The smaller turtle has a flower in its shell, while the larger turtle has fun spirals on its shell. <br> Turtle is 5\"w x 24\"h. Large turtle is 12\"w x 28\"h. ',NULL,NULL,1,1,'item','',0.00,'small turtle,large turtle,,,,,,,,,','','turtles.jpg','24.00,36.00,,,,,,,,,',1.8000,1,1,'Bring this ancient sybol of longevity to your garden! The smaller turtle has a flower in its shell, while the larger turtle has fun spirals on its shell. <br> Turtle is 5\"w x 24\"h. Large turtle is 12\"w x 28\"h. ',0.00,8,NULL,NULL),(7,'Frogs','0','Garden Hoppiness! The sitting frog smiles with a knowing look. The Frog Prince is waiting for a kiss! Leaping frog is on a springy stick. <br> Sitting frog is 8\"w x 24\"h. Frog Prince is 11\"w x 26\"h. Leaping frog is 6\"w x 26\"h.',NULL,NULL,1,1,'item','',0.00,'Sitting Frog, Frog Prince, Leaping Frog,,,,,,,,,','','frogs.jpg','26.00,30.00,22.00,,,,,,,,,',1.0000,1,1,'Garden Hoppiness! The sitting frog smiles with a knowing look. The Frog Prince is waiting for a kiss! Leaping frog is on a springy stick. <br> Sitting frog is 8\"w x 24\"h. Frog Prince is 11\"w x 26\"h. Leaping frog is 6\"w x 26\"h.',0.00,7,NULL,NULL),(6,'large snail','0','This big snail is having a little lunch, but won\'t munch your plants! <br> Large snail is 15\"w x 26\"h.',NULL,NULL,1,1,'item','',0.00,'L snail eating leaf,,,,,,,,,,,','','bigsnail.jpg','44.00,,,,,,,,,,,',1.1250,1,1,'This big snail is having a little lunch, but won\'t munch your plants! <br> Large snail is 15\"w x 26\"h.',0.00,6,NULL,NULL),(4,'Dog with Bone','0','A bone in his mouth and love in his heart! One of our all-time most popular designs. <br> Dog with bone is 10\"w x 28\"h. ',NULL,NULL,1,1,'','',28.00,'','','dogwithbone.jpg','',2.0000,1,1,'A bone in his mouth and love in his heart! One of our all-time most popular designs. <br> Dog with bone is 10\"w x 28\"h. ',0.00,4,NULL,NULL),(5,'snails','0','The beehive snail sports a wacky retro shell inspired by (what else?) the beehive hairdo! People say they don\'t need another snail in their garden, but some say this little snail may even scare away the real ones. <br> Beehive snail is 8\"w x 25\"h. Small s',NULL,NULL,1,1,'item','',0.00,'Beehive snail ,S snail ,,,,,,,,,,','','2snails.jpg','28.00,16.00,,,,,,,,,,',0.4380,1,1,'The beehive snail sports a wacky retro shell inspired by (what else?) the beehive hairdo! People say they don\'t need another snail in their garden, but some say this little snail may even scare away the real ones. <br> Beehive snail is 8\"w x 25\"h. Small snail is 8\"w x 23\"h.',0.00,5,NULL,NULL),(3,'mice','0','Sweet mice offer flowers to all who come to your garden.<br> Small mouse is 3\"w x 20\"h. Big mouse is 10\"w x 25\"h.\r\n',NULL,NULL,1,1,'item','',0.00,'S mouse,L mouse,,,,,,,,,,','','2mice.jpg','14.00,36.00,,,,,,,,,,',0.6250,1,1,'Sweet mice offer flowers to all who come to your garden.<br> Small mouse is 3\"w x 20\"h. Big mouse is 10\"w x 25\"h.\r\n',0.00,3,NULL,NULL),(2,'kitties','0','These kitties look so content, you can almost hear them purr! The kitty with the crown is for those who know their cats are royalty.<br> Kitties are 5\"w x 28\"h.',NULL,NULL,1,1,'item','',0.00,' kitty with crown and jewel, kitty with jewel,fluffy kitty with jewel, kitty without jewel,,,,,,,,','','4cats.jpg','30.00,28.00,28.00,24.00,,,,,,,,',0.7500,1,1,'These kitties look so content, you can almost hear them purr! The kitty with the crown is for those who know their cats are royalty.<br> Kitties are 5\"w x 28\"h.',0.00,2,NULL,NULL),(1,'bunnies','0','This joyfully leaping small bunny is one of our bestsellers. Big bunny has a heartshaped jewel.<br> Small bunny is 4.5\"w x 20\"h. Large bunny is 12\"w x 27\"h.',NULL,NULL,1,1,'item','',0.00,'S bunny,L bunny with jewel,,,,,,,,,,','','2bunnies.jpg','12.00,38.00,,,,,,,,,,',0.8750,1,1,'This joyfully leaping small bunny is one of our bestsellers. Big bunny has a heartshaped jewel.<br> Small bunny is 4.5\"w x 20\"h. Large bunny is 12\"w x 27\"h.',0.00,1,NULL,NULL),(48,'tea time','0','Nothing is more relaxing than having a quiet cup of tea in your garden. This flower and jewel embellished stout teapot makes a perfect pair with a dainty teacup. <br> Teacup is 4\"w x 19\"h. Teapot is 11\"w x 27\"h.',NULL,NULL,1,1,'item','',0.00,'teacup,teapot with jewels,,,,,,,,,,','','teacuppot.jpg','16.00,34.00,,,,,,,,,,',0.6880,1,1,'Nothing is more relaxing than having a quiet cup of tea in your garden. This flower and jewel embellished stout teapot makes a perfect pair with a dainty teacup. <br> Teacup is 4\"w x 19\"h. Teapot is 11\"w x 27\"h.',0.00,39,NULL,NULL),(54,'Small Butterflies','0','Use butterfly power! An endless variety of unique butterflies can flutter through your garden. These butterflies are one of our most popular items! Each butterfly measures approximately 6\" across and \"flies\" at the top of a 34\" stick. Price is only $18 each.',NULL,NULL,1,1,'','',18.00,'','','smallbutterflies.jpg','',0.5000,1,1,'Use butterfly power! An endless variety of unique butterflies can flutter through your garden. These butterflies are one of our most popular items! Each butterfly measures approximately 6\" across and \"flies\" at the top of a 34\" stick. Price is only $18 each.',0.00,22,NULL,NULL),(58,'Outdoor Room','0','Outdoor Room beautifully enhances any garden setting. \r\nEasily assembled measures 8 ‘ X 8 ‘ X 9 ‘ Tall  The Outdoor Room is an example of our custom work.  ',NULL,NULL,1,0,'','',0.00,'','','outdoorroom.jpg','',0.0000,1,1,'Outdoor Room beautifully enhances any garden setting. \r\nEasily assembled measures 8 ‘ X 8 ‘ X 9 ‘ Tall  The Outdoor Room is an example of our custom work.  ',0.00,64,NULL,NULL);

--
-- Table structure for table `Sale`
--

CREATE TABLE `Sale` (
  `ID` int(11) NOT NULL AUTO_INCREMENT,
  `productID` int(11) NOT NULL DEFAULT '0',
  `quantity` int(11) NOT NULL DEFAULT '0',
  `price` double(8,2) NOT NULL DEFAULT '0.00',
  `label1` varchar(50) DEFAULT NULL,
  `label2` varchar(50) DEFAULT NULL,
  `invoiceID` int(11) NOT NULL DEFAULT '0',
  `name` varchar(60) DEFAULT NULL,
  `sku` varchar(30) DEFAULT NULL,
  `notax` smallint(6) DEFAULT NULL,
  PRIMARY KEY (`ID`),
  KEY `ID` (`ID`)
) ENGINE=MyISAM AUTO_INCREMENT=652 DEFAULT CHARSET=latin1 PACK_KEYS=1;

--
-- Dumping data for table `Sale`
--

INSERT INTO `Sale` VALUES (1,9,1,52.00,'L cat / Twyla','',1,'cat','0',NULL),(2,8,1,26.00,'turtle','',1,'turtles and a gator','0',NULL),(3,1,1,38.00,'L bunny with jewel','',1,'bunnies','0',NULL),(4,1,1,12.00,'S bunny','',1,'bunnies','0',NULL),(5,27,1,34.00,'M sunflower','',2,'sunflowers','0',NULL),(6,25,1,68.00,'L double daisy with jewel','',2,'large double daisy','0',NULL),(7,14,1,48.00,'M butterfly with jewels','',2,'butterflies  & dragonflies','0',NULL),(8,10,1,10.00,'S heart within a heart','',3,'small hearts','0',NULL),(9,10,1,12.00,'S stars and squiggles heart','',3,'small hearts','0',NULL),(10,10,1,14.00,'S open squiggly heart with jewel','',3,'small hearts','0',NULL),(11,10,1,14.00,'S 3D heart within a heart with jewel','',3,'small hearts','0',NULL),(12,16,1,14.00,'S dragonfly','',4,'small bugs','0',NULL),(13,16,1,14.00,'S bee','',4,'small bugs','0',NULL),(14,14,1,36.00,'M dragonfly with jewels','',5,'butterflies  & dragonflies','0',NULL),(15,44,20,8.00,'S star','',6,'small celestial','0',NULL),(16,18,1,28.00,'S bird on leaves','',7,'birds on leaves','0',NULL),(17,44,1,12.00,'S squiggly sun','',7,'small celestial','0',NULL),(18,1,1,12.00,'S bunny','',7,'bunnies','0',NULL),(19,41,2,75.00,'gazing mirror','',8,'gazing mirror','0',NULL),(20,14,1,48.00,'M butterfly with jewels','',9,'butterflies  & dragonflies','0',NULL),(21,7,1,26.00,' sitting frog','',9,'frogs','0',NULL),(22,8,1,24.00,'gator','',9,'turtles and a gator','0',NULL),(23,42,1,44.00,'M heebie jeebie bug with jewels','',11,'heebie jeebie bugs','0',NULL),(24,21,1,34.00,'M birdhouse w/bird and flower','',12,'birdhouses','0',NULL),(25,18,1,28.00,'S bird on leaves','',12,'birds on leaves','0',NULL),(26,18,1,36.00,'M bird on leaves with bug','',12,'birds on leaves','0',NULL),(27,2,1,24.00,' kitty without jewel','',13,'kitties','0',NULL),(28,2,1,30.00,' kitty with crown and jewel','',13,'kitties','0',NULL),(29,14,2,48.00,'M butterfly with jewels','',14,'butterflies  & dragonflies','0',NULL),(30,40,1,75.00,'cone topiary with jewels','',15,' more topiaries','0',NULL),(31,43,1,36.00,'face with glasses','',16,'wacky','0',NULL),(32,2,1,30.00,' kitty with crown and jewel','',17,'kitties','0',NULL),(33,48,1,18.00,'teacup','',18,'tea time','0',NULL),(34,48,1,34.00,'teapot with jewels','',18,'tea time','0',NULL),(35,2,1,24.00,' kitty without jewel','',19,'kitties','0',NULL),(36,48,1,18.00,'teacup','',21,'tea time','0',NULL),(37,48,1,34.00,'teapot with jewels','',21,'tea time','0',NULL),(38,16,2,22.00,'S butterfly','',22,'small bugs','0',NULL),(39,4,1,28.00,' dog with bone','',23,'dogs','0',NULL),(40,16,1,14.00,'S dragonfly','',24,'small bugs','0',NULL),(41,27,1,34.00,'M sunflower','',24,'sunflowers','0',NULL),(42,16,1,22.00,'S butterfly','',24,'small bugs','0',NULL),(43,18,1,28.00,'S bird on leaves','',24,'birds on leaves','0',NULL),(44,14,1,36.00,'M dragonfly with jewels','',25,'butterflies  & dragonflies','0',NULL),(45,17,1,32.00,'flying bird with jewel heart','',26,'flying bird','0',NULL),(46,15,1,28.00,'cutie bee','',27,'bees','0',NULL),(47,13,1,32.00,'M flowers and spiral heart with jewels','',28,'medium hearts','0',NULL),(48,5,1,16.00,'S snail','',29,'snails','0',NULL),(49,1,1,12.00,'S bunny','',29,'bunnies','0',NULL),(50,4,1,28.00,' dog with bone','',30,'dogs','0',NULL),(51,1,1,38.00,'L bunny with jewel','',31,'bunnies','0',NULL),(52,14,2,48.00,'M butterfly with jewels','',32,'butterflies  & dragonflies','0',NULL),(53,13,1,24.00,'M stars and spirals heart','',33,'medium hearts','0',NULL),(54,13,1,30.00,'M swirls with jewels heart','',33,'medium hearts','0',NULL),(55,10,1,14.00,'S open squiggly heart with jewel','',34,'small hearts','0',NULL),(56,14,1,48.00,'M butterfly with jewels','',35,'butterflies  & dragonflies','0',NULL),(57,14,1,48.00,'M butterfly with jewels','',36,'butterflies  & dragonflies','0',NULL),(58,17,1,32.00,'flying bird with jewel heart','',37,'flying bird','0',NULL),(59,10,1,12.00,'S stars and squiggles heart','',37,'small hearts','0',NULL),(60,10,1,14.00,'S 3D heart within a heart with jewel','',37,'small hearts','0',NULL),(61,30,1,52.00,'welcome','',38,'banners','0',NULL),(62,48,1,18.00,'teacup','',39,'tea time','0',NULL),(63,43,1,36.00,' phone','',39,'wacky','0',NULL),(64,14,1,48.00,'M butterfly with jewels','',40,'butterflies  & dragonflies','0',NULL),(65,48,1,34.00,'teapot with jewels','',41,'tea time','0',NULL),(66,43,1,26.00,'hand with heart','',41,'wacky','0',NULL),(67,3,1,14.00,'S mouse','',42,'mice','0',NULL),(68,44,2,10.00,'S star','',43,'small celestial','0',NULL),(69,44,4,10.00,'S moon','',43,'small celestial','0',NULL),(70,25,1,68.00,'L double daisy with jewel','',44,'large double daisy','0',NULL),(71,1,1,38.00,'L bunny with jewel','',44,'bunnies','0',NULL),(72,20,2,18.00,'hummingbird','',44,'rose & hummingbird','0',NULL),(73,3,3,14.00,'S mouse','',44,'mice','0',NULL),(74,32,1,48.00,' flowerpot','',44,'whimsical garden','0',NULL),(75,39,1,124.00,'two-puff topiary with jewels','',44,'topiaries','0',NULL),(76,32,1,38.00,' watering can with jewel','',44,'whimsical garden','0',NULL),(77,10,6,10.00,'S heart within a heart','',44,'small hearts','0',NULL),(78,1,6,12.00,'S bunny','',44,'bunnies','0',NULL),(79,44,6,8.00,'S star','',44,'small celestial','0',NULL),(80,44,6,10.00,'S moon','',44,'small celestial','0',NULL),(81,44,6,12.00,'S squiggly sun','',44,'small celestial','0',NULL),(82,14,1,36.00,'M dragonfly with jewels','',45,'butterflies  & dragonflies','0',NULL),(83,35,1,85.00,'dog trellis','',46,'dog trellis','0',NULL),(84,7,1,22.00,' leaping frog','',47,'frogs','0',NULL),(85,7,1,26.00,' sitting frog','',48,'frogs','0',NULL),(86,7,1,22.00,' leaping frog','',48,'frogs','0',NULL),(87,7,1,28.00,' vaudeville frog','',48,'frogs','0',NULL),(88,44,2,10.00,'S moon','',49,'small celestial','0',NULL),(89,44,1,12.00,'S squiggly sun','',49,'small celestial','0',NULL),(90,44,1,10.00,'S star','',49,'small celestial','0',NULL),(91,1,1,12.00,'S bunny','',49,'bunnies','0',NULL),(92,7,1,22.00,' leaping frog','',50,'frogs','0',NULL),(93,1,1,12.00,'S bunny','',50,'bunnies','0',NULL),(94,50,1,20.00,'','',50,'bumbly bees','0000',NULL),(95,10,1,14.00,'S 3D heart within a heart with jewel','',51,'small hearts','0',NULL),(96,13,1,32.00,'M flowers and spiral heart with jewels','',51,'medium hearts','0',NULL),(97,1,1,38.00,'L bunny with jewel','',52,'bunnies','0',NULL),(98,1,1,12.00,'S bunny','',52,'bunnies','0',NULL),(99,32,2,38.00,' watering can with jewel','',53,'whimsical garden','0',NULL),(100,32,2,48.00,' flowerpot','',53,'whimsical garden','0',NULL),(101,23,3,24.00,'S starflower','',53,'small flowers','0',NULL),(102,23,1,24.00,'S rose','',53,'small flowers','0',NULL),(103,23,3,28.00,'S starflower with jewel','',53,'small flowers','0',NULL),(104,44,3,10.00,'S star','',53,'small celestial','0',NULL),(105,44,2,10.00,'S moon','',53,'small celestial','0',NULL),(106,24,1,78.00,'XL double daisy with jewel','',53,'flower sculptures','0',NULL),(107,44,2,12.00,'S squiggly sun','',53,'small celestial','0',NULL),(108,16,2,16.00,'S princess bug with jewel','',53,'small bugs','0',NULL),(109,24,1,68.00,'XL starflower','',53,'flower sculptures','0',NULL),(110,43,1,36.00,'face with glasses','',54,'wacky','0',NULL),(111,2,1,30.00,' kitty with crown and jewel','',54,'kitties','0',NULL),(112,7,1,28.00,' vaudeville frog','',54,'frogs','0',NULL),(113,20,1,18.00,'hummingbird','',55,'rose & hummingbird','0',NULL),(114,50,1,20.00,'','',56,'bumbly bees','0000',NULL),(115,32,1,38.00,' watering can with jewel','',57,'whimsical garden','0',NULL),(116,47,1,8.00,'S musical note (each)','',58,'guitars & notes','0',NULL),(117,16,1,18.00,'S butterfly','',59,'small bugs','0',NULL),(118,23,1,18.00,'S flower','',59,'small flowers','0',NULL),(119,19,1,42.00,'L rose with hummingbird','',60,'hummingbird on rose','0',NULL),(120,13,1,24.00,'M stars and spirals heart','',60,'medium hearts','0',NULL),(121,17,1,32.00,'flying bird with jewel heart','',60,'flying bird','0',NULL),(122,50,1,20.00,'','',61,'bumbly bees','0000',NULL),(123,15,1,28.00,'killer bee','',62,'bees','0',NULL),(124,50,3,20.00,'','',63,'bumbly bees','0000',NULL),(125,8,1,36.00,'large turtle','',64,'turtles and a gator','0',NULL),(126,6,1,44.00,'L snail eating leaf','',64,'large snail','0',NULL),(127,27,1,52.00,'L sunflower','',65,'sunflowers','0',NULL),(128,3,1,36.00,'L mouse','',66,'mice','0',NULL),(129,16,1,14.00,'S bug with long neck','',66,'small bugs','0',NULL),(130,49,1,54.00,'on stem','',67,'caterpillars on leaves','0',NULL),(131,18,1,36.00,'M bird on leaves with bug','',68,'birds on leaves','0',NULL),(132,10,1,14.00,'S flower heart with jewel','',69,'small hearts','0',NULL),(133,3,1,14.00,'S mouse','',70,'mice','0',NULL),(134,5,1,16.00,'S snail','',70,'snails','0',NULL),(135,14,1,36.00,'M dragonfly with jewels','',71,'butterflies  & dragonflies','0',NULL),(136,1,1,12.00,'S bunny','',72,'bunnies','0',NULL),(137,16,1,16.00,'S princess bug with jewel','',72,'small bugs','0',NULL),(138,9,1,52.00,'L cat / Twyla','',73,'cat','0',NULL),(139,5,1,16.00,'S snail','',74,'snails','0',NULL),(140,16,1,18.00,'S butterfly','',75,'small bugs','0',NULL),(141,16,1,14.00,'S dragonfly','',75,'small bugs','0',NULL),(142,16,1,14.00,'S dragonfly','',76,'small bugs','0',NULL),(143,14,1,48.00,'M butterfly with jewels','',77,'butterflies  & dragonflies','0',NULL),(144,18,1,36.00,'M bird on leaves with bug','',78,'birds on leaves','0',NULL),(145,42,1,44.00,'M heebie jeebie bug with jewels','',79,'heebie jeebie bugs','0',NULL),(146,43,1,36.00,'face with glasses','',80,'wacky','0',NULL),(147,5,1,28.00,'Beehive snail','',81,'snails','0',NULL),(148,5,1,16.00,'S snail','',81,'snails','0',NULL),(149,14,1,36.00,'M dragonfly with jewels','',82,'butterflies  & dragonflies','0',NULL),(150,9,1,52.00,'L cat / Twyla','',83,'cat','0',NULL),(151,9,1,52.00,'L cat / Twyla','',84,'cat','0',NULL),(152,26,1,36.00,'grow','',84,'words','0',NULL),(153,30,1,52.00,'welcome','',85,'banners','0',NULL),(154,2,1,30.00,' kitty with crown and jewel','',86,'kitties','0',NULL),(155,43,1,26.00,'hand with heart','',87,'wacky','0',NULL),(156,4,1,28.00,' dog with bone','',87,'dogs','0',NULL),(157,16,1,18.00,'S butterfly','',88,'small bugs','0',NULL),(158,14,1,36.00,'M dragonfly with jewels','',89,'butterflies  & dragonflies','0',NULL),(159,14,2,48.00,'M butterfly with jewels','',90,'butterflies  & dragonflies','0',NULL),(160,50,3,20.00,'','',90,'bumbly bees','0',NULL),(161,14,2,36.00,'M dragonfly with jewels','',90,'butterflies  & dragonflies','0',NULL),(162,16,1,14.00,'S dragonfly','',91,'small bugs','0',NULL),(163,16,1,18.00,'S butterfly','',91,'small bugs','0',NULL),(164,18,1,36.00,'M bird on leaves with bug','',92,'birds on leaves','0',NULL),(165,44,1,10.00,'S star','',93,'small celestial','0',NULL),(166,44,1,10.00,'S moon','',93,'small celestial','0',NULL),(167,36,1,95.00,'heart trellis','',93,'heart & rose trellises','0',NULL),(168,44,1,12.00,'S squiggly sun','',93,'small celestial','0',NULL),(169,12,1,75.00,'L heart with leaves and jewels','',93,'large heart','0',NULL),(170,10,2,14.00,'S flower heart with jewel','',93,'small hearts','0',NULL),(171,43,1,36.00,'face with glasses','',94,'wacky','0',NULL),(172,4,1,32.00,' laughing  zeke / coyote','',95,'dogs','0',NULL),(173,3,1,14.00,'S mouse','',95,'mice','0',NULL),(174,42,1,44.00,'M heebie jeebie bug with jewels','',96,'heebie jeebie bugs','0',NULL),(175,42,10,56.00,'L female heebie jeebie bug with jewels','',97,'heebie jeebie bugs','0',NULL),(176,23,1,20.00,' S flower with jewel','',97,'small flowers','0',NULL),(177,6,1,44.00,'L snail eating leaf','',97,'large snail','0',NULL),(178,33,1,150.00,'flower trellis','',97,'flower trellis','0',NULL),(179,43,1,36.00,' phone','',98,'wacky','0',NULL),(180,47,1,18.00,'S guitar','',98,'guitars and notes','0',NULL),(181,47,3,8.00,'S musical note (each)','',98,'guitars and notes','0',NULL),(182,43,1,36.00,' phone','',99,'wacky','0',NULL),(183,43,1,26.00,'hand with heart','',100,'wacky','0',NULL),(184,36,1,95.00,'heart trellis','',100,'heart & rose trellises','0',NULL),(185,48,1,34.00,'teapot with jewels','',101,'tea time','0',NULL),(186,50,2,20.00,'','',102,'bumbly bees','0',NULL),(187,43,1,36.00,' phone','',103,'wacky','0',NULL),(188,43,1,36.00,'face with glasses','',103,'wacky','0',NULL),(189,48,1,34.00,'teapot with jewels','',104,'tea time','0',NULL),(190,48,1,16.00,'teacup','',104,'tea time','0',NULL),(191,13,1,30.00,'M swirls with jewels heart','',105,'medium hearts','0',NULL),(192,13,1,32.00,'M flowers and spiral heart with jewels','',105,'medium hearts','0',NULL),(193,10,1,10.00,'S heart within a heart','',105,'small hearts','0',NULL),(194,13,1,24.00,'M stars and spirals heart','',105,'medium hearts','0',NULL),(195,10,1,12.00,'S stars and squiggles heart','',105,'small hearts','0',NULL),(196,10,1,14.00,'S open squiggly heart with jewel','',105,'small hearts','0',NULL),(197,10,1,14.00,'S flower heart with jewel','',105,'small hearts','0',NULL),(198,10,1,14.00,'S 3D heart within a heart with jewel','',105,'small hearts','0',NULL),(199,2,1,28.00,'fluffy kitty with jewel','',106,'kitties','0',NULL),(200,30,1,52.00,'welcome','',108,'banners','0',NULL),(201,35,1,85.00,'dog trellis','',109,'dog trellis','0',NULL),(202,1,1,38.00,'L bunny with jewel','',110,'bunnies','0',NULL),(203,42,1,56.00,'L female heebie jeebie bug with jewels','',110,'heebie jeebie bugs','0',NULL),(204,42,1,44.00,'M heebie jeebie bug with jewels','',110,'heebie jeebie bugs','0',NULL),(205,42,1,56.00,'L male heebie jeebie bug with jewels','',110,'heebie jeebie bugs','0',NULL),(206,54,2,18.00,'','',111,'Small Butterflies','0',NULL),(207,13,1,32.00,'M flowers and spiral heart with jewels','',112,'medium hearts','0',NULL),(208,26,1,36.00,'herbs','',113,'words','0',NULL),(209,31,1,30.00,'frog prince','',113,'enchanted pond','0',NULL),(210,35,1,85.00,'dog trellis','',114,'dog trellis','0',NULL),(211,1,2,12.00,'S bunny','',114,'bunnies','0',NULL),(212,54,1,18.00,'','',115,'Small Butterflies','0',NULL),(213,21,1,34.00,'M birdhouse w/bird and flower','',116,'birdhouses','0',NULL),(214,36,1,95.00,'heart trellis','',116,'heart & rose trellises','0',NULL),(215,21,1,38.00,'L birdhouse w/heart and flower','',116,'birdhouses','0',NULL),(216,22,1,42.00,'birdhouse mansion','',116,'birdhouse mansion','0',NULL),(217,33,1,150.00,'flower trellis','',116,'flower trellis','0',NULL),(218,14,1,48.00,'M butterfly with jewels','',117,'Butterflies  & dragonflies','2',NULL),(219,18,1,36.00,'M bird on leaves with bug','',118,'birds on leaves','0',NULL),(220,18,1,36.00,'M bird on leaves with bug','',119,'birds on leaves','0',NULL),(221,55,1,18.00,' dragonfly','blues',120,'Fan Pulls','0',NULL),(222,4,1,28.00,' dog with bone','',121,'dogs','0',NULL),(223,20,1,18.00,'hummingbird','',122,'rose & hummingbird','0',NULL),(224,35,1,85.00,'dog trellis','',122,'dog trellis','0',NULL),(225,4,1,28.00,' dog with bone','',122,'dogs','0',NULL),(226,44,1,10.00,'S moon','',122,'small celestial','0',NULL),(227,44,1,12.00,'S squiggly sun','',122,'small celestial','0',NULL),(228,20,1,18.00,'hummingbird','',123,'rose & hummingbird','0',NULL),(229,54,1,18.00,'','',123,'Small Butterflies','0',NULL),(230,5,1,16.00,'S snail','',123,'snails','0',NULL),(231,10,1,14.00,'S open squiggly heart with jewel','',123,'small hearts','0',NULL),(232,3,1,14.00,'S mouse','',123,'mice','0',NULL),(233,1,1,12.00,'S bunny','',123,'bunnies','0',NULL),(234,31,1,30.00,'frog prince','',123,'enchanted pond','0',NULL),(235,14,1,48.00,'M butterfly with jewels','',124,'Butterflies  & dragonflies','2',NULL),(236,7,1,28.00,' vaudeville frog','',124,'frogs','0',NULL),(237,57,8,18.00,'1-9 sections each','',124,'Mission Edging','0',NULL),(238,31,1,52.00,'lilypad votive','',124,'enchanted pond','0',NULL),(239,11,1,46.00,'M squiggly heart on wiggly stick with jewels','',124,'wiggly heart','0',NULL),(240,31,1,30.00,'frog prince','',124,'enchanted pond','0',NULL),(241,43,1,36.00,' phone','',124,'wacky','0',NULL),(242,42,1,56.00,'L female heebie jeebie bug with jewels','',124,'heebie jeebie bugs','0',NULL),(243,42,1,56.00,'L male heebie jeebie bug with jewels','',124,'heebie jeebie bugs','0',NULL),(244,42,1,44.00,'M heebie jeebie bug with jewels','',124,'heebie jeebie bugs','0',NULL),(245,43,1,26.00,'hand with heart','',124,'wacky','0',NULL),(246,43,1,36.00,'face with glasses','',124,'wacky','0',NULL),(247,14,1,36.00,'M dragonfly with jewels','',125,'Butterflies  & dragonflies','2',NULL),(248,50,1,20.00,'','',126,'bumbly bees','0',NULL),(249,33,1,150.00,'flower trellis','',127,'flower trellis','0',NULL),(250,33,1,150.00,'flower trellis','',128,'flower trellis','0',NULL),(251,50,3,20.00,'','',128,'bumbly bees','0',NULL),(252,35,1,85.00,'dog trellis','',129,'dog trellis','0',NULL),(253,44,1,10.00,'S star','',130,'small celestial','0',NULL),(254,44,1,10.00,'S moon','',130,'small celestial','0',NULL),(255,26,1,38.00,'garden','',130,'words','0',NULL),(256,45,1,46.00,'M UFO','',130,'sun & UFO','0',NULL),(257,54,1,18.00,'','',130,'Small Butterflies','0',NULL),(258,14,1,48.00,'M butterfly with jewels','',130,'Butterflies  & dragonflies','2',NULL),(259,9,1,52.00,'L cat / Twyla','',130,'cat','0',NULL),(260,3,1,14.00,'S mouse','',130,'mice','0',NULL),(261,4,1,28.00,' dog with bone','',130,'dogs','0',NULL),(262,5,1,16.00,'S snail','',130,'snails','0',NULL),(263,51,2,125.00,'Each panel','',131,'Rose Fence Panels','0',NULL),(264,33,1,150.00,'flower trellis','',132,'flower trellis','0',NULL),(265,11,1,46.00,'M squiggly heart on wiggly stick with jewels','',133,'wiggly heart','0',NULL),(266,33,1,150.00,'flower trellis','',134,'flower trellis','0',NULL),(267,14,1,36.00,'M dragonfly with jewels','',135,'Butterflies  & dragonflies','2',NULL),(268,7,1,28.00,' vaudeville frog','',136,'frogs','0',NULL),(269,7,1,26.00,' sitting frog','',136,'frogs','0',NULL),(270,7,1,22.00,' leaping frog','',136,'frogs','0',NULL),(271,54,1,18.00,'','',137,'Small Butterflies','0',NULL),(272,2,1,24.00,' kitty without jewel','',138,'kitties','0',NULL),(273,19,1,42.00,'L rose with hummingbird','',139,'hummingbird on rose','0',NULL),(274,43,1,36.00,' phone','',140,'wacky','0',NULL),(275,31,1,30.00,'frog prince','',141,'enchanted pond','0',NULL),(276,14,1,48.00,'M butterfly with jewels','',141,'Butterflies  & dragonflies','2',NULL),(277,9,1,52.00,'L cat / Twyla','',142,'cat','0',NULL),(278,33,2,150.00,'flower trellis','',143,'flower trellis','0',NULL),(279,51,1,125.00,'Each panel','',144,'Rose Fence Panels','0',NULL),(280,56,2,42.00,'flower','',144,'Stepping Stones','0',NULL),(281,1,1,38.00,'L bunny with jewel','',145,'bunnies','0',NULL),(282,1,1,12.00,'S bunny','',145,'bunnies','0',NULL),(283,2,1,24.00,' kitty without jewel','',146,'kitties','0',NULL),(284,4,1,28.00,' dog with bone','',146,'dogs','0',NULL),(285,1,1,12.00,'S bunny','',146,'bunnies','0',NULL),(288,54,1,18.00,'','',149,'Small Butterflies','0',NULL),(287,12,1,75.00,'L heart with leaves and jewels','',148,'large heart','0',NULL),(289,14,1,48.00,'M butterfly with jewels','',149,'Butterflies  & dragonflies','2',NULL),(290,19,1,42.00,'L rose with hummingbird','',149,'hummingbird on rose','0',NULL),(291,9,1,52.00,'L cat / Twyla','',150,'cat','0',NULL),(292,50,3,20.00,'','',151,'bumbly bees','0',NULL),(293,54,3,18.00,'','',152,'Small Butterflies','0',NULL),(294,14,1,48.00,'M butterfly with jewels','',153,'Butterflies  & dragonflies','2',NULL),(295,49,1,54.00,'on stem','',154,'caterpillars on leaves','0',NULL),(296,18,1,28.00,'S bird on leaves','',155,'birds on leaves','0',NULL),(297,18,1,36.00,'M bird on leaves with bug','',155,'birds on leaves','0',NULL),(298,2,1,30.00,' kitty with crown and jewel','',156,'kitties','0',NULL),(299,2,1,24.00,' kitty without jewel','',156,'kitties','0',NULL),(300,23,1,20.00,' S flower with jewel','',156,'small flowers','0',NULL),(301,18,1,28.00,'S bird on leaves','',156,'birds on leaves','0',NULL),(302,13,1,24.00,'M stars and spirals heart','',157,'medium hearts','0',NULL),(303,3,2,14.00,'S mouse','',158,'mice','0',NULL),(304,4,1,28.00,' dog with bone','',159,'dogs','0',NULL),(305,48,1,34.00,'teapot with jewels','',160,'tea time','0',NULL),(306,48,1,16.00,'teacup','',160,'tea time','0',NULL),(307,48,1,34.00,'teapot with jewels','',161,'tea time','0',NULL),(308,48,1,16.00,'teacup','',161,'tea time','0',NULL),(309,10,1,12.00,'S stars and squiggles heart','',161,'small hearts','0',NULL),(310,33,2,150.00,'flower trellis','',162,'flower trellis','0',NULL),(311,14,1,36.00,'M dragonfly with jewels','',162,'Butterflies  & dragonflies','2',NULL),(312,14,1,48.00,'M butterfly with jewels','',162,'Butterflies  & dragonflies','2',NULL),(313,31,1,30.00,'frog prince','',163,'enchanted pond','0',NULL),(314,44,6,8.00,'S star','',164,'small celestial','0',NULL),(315,44,4,10.00,'S moon','',164,'small celestial','0',NULL),(316,44,5,12.00,'S squiggly sun','',164,'small celestial','0',NULL),(317,43,1,26.00,'hand with heart','',164,'wacky','0',NULL),(318,43,1,36.00,'face with glasses','',164,'wacky','0',NULL),(319,43,1,36.00,'face with glasses','',164,'wacky','0',NULL),(320,33,2,150.00,'flower trellis','',164,'flower trellis','0',NULL),(321,25,1,68.00,'L double daisy with jewel','',164,'large double daisy','0',NULL),(322,23,1,18.00,'S flower','',164,'small flowers','0',NULL),(323,23,3,20.00,' S flower with jewel','',164,'small flowers','0',NULL),(324,54,3,18.00,'','',164,'Small Butterflies','0',NULL),(325,13,1,30.00,'M swirls with jewels heart','',164,'medium hearts','0',NULL),(326,13,1,24.00,'M stars and spirals heart','',164,'medium hearts','0',NULL),(327,10,2,14.00,'S flower heart with jewel','',164,'small hearts','0',NULL),(328,10,3,12.00,'S stars and squiggles heart','',164,'small hearts','0',NULL),(329,10,3,10.00,'S heart within a heart','',164,'small hearts','0',NULL),(330,5,3,16.00,'S snail','',164,'snails','0',NULL),(331,1,3,12.00,'S bunny','',164,'bunnies','0',NULL),(332,4,1,28.00,' dog with bone','',164,'dogs','0',NULL),(333,1,1,12.00,'S bunny','',165,'bunnies','0',NULL),(334,5,1,16.00,'S snail','',165,'snails','0',NULL),(335,3,1,14.00,'S mouse','',165,'mice','0',NULL),(336,49,1,54.00,'on stem','',166,'caterpillars on leaves','0',NULL),(337,5,1,28.00,'Beehive snail','',167,'snails','0',NULL),(338,14,1,48.00,'M butterfly with jewels','',167,'Butterflies  & dragonflies','2',NULL),(339,18,1,36.00,'M bird on leaves with bug','',168,'birds on leaves','0',NULL),(340,50,2,20.00,'','',168,'bumbly bees','0',NULL),(341,50,1,18.00,'','',169,'Bumbly Bees','0',NULL),(342,54,2,18.00,'','',169,'Small Butterflies','0',NULL),(343,26,1,36.00,'herbs','',170,'words','0',NULL),(344,51,1,125.00,'Each panel','',171,'Rose Fence Panels','0',NULL),(345,44,1,10.00,'S moon','',172,'small celestial','0',NULL),(346,44,1,10.00,'S star','',172,'small celestial','0',NULL),(347,44,1,12.00,'S squiggly sun','',172,'small celestial','0',NULL),(348,4,1,28.00,'','',173,'Dog with Bone','0',NULL),(349,33,1,150.00,'flower trellis','',174,'flower trellis','0',NULL),(350,51,1,125.00,'Each panel','',174,'Rose Fence Panels','0',NULL),(351,54,6,18.00,'','',175,'Small Butterflies','0',NULL),(352,54,3,18.00,'','',176,'Small Butterflies','0',NULL),(353,52,2,120.00,' Flower table','',177,'Leaf and Flower Tables','0',NULL),(354,52,1,120.00,'Leaf table','',177,'Leaf and Flower Tables','0',NULL),(355,48,1,16.00,'teacup','',178,'tea time','0',NULL),(356,48,1,34.00,'teapot with jewels','',178,'tea time','0',NULL),(357,25,1,68.00,'L double daisy with jewel','',179,'large double daisy','0',NULL),(358,49,1,54.00,' on leaf','',179,'caterpillars on leaves','0',NULL),(359,18,2,36.00,'','',179,'Bird on Leaves','0',NULL),(360,54,2,18.00,'','',179,'Small Butterflies','0',NULL),(361,10,1,14.00,'S flower heart with jewel','',179,'small hearts','0',NULL),(362,50,2,18.00,'','',179,'Bumbly Bees','0',NULL),(363,49,1,54.00,'on stem','',179,'caterpillars on leaves','0',NULL),(364,23,2,18.00,'S flower','',179,'small flowers','0',NULL),(365,1,1,12.00,'S bunny','',180,'bunnies','0',NULL),(366,13,1,24.00,'M stars and spirals heart','',181,'medium hearts','0',NULL),(367,54,1,18.00,'','',181,'Small Butterflies','0',NULL),(368,2,1,28.00,' kitty with jewel','',181,'kitties','0',NULL),(369,35,1,85.00,'dog trellis','',182,'dog trellis','0',NULL),(370,64,1,52.00,' Flame (pair)','',183,'Wrought Iron Candle Sconces','0',NULL),(371,64,1,52.00,'Fleur (pair)','',183,'Wrought Iron Candle Sconces','0',NULL),(372,14,3,48.00,'M butterfly with jewels','',184,'Butterflies  & dragonflies','2',NULL),(373,54,3,18.00,'','',185,'Small Butterflies','0',NULL),(374,10,1,12.00,'S stars and squiggles heart','',186,'small hearts','0',NULL),(375,44,2,10.00,'S moon','',187,'small celestial','0',NULL),(376,44,2,10.00,'S star','',187,'small celestial','0',NULL),(377,44,2,12.00,'S squiggly sun','',187,'small celestial','0',NULL),(378,43,2,26.00,'hand with heart','',187,'wacky','0',NULL),(379,43,2,36.00,'face with glasses','',187,'wacky','0',NULL),(380,29,2,140.00,'','',187,'vase of roses','0',NULL),(381,54,3,18.00,'','',187,'Small Butterflies','0',NULL),(382,43,2,36.00,' phone','',187,'wacky','0',NULL),(383,1,1,38.00,'L bunny with jewel','',187,'bunnies','0',NULL),(384,7,1,30.00,' Frog Prince','',187,'Frogs','0',NULL),(385,19,1,48.00,'','',187,'hummingbird on rose','0',NULL),(386,4,2,28.00,'','',187,'Dog with Bone','0',NULL),(387,14,2,48.00,'M butterfly with jewels','',187,'Butterflies  & dragonflies','2',NULL),(389,54,1,18.00,'','',188,'Small Butterflies','0',NULL),(388,50,1,18.00,'','',188,'Bumbly Bees','0',NULL),(390,7,1,22.00,' Leaping Frog','',189,'Frogs','0',NULL),(391,7,1,30.00,' Frog Prince','',189,'Frogs','0',NULL),(392,12,1,75.00,'L heart with leaves and jewels','',190,'large heart','0',NULL),(393,19,1,48.00,'','',191,'hummingbird on rose','0',NULL),(394,7,1,30.00,' Frog Prince','',192,'Frogs','0',NULL),(395,18,1,36.00,'','',193,'Bird on Leaves','0',NULL),(396,14,1,36.00,'M dragonfly with jewels','',193,'Butterflies  & dragonflies','2',NULL),(397,14,2,48.00,'M butterfly with jewels','',193,'Butterflies  & dragonflies','2',NULL),(398,48,1,16.00,'teacup','',193,'tea time','0',NULL),(399,48,1,34.00,'teapot with jewels','',193,'tea time','0',NULL),(400,43,1,36.00,'face with glasses','',194,'wacky','0',NULL),(401,48,4,16.00,'teacup','',195,'tea time','0',NULL),(402,44,2,10.00,'S star','',196,'small celestial','0',NULL),(403,44,1,12.00,'S squiggly sun','',196,'small celestial','0',NULL),(404,29,1,140.00,'','',196,'vase of roses','0',NULL),(405,23,1,20.00,' S flower with jewel','',196,'small flowers','0',NULL),(406,23,1,18.00,'S flower','',196,'small flowers','0',NULL),(407,44,1,10.00,'S moon','',196,'small celestial','0',NULL),(408,20,1,18.00,'','',196,'Hummingbird','0',NULL),(409,54,3,18.00,'','',196,'Small Butterflies','0',NULL),(410,50,1,18.00,'','',196,'Bumbly Bees','0',NULL),(411,14,1,48.00,'M butterfly with jewels','',196,'Butterflies  & dragonflies','2',NULL),(412,14,1,36.00,'M dragonfly with jewels','',196,'Butterflies  & dragonflies','2',NULL),(413,10,1,12.00,'S stars and squiggles heart','',196,'small hearts','0',NULL),(414,10,1,10.00,'S heart within a heart','',196,'small hearts','0',NULL),(415,10,1,14.00,'S flower heart with jewel','',196,'small hearts','0',NULL),(416,10,1,14.00,'S open squiggly heart with jewel','',196,'small hearts','0',NULL),(417,8,1,24.00,'small turtle','',196,'Turtles','0',NULL),(418,13,1,24.00,'M stars and spirals heart','',196,'medium hearts','0',NULL),(419,7,1,26.00,'Sitting Frog','',196,'Frogs','0',NULL),(420,3,1,14.00,'S mouse','',196,'mice','0',NULL),(421,5,1,16.00,'S snail','',196,'snails','0',NULL),(422,4,1,28.00,'','',196,'Dog with Bone','0',NULL),(423,10,1,14.00,'S 3D heart within a heart with jewel','',196,'small hearts','0',NULL),(424,1,1,12.00,'S bunny','',196,'bunnies','0',NULL),(425,2,1,24.00,' kitty without jewel','',196,'kitties','0',NULL),(426,2,1,28.00,'fluffy kitty with jewel','',197,'kitties','0',NULL),(427,55,1,18.00,' heart',' greens',198,'Fan Pulls','0',NULL),(428,55,1,18.00,' star',' assorted',198,'Fan Pulls','0',NULL),(429,13,1,32.00,'M flowers and spiral heart with jewels','',198,'medium hearts','0',NULL),(430,13,1,30.00,'M swirls with jewels heart','',198,'medium hearts','0',NULL),(431,50,1,18.00,'','',199,'Bumbly Bees','0',NULL),(432,54,2,18.00,'','',199,'Small Butterflies','0',NULL),(433,7,1,26.00,'Sitting Frog','',200,'Frogs','0',NULL),(434,1,1,12.00,'S bunny','',200,'bunnies','0',NULL),(435,2,1,30.00,' kitty with crown and jewel','',200,'kitties','0',NULL),(436,14,2,48.00,'M butterfly with jewels','',201,'Butterflies  & dragonflies','2',NULL),(437,10,1,14.00,'S 3D heart within a heart with jewel','',202,'small hearts','0',NULL),(438,10,1,14.00,'S open squiggly heart with jewel','',202,'small hearts','0',NULL),(439,10,1,14.00,'S open squiggly heart with jewel','',204,'small hearts','0',NULL),(440,13,1,32.00,'M flowers and spiral heart with jewels','',204,'medium hearts','0',NULL),(441,13,1,24.00,'M stars and spirals heart','',205,'medium hearts','0',NULL),(442,10,1,14.00,'S 3D heart within a heart with jewel','',205,'small hearts','0',NULL),(443,64,1,52.00,'Fleur (pair)','',206,'Wrought Iron Candle Sconces','0',NULL),(444,43,1,36.00,' phone','',207,'wacky','0',NULL),(445,45,1,46.00,'M UFO','',207,'sun & UFO','0',NULL),(446,43,1,36.00,'face with glasses','',207,'wacky','0',NULL),(447,48,1,34.00,'teapot with jewels','',207,'tea time','0',NULL),(448,35,1,85.00,'dog trellis','',207,'dog trellis','0',NULL),(449,43,1,26.00,'hand with heart','',207,'wacky','0',NULL),(450,48,1,16.00,'teacup','',207,'tea time','0',NULL),(451,52,1,120.00,' Flower table','',208,'Leaf and Flower Tables','0',NULL),(452,14,1,36.00,'M dragonfly with jewels','',208,'Butterflies  & dragonflies','2',NULL),(453,4,1,28.00,'','',208,'Dog with Bone','0',NULL),(454,2,1,30.00,' kitty with crown and jewel','',208,'kitties','0',NULL),(455,7,1,22.00,' Leaping Frog','',208,'Frogs','0',NULL),(456,7,1,30.00,' Frog Prince','',208,'Frogs','0',NULL),(457,7,1,26.00,'Sitting Frog','',208,'Frogs','0',NULL),(458,1,1,38.00,'L bunny with jewel','',208,'bunnies','0',NULL),(459,60,3,34.00,'','',208,'Sun Wall Planter','0',NULL),(460,59,3,34.00,'','',208,'Bunny Wall Planter','0',NULL),(461,54,1,18.00,'','',208,'Small Butterflies','0',NULL),(462,50,1,18.00,'','',208,'Bumbly Bees','0',NULL),(463,26,2,36.00,'grow','',208,'words','0',NULL),(464,29,1,140.00,'','',208,'vase of roses','0',NULL),(465,26,1,38.00,'garden','',208,'words','0',NULL),(466,60,1,34.00,'','',209,'Sun Wall Planter','0',NULL),(467,48,1,16.00,'teacup','',210,'tea time','0',NULL),(468,48,1,34.00,'teapot with jewels','',210,'tea time','0',NULL),(469,43,1,36.00,' phone','',211,'wacky','0',NULL),(470,33,1,150.00,'flower trellis','',211,'flower trellis','0',NULL),(471,43,1,26.00,'hand with heart','',211,'wacky','0',NULL),(472,43,1,36.00,'face with glasses','',211,'wacky','0',NULL),(473,5,1,16.00,'S snail','',211,'snails','0',NULL),(474,5,1,28.00,'Beehive snail','',211,'snails','0',NULL),(475,7,1,22.00,' Leaping Frog','',211,'Frogs','0',NULL),(476,7,1,30.00,' Frog Prince','',211,'Frogs','0',NULL),(477,52,1,120.00,' Flower table','',211,'Leaf and Flower Tables','0',NULL),(478,7,1,26.00,'Sitting Frog','',211,'Frogs','0',NULL),(479,52,1,120.00,'Leaf table','',211,'Leaf and Flower Tables','0',NULL),(480,1,2,12.00,'S bunny','',212,'bunnies','0',NULL),(481,50,2,18.00,'','',212,'Bumbly Bees','0',NULL),(482,30,2,52.00,'','',212,'Welcome Banner','0',NULL),(483,26,2,36.00,'herbs','',212,'words','0',NULL),(484,23,3,20.00,' S flower with jewel','',212,'small flowers','0',NULL),(485,20,1,18.00,'','',212,'Hummingbird','0',NULL),(486,19,1,48.00,'','',212,'hummingbird on rose','0',NULL),(487,18,1,36.00,'','',212,'Bird on Leaves','0',NULL),(488,14,1,48.00,'M butterfly with jewels','',212,'Butterflies  & dragonflies','2',NULL),(489,7,2,22.00,' Leaping Frog','',212,'Frogs','0',NULL),(490,4,2,28.00,'','',212,'Dog with Bone','0',NULL),(491,2,2,30.00,' kitty with crown and jewel','',212,'kitties','0',NULL),(492,1,1,38.00,'L bunny with jewel','',212,'bunnies','0',NULL),(493,45,1,46.00,'M UFO','',213,'sun & UFO','0',NULL),(494,27,1,34.00,'M sunflower','',213,'sunflowers','0',NULL),(495,50,3,18.00,'','',213,'Bumbly Bees','0',NULL),(496,14,3,36.00,'M dragonfly with jewels','',213,'Butterflies  & dragonflies','2',NULL),(497,14,3,48.00,'M butterfly with jewels','',213,'Butterflies  & dragonflies','2',NULL),(498,13,1,32.00,'M flowers and spiral heart with jewels','',213,'medium hearts','0',NULL),(499,13,1,30.00,'M swirls with jewels heart','',213,'medium hearts','0',NULL),(500,11,1,46.00,'M squiggly heart on wiggly stick with jewels','',213,'wiggly heart','0',NULL),(501,10,2,14.00,'S flower heart with jewel','',213,'small hearts','0',NULL),(502,10,3,14.00,'S open squiggly heart with jewel','',213,'small hearts','0',NULL),(503,25,1,68.00,'L double daisy with jewel','',213,'large double daisy','0',NULL),(504,8,1,36.00,'large turtle','',213,'Turtles','0',NULL),(505,10,3,14.00,'S 3D heart within a heart with jewel','',213,'small hearts','0',NULL),(506,6,1,44.00,'L snail eating leaf','',213,'large snail','0',NULL),(507,7,1,30.00,' Frog Prince','',213,'Frogs','0',NULL),(508,5,1,28.00,'Beehive snail','',213,'snails','0',NULL),(509,4,2,28.00,'','',213,'Dog with Bone','0',NULL),(510,2,3,28.00,'fluffy kitty with jewel','',213,'kitties','0',NULL),(511,2,3,30.00,' kitty with crown and jewel','',213,'kitties','0',NULL),(512,1,1,12.00,'S bunny','',213,'bunnies','0',NULL),(513,1,1,38.00,'L bunny with jewel','',213,'bunnies','0',NULL),(514,33,1,150.00,'flower trellis','',214,'flower trellis','0',NULL),(515,4,1,28.00,'','',215,'Dog with Bone','0',NULL),(516,43,1,36.00,' phone','',215,'wacky','0',NULL),(517,44,1,12.00,'S squiggly sun','',216,'small celestial','0',NULL),(518,56,3,42.00,'Flower','',216,'Stepping Stones','0',NULL),(519,44,2,10.00,'S moon','',216,'small celestial','0',NULL),(520,24,1,68.00,'XL starflower','',216,'flower sculptures','0',NULL),(521,5,1,28.00,'Beehive snail','',216,'snails','0',NULL),(522,2,1,24.00,' kitty without jewel','',216,'kitties','0',NULL),(523,7,1,22.00,' Leaping Frog','',216,'Frogs','0',NULL),(524,4,1,28.00,'','',216,'Dog with Bone','0',NULL),(525,27,1,42.00,'L sunflower','',216,'sunflowers','0',NULL),(526,50,2,18.00,'','',216,'Bumbly Bees','0',NULL),(527,23,1,20.00,' S flower with jewel','',216,'small flowers','0',NULL),(528,44,1,10.00,'S star','',216,'small celestial','0',NULL),(529,14,1,48.00,'M butterfly with jewels','',216,'Butterflies  & dragonflies','2',NULL),(530,19,1,48.00,'','',216,'hummingbird on rose','0',NULL),(531,18,1,36.00,'','',216,'Bird on Leaves','0',NULL),(532,54,1,18.00,'','',216,'Small Butterflies','0',NULL),(533,14,2,36.00,'M dragonfly with jewels','',216,'Butterflies  & dragonflies','2',NULL),(534,50,2,18.00,'','',217,'Bumbly Bees','0',NULL),(535,2,1,28.00,'fluffy kitty with jewel','',217,'kitties','0',NULL),(536,54,3,18.00,'','',218,'Small Butterflies','0',NULL),(537,23,3,20.00,' S flower with jewel','',219,'small flowers','0',NULL),(538,54,3,18.00,'','',219,'Small Butterflies','0',NULL),(539,4,2,28.00,'','',219,'Dog with Bone','0',NULL),(540,48,2,34.00,'teapot with jewels','',219,'tea time','0',NULL),(541,48,2,16.00,'teacup','',219,'tea time','0',NULL),(542,44,3,12.00,'S squiggly sun','',219,'small celestial','0',NULL),(543,34,1,86.00,'chair trellis','',219,'chair & snail trellises','0',NULL),(544,43,1,36.00,'face with glasses','',219,'wacky','0',NULL),(545,43,1,36.00,' phone','',219,'wacky','0',NULL),(546,48,1,34.00,'teapot with jewels','',220,'tea time','0',NULL),(547,48,1,16.00,'teacup','',220,'tea time','0',NULL),(548,54,1,18.00,'','',221,'Small Butterflies','0',NULL),(549,10,1,12.00,'S stars and squiggles heart','',221,'small hearts','0',NULL),(550,23,1,20.00,' S flower with jewel','',221,'small flowers','0',NULL),(551,64,1,52.00,'Fleur (pair)','',222,'Wrought Iron Candle Sconces','0',NULL),(552,49,1,54.00,' on leaf','',223,'caterpillars on leaves','0',NULL),(553,49,1,54.00,'on stem','',223,'caterpillars on leaves','0',NULL),(554,14,1,36.00,'M dragonfly with jewels','',223,'Butterflies  & dragonflies','2',NULL),(555,54,1,18.00,'','',224,'Small Butterflies','0',NULL),(556,55,1,18.00,' heart',' reds',225,'Fan Pulls','0',NULL),(557,55,1,18.00,' flower on stem',' purples',225,'Fan Pulls','0',NULL),(558,14,1,36.00,'M dragonfly with jewels','',225,'Butterflies  & dragonflies','2',NULL),(559,49,1,54.00,'on stem','',225,'caterpillars on leaves','0',NULL),(560,55,1,18.00,'leaf',' greens',225,'Fan Pulls','0',NULL),(561,50,3,18.00,'','',225,'Bumbly Bees','0',NULL),(562,14,1,48.00,'M butterfly with jewels','',225,'Butterflies  & dragonflies','2',NULL),(563,55,1,18.00,' dragonfly','blues',225,'Fan Pulls','0',NULL),(564,55,1,18.00,' star',' greens',225,'Fan Pulls','0',NULL),(565,42,1,56.00,'L male heebie jeebie bug with jewels','',226,'heebie jeebie bugs','0',NULL),(566,43,1,36.00,'face with glasses','',226,'wacky','0',NULL),(567,43,1,36.00,' phone','',226,'wacky','0',NULL),(568,42,1,44.00,'M heebie jeebie bug with jewels','',226,'heebie jeebie bugs','0',NULL),(569,48,1,34.00,'teapot with jewels','',226,'tea time','0',NULL),(570,48,1,16.00,'teacup','',226,'tea time','0',NULL),(571,42,1,56.00,'L female heebie jeebie bug with jewels','',226,'heebie jeebie bugs','0',NULL),(572,43,1,26.00,'hand with heart','',226,'wacky','0',NULL),(573,49,3,54.00,'on stem','',227,'caterpillars on leaves','0',NULL),(574,50,6,18.00,'','',227,'Bumbly Bees','0',NULL),(575,54,3,18.00,'','',227,'Small Butterflies','0',NULL),(576,20,3,18.00,'','',227,'Hummingbird','0',NULL),(577,14,3,48.00,'M butterfly with jewels','',227,'Butterflies  & dragonflies','2',NULL),(578,4,3,28.00,'','',227,'Dog with Bone','0',NULL),(579,14,3,36.00,'M dragonfly with jewels','',227,'Butterflies  & dragonflies','2',NULL),(580,7,3,30.00,' Frog Prince','',227,'Frogs','0',NULL),(581,48,3,34.00,'teapot with jewels','',227,'tea time','0',NULL),(582,2,3,30.00,' kitty with crown and jewel','',227,'kitties','0',NULL),(583,52,1,120.00,'Leaf table','',228,'Leaf and Flower Tables','0',NULL),(584,29,1,140.00,'','',229,'vase of roses','0',NULL),(585,54,2,18.00,'','',230,'Small Butterflies','0',NULL),(586,52,1,120.00,' Flower table','',230,'Leaf and Flower Tables','0',NULL),(587,44,2,10.00,'S star','',230,'small celestial','0',NULL),(588,44,1,10.00,'S moon','',230,'small celestial','0',NULL),(589,52,1,120.00,'Leaf table','',230,'Leaf and Flower Tables','0',NULL),(590,44,1,12.00,'S squiggly sun','',230,'small celestial','0',NULL),(591,27,1,34.00,'M sunflower','',230,'sunflowers','0',NULL),(592,18,1,36.00,'','',230,'Bird on Leaves','0',NULL),(593,23,1,20.00,' S flower with jewel','',230,'small flowers','0',NULL),(594,2,2,24.00,' kitty without jewel','',230,'kitties','0',NULL),(595,8,1,24.00,'small turtle','',230,'Turtles','0',NULL),(596,10,1,12.00,'S stars and squiggles heart','',230,'small hearts','0',NULL),(597,10,1,14.00,'S flower heart with jewel','',230,'small hearts','0',NULL),(598,7,1,26.00,'Sitting Frog','',230,'Frogs','0',NULL),(599,5,1,16.00,'S snail','',230,'snails','0',NULL),(600,50,2,18.00,'','',230,'Bumbly Bees','0',NULL),(601,20,1,18.00,'','',230,'Hummingbird','0',NULL),(602,1,1,12.00,'S bunny','',230,'bunnies','0',NULL),(603,4,2,28.00,'','',230,'Dog with Bone','0',NULL),(604,3,1,14.00,'S mouse','',231,'mice','0',NULL),(605,45,1,46.00,'M UFO','',231,'sun & UFO','0',NULL),(606,19,1,48.00,'','',231,'hummingbird on rose','0',NULL),(607,4,1,28.00,'','',232,'Dog with Bone','0',NULL),(608,35,1,85.00,'dog trellis','',232,'dog trellis','0',NULL),(609,43,2,26.00,'hand with heart','',233,'wacky','0',NULL),(610,10,2,14.00,'S open squiggly heart with jewel','',234,'small hearts','0',NULL),(611,13,2,30.00,'M swirls with jewels heart','',234,'medium hearts','0',NULL),(612,44,3,10.00,'S moon','',234,'small celestial','0',NULL),(613,4,5,28.00,'','',234,'Dog with Bone','0',NULL),(614,26,2,38.00,'garden','',234,'words','0',NULL),(615,26,2,36.00,'grow','',234,'words','0',NULL),(616,64,2,52.00,'Fleur (pair)','',234,'Wrought Iron Candle Sconces','0',NULL),(617,26,2,36.00,'herbs','',234,'words','0',NULL),(618,56,1,42.00,' Leaf','',235,'Stepping Stones','0',NULL),(619,56,1,42.00,'Flower','',235,'Stepping Stones','0',NULL),(620,57,1,18.00,'1-9 sections each','',236,'Mission Edging','0',NULL),(621,56,5,42.00,' Leaf','',237,'Stepping Stones','0',NULL),(622,49,1,54.00,'on stem','',237,'caterpillars on leaves','0',NULL),(623,56,5,42.00,'Flower','',237,'Stepping Stones','0',NULL),(624,3,1,14.00,'S mouse','',238,'mice','0',NULL),(625,3,1,36.00,'L mouse','',238,'mice','0',NULL),(626,2,1,24.00,' kitty without jewel','',239,'kitties','0',NULL),(627,59,1,34.00,'','',239,'Bunny Wall Planter','0',NULL),(628,62,1,28.00,'','',239,'Crescent Shelf','0',NULL),(629,11,1,46.00,'M squiggly heart on wiggly stick with jewels','',240,'wiggly heart','0',NULL),(630,1,1,12.00,'S bunny','',241,'bunnies','0',NULL),(631,7,1,22.00,' Leaping Frog','',241,'Frogs','0',NULL),(632,50,2,18.00,'','',241,'Bumbly Bees','0',NULL),(633,48,2,34.00,'teapot with jewels','',242,'tea time','0',NULL),(634,14,1,36.00,'M dragonfly with jewels','',242,'Butterflies  & dragonflies','2',NULL),(635,2,1,30.00,' kitty with crown and jewel','',242,'kitties','0',NULL),(636,4,1,28.00,'','',242,'Dog with Bone','0',NULL),(637,34,1,86.00,'chair trellis','',242,'chair & snail trellises','0',NULL),(638,1,2,38.00,'L bunny with jewel','',242,'bunnies','0',NULL),(639,30,2,52.00,'','',242,'Welcome Banner','0',NULL),(640,1,2,12.00,'S bunny','',242,'bunnies','0',NULL),(641,48,1,16.00,'teacup','',242,'tea time','0',NULL),(642,13,1,24.00,'M stars and spirals heart','',242,'medium hearts','0',NULL),(643,13,1,30.00,'M swirls with jewels heart','',242,'medium hearts','0',NULL),(644,13,1,32.00,'M flowers and spiral heart with jewels','',242,'medium hearts','0',NULL),(645,10,1,14.00,'S open squiggly heart with jewel','',242,'small hearts','0',NULL),(646,10,1,14.00,'S 3D heart within a heart with jewel','',242,'small hearts','0',NULL),(647,10,1,14.00,'S flower heart with jewel','',242,'small hearts','0',NULL),(648,43,1,26.00,'hand with heart','',242,'wacky','0',NULL),(649,54,3,18.00,'','',243,'Small Butterflies','0',NULL),(650,33,1,150.00,'flower trellis','',243,'flower trellis','0',NULL),(651,23,3,18.00,'S flower','',243,'small flowers','0',NULL);

--
-- Table structure for table `Shipping`
--

CREATE TABLE `Shipping` (
  `carrier` tinytext,
  `method` tinytext,
  `weight` double(16,2) DEFAULT NULL,
  `price` double(16,2) DEFAULT NULL,
  `record_type` tinyint(4) NOT NULL DEFAULT '0',
  `id` int(11) NOT NULL AUTO_INCREMENT,
  `code` varchar(5) DEFAULT NULL,
  `class` varchar(5) DEFAULT NULL,
  PRIMARY KEY (`id`)
) ENGINE=MyISAM AUTO_INCREMENT=44 DEFAULT CHARSET=latin1 PACK_KEYS=1;

--
-- Dumping data for table `Shipping`
--

INSERT INTO `Shipping` VALUES (NULL,'flat_markup',NULL,5.00,3,35,NULL,NULL),(NULL,NULL,50.00,12.00,5,42,NULL,NULL),(NULL,'Standard Shipping',2.00,12.00,2,15,NULL,NULL),(NULL,'Standard Shipping',0.00,0.00,2,13,NULL,NULL),(NULL,'Standard Shipping',1.00,8.00,2,14,NULL,NULL),(NULL,NULL,75.00,15.00,5,41,NULL,NULL),(NULL,NULL,100.00,18.00,5,40,NULL,NULL),(NULL,NULL,125.00,21.00,5,39,NULL,NULL),(NULL,NULL,150.00,24.00,5,38,NULL,NULL),(NULL,NULL,175.00,27.00,5,37,NULL,NULL),(NULL,NULL,200.00,30.00,5,36,NULL,NULL),(NULL,NULL,0.00,8.00,5,43,NULL,NULL);

--
-- Table structure for table `Shopping`
--

CREATE TABLE `Shopping` (
  `ID` int(11) NOT NULL AUTO_INCREMENT,
  `product` int(11) NOT NULL DEFAULT '0',
  `session` int(11) NOT NULL DEFAULT '0',
  `quantity` int(11) NOT NULL DEFAULT '0',
  `label1` tinytext,
  `sitename` tinytext,
  `label2` tinytext,
  PRIMARY KEY (`ID`),
  KEY `ID` (`ID`)
) ENGINE=MyISAM AUTO_INCREMENT=37 DEFAULT CHARSET=latin1 PACK_KEYS=1;

--
-- Dumping data for table `Shopping`
--


--
-- Dumping events for database 'apparatusiron'
--

--
-- Dumping routines for database 'apparatusiron'
--


