--
-- Host: localhost    Database: bongie
-- ------------------------------------------------------


--
-- Table structure for table `Category`
--

CREATE TABLE `Category` (
  `ID` int(11) NOT NULL AUTO_INCREMENT,
  `protected` int(11) NOT NULL DEFAULT '0',
  `display` int(11) NOT NULL DEFAULT '0',
  `next` int(11) NOT NULL DEFAULT '0',
  `child` int(11) NOT NULL DEFAULT '0',
  `description` blob,
  `short_description` blob,
  `name` varchar(50) DEFAULT NULL,
  `image` varchar(50) DEFAULT NULL,
  `old_id` smallint(4) NOT NULL DEFAULT '0',
  PRIMARY KEY (`ID`),
  KEY `ID` (`ID`)
) ENGINE=MyISAM AUTO_INCREMENT=31 DEFAULT CHARSET=latin1;

--
-- Dumping data for table `Category`
--

INSERT INTO `Category` VALUES (1,0,0,0,18,NULL,NULL,'Top Level',NULL,0),(18,0,3,0,19,'BongieBoo Cards are provided for any occasion. Printed on fine quality MOAB paper, measuring 5 3/8 x 4 2/8 offering a white border and print size of 4 3/8 x 2 7/8. Supplied with bright white envelope in a clear presentation sleeve. Supplied as individual cards or beautiful gift set collections supplied in strong clear gift box. BongieBoo is trademark protected.',NULL,'Fine Cards, Prints Books & Collectables','Cards004.jpg',0),(19,0,5,20,0,'',NULL,'Landscape','6563.jpg',0),(20,0,5,22,0,'',NULL,'Flowers','5662b.jpg',0),(22,0,5,26,0,'',NULL,'Places','6562.jpg',0),(24,0,5,27,0,'',NULL,'Special Occasions','6551.jpg',0),(25,0,5,28,0,'',NULL,'14 Days Project','5705.jpg',0),(26,0,5,24,0,'',NULL,'Animals','5654.jpg',0),(27,0,5,25,0,'',NULL,'Holidays','6566.jpg',0),(28,0,5,29,0,'',NULL,'Abstract','',0),(29,0,3,0,30,'Seminal books and publications.',NULL,'Books','',0),(30,0,3,0,0,'',NULL,'Spirituality','',0);

--
-- Table structure for table `Inventory`
--

CREATE TABLE `Inventory` (
  `ID` int(11) NOT NULL AUTO_INCREMENT,
  `productID` int(11) NOT NULL DEFAULT '0',
  `categoryID` int(11) NOT NULL DEFAULT '0',
  PRIMARY KEY (`ID`),
  KEY `categoryID` (`categoryID`),
  KEY `ID` (`ID`)
) ENGINE=MyISAM AUTO_INCREMENT=247 DEFAULT CHARSET=latin1;

--
-- Dumping data for table `Inventory`
--

INSERT INTO `Inventory` VALUES (1,1,6),(40,2,10),(31,3,10),(38,4,10),(32,6,10),(33,7,10),(56,26,24),(70,25,24),(37,10,16),(110,57,26),(34,12,9),(41,13,16),(42,14,11),(43,15,11),(45,16,10),(46,17,11),(47,18,11),(48,19,11),(49,20,11),(177,21,20),(73,38,26),(52,23,20),(178,24,20),(106,27,19),(153,74,27),(59,29,24),(60,30,22),(61,31,22),(179,32,20),(63,33,22),(234,34,22),(65,35,22),(67,36,25),(68,37,20),(244,39,19),(240,40,19),(238,41,19),(93,42,25),(94,43,25),(95,44,25),(96,45,25),(97,46,25),(98,47,25),(99,48,25),(100,49,25),(101,50,25),(246,51,25),(103,52,25),(90,53,25),(91,54,25),(92,55,25),(239,56,19),(195,102,20),(196,103,24),(245,60,26),(186,62,24),(127,63,26),(194,101,24),(197,104,24),(129,67,24),(198,105,24),(132,69,24),(241,70,19),(233,71,22),(137,72,24),(138,73,19),(231,75,22),(232,76,22),(200,106,20),(236,78,22),(147,79,28),(148,80,27),(149,81,27),(243,82,19),(235,83,22),(242,84,19),(157,85,24),(193,86,19),(160,88,23),(162,90,23),(163,91,23),(164,92,23),(199,94,27),(237,95,22),(175,97,24),(174,98,24),(183,99,27),(185,100,27),(201,107,20),(203,108,24),(204,109,24),(205,110,24),(206,111,19),(207,112,24),(209,113,27),(210,114,24),(211,115,27),(212,116,24),(213,117,27),(214,118,24),(215,119,24),(216,120,24),(217,121,24),(219,122,24),(220,123,27),(221,124,27),(222,125,22),(223,126,27),(224,127,24),(225,128,27),(226,129,24),(227,130,24);

--
-- Table structure for table `Invoice`
--

CREATE TABLE `Invoice` (
  `ID` int(11) NOT NULL AUTO_INCREMENT,
  `date` datetime DEFAULT NULL,
  `purchasedby` int(11) NOT NULL DEFAULT '0',
  `deliverto` int(11) NOT NULL DEFAULT '0',
  `processed` int(11) NOT NULL DEFAULT '0',
  `shiptype` varchar(50) DEFAULT NULL,
  `shipcost` double(8,2) NOT NULL DEFAULT '0.00',
  `comment` blob,
  `cart_total` double(8,2) DEFAULT NULL,
  `tax` double(8,2) DEFAULT NULL,
  PRIMARY KEY (`ID`),
  KEY `ID` (`ID`)
) ENGINE=MyISAM DEFAULT CHARSET=latin1;

--
-- Dumping data for table `Invoice`
--


--
-- Table structure for table `Page`
--

CREATE TABLE `Page` (
  `ID` int(11) NOT NULL AUTO_INCREMENT,
  `body` blob,
  `template` int(11) NOT NULL DEFAULT '0',
  `type` int(11) NOT NULL DEFAULT '0',
  `image` varchar(255) DEFAULT NULL,
  `label` varchar(50) DEFAULT NULL,
  `featured` varchar(255) DEFAULT NULL,
  `title` varchar(255) DEFAULT NULL,
  `linkname` varchar(50) DEFAULT NULL,
  `link` varchar(255) DEFAULT NULL,
  PRIMARY KEY (`ID`),
  KEY `ID` (`ID`)
) ENGINE=MyISAM AUTO_INCREMENT=17 DEFAULT CHARSET=latin1;

--
-- Dumping data for table `Page`
--

INSERT INTO `Page` VALUES (1,'BongieBoo',2,0,'Cards004.jpg','','','Home',NULL,NULL),(2,'RETURN & REFUND POLICY Sales are usually final. Please note that Gibbons Media (UK) Limited does not permit the return of or offer refunds for some art works or dvd/cd titles. Due to Gibbons Media (UK) Limited return policy, it is important that all orders submitted be accurate. Our merchant card services are handled by PAYPAL with full security features. You may pay by credit card. At the time your order is placed, Gibbons Media (UK) Limited obtains a an approval from the credit card company for the amount of the order. The BongieBoo Store accepts Visa, MasterCard, American Express and Discover cards. PLEASE NOTE: - Debit cards and check cards have daily spending limits which may substantially delay the processing of your order. We may require the credit card security code for your card for any telephone or online purchase. The credit card security code is an individual three- or four-digit number specific to your credit card that may be printed on the face of your card above the embossed account number (if American Express), or on the back of your card, on the signature panel (if Visa, MasterCard or Discover). Asking for and confirming your credit card\'s security code helps validate that you - and only you - are in the possession of your credit card and protects you from unauthorized use of your account. Note for UK customers the standard rate of VAT is included in the price. For US or non-european countries VAT will not usually be charged. SHIPPING OPTIONS: Undeliverable Packages: Occasionally packages are returned to us as undeliverable. When the carrier returns an undeliverable package to us, please contact us to make arrangements for reshipment. Failed Delivery Attempts: Most of our carriers make three attempts to deliver a package. After three delivery attempts, the package will be returned to us. ORDER PROCESSING The estimated shipment date on your order is based on product availability, payment processing time, and warehouse processing time and does not include transit time. Payment processing will not begin until we receive all the information we need and full payment or a full authorization, in the case of credit, debit card or echeck. Orders placed on the weekend or on a holiday will not ship until the next working day.will begin payment processing the next business day. Orders for in-stock items that are eligible for same-day shipping are subject to carrier last pick-up times, pending payment processing. Unanticipated changes in supply can affect product availability. Please confirm the estimated shipping lead time at the \"Review Your Order\" page for the most current availability information. Business days are Monday through Friday, excluding federal or bank holidays holidays. Some of our products are shipped from our international locations. Overnight shipping is not available on products shipped from outside the United States. PRODUCT AVAILABILITY Order lead time is the length of time it will take us to validate your credit card, assemble the right products and package your order. A Shipping time is the length of time it will take for the package to travel from our warehouse to your shipping address. BongieBoo makes every effort to ship your product according to the estimated lead times provided by our Store at checkout. The estimated lead times are in business days (Monday through Friday) excluding Federal Reserve or bank holidays. Lead times will begin the following business day for orders placed and credit cleared after 2 p.m. local time at fulfillment location. Lead times quoted on the checkout page are for orders that are partially shipped - meaning items ship as soon as they are available. If you have requested a complete shipment, please add 3-4 additional days for transportation and order consolidation processing. Although every effort is made to ship your order according to the lead time provided, shipping dates may change due to changes in supply. If the lead time changes, BongieBoo will contact you via email and provide a revised shipping estimate. OTHER TERMS AND CONDITIONS * BongieBoo is not responsible for typographical errors. * BongieBoo reserves the right to change the terms and conditions of sale at the Store at any time.\r\n',1,1,'',NULL,NULL,'Sales & Returns Policy','Sales & Returns Policy',NULL),(6,NULL,0,2,NULL,NULL,NULL,NULL,'DGNetworks','http://www.davidgibbons.org/'),(7,NULL,0,2,NULL,NULL,NULL,NULL,'Universal One Broadcasting','http://universalone.tv/'),(8,NULL,0,2,NULL,NULL,NULL,NULL,'',''),(9,NULL,0,2,NULL,NULL,NULL,NULL,'',''),(10,NULL,0,2,NULL,NULL,NULL,NULL,'',''),(11,NULL,0,2,NULL,NULL,NULL,NULL,'',''),(12,NULL,0,2,NULL,NULL,NULL,NULL,'',''),(13,NULL,0,2,NULL,NULL,NULL,NULL,'',''),(14,NULL,0,2,NULL,NULL,NULL,NULL,'',''),(15,NULL,0,2,NULL,NULL,NULL,NULL,'','');

--
-- Table structure for table `Product`
--

CREATE TABLE `Product` (
  `ID` int(11) NOT NULL AUTO_INCREMENT,
  `name` varchar(100) DEFAULT NULL,
  `sku` varchar(30) DEFAULT NULL,
  `short_description` blob,
  `linkname` varchar(50) DEFAULT NULL,
  `link` blob,
  `alloworder` smallint(6) DEFAULT NULL,
  `instock` smallint(6) DEFAULT NULL,
  `label1` varchar(50) DEFAULT NULL,
  `label2` varchar(50) DEFAULT NULL,
  `price` double(8,2) NOT NULL DEFAULT '0.00',
  `list1` longblob,
  `list2` longblob,
  `image` varchar(255) DEFAULT NULL,
  `prices` longblob,
  `weight` double(8,4) NOT NULL DEFAULT '0.0000',
  `display` int(11) NOT NULL DEFAULT '0',
  `quantity` int(11) NOT NULL DEFAULT '0',
  `long_description` blob,
  `shipcost` float(10,2) NOT NULL DEFAULT '0.00',
  `number` smallint(6) NOT NULL DEFAULT '0',
  `notax` smallint(6) DEFAULT NULL,
  `inactive` smallint(6) DEFAULT NULL,
  PRIMARY KEY (`ID`),
  KEY `ID` (`ID`)
) ENGINE=MyISAM AUTO_INCREMENT=131 DEFAULT CHARSET=latin1;

--
-- Dumping data for table `Product`
--

INSERT INTO `Product` VALUES (1,'Easter','5632','Theme: Easter. No message',NULL,NULL,1,1,'','',0.00,'','','','',0.0000,1,1,'',0.00,1,NULL,NULL),(2,'Sunflowers, France','5631','Sunflowers, Southern France 2003 Price $3.50.',NULL,NULL,1,1,'Total Price including USPS First Class Mail','',0.00,'Single Card, 10 Card Gift Set ','','5631.jpg','5.12, 35.50',0.0000,1,1,'Sunflowers, Southern France 2003 Price $3.50.',0.00,2,NULL,NULL),(3,'5632 Coming Soon!','5632','5632 Coming Soon! Price $3.50.',NULL,NULL,1,1,'Total Price including USPS First Class Mail','',0.00,'Single Card, 10 Card Gift Set ','','','5.12, 35.50',0.0000,1,1,'Coming Soon! Price $3.50.',0.00,3,NULL,NULL),(4,'Summer Flowers','5633','Summer Flowers, Photography by Dana Hursey, California Price $3.50',NULL,NULL,1,1,'Total Price including USPS First Class Mail','',0.00,'Single Card, 10 Card Gift Set ','','5633.jpg','5.12, 35.50',0.0000,1,1,'Summer Flowers, Photography by Dana Hursey, California Price $3.50.',0.00,4,NULL,NULL),(6,'5634 Coming Soon!','5634','5634 Coming Soon! Price $3.50.',NULL,NULL,1,1,'Total Price including USPS First Class Mail','',0.00,'Single Card, 10 Card Gift Set ','','','5.12, 35.50',0.0000,1,1,'5634 Coming Soon! Price $3.50.',0.00,6,NULL,NULL),(7,'5635 Coming Soon!','5635','5635 Coming Soon! Price $3.50.',NULL,NULL,1,1,'Total Price including USPS First Class Mail','',0.00,'Single Card, 10 Card Gift Set ','','','5.12, 35.50',0.0000,1,1,'5635 Coming Soon! Price $3.50.',0.00,7,NULL,NULL),(8,'Colorful Flowers, Photography by Dana Hursey','5636','Colorful Flowers, Photography by Dana Hursey, California Price $3.50.',NULL,NULL,1,1,'Total Price including USPS First Class Mail','',0.00,'Single Card, 10 Card Gift Set ','','5636.jpg','5.12, 35.50',0.0000,1,1,'Colorful Flowers, Photography by Dana Hursey, California Price $3.50.',0.00,8,NULL,NULL),(9,'Summer Rose','5637','Summer Rose, Dana Hursey Photography, California Price $3.50.',NULL,NULL,1,1,'Total Price including USPS First Class Mail','',0.00,'Single Card, 10 Card Gift Set ','','5637.jpg','5.12, 35.50',0.0000,1,1,'Summer Rose, Dana Hursey Photography, California Price $3.50.',0.00,9,NULL,NULL),(10,'Special Occasion','5639','Special Occasion Card with text \"Congratulations\" overlay on photograph. Price $3.50.',NULL,NULL,1,1,'Total Price including USPS First Class Mail','',0.00,'Single Card, 10 Card Gift Set ','','5639.jpg','5.12, 35.50',0.0000,1,1,'Special Occasion Card with text \"Congratulations\" overlay on photograph. Price $3.50.',0.00,10,NULL,NULL),(11,'Arizona Sunset','5640','Arizona Sunset, 2002 Price $3.50.',NULL,NULL,1,1,'Total Price including mailing options','',0.00,'Single Card (North America ONLY by USPS), 10 Card Gift Set (North America USPS), 10 Card Gift Set (Europe USPS)','','5640.jpg','5.12, 35.50, 42.00',0.0000,1,1,'Arizona Sunset, 2002 Price $3.50.',0.00,11,NULL,NULL),(12,'5641 Coming Soon!','5641','5641 Coming Soon! Price $3.50',NULL,NULL,1,1,'Total Price including USPS First Class Mail','',0.00,'Single Card, 10 Card Gift Set ','','','5.12, 35.50',0.0000,1,1,'5641 Coming Soon! Price $3.50.',0.00,12,NULL,NULL),(25,'Bassett Hound','5638','Bassett Hound, Text Overlay, Happy Birthday! Dana Hursey Photography $3.50',NULL,NULL,1,1,'Total Price including USPS First Class Mail','',0.00,'Single Card, 10 Card Gift Set ','','5638.jpg','5.12, 35.50',0.0000,1,1,'Bassett Hound, Happy Birthday! Dana Hursey Photography $3.50',0.00,23,NULL,NULL),(13,'Welcome to your new home','5642','Welcome to your new home. Price $3.50.',NULL,NULL,1,1,'Total Price including USPS First Class Mail','',0.00,'Single Card, 10 Card Gift Set ','','5642.jpg','5.12, 35.50',0.0000,1,1,'Welcome to your new home. Price $3.50.',0.00,13,NULL,NULL),(14,'The Cross, New Mexico','5643','The Cross, New Mexico Price $3.50.',NULL,NULL,1,1,'Total Price including USPS First Class Mail','',0.00,'Single Card, 10 Card Gift Set ','','5643.jpg','5.12, 35.50',0.0000,1,1,'The Cross, New Mexico Price $3.50.',0.00,14,NULL,NULL),(15,'Old London Buses','5644','Old London Bus Price $3.50.',NULL,NULL,1,1,'Total Price including USPS First Class Mail','',0.00,'Single Card, 10 Card Gift Set ','','5644.jpg','5.12, 35.50',0.0000,1,1,'Old London Bus Price $3.50',0.00,15,NULL,NULL),(16,'Sunflowers, France','5644','Sunflowers, France 2003 Price $3.50.',NULL,NULL,1,1,'Total Price including USPS First Class Mail','',0.00,'Single Card, 10 Card Gift Set ','','5645.jpg','5.12, 35.50',0.0000,1,1,'Sunflowers, France 2003 Price $3.50.',0.00,16,NULL,NULL),(17,'5646 Coming Soon!','5646 Coming Soon!','5646 Coming Soon!',NULL,NULL,1,1,'Total Price including USPS First Class Mail','',0.00,'Single Card, 10 Card Gift Set ','','','5.12, 35.50',0.0000,1,1,'5646 Coming Soon!',0.00,17,NULL,NULL),(18,'Old Town, Scottsdale Arizona','5647','Old Town Scottsdale, Arizona Price $3.50.',NULL,NULL,1,1,'Total Price including USPS First Class Mail','',0.00,'Single Card, 10 Card Gift Set ','','5647.jpg','5.12, 35.50',0.0000,1,1,'Old Town Scottsdale, Arizona Price $3.50.',0.00,18,NULL,NULL),(19,'Hot Air Balloons, Arizona','5648','Hot Air Balloons, Arizona Price $3.50.',NULL,NULL,1,1,'Total Price including USPS First Class Mail','',0.00,'Single Card, 10 Card Gift Set ','','5648.jpg','5.12, 35.50',0.0000,1,1,'Hot Air Balloons, Arizona Price $3.50.',0.00,19,NULL,NULL),(20,'Desert Center, California','5649','Desert Center, California Price $3.50.',NULL,NULL,1,1,'Total Price including USPS First Class Mail','',0.00,'Single Card, 10 Card Gift Set ','','5649.jpg','5.12, 35.50',0.0000,1,1,'Desert Center, California Price $3.50.',0.00,20,NULL,NULL),(21,'Sunflowers, France','5662','Sunflowers, France 2003 $3.50.',NULL,NULL,1,1,'Total Price including USPS First Class Mail','',0.00,'Single Card, 10 Card Gift Set ','','5631.jpg','5.12, 35.50',0.0000,1,1,'Sunflowers, France 2003 $3.50.',0.00,21,0,NULL),(38,'Bassett Hound (no text overlay)','5632','Bassett Hound, No Text Overlay, Happy Birthday! Dana Hursey Photography $3.50',NULL,NULL,1,1,'Total Price including USPS First Class Mail','',0.00,'Single Card, 10 Card Gift Set ','','5632.jpg','5.12, 35.50',0.0000,1,1,'Bassett Hound, No Text Overlay, Happy Birthday! Dana Hursey Photography $3.50',0.00,38,NULL,NULL),(23,'Summer Flowers','5636','Summer Flowers, Dana Hursey Photography $3.50.',NULL,NULL,1,1,'Total Price including USPS First Class Mail','',0.00,'Single Card, 10 Card Gift Set ','','5636.jpg','5.12, 35.50',0.0000,1,1,'Summer Flowers, Dana Hursey Photography $3.50.',0.00,26,NULL,NULL),(24,'Summer Rose','5638','Summer Rose, Dana Hursey Photography, California $3.50',NULL,NULL,1,1,'Total Price including USPS First Class Mail','',0.00,'Single Card, 10 Card Gift Set ','','5637.jpg','5.12, 35.50',0.0000,1,1,'Summer Rose, Dana Hursey Photography, California $3.50',0.00,28,0,NULL),(26,'Congratulations','5639','Celebration/Text overlay \"Congratulations\" $3.50 ',NULL,NULL,1,1,'Total Price including USPS First Class Mail','',0.00,'Single Card, 10 Card Gift Set ','','5639.jpg','5.12, 35.50',0.0000,1,1,'Celebration/Text overlay \"Congratulations\" $3.50 ',0.00,24,NULL,NULL),(27,'Arizona Sunset','5640','Arizona Sunset $3.50',NULL,NULL,1,1,'Total Price including mailing options','',0.00,'Single Card (North America ONLY by USPS), 10 Card Gift Set (North America USPS), 10 Card Gift Set (Europe USPS)','','5640.jpg','5.12, 35.50, 42.00',0.0000,1,1,'Arizona Sunset $3.50',0.00,27,NULL,NULL),(74,'Sun Valley Dana Hursey Photography','5630','Sun Valley with text overlay <p>\"Christmas waves a magic wand over this world, and behold, everything is softer and more beautiful.\"  ~Norman Vincent Peale\" Dana Hursey Photography Price $3.50.',NULL,NULL,1,1,'Total Price including mailing options','',0.00,'Single Card (North America ONLY by USPS), 10 Card Gift Set (North America USPS), 10 Card Gift Set (Europe USPS)','','5630.jpg','5.12, 35.50, 42.00',0.0000,1,1,'Sun Valley with text overlay \"Christmas waves a magic wand over this world, and behold, everything is softer and more beautiful.  ~Norman Vincent Peale\" Dana Hursey Photography Price $3.50.',0.00,74,NULL,NULL),(29,'Welcome to your new home','5642','Welcome Home $3.50.',NULL,NULL,1,1,'Total Price including USPS First Class Mail','',0.00,'Single Card, 10 Card Gift Set ','','5642.jpg','5.12, 35.50',0.0000,1,1,'Welcome Home $3.50',0.00,30,NULL,NULL),(30,'The Cross, New Mexico','5643','The Cross, New Mexico $3.50.',NULL,NULL,1,1,'Total Price including USPS First Class Mail','',0.00,'Single Card, 10 Card Gift Set ','','5643.jpg','5.12, 35.50',0.0000,1,1,'The Cross, New Mexico $3.50.',0.00,31,NULL,NULL),(31,'Old London Buses','5644','Old London Buses $3.50.',NULL,NULL,1,1,'Total Price including USPS First Class Mail','',0.00,'Single Card, 10 Card Gift Set ','','5644.jpg','5.12, 35.50',0.0000,1,1,'Old London Buses $3.50.',0.00,32,NULL,NULL),(32,'Sunflowers, France','5646','Sunflowers, France $3.50.',NULL,NULL,1,1,'Total Price including USPS First Class Mail','',0.00,'Single Card, 10 Card Gift Set ','','5645.jpg','5.12, 35.50',0.0000,1,1,'Sunflowers, France $3.50.',0.00,35,0,NULL),(33,'Old Town, Scottsdale Arizona','5647','Old Town Scottsdale, Arizona $3.50.',NULL,NULL,1,1,'Total Price including USPS First Class Mail','',0.00,'Single Card, 10 Card Gift Set ','','5647.jpg','5.12, 35.50',0.0000,1,1,'Old Town Scottsdale, Arizona $3.50.',0.00,33,NULL,NULL),(34,'Balloons, New Mexico','5648','Balloons, New Mexico. $3.50.',NULL,NULL,1,1,'Total Price including USPS First Class Mail','',0.00,'Single Card, 10 Card Gift Set ','','5648.jpg','5.12, 35.50',0.0000,1,1,'Balloons, New Mexico. $3.50.',0.00,34,0,NULL),(35,'Desert Center, California','5649','Desert Center, California $3.50.',NULL,NULL,1,1,'Total Price including USPS First Class Mail','',0.00,'Single Card, 10 Card Gift Set ','','5649.jpg','5.12, 35.50',0.0000,1,1,'Desert Center, California $3.50.',0.00,36,NULL,NULL),(36,'14 Days in Great Britain - Collection Gift Set','5700','14 Days in Great Britain Collection Gift Set. 14 beautiful cards all different. Taken by official environmental photographer Dana Hursey during the film production in August 2005. Supplied in strong clear plastic presentation box. No message. $67.00.',NULL,NULL,1,1,'Total Price including USPS First Class Mail','',0.00,'14 Card Gift Set ','','Cards004.jpg','74.00',0.0000,1,1,'14 Days in Great Britain Collection Gift Set. 14 beautiful cards all different. Taken by official environmental photographer Dana Hursey during the film production in August 2005. Supplied in strong clear plastic presentation box. No message. $67.00.',0.00,37,NULL,NULL),(37,'Summer Flowers','5633','Summer Flowers, Dana Hursey Photography, California $3.50.',NULL,NULL,1,1,'Total Price including USPS First Class Mail','',0.00,'Single Card, 10 Card Gift Set ','','5633.jpg','5.12, 35.50',0.0000,1,1,'Summer Flowers, Dana Hursey Photography, California $3.50.',0.00,25,NULL,NULL),(39,'Saguaro at Dusk, Arizona','5631','Saguaro at Dusk, Arizona. Price $3.50.',NULL,NULL,1,1,'Total Price including mailing options','',0.00,'Single Card (North America ONLY by USPS), 10 Card Gift Set (North America USPS), 10 Card Gift Set (Europe USPS)','','5677.jpg','5.12, 35.50, 42.00',0.0000,1,1,'Saguaro at Dusk, Arizona. Price $3.50.',0.00,39,0,NULL),(40,'Needle Rock, Arizona','5661','Needle Rock, Arizona. $3.50.',NULL,NULL,1,1,'Total Price including mailing options','',0.00,'Single Card (North America ONLY by USPS), 10 Card Gift Set (North America USPS), 10 Card Gift Set (Europe USPS)','','5661.jpg','5.12, 35.50, 42.00',0.0000,1,1,'Needle Rock, Arizona. $3.50.',0.00,40,0,NULL),(41,'Eileen Donnan Castle, Scotland','6567','Eileen Donnan Castle, Scotland. $3.50.',NULL,NULL,1,1,'Total Price including mailing options','',0.00,'Single Card (North America ONLY by USPS), 10 Card Gift Set (North America USPS), 10 Card Gift Set (Europe USPS)','','6567.jpg','5.12, 35.50, 42.00',0.0000,1,1,'Eileen Donnan Castle, Scotland. $3.50.',0.00,41,0,NULL),(42,'Stornoway August 15, 2005','5701','Stornoway, Western Isles, August 2005. Dana Hursey Official Environmental Photographer $4.75.',NULL,NULL,1,1,'Total Price including mailing options','',0.00,'Single Card (North America ONLY by USPS), 10 Card Gift Set (North America USPS), 10 Card Gift Set (Europe USPS)','','5701.jpg','7.72, 47.50, 54.50',0.0000,1,1,'Stornoway, Western Isles, August 2005. Dana Hursey Official Environmental Photographer $4.75.',0.00,42,NULL,NULL),(43,'Inverness August 17, 2005','5702','Inverness, Highlands Scotland, August 2005. Dana Hursey Official Environmental Photographer $4.75.',NULL,NULL,1,1,'Total Price including mailing options','',0.00,'Single Card (North America ONLY by USPS), 10 Card Gift Set (North America USPS), 10 Card Gift Set (Europe USPS)','','5702.jpg','7.72, 47.50, 54.50',0.0000,1,1,'Inverness, Highlands Scotland, August 2005. Dana Hursey Official Environmental Photographer $4.75.',0.00,43,NULL,NULL),(44,'Cambridge England August 15, 2005','5703','Cambridge England, August 2005. Dana Hursey Official Environmental Photographer $4.75.',NULL,NULL,1,1,'Total Price including mailing options','',0.00,'Single Card (North America ONLY by USPS), 10 Card Gift Set (North America USPS), 10 Card Gift Set (Europe USPS)','','5703.jpg','7.72, 47.50, 54.50',0.0000,1,1,'Cambridge England, August 2005. Dana Hursey Official Environmental Photographer $4.75.',0.00,44,NULL,NULL),(45,'Swindon England August 27, 2005','5704','Swindon England, August 2005. Dana Hursey Official Environmental Photographer $4.75.',NULL,NULL,1,1,'Total Price including mailing options','',0.00,'Single Card (North America ONLY by USPS), 10 Card Gift Set (North America USPS), 10 Card Gift Set (Europe USPS)','','5704.jpg','7.72, 47.50, 54.50',0.0000,1,1,'Swindon England, August 2005. Dana Hursey Official Environmental Photographer $4.75.',0.00,45,NULL,NULL),(46,'Newcastle England August 19, 2005','5705','Newcastle England, August 2005. Dana Hursey Official Environmental Photographer $4.75.',NULL,NULL,1,1,'Total Price including mailing options','',0.00,'Single Card (North America ONLY by USPS), 10 Card Gift Set (North America USPS), 10 Card Gift Set (Europe USPS)','','5705.jpg','7.72, 47.50, 54.50',0.0000,1,1,'Newcastle England, August 2005. Dana Hursey Official Environmental Photographer $4.75.',0.00,46,NULL,NULL),(47,'Bradford England August 20, 2005','5706','Bradford England, August 2005. Dana Hursey Official Environmental Photographer $4.75.',NULL,NULL,1,1,'Total Price including mailing options','',0.00,'Single Card (North America ONLY by USPS), 10 Card Gift Set (North America USPS), 10 Card Gift Set (Europe USPS)','','5706.jpg','7.72, 47.50, 54.50',0.0000,1,1,'Bradford England, August 2005. Dana Hursey Official Environmental Photographer $4.75.',0.00,47,NULL,NULL),(48,'Liverpool England August 21, 2005','5707','Liverpool England, August 2005. Dana Hursey Official Environmental Photographer $4.75.',NULL,NULL,1,1,'Total Price including mailing options','',0.00,'Single Card (North America ONLY by USPS), 10 Card Gift Set (North America USPS), 10 Card Gift Set (Europe USPS)','','5707.jpg','7.72, 47.50, 54.50',0.0000,1,1,'Liverpool England, August 2005. Dana Hursey Official Environmental Photographer $4.75.',0.00,48,NULL,NULL),(49,'Colwyn Bay, August 22, 2005','5708','Colwyn Bay, North Wales, August 2005. Dana Hursey Official Environmental Photographer $4.75.',NULL,NULL,1,1,'Total Price including mailing options','',0.00,'Single Card (North America ONLY by USPS), 10 Card Gift Set (North America USPS), 10 Card Gift Set (Europe USPS)','','5708.jpg','7.72, 47.50, 54.50',0.0000,1,1,'Colwyn Bay, North Wales, August 2005. Dana Hursey Official Environmental Photographer $4.75.',0.00,49,NULL,NULL),(50,'Telford England August 23, 2005','5709','Telford England, August 2005. Dana Hursey Official Environmental Photographer $4.75.',NULL,NULL,1,1,'Total Price including mailing options','',0.00,'Single Card (North America ONLY by USPS), 10 Card Gift Set (North America USPS), 10 Card Gift Set (Europe USPS)','','5709.jpg','7.72, 47.50, 54.50',0.0000,1,1,'Telford England, August 2005. Dana Hursey Official Environmental Photographer $4.75.',0.00,50,NULL,NULL),(51,'Plymouth England August 24, 2005','5710','Plymouth England, August 2005. Dana Hursey Official Environmental Photographer $4.75.',NULL,NULL,1,1,'Total Price including mailing options','',0.00,'Single Card (North America ONLY by USPS), 10 Card Gift Set (North America USPS), 10 Card Gift Set (Europe USPS)','','5710bb.jpg','7.72, 47.50, 54.50',0.0000,1,1,'Plymouth England, August 2005. Dana Hursey Official Environmental Photographer $4.75.',0.00,51,0,NULL),(52,'London England August 29, 2005','5711','London England, August 2005. Dana Hursey Official Environmental Photographer $4.75.',NULL,NULL,1,1,'Total Price including mailing options','',0.00,'Single Card (North America ONLY by USPS), 10 Card Gift Set (North America USPS), 10 Card Gift Set (Europe USPS)','','5711.jpg','7.72, 47.50, 54.50',0.0000,1,1,'London England, August 2005. Dana Hursey Official Environmental Photographer $4.75.',0.00,52,NULL,NULL),(53,'Newry Northern Ireland August 18, 2005','5712','Newry Northern Ireland, August 2005. Dana Hursey Official Environmental Photographer $4.75.',NULL,NULL,1,1,'Total Price including mailing options','',0.00,'Single Card (North America ONLY by USPS), 10 Card Gift Set (North America USPS), 10 Card Gift Set (Europe USPS)','','5712.jpg','7.72, 47.50, 54.50',0.0000,1,1,'Newry Northern Ireland, August 2005. Dana Hursey Official Environmental Photographer $4.75.',0.00,53,NULL,NULL),(54,'Glasgow Scotland August 16, 2005','5713','Glasgow Scotland, August 2005. Dana Hursey Official Environmental Photographer $4.75.',NULL,NULL,1,1,'Total Price including mailing options','',0.00,'Single Card (North America ONLY by USPS), 10 Card Gift Set (North America USPS), 10 Card Gift Set (Europe USPS)','','5713.jpg','7.72, 47.50, 54.50',0.0000,1,1,'Glasgow Scotland, August 2005. Dana Hursey Official Environmental Photographer $4.75.',0.00,54,NULL,NULL),(55,'Newport Wales August 24, 2005','5714','Newport Wales, August 2005. Dana Hursey Official Environmental Photographer $4.75.',NULL,NULL,1,1,'Total Price including mailing options','',0.00,'Single Card (North America ONLY by USPS), 10 Card Gift Set (North America USPS), 10 Card Gift Set (Europe USPS)','','5714.jpg','7.72, 47.50, 54.50',0.0000,1,1,'Glasgow Scotland, August 2005. Dana Hursey Official Environmental Photographer $4.75.',0.00,55,NULL,NULL),(56,'Arizona Sunset','5680','Arizona Sunset, Arizona. $3.50.',NULL,NULL,1,1,'Total Price including mailing options','',0.00,'Single Card (North America ONLY by USPS), 10 Card Gift Set (North America USPS), 10 Card Gift Set (Europe USPS)','','5680.jpg','5.12, 35.50, 42.00',0.0000,1,1,'Arizona Sunset, Arizona. $3.50.',0.00,56,0,NULL),(57,'Tasha','6549','Tasha. Price $3.50.',NULL,NULL,1,1,'Total Price including mailing options','',0.00,'Single Card (North America ONLY by USPS), 10 Card Gift Set (North America USPS), 10 Card Gift Set (Europe USPS)','','6549.jpg','5.12, 35.50, 42.00',0.0000,1,1,'Tasha. Price $3.50.',0.00,62,NULL,NULL),(104,'Yellow Flowers','5622','Yellow Flowers in chrome vase \"Best Wishes\" $3.50.',NULL,NULL,1,1,'total Price Including mailing options:','',0.00,'single Card (North America ONLY by USPS), 10 Card Gift Set (North America USPS), 10 Card Gift Set (Europe USPS)','','5622.jpg','5.12, 35.50, 42.00',0.0000,1,1,'Yellow Flowers in Chrome vase \"Best Wishes\" $3.50.',0.00,104,0,NULL),(60,'Vizlas on Blue Couch','5679','Vizlas on Blue Couch Price $3.50.',NULL,NULL,1,1,'Total Price including mailing options','',0.00,'Single Card (North America ONLY by USPS), 10 Card Gift Set (North America USPS), 10 Card Gift Set (Europe USPS)','','5678.jpg','5.12, 35.50, 42.00',0.0000,1,1,'Vizlas on Blue Couch Price $3.50.',0.00,66,0,NULL),(62,'Labrador & Party Hat','5652','Labrador & Party Hat Price $3.50.',NULL,NULL,1,1,'Total Price including mailing options','',0.00,'Single Card (North America ONLY by USPS), 10 Card Gift Set (North America USPS), 10 Card Gift Set (Europe USPS)','','5652.jpg','5.12, 35.50, 42.00',0.0000,1,1,'Labrador & Party Hat Price $3.50.',0.00,64,0,NULL),(63,'Tasha - Hello!','5634','Tasha - Hello! Price $3.50.',NULL,NULL,1,1,'Total Price including mailing options','',0.00,'Single Card (North America ONLY by USPS), 10 Card Gift Set (North America USPS), 10 Card Gift Set (Europe USPS)','','5634.jpg','5.12, 35.50, 42.00',0.0000,1,1,'Tasha - Hello! Price $3.50.',0.00,57,NULL,NULL),(101,'Friends Forever','5618','Friends Forever $3.50.',NULL,NULL,1,1,'Total Price Including mailing options:','',0.00,'Single Card (North America ONLY by USPS), 10 Card Gift Set (North America USPS), 10 Card Gift Set (Europe USPS)','','5618.jpg','5.12, 35.50, 42.00',0.0000,1,1,'Friends Forever $3.50.',0.00,101,0,NULL),(102,'Bright Orange Flower','5619','Bright Orange Flower',NULL,NULL,1,1,'Total Price Including mailing options:','',0.00,'Single Card (North America ONLY by USPS), 10 Card Gift Set (North America USPS), 10 Card Gift Set (Europe USPS)','','5619.jpg','5.12, 35.50, 42.00',0.0000,1,1,'Bright Orange Flower',0.00,102,0,NULL),(103,'Purple Flower','5620','Purple Flower $3.50.',NULL,NULL,1,1,'Total Price Including mailing options:','',0.00,'Single Card (North America ONLY by USPS), 10 Card Gift Set (North America USPS), 10 Card Gift Set (Europe USPS)','','5620.jpg','5.12, 35.50, 42.00',0.0000,1,1,'Purple Flower $3.50.',0.00,103,0,NULL),(67,'Tasha - Hello!','5654','Tasha Price $3.50.',NULL,NULL,1,1,'Total Price including mailing options','',0.00,'Single Card (North America ONLY by USPS), 10 Card Gift Set (North America USPS), 10 Card Gift Set (Europe USPS)','','5654.jpg','5.12, 35.50, 42.00',0.0000,1,1,'Tasha Price $3.50.',0.00,68,NULL,NULL),(105,'Wedding Ring','5623','Wedding Ring \"Congratulations\" $3.50.',NULL,NULL,1,1,'Total Price Including mailing options:','',0.00,'Single Card (North America ONLY by USPS), 10 Card Gift Set (North America USPS), 10 Card Gift Set (Europe USPS)','','5623.jpg','5.12, 35.50, 42.00',0.0000,1,1,'Wedding Ring \"Congratulations\" $3.50.',0.00,105,0,NULL),(69,'Tasha - Text overlay, Let\'s go play','5674','Tasha with text overlay \"Let\'s go play\" Price $3.50.',NULL,NULL,1,1,'Total Price including mailing options','',0.00,'Single Card (North America ONLY by USPS), 10 Card Gift Set (North America USPS), 10 Card Gift Set (Europe USPS)','','5674.jpg','5.12, 35.50, 42.00',0.0000,1,1,'Tasha with text overlay \"Let\'s go play\" Price $3.50.',0.00,69,NULL,NULL),(70,'Stourhead England','6599','Stourhead England. Price $3.50.',NULL,NULL,1,1,'Total Price including mailing options','',0.00,'Single Card (North America ONLY by USPS), 10 Card Gift Set (North America USPS), 10 Card Gift Set (Europe USPS)','','6599.jpg','5.12, 35.50, 42.00',0.0000,1,1,'Stourhead England. Price $3.50.',0.00,70,0,NULL),(71,'Petroglyphs, Northern Arizona','5669','Petroglyphs, Northern Arizona. Price $3.50.',NULL,NULL,1,1,'Total Price including mailing options','',0.00,'Single Card (North America ONLY by USPS), 10 Card Gift Set (North America USPS), 10 Card Gift Set (Europe USPS)','','5669.jpg','5.12, 35.50, 42.00',0.0000,1,1,'Petroglyphs, Northern Arizona. Price $3.50.',0.00,71,0,NULL),(72,'Newcastle England August 19, 2005','5681','14 Days Project - Newcastle England 2005 Dana Hursey Official Environmental Photographer Price $3.50.',NULL,NULL,1,1,'Total Price including mailing options','',0.00,'Single Card (North America ONLY by USPS), 10 Card Gift Set (North America USPS), 10 Card Gift Set (Europe USPS)','','5681.jpg','5.12, 35.50, 42.00',0.0000,1,1,'14 Days Project - Newcastle England 2005 Dana Hursey Official Environmental Photographer Price $3.50.',0.00,72,NULL,NULL),(73,'Sun Valley Dana Hursey Photography','6552','Sun Valley Dana Hursey Photography Price $3.50.',NULL,NULL,1,1,'Total Price including mailing options','',0.00,'Single Card (North America ONLY by USPS), 10 Card Gift Set (North America USPS), 10 Card Gift Set (Europe USPS)','','6552.jpg','5.12, 35.50, 42.00',0.0000,1,1,'Sun Valley Dana Hursey Photography Price $3.50.',0.00,73,NULL,NULL),(75,'St. Malo Brittany France','6553','St. Malo Brittany France.  Price $3.50.',NULL,NULL,1,1,'Total Price including mailing options','',0.00,'Single Card (North America ONLY by USPS), 10 Card Gift Set (North America USPS), 10 Card Gift Set (Europe USPS)','','6553.jpg','5.12, 35.50, 42.00',0.0000,1,1,'St. Malo Brittany France. Price $3.50.',0.00,75,0,NULL),(76,'French Road Sign','6554','French Road Sign. Price $3.50.',NULL,NULL,1,1,'Total Price including mailing options','',0.00,'Single Card (North America ONLY by USPS), 10 Card Gift Set (North America USPS), 10 Card Gift Set (Europe USPS)','','6554.jpg','5.12, 35.50, 42.00',0.0000,1,1,'French Road Sign. Price $3.50.',0.00,76,0,NULL),(106,'Red Cactus Flowers','5628','Red Cactus Flowers $3.50.',NULL,NULL,1,1,'Total Price Including mailing options:','',0.00,'single Card (North America ONLY by USPS), 10 Card Gift Set (North America USPS), 10 Card Gift Set (Europe USPS)','','5628.jpg','5.12, 35.50, 42.00',0.0000,1,1,'Red Cactus Flowers $3.50.',0.00,106,0,NULL),(78,'St. Malo Brittany France','6557','St. Malo Brittany France. Price $3.50.',NULL,NULL,1,1,'Total Price including mailing options','',0.00,'Single Card (North America ONLY by USPS), 10 Card Gift Set (North America USPS), 10 Card Gift Set (Europe USPS)','','6557.jpg','5.12, 35.50, 42.00',0.0000,1,1,'St. Malo Brittany France. Price $3.50.',0.00,78,0,NULL),(79,'Barrel O\' Monkeys','5629','Barrel O\' Monkeys Dana Hursey Photography Price $3.50.',NULL,NULL,1,1,'Total Price including mailing options','',0.00,'Single Card (North America ONLY by USPS), 10 Card Gift Set (North America USPS), 10 Card Gift Set (Europe USPS)','','5629.jpg','5.12, 35.50, 42.00',0.0000,1,1,'Barrel O\' Monkeys Dana Hursey Photography Price $3.50.',0.00,79,NULL,NULL),(80,'Holiday Tree with Lights','6558','Holiday Tree with lights Price $3.50.',NULL,NULL,1,1,'Total Price including mailing options','',0.00,'Single Card (North America ONLY by USPS), 10 Card Gift Set (North America USPS), 10 Card Gift Set (Europe USPS)','','6558.jpg','5.12, 35.50, 42.00',0.0000,1,1,'Holiday Tree with lights Price $3.50.',0.00,80,NULL,NULL),(81,'Holiday Greetings','6566','Holiday Penguins with text overlay \"Happy Holidays\" Price $3.50.',NULL,NULL,1,1,'Total Price including mailing options','',0.00,'Single Card (North America ONLY by USPS), 10 Card Gift Set (North America USPS), 10 Card Gift Set (Europe USPS)','','6566.jpg','5.12, 35.50, 42.00',0.0000,1,1,'Holiday Penguins with text overlay \"Happy Holidays\" Price $3.50.',0.00,81,NULL,NULL),(82,'Eileen Donnan Castle, Scotland','6568','Eileen Donnan Castle Scotland Text overlay:<P>Dream as if you\'ll live forever, live as if you\'ll die today. Price $3.50.',NULL,NULL,1,1,'Total Price including mailing options','',0.00,'Single Card (North America ONLY by USPS), 10 Card Gift Set (North America USPS), 10 Card Gift Set (Europe USPS)','','6568.jpg','5.12, 35.50, 42.00',0.0000,1,1,'Eileen Donnan Castle Scotland Text overlay:<P>Dream as if you\'ll live forever, live as if you\'ll die today. Price $3.50.',0.00,83,0,NULL),(83,'Venice','6562','Venice. Price $3.50.',NULL,NULL,1,1,'Total Price including mailing options','',0.00,'Single Card (North America ONLY by USPS), 10 Card Gift Set (North America USPS), 10 Card Gift Set (Europe USPS)','','6562.jpg','5.12, 35.50, 42.00',0.0000,1,1,'Venice. Price $3.50.',0.00,84,0,NULL),(84,'Venice','6562','Venice 1999. $3.50.',NULL,NULL,1,1,'Total Price including mailing options','',0.00,'Single Card (North America ONLY by USPS), 10 Card Gift Set (North America USPS), 10 Card Gift Set (Europe USPS)','','6562.jpg','5.12, 35.50, 42.00',0.0000,1,1,'Venice. Price $3.50.',0.00,82,0,NULL),(85,'Thanksgiving','6551','Thanksgiving text overlay:<P>\"Happy Harvest\" Price $3.50.',NULL,NULL,1,1,'Total Price including mailing options','',0.00,'Single Card (North America ONLY by USPS), 10 Card Gift Set (North America USPS), 10 Card Gift Set (Europe USPS)','','6551a.jpg','5.12, 35.50, 42.00',0.0000,1,1,'Thanksgiving text overlay:<P>\"Happy Harvest\" Price $3.50.',0.00,85,NULL,NULL),(86,'Sedona Arizona','6559','Sedona Arizona 2001 Price $3.50.',NULL,NULL,1,1,'Total Price including mailing options','',0.00,'Single Card (North America ONLY by USPS), 10 Card Gift Set (North America USPS), 10 Card Gift Set (Europe USPS)','','6559.jpg','5.12, 35.50, 42.00',0.0000,1,1,'Sedona Arizona 2001 Price $3.50.',0.00,86,0,NULL),(87,'St. Malo Brittany France','6569','St. Malo Brittany France 2003 Price $3.50.',NULL,NULL,1,1,'Total Price including mailing options','',0.00,'Single Card (North America ONLY by USPS), 10 Card Gift Set (North America USPS), 10 Card Gift Set (Europe USPS)','','6569.jpg','5.12, 35.50, 42.00',0.0000,1,1,'St. Malo Brittany France 2003 Price $3.50.',0.00,87,0,NULL),(88,'Cruising Holiday 2002','6564','Boy running on English Channel Ferry 2002 $3.50.\r\n',NULL,NULL,1,1,'Total Price including mailing options','',0.00,'Single Card (North America ONLY by USPS), 10 Card Gift Set (North America USPS), 10 Card Gift Set (Europe USPS)','','6564.jpg','5.12, 35.50, 42.00',0.0000,1,1,'Boy running on English Channel Ferry 2002 $3.50.\r\n',0.00,88,NULL,NULL),(89,'St. Malo Brittany France','6570','St. Malo Brittany France. Price $3.50.',NULL,NULL,1,1,'Total Price including mailing options','',0.00,'Single Card (North America ONLY by USPS), 10 Card Gift Set (North America USPS), 10 Card Gift Set (Europe USPS)','','6570.jpg','5.12, 35.50, 42.00',0.0000,1,1,'St. Malo Brittany France. Price $3.50.',0.00,89,0,NULL),(90,'St. Malo Brittany France 2003','6570','St. Malo Brittany France 2003 Price $3.50.',NULL,NULL,1,1,'Total Price including mailing options','',0.00,'Single Card (North America ONLY by USPS), 10 Card Gift Set (North America USPS), 10 Card Gift Set (Europe USPS)','','6570.jpg','5.12, 35.50, 42.00',0.0000,1,1,'St. Malo Brittany France 2003 Price $3.50.',0.00,90,NULL,NULL),(91,'Man walking on Cross Channel Ferry 2003','6571','Man taking a stroll on a cross channel ferry 2003 Price $3.50.',NULL,NULL,1,1,'Total Price including mailing options','',0.00,'Single Card (North America ONLY by USPS), 10 Card Gift Set (North America USPS), 10 Card Gift Set (Europe USPS)','','6571.jpg','5.12, 35.50, 42.00',0.0000,1,1,'Man taking a stroll on a cross channel ferry 2003 Price $3.50.',0.00,91,NULL,NULL),(92,'Kids running on Cross Channel Ferry 2003','6572','Kids running on Cross Channel Ferry 2003 Price $3.50.',NULL,NULL,1,1,'Total Price including mailing options','',0.00,'Single Card (North America ONLY by USPS), 10 Card Gift Set (North America USPS), 10 Card Gift Set (Europe USPS)','','6572.jpg','5.12, 35.50, 42.00',0.0000,1,1,'Kids running on Cross Channel Ferry 2003 Price $3.50.',0.00,92,NULL,NULL),(94,'Easter Greetings','5632','Easter Greetings Price $3.50.',NULL,NULL,1,1,'Total Price including mailing options','',0.00,'Single Card (North America ONLY by USPS), 10 Card Gift Set (North America USPS), 10 Card Gift Set (Europe USPS)','','6574.jpg','5.12, 35.50, 42.00',0.0000,1,1,'Easter Greetings Price $3.50.',0.00,94,0,NULL),(95,'Old French Car Provence','6575','Old French Car Provence. Price $3.50.',NULL,NULL,1,1,'Total Price including mailing options','',0.00,'Single Card (North America ONLY by USPS), 10 Card Gift Set (North America USPS), 10 Card Gift Set (Europe USPS)','','6575.jpg','5.12, 35.50, 42.00',0.0000,1,1,'Old French Car Provence. Price $3.50.',0.00,95,0,NULL),(98,'Happy Mother\'s Day!','5624','Happy Mother\'s Day! $3.50.',NULL,NULL,1,1,'Total Price including mailing options:','',0.00,'Single Card (North America by USPS only), 10 Card Gift Set (North America USPS), 10 Card Gift Set (Europe USPS)  ','','5624_copy.jpg','5.12, 35.50, 42.00',0.0000,1,1,'Happy Mother\'s Day! $3.50.',0.00,98,NULL,NULL),(97,'Congratulations!','5625','Congratulations! $3.50.',NULL,NULL,1,1,'Total Price including mailing options:','',0.00,'Single Card (North America by USPS only), 10 Card Gift Set (North America USPS), 10 Card Gift Set (Europe USPS)  ','','5625.jpg','5.12, 35.50, 42.00',0.0000,1,1,'Congratulations! $3.50.',0.00,97,NULL,NULL),(99,'Halloween Cup Cakes','6598','Cup Cakes with text $3.50.',NULL,NULL,1,1,'Total Price Including mailing options:','',0.00,'Single Card (North America ONLY by USPS), 10 Card Gift Set (North America USPS), 10 Card Gift Set (Europe USPS)','','6598.jpg','5.12, 35.50, 42.00',0.0000,1,1,'',0.00,99,0,NULL),(100,'Halloween - Boo','6578','Halloween \"Boo\" $3.50.',NULL,NULL,1,1,'Total Price Including mailing options:','',0.00,'Single Card (North America ONLY by USPS), 10 Card Gift Set (North America USPS), 10 Card Gift Set (Europe USPS)','','6578.jpg','5.12, 35.50, 42.00',0.0000,1,1,'Halloween \"Boo\" $3.50.',0.00,100,0,NULL),(107,'Cactus Flowers in bloom.','5627','Cactus Flowers in bloom $3.50.',NULL,NULL,1,1,'Total Price Including mailing options:','',0.00,'Single Card (North America ONLY by USPS), 10 Card Gift Set (North America USPS), 10 Card Gift Set (Europe USPS)','','5627.jpg','5.12, 35.50, 42.00',0.0000,1,1,'Cactus Flowers in bloom $3.50.',0.00,107,0,NULL),(108,'Red Flower with greeting','5637','Red Rose \"With Love\" $3.50.',NULL,NULL,1,1,'total Price Including mailing options:','',0.00,'single Card (North America ONLY by USPS), 10 Card Gift Set (North America USPS), 10 Card Gift Set (Europe USPS)','','5637.jpg','5.12, 35.50, 42.00',0.0000,1,1,'Red Rose \"With Love\" $3.50.',0.00,108,0,NULL),(109,'Sun Flower with text','5645','\"Live Well Laugh Often Love Much\"$3.50.',NULL,NULL,1,1,'Total Price Including mailing options:','',0.00,'Single Card (North America ONLY by USPS), 10 Card Gift Set (North America USPS), 10 Card Gift Set (Europe USPS)','','5645.jpg','5.12, 35.50, 42.00',0.0000,1,1,'\"Live Well Laugh Often Love Much\"$3.50.',0.00,109,0,NULL),(110,'Sun Flower Field with text','5663','\"If you want to be happy be\", Leo Tolstoy. $3.50.',NULL,NULL,1,1,'total Price Including mailing options:','',0.00,'single Card (North America ONLY by USPS), 10 Card Gift Set (North America USPS), 10 Card Gift Set (Europe USPS)','','5663.jpg','5.12, 35.50, 42.00',0.0000,1,1,'\"If you want to be happy be\", Leo Tolstoy. $3.50.',0.00,110,0,NULL),(111,'Purple Lavender Field - Provence','6560','Purple Lavender Field Provence $3.50.',NULL,NULL,1,1,'Total Price Including mailing options:','',0.00,'Single Card (North America ONLY by USPS), 10 Card Gift Set (North America USPS), 10 Card Gift Set (Europe USPS)','','6560.jpg','5.12, 35.50, 42.00',0.0000,1,1,'Purple Lavender Field Provence $3.50.',0.00,111,0,NULL),(112,'Eileen Donnan Castle, Scotland with text','6568','\"Dream as if you\'ll live forever, live as if you\'ll die today\". $3.50.',NULL,NULL,1,1,'total Price Including mailing options:','',0.00,'single Card (North America ONLY by USPS), 10 Card Gift Set (North America USPS), 10 Card Gift Set (Europe USPS)','','6568.jpg','5.12, 35.50, 42.00',0.0000,1,1,'\"Dream as if you\'ll live forever, live as if you\'ll die today\". $3.50.',0.00,112,0,NULL),(113,'Thanksgiving Table Setting','5676','Happy Thanksgiving $3.50.',NULL,NULL,1,1,'Total Price Including mailing options:','',0.00,'Single Card (North America ONLY by USPS), 10 Card Gift Set (North America USPS), 10 Card Gift Set (Europe USPS)','','5676.jpg','5.12, 35.50, 42.00',0.0000,1,1,'Happy Thanksgiving $3.50.',0.00,113,0,NULL),(114,'Children\'s room with text greeting','6579','Children\'s toys \"Best Wishes\". $3.50.',NULL,NULL,1,1,'total Price Including mailing options:','',0.00,'single Card (North America ONLY by USPS), 10 Card Gift Set (North America USPS), 10 Card Gift Set (Europe USPS)','','6579.jpg','5.12, 35.50, 42.00',0.0000,1,1,'Children\'s toys \"Best Wishes\". $3.50.',0.00,114,0,NULL),(115,'Christmas Trees','6580','Christmas Trees $3.50.',NULL,NULL,1,1,'Total Price Including mailing options:','',0.00,'Single Card (North America ONLY by USPS), 10 Card Gift Set (North America USPS), 10 Card Gift Set (Europe USPS)','','6580.jpg','5.12, 35.50, 42.00',0.0000,1,1,'Christmas Trees. $3.50.',0.00,115,0,NULL),(116,'Pink Flowers with text.','6581','\"Happy Birthday\". $3.50.',NULL,NULL,1,1,'total Price Including mailing options:','',0.00,'single Card (North America ONLY by USPS), 10 Card Gift Set (North America USPS), 10 Card Gift Set (Europe USPS)','','6581.jpg','5.12, 35.50, 42.00',0.0000,1,1,'\"Happy Birthday\". $3.50.',0.00,116,0,NULL),(117,'Christmas Illustration.','6582','\"Wishing Peace & Joy\". $3.50.',NULL,NULL,1,1,'Total Price Including mailing options:','',0.00,'Single Card (North America ONLY by USPS), 10 Card Gift Set (North America USPS), 10 Card Gift Set (Europe USPS)','','6582.jpg','5.12, 35.50, 42.00',0.0000,1,1,'\"Wishing Peace & Joy\". $3.50.',0.00,117,0,NULL),(118,'Purple Flower Illustration.','6584','\"May you live all the days of your life\". $3.50.',NULL,NULL,1,1,'Total Price Including mailing options:','',0.00,'single Card (North America ONLY by USPS), 10 Card Gift Set (North America USPS), 10 Card Gift Set (Europe USPS)','','6584.jpg','5.12, 35.50, 42.00',0.0000,1,1,'\"May you live all the days of your life\". $3.50.',0.00,118,0,NULL),(119,'Tabby Kitten with text.','6585','\"Thinking of You\". $3.50.',NULL,NULL,1,1,'Total Price Including mailing options:','',0.00,'Single Card (North America ONLY by USPS), 10 Card Gift Set (North America USPS), 10 Card Gift Set (Europe USPS)','','6585_copy.jpg','5.12, 35.50, 42.00',0.0000,1,1,'\"Thinking of You\". $3.50.',0.00,119,0,NULL),(120,'Orange Illustration with text.','6586','\"With Love\". $3.50.',NULL,NULL,1,1,'Total Price Including mailing options:','',0.00,'Single Card (North America ONLY by USPS), 10 Card Gift Set (North America USPS), 10 Card Gift Set (Europe USPS)','','6586.jpg','5.12, 35.50, 42.00',0.0000,1,1,'\"With Love\". $3.50.',0.00,120,0,NULL),(121,'Wedding Bouquet','6587','\"On your Wedding Day\". $3.50.',NULL,NULL,1,1,'Total Price Including mailing options:','',0.00,'Single Card (North America ONLY by USPS), 10 Card Gift Set (North America USPS), 10 Card Gift Set (Europe USPS)','','6587.jpg','5.12, 35.50, 42.00',0.0000,1,1,'\"On your Wedding Day\". $3.50.',0.00,121,0,NULL),(122,'Baseball Theme with text.','6594','\"Happy Birthday\". $3.50.',NULL,NULL,1,1,'Total Price including mailing options','',0.00,'Single Card (North America ONLY by USPS), 10 Card Gift Set (North America USPS), 10 Card Gift Set (Europe USPS)','','6594.jpg','5.12, 35.50, 42.00',0.0000,1,1,'\"Happy Birthday\". $3.50.',0.00,122,0,NULL),(123,'Christmas Canes with text','6593','\"Merry Christmas\". $3.50.',NULL,NULL,1,1,'Total Price including mailing options','',0.00,'Single Card (North America ONLY by USPS), 10 Card Gift Set (North America USPS), 10 Card Gift Set (Europe USPS)','','6593.jpg','5.12, 35.50, 42.00',0.0000,1,1,'\"Merry Christmas\". $3.50.',0.00,123,0,NULL),(124,'Snowman with text','6596','\"Happy Holidays\". $3.50.',NULL,NULL,1,1,'Total Price Including mailing options:','',0.00,'Single Card (North America ONLY by USPS), 10 Card Gift Set (North America USPS), 10 Card Gift Set (Europe USPS)','','6596.jpg','5.12, 35.50, 42.00',0.0000,1,1,'\"Happy Holidays\". $3.50.',0.00,124,0,NULL),(125,'Old Town Scottsdale Arizona USA','6597','Old Town Scottsdale Arizona USA. $3.50.',NULL,NULL,1,1,'Total Price Including mailing options:','',0.00,'Single Card (North America ONLY by USPS), 10 Card Gift Set (North America USPS), 10 Card Gift Set (Europe USPS)','','6597.jpg','5.12, 35.50, 42.00',0.0000,1,1,'Old Town Scottsdale Arizona USA. $3.50.',0.00,125,0,NULL),(126,'Easter Eggs with Text','6595','\"Happy Easter\". $3.50.',NULL,NULL,1,1,'Total Price Including mailing options:','',0.00,'Single Card (North America ONLY by USPS), 10 Card Gift Set (North America USPS), 10 Card Gift Set (Europe USPS)','','6595.jpg','5.12, 35.50, 42.00',0.0000,1,1,'\"Happy Easter\". $3.50.',0.00,126,0,NULL),(127,'Valentine Illustration','6592','\"Happy Valentine\'s Day\". $3.50.',NULL,NULL,1,1,'Total Price Including mailing options:','',0.00,'Single Card (North America ONLY by USPS), 10 Card Gift Set (North America USPS), 10 Card Gift Set (Europe USPS)','','6592.jpg','5.12, 35.50, 42.00',0.0000,1,1,'\"Happy Valentine\'s Day\". $3.50.',0.00,127,0,NULL),(128,'Christmas Illutration','6583','\"Merry Christmas\". $3.50.',NULL,NULL,1,1,'Total Price Including mailing options:','',0.00,'Single Card (North America ONLY by USPS), 10 Card Gift Set (North America USPS), 10 Card Gift Set (Europe USPS)','','6583.jpg','5.12, 35.50, 42.00',0.0000,1,1,'\"Merry Christmas\". $3.50.',0.00,128,0,NULL),(129,'Pink Wallpaper Illustration with Text.','6590','\"May all your birthday wishes come true\". $3.50.',NULL,NULL,1,1,'Total Price Including mailing options:','',0.00,'Single Card (North America ONLY by USPS), 10 Card Gift Set (North America USPS), 10 Card Gift Set (Europe USPS)','','6590.jpg','5.12, 35.50, 42.00',0.0000,1,1,'\"May all your birthday wishes come true\". $3.50.',0.00,129,0,NULL),(130,'Illustration with Text.','6589','\"May you live all the days of your life\". $3.50.',NULL,NULL,1,1,'Total Price Including mailing options:','',0.00,'Single Card (North America ONLY by USPS), 10 Card Gift Set (North America USPS), 10 Card Gift Set (Europe USPS)','','6589.jpg','5.12, 35.50, 42.00',0.0000,1,1,'\"May you live all the days of your life\". $3.50.',0.00,130,0,NULL);

--
-- Table structure for table `Sale`
--

CREATE TABLE `Sale` (
  `ID` int(11) NOT NULL AUTO_INCREMENT,
  `productID` int(11) NOT NULL DEFAULT '0',
  `quantity` int(11) NOT NULL DEFAULT '0',
  `name` varchar(60) DEFAULT NULL,
  `sku` varchar(30) DEFAULT NULL,
  `price` double(8,2) NOT NULL DEFAULT '0.00',
  `label1` varchar(50) DEFAULT NULL,
  `label2` varchar(50) DEFAULT NULL,
  `invoiceID` int(11) NOT NULL DEFAULT '0',
  `notax` smallint(6) DEFAULT NULL,
  PRIMARY KEY (`ID`),
  KEY `ID` (`ID`)
) ENGINE=MyISAM DEFAULT CHARSET=latin1;

--
-- Dumping data for table `Sale`
--


--
-- Table structure for table `Shipping`
--

CREATE TABLE `Shipping` (
  `carrier` tinytext,
  `method` tinytext,
  `weight` double(16,2) DEFAULT NULL,
  `price` double(16,2) DEFAULT NULL,
  `record_type` tinyint(4) NOT NULL DEFAULT '0',
  `id` int(11) NOT NULL AUTO_INCREMENT,
  PRIMARY KEY (`id`)
) ENGINE=MyISAM DEFAULT CHARSET=latin1;

--
-- Dumping data for table `Shipping`
--


--
-- Table structure for table `Shopping`
--

CREATE TABLE `Shopping` (
  `ID` int(11) NOT NULL AUTO_INCREMENT,
  `product` int(11) NOT NULL DEFAULT '0',
  `session` int(11) NOT NULL DEFAULT '0',
  `quantity` int(11) NOT NULL DEFAULT '0',
  `label1` tinytext,
  `sitename` tinytext,
  `label2` tinytext,
  PRIMARY KEY (`ID`),
  KEY `ID` (`ID`)
) ENGINE=MyISAM AUTO_INCREMENT=16 DEFAULT CHARSET=latin1;

--
-- Dumping data for table `Shopping`
--

INSERT INTO `Shopping` VALUES (15,38,1392899963,1,'Single Card','bongie','');

--
-- Dumping events for database 'bongie'
--

--
-- Dumping routines for database 'bongie'
--


