--
-- Host: localhost    Database: bradfordbrenner
-- ------------------------------------------------------


--
-- Table structure for table `Category`
--

CREATE TABLE `Category` (
  `ID` int(11) NOT NULL AUTO_INCREMENT,
  `protected` int(11) NOT NULL DEFAULT '0',
  `display` int(11) NOT NULL DEFAULT '0',
  `next` int(11) NOT NULL DEFAULT '0',
  `child` int(11) NOT NULL DEFAULT '0',
  `description` blob,
  `name` varchar(50) DEFAULT NULL,
  `image` varchar(50) DEFAULT NULL,
  `old_id` smallint(4) NOT NULL DEFAULT '0',
  PRIMARY KEY (`ID`),
  KEY `ID` (`ID`)
) ENGINE=MyISAM AUTO_INCREMENT=29 DEFAULT CHARSET=latin1 PACK_KEYS=1;

--
-- Dumping data for table `Category`
--

INSERT INTO `Category` VALUES (1,0,0,0,7,NULL,'Top Level',NULL,1),(2,0,6,4,0,'','Figurative','',2),(3,0,6,5,0,'','Still life','',3),(4,0,6,3,0,'','Landscape','',4),(5,0,6,11,0,'','Abstract','',5),(7,0,6,13,0,'','On the wall','',7),(8,0,6,0,28,'','Available work:','',0),(28,0,6,20,0,'','<u>Originals</u>','',0),(11,0,6,25,0,'','Portrait','',0),(21,0,1,8,0,'','','',0),(14,0,1,2,0,'','','',0),(25,0,6,21,0,'','Vintage','',0),(13,0,1,15,0,'','Articles & reviews','',0),(15,0,1,14,0,'','','',0),(20,0,5,0,0,'','','',0);

--
-- Table structure for table `Inventory`
--

CREATE TABLE `Inventory` (
  `ID` int(11) NOT NULL AUTO_INCREMENT,
  `productID` int(11) NOT NULL DEFAULT '0',
  `categoryID` int(11) NOT NULL DEFAULT '0',
  PRIMARY KEY (`ID`),
  KEY `categoryID` (`categoryID`),
  KEY `ID` (`ID`)
) ENGINE=MyISAM AUTO_INCREMENT=2015 DEFAULT CHARSET=latin1 PACK_KEYS=1;

--
-- Dumping data for table `Inventory`
--

INSERT INTO `Inventory` VALUES (1347,37,2),(1351,36,2),(1349,35,2),(1728,34,25),(1320,33,2),(624,32,2),(1315,31,2),(653,304,3),(1297,29,2),(246,150,10),(654,305,4),(442,232,11),(1306,25,2),(1292,24,2),(1300,23,2),(1287,22,2),(1624,21,16),(1056,480,3),(649,301,3),(1733,18,2),(1355,17,2),(1057,471,7),(1756,279,20),(1352,14,2),(647,299,3),(1040,415,7),(1299,11,2),(1537,10,2),(1062,9,2),(1727,8,25),(690,7,2),(1291,6,2),(1324,5,2),(886,302,3),(1314,3,2),(1745,300,3),(1290,1,2),(254,151,10),(643,294,4),(1610,292,16),(1066,41,3),(595,291,2),(408,43,3),(878,290,7),(491,45,3),(651,46,3),(1055,406,3),(1059,48,3),(49,49,3),(1361,50,4),(415,51,4),(416,52,4),(1784,489,4),(955,309,5),(682,326,4),(145,56,4),(685,57,4),(683,327,4),(658,308,4),(963,307,4),(1563,659,18),(765,334,11),(655,306,4),(1028,64,5),(1027,65,5),(1029,66,5),(1026,67,5),(1030,68,5),(1983,674,28),(1701,670,16),(1722,71,25),(1720,72,25),(1723,73,25),(1724,74,25),(1725,75,25),(253,152,10),(1042,470,7),(1041,469,7),(1472,621,15),(1343,80,2),(1564,658,18),(1053,289,7),(993,435,4),(991,436,2),(1365,601,10),(1354,86,2),(1331,87,2),(1011,298,3),(444,89,7),(877,90,7),(91,91,7),(92,92,7),(93,93,7),(879,94,7),(1649,407,5),(881,96,7),(1044,472,7),(255,153,10),(1841,672,3),(1625,102,16),(692,241,2),(764,333,11),(435,225,11),(1732,584,25),(1618,639,16),(1702,348,18),(441,231,11),(693,303,3),(248,149,10),(1359,224,11),(1755,277,20),(949,413,7),(532,223,11),(1348,239,2),(321,148,9),(1288,238,2),(1329,222,2),(610,237,2),(1061,479,7),(688,235,2),(533,285,11),(1307,124,2),(439,229,11),(960,230,2),(1786,663,5),(1339,216,2),(1550,345,17),(1316,575,2),(1635,318,17),(1694,641,22),(1549,346,17),(958,226,11),(1631,347,19),(1571,648,17),(638,293,2),(1763,276,20),(1548,217,16),(437,227,11),(1309,221,2),(950,414,7),(1308,220,2),(1734,228,2),(1562,660,18),(680,325,4),(256,154,10),(257,155,10),(258,156,10),(261,157,10),(262,159,10),(263,160,10),(264,161,10),(265,162,10),(268,163,4),(281,164,10),(282,166,10),(283,167,10),(290,168,10),(288,169,10),(286,170,10),(289,172,10),(291,173,10),(292,174,10),(293,175,10),(294,176,10),(295,177,10),(296,178,10),(297,179,10),(298,180,10),(299,181,10),(300,182,10),(301,183,10),(302,184,10),(303,185,10),(304,186,10),(305,187,10),(306,188,10),(307,189,10),(308,190,10),(309,191,10),(310,192,10),(311,193,10),(312,194,10),(897,195,10),(1729,243,25),(1730,244,25),(1568,652,17),(1612,337,16),(870,372,7),(1058,296,3),(948,412,7),(684,324,4),(1785,673,2),(678,323,4),(1363,254,4),(411,255,4),(1630,319,17),(412,257,4),(1620,335,17),(1570,650,17),(952,260,4),(414,261,4),(1697,668,13),(1982,669,28),(1643,631,16),(1569,651,17),(580,267,7),(1758,280,20),(1757,282,20),(1759,283,20),(1576,665,13),(1476,351,3),(1052,478,7),(1611,353,16),(1767,681,26),(1592,356,18),(1593,357,18),(1474,358,4),(1317,576,2),(1553,484,17),(1054,477,7),(1766,680,26),(1048,476,7),(1047,475,7),(1770,684,26),(1560,662,18),(1769,683,26),(1046,474,7),(1596,369,16),(1736,676,7),(1045,473,7),(871,373,7),(835,374,7),(836,375,7),(837,376,7),(946,410,7),(1064,481,3),(947,411,7),(841,380,7),(842,381,7),(843,382,7),(844,383,7),(845,384,7),(846,385,7),(851,386,7),(850,387,7),(889,408,5),(852,389,7),(853,390,7),(854,391,7),(855,392,7),(956,419,11),(857,394,7),(858,395,7),(859,396,7),(875,397,7),(954,418,5),(862,399,7),(874,400,7),(873,401,7),(865,402,7),(953,416,7),(867,404,7),(957,420,11),(959,421,2),(1067,422,3),(1060,423,3),(1744,424,4),(965,425,5),(1682,426,5),(967,427,5),(1615,428,18),(969,429,3),(970,430,4),(972,431,11),(973,432,3),(974,433,3),(977,434,2),(992,437,2),(995,438,4),(996,439,4),(1743,440,4),(1325,582,2),(999,442,2),(1326,583,2),(1003,444,4),(1362,445,4),(1005,446,5),(1303,569,2),(1765,679,26),(1737,677,13),(1305,450,2),(1629,647,17),(1012,452,2),(1013,453,2),(1014,454,7),(1015,455,4),(1016,456,4),(1017,457,4),(1018,458,4),(1019,459,4),(1020,460,4),(1021,461,4),(1022,462,7),(1023,463,5),(1598,464,18),(1033,465,5),(1035,466,5),(1037,467,5),(1039,468,4),(1613,490,16),(1909,671,4),(1597,492,17),(1796,581,11),(1313,574,11),(1614,495,16),(1312,573,11),(1584,636,16),(1321,579,2),(1479,629,7),(1636,500,17),(1616,501,19),(1565,657,18),(1600,646,17),(1311,572,2),(1319,578,2),(1555,506,19),(1556,507,19),(1533,627,15),(1573,645,17),(1318,577,2),(1740,656,3),(1619,655,19),(1708,654,19),(1689,644,16),(1585,635,16),(1617,634,16),(1632,517,18),(1638,518,17),(1485,519,2),(1591,520,17),(1653,624,15),(1655,667,13),(1639,523,17),(1296,568,2),(1577,666,13),(1599,526,17),(1621,527,17),(1604,528,19),(1739,675,4),(1561,661,18),(1464,620,15),(1469,623,15),(1588,630,16),(1626,534,16),(1603,535,18),(1557,536,19),(1304,570,2),(1602,538,18),(1475,539,3),(1330,585,2),(1764,678,26),(1578,643,16),(1654,625,15),(1322,580,2),(1466,622,15),(1594,546,17),(1298,567,2),(1640,548,17),(1310,571,2),(1478,628,13),(1605,551,17),(1601,552,18),(1641,553,17),(1532,664,15),(1642,555,17),(1590,556,17),(1633,557,19),(1589,558,17),(1586,633,16),(1583,637,16),(1628,561,16),(1993,642,28),(1473,563,2),(1608,564,19),(1622,565,16),(1768,682,26),(1332,586,2),(1333,587,2),(1334,588,2),(1731,589,25),(1336,590,2),(1337,591,2),(1726,592,25),(1340,593,2),(1341,594,2),(1721,595,25),(1344,597,2),(1345,598,2),(1357,599,2),(1358,600,2),(1380,605,13),(1393,606,13),(1369,607,13),(1392,609,13),(1371,610,13),(1382,611,13),(1391,612,13),(1384,613,13),(1385,614,13),(1386,615,13),(1387,616,13),(1388,617,13),(1390,618,13),(1394,619,13),(1800,685,2),(1772,686,26),(1776,688,26),(1777,689,26),(1775,690,26),(1778,691,26),(1779,692,26),(1780,693,26),(1781,694,26),(1782,695,26),(1783,697,26),(1843,698,3),(1801,700,2),(1790,701,2),(1791,702,4),(1792,704,4),(1891,705,4),(1892,706,4),(1798,707,13),(1799,708,13),(1878,709,15),(1879,710,15),(1881,740,15),(1807,712,27),(2000,713,2),(1897,714,2),(1975,715,2),(1811,716,27),(1976,745,5),(1893,718,2),(1985,719,28),(1936,750,4),(1923,722,4),(2014,730,28),(1999,725,2),(1862,726,2),(1863,727,2),(1938,728,2),(2004,729,2),(2001,734,3),(1991,735,28),(1992,736,28),(1930,737,28),(1888,739,15),(1886,741,7),(1887,742,7),(1884,743,7),(1935,746,28),(1953,747,28),(1994,748,3),(1934,749,2),(2013,751,3),(1974,752,3),(1941,753,28),(2005,754,3),(1995,782,7),(2006,757,3),(1978,758,2),(1949,762,28),(1950,763,28),(1951,764,28),(2008,765,3),(2009,766,3),(1959,767,28),(1960,768,28),(1961,769,28),(2002,770,2),(1966,774,28),(2003,777,4),(2011,779,3),(1972,780,28),(2012,781,4),(1996,783,7),(1997,784,7),(1998,785,7);

--
-- Table structure for table `Invoice`
--

CREATE TABLE `Invoice` (
  `ID` int(11) NOT NULL AUTO_INCREMENT,
  `date` datetime DEFAULT NULL,
  `purchasedby` int(11) NOT NULL DEFAULT '0',
  `deliverto` int(11) NOT NULL DEFAULT '0',
  `processed` int(11) NOT NULL DEFAULT '0',
  `shiptype` varchar(50) DEFAULT NULL,
  `shipcost` double(8,2) NOT NULL DEFAULT '0.00',
  `comment` tinyblob,
  `cart_total` double(8,2) DEFAULT NULL,
  `tax` double(8,2) DEFAULT NULL,
  PRIMARY KEY (`ID`),
  KEY `ID` (`ID`)
) ENGINE=MyISAM DEFAULT CHARSET=latin1 PACK_KEYS=1;

--
-- Dumping data for table `Invoice`
--


--
-- Table structure for table `Page`
--

CREATE TABLE `Page` (
  `ID` int(11) NOT NULL AUTO_INCREMENT,
  `body` blob,
  `template` int(11) NOT NULL DEFAULT '0',
  `type` int(11) NOT NULL DEFAULT '0',
  `image` varchar(255) DEFAULT NULL,
  `label` varchar(50) DEFAULT NULL,
  `featured` varchar(255) DEFAULT NULL,
  `title` varchar(255) DEFAULT NULL,
  `linkname` varchar(50) DEFAULT NULL,
  `link` varchar(255) DEFAULT NULL,
  PRIMARY KEY (`ID`),
  KEY `ID` (`ID`)
) ENGINE=MyISAM AUTO_INCREMENT=21 DEFAULT CHARSET=latin1 PACK_KEYS=1;

--
-- Dumping data for table `Page`
--

INSERT INTO `Page` VALUES (1,'artist - Brad Brenner<p>born 6-9-59, New York, NY<p><p>Art, for me, is about creating a feeling that can be shared.  Art is about relationships.  The relationship between light and dark, color and non-color, warm and cool, form and formless.  Most importantly, art is about the relationship between the viewer and the painting.  There is a universal feeling that I try to get to in each piece and I use that feeling or emotion as the barometer to know when I should put the brushes down.  As with the interconnectedness of individual components of a work of art, there is an interconnectedness between people that binds them to something greater than themselves.  It is the wholeness of life.  It is that feeling that I\'m trying to capture and reconnect both myself and the viewer to.<P><b>Selected Recent Exhibitions:</b><p>\r\n<b>2007:</b>Museum of Contemporary Art, Hot Springs, AR<P>\r\n\'Pleasures of the Palette\' benefit for CASA, Phoenix, AZ<p>\r\nPeter Lowell\'s, Sebastopol, CA (solo show)<P>\r\nPOP Gallery, Santa Fe, NM (group show)<p>\r\n\'Face to Face\', Bonner David Gallery, Scottsdale, AZ (solo show)<p>\r\nGallery Savarese, Encinitas, CA (solo show)<p>\r\n<b>2006:</b>\r\n\'Filled with Figures\', Bonner David Gallery, Scottsdale, AZ<p>\r\nLagerquist Gallery, Atlanta, GA (solo show)<p>\r\n<b>2005:</b>\r\n\'New Blood\', Finer Things Gallery, Nashville, TN<p>\r\nMetropolitan Gallery, San Diego, CA (solo show)<p>\r\nIndigo, San Diego, CA (solo show)<p> \r\n<b>2004:</b>\r\nArt Milwaukee, Milwaukee, WI<p>\r\nDiverse Convergence, Wilde Meyer Gallery, Scottsdale, AZ<p>\r\nNature, ArtForte, Seattle, WA<p>\r\n<b>2003:</b>\r\nSummer Show, ArtForte, Seattle, WA<p>\r\nThe BBC Show, Wilde Meyer Gallery, Scottsdale, AZ<p>\r\n<b>2002:</b>\r\nRecent Works, A Gallery Fine Art, Palm Desert, CA,<p>\r\n<b>2000:</b> \r\nA Color Filled Eye, Elmhurst Art Museum, Elmhurst, IL<p>\r\nNew Directions \'2K, Barrett Art Center, NY National Juried Exhibition<p>\r\nThe Faces of Women, Bender Fine Art, Atlanta, GA<p>\r\nSan Diego Museum of Art, All California Juried Exhibition<p>\r\n<b>1999:</b>\r\nColor is Everything, Bender Fine Art, Atlanta, GA (solo show)<p>\r\n<b>1998:</b>\r\nAmerican Airlines Admirals Club, Orange County, CA <p>\r\n\r\nNew Images, New Forms, Art Expressions, San Diego, CA<p>\r\nChildhelp USA Red Dress Ball, La Jolla, CA<p>\r\n<b>1997:</b>\r\nGallery Blu, Palm Desert, CA (solo show)<p>\r\nSan Diego Designers Showcase, San Diego, CA<p>\r\nChildhelp USA Monte Carlo Grand Prix, Rancho Santa  Fe, CA<p>\r\nSonoma Design Gallery, Sonoma, CA (solo show)<p>\r\nWhite River Gallery, Vail, CO<p>\r\nLeft Bank Gallery, Laguna Beach, CA<p>',1,1,'Image_4_2.jpg',NULL,NULL,'Bio/Exhibitions','Bio/Exhibitions',NULL),(17,'<B>1) How do I buy a painting?</B><p>  If there is a painting you’d like to purchase in the \'Available\" section you can either e-mail me or call (707-324-9022).  If the painting is in my studio I will ship it to you.  If it is in one of the galleries, I will have them ship it to you from there.  If you live in or around Sonoma/San Francisco Bay Area you are more than welcome to pick it up or I can deliver it to you.<p>\r\n<B>2) What types of payment do you accept?</B><p>  Personal checks, cash or credit cards through PayPal.<p>\r\n<B>3) How do commissions work?</B><p>  If you have any specific needs in terms of size, subject matter, color etc. I can create a piece especially for you usually within a month with half down and the balance upon completion.<p>\r\n<B>4) Does/do the individual/s have to sit for portraits?</B><p> Not necessarily. The vast majority of my portraits are executed using exclusively photographs with no sitting required.   You can either mail or e-mail the photos to me.<p>\r\n<B>5) What if I don\'t like the painting when I receive it?</B><p>  The most important thing to me is that you love your painting/s.  Whether it\'s an existing piece, a portrait or a commission, if you\'re not happy, neither am I and I will gladly make any changes that you would like.<p>\r\n<B>6) Is there a discount given for buying multiple paintings?</B><p>  There definitely is - whether you purchase the paintings from either one of the galleries or directly from me.  The actual discount is based upon a number of factors.  Please e-mail or call with specifics of the paintings that you’d like.<p>\r\n<B>7) Can I make payments?</B><p>  Interest free payments are available.  Let me know and we can work out a payment schedule that works for you.<p>\r\n<B>8)  What if I refer someone and they buy a painting?</B><p>  As a thank you (depending on the actual sale) you\'ll get art.<p>\r\n<B>9) Can I visit your studio?</B><p> Absolutely.  It is located in Sebastopol, CA<p>\r\n<B>10) Can you come to our house for a consultation?</B><p> Yes. Seeing the actual space that the paintings will end up in is ideal.  If you are in or around the Sonoma/San Fracisco Bay Area, I would be more than happy to take a look.<p>\r\n<B>11) Are references available?</B><p>  They are.  Just ask and I’ll gladly give you some.<p>\r\n<B>12) How is shipping handled?</B><p>  The large pieces need to be shipped in a wood crate.  The smaller pieces can be shipped double cardboard boxed via FedEx.  In most cases, I\'ll pay shipping.<p>\r\n<B>13) How do you set your prices?</B><p>  The galleries establish the baseline pricing.  The basic formula is - length plus width in inches multiplied by $50.  Portraits are considerably more labor intensive and therefore more expensive.<p>\r\n<B>14) Can I try out a painting on approval?</B><p>  Of course.<p>\r\n<B>15) Do the prices include framing?</B><p>  No, most of the paintings are on deeper stretcher bar canvases and don’t require framing.<p> \r\n<B></B><p>  Third & Wall Art Publishers are the exclusive publishers of my work.  Limited edition prints and fine art posters will be available early 2007<p>\r\n<B>17) Are you open to working in styles other than what\'s shown on your site?</B><p>  I love challenges.  Let me know what you have in mind.<p>\r\n<B>18) Where can I see actual paintings?</B><p>  Please click on the \'Gallery\' link for gallery locations.  You can also visit my studio.<p>\r\n<B>19) Do you offer discounts to interior designers?</B><p> Yes I do.  Please contact me to discuss specifics.<p>\r\n<B>20) What medium do you work in?</B><p> Acrylic and/or oil on either canvas, board or paper.<p>\r\n<B>21) Do you paint full time for a living?</B><p> Yes, I\'ve been making my living as an artist for the last 16 years.<p>\r\n<B>22) Do you paint every day?</B><p> Yes, no, yes.  I used to paint everyday.  Then I went through a period where I didn\'t and now once again I do.<p>\r\n<B>23) What about the paintings on the blog?</B><p>  The paintings on my blog are typically very small paintings (5\" x 7\") painted as part of my painting-a-day discipline.  They are an inexpensive way to own one of my originals and are great for smaller spaces like kitchens and bathrooms.<p>\r\n<B>24) Do you ever work on spec?</B><p>  Depending on the piece and pending commitments, sometimes I will paint a piece on spec, particularly if the work is in keeping with what I do and can be sent to one of the galleries in the event it doesn\'t end up being purchased.<p>\r\n<B>25) What is the price range of your paintings?</B><p>  My paintings range in price from $100 to $15,000.<p>\r\n<B>26) Do you paint murals?</B><p>  No.  Since I can have custom size canvas made I recommend having the painting done on canvas rather than on the wall in the event you move.',3,1,'',NULL,NULL,'FAQ','FAQ',NULL),(5,'Pop Gallery, Santa Fe, NM<p>J. Howell Fine Art, Healdsburg, CA</a><p>Corporate Artworks, Chicago, IL<p>\r\nA Gallery, Palm Desert, CA<p>\r\nLagerquist Gallery, Atlanta, GA<p>\r\nLendrum Fine Art, Los Angeles, CA<p>\r\nHunt & Gather, Portland, OR<p>\r\nFiner Things Gallery, Nashville, TN<p>\r\nThird and Wall Art Publishers, Seattle, WA<p>\r\nKreiss Galleries/Showrooms, Nationally<p>\r\nParisi, Del Mar, CA<p>\r\nJude Smith, artist representative<p>\r\nCDG, Salt Lake, UT',1,1,'',NULL,NULL,'Galleries and Representation','Galleries',NULL),(6,'<embed type=\"application/x-shockwave-flash\" wmode=\"transparent\" src=\"http://w89.photobucket.com/pbwidget.swf?pbwurl=http://w89.photobucket.com/albums/k209/bradfordbrenner/c22d7eaf.pbw\" height=\"240\" width=\"800\"></embed><p><p><I>\"...his portraits of women convey an air of unconventionality and poetic lyricism that make them among the more exciting paintings to appear in Atlanta recently.\"</I><BR>                 Jerry Cullum, Atlanta Journal-Constitution<P><I>\"Bradford Brenner\'s art will surprise you.  It will force you to respond to a range of subject matter, textures and colors that elicits both the countryside of Constable, the early 19th century British artist, and the flamboyance and insouciance of contemporary faces - tempting, taunting, exciting.\"</I><BR>Marlene Stanger, Cedros Review<P><I>\"Undeniably sophisticated, decidely green.  A skillful blend of impeccable style and green technique takes Bradford Brenner\'s work to a whole new level.\"</I><BR>Art Business News, January 2009<P><I><script src=\"http://www.google-analytics.com/urchin.js\" type=\"text/javascript\">\r\n</script>\r\n<script type=\"text/javascript\">\r\n_uacct = \"UA-743945-1\";\r\nurchinTracker();\r\n</script><center>',1,0,'photo-8a.jpg','<u>Featured Available Work:</u>','','',NULL,NULL),(7,NULL,0,2,NULL,NULL,NULL,NULL,'','http://www.paypal.com/cgi-bin/webscr?cmd=p/ema/index-outside'),(8,NULL,0,2,NULL,NULL,NULL,NULL,'','http://www.cafeshops.com/bradfordbrenner'),(9,NULL,0,2,NULL,NULL,NULL,NULL,'Blog','http://www.bradfordbrenner.blogspot.com'),(10,NULL,0,2,NULL,NULL,NULL,NULL,'','http://www.marinabrenner2.blogspot.com'),(11,NULL,0,2,NULL,NULL,NULL,NULL,'','http://www.artfullygreen.blogspot.com'),(12,NULL,0,2,NULL,NULL,NULL,NULL,'',''),(13,NULL,0,2,NULL,NULL,NULL,NULL,'',''),(14,NULL,0,2,NULL,NULL,NULL,NULL,'',''),(15,NULL,0,2,NULL,NULL,NULL,NULL,'',''),(16,NULL,0,2,NULL,NULL,NULL,NULL,'',''),(18,'\r\n1)<a href=\"http://www.jerrysartarama.com\">www.jerrysartarama.com</a><BR>\r\n2)<a href=\"http://www.yourartlinks.com\">www.yourartlinks.com</a><BR>\r\n3)<a href=\"http://www.decor8.blogspot.com\">www.decor8.blogspot.com</a><BR>4)<a href=\"http://www.draw-art.co.nz\">www.draw-art.co.nz</a><BR>5)<a href=\"http://www.fineartsites.org/top100art/in.php?site=1163490433\" target=\"_blank\">Top 100 Art Sites</a><BR>6)<a href=\"http://www.travisparker.com\">www.travisparker.com</a><BR>7)<a href=\"http://www.frenchcanvas.com\">www.frenchcanvas.com</a><BR>\r\n',1,1,'',NULL,NULL,'Links','Links',NULL),(19,'',1,1,'BrennerInvite-1b.jpg',NULL,NULL,'Events','Events',NULL),(20,'Coming back soon!  This will not be a list of who owes me money, but rather a selected list of collections where some of my paintings can be found.',1,1,'',NULL,NULL,'Selected Private and Corporate Collections','Collections',NULL);

--
-- Table structure for table `Product`
--

CREATE TABLE `Product` (
  `ID` int(11) NOT NULL AUTO_INCREMENT,
  `name` varchar(60) DEFAULT NULL,
  `sku` varchar(30) DEFAULT NULL,
  `short_description` blob,
  `linkname` varchar(50) DEFAULT NULL,
  `link` blob,
  `alloworder` smallint(6) DEFAULT NULL,
  `instock` smallint(6) DEFAULT NULL,
  `label1` varchar(50) DEFAULT NULL,
  `label2` varchar(50) DEFAULT NULL,
  `price` double(8,2) NOT NULL DEFAULT '0.00',
  `list1` varchar(255) DEFAULT NULL,
  `list2` varchar(255) DEFAULT NULL,
  `image` varchar(255) DEFAULT NULL,
  `prices` varchar(255) DEFAULT NULL,
  `weight` double(8,4) NOT NULL DEFAULT '0.0000',
  `display` int(11) NOT NULL DEFAULT '0',
  `quantity` int(11) NOT NULL DEFAULT '0',
  `long_description` blob,
  `shipcost` float(10,2) NOT NULL DEFAULT '0.00',
  `number` smallint(6) NOT NULL DEFAULT '0',
  `notax` smallint(6) DEFAULT NULL,
  `inactive` smallint(6) DEFAULT NULL,
  PRIMARY KEY (`ID`),
  KEY `ID` (`ID`)
) ENGINE=MyISAM AUTO_INCREMENT=787 DEFAULT CHARSET=latin1 PACK_KEYS=1;

--
-- Dumping data for table `Product`
--

INSERT INTO `Product` VALUES (1,'Ida','43','20\"x16\" acrylic on canvas<p>\r\n\r\nPrivate Collection',NULL,NULL,1,1,'','',0.00,'','','IMG_0002c.jpg','',0.0000,1,1,'20\"x16\" acrylic on canvas<p>\r\n\r\nPrivate Collection',0.00,2,NULL,NULL),(37,'Debbie L.','36','16\"x12\" oil on canvas.<p>private collection',NULL,NULL,1,1,'','',0.00,'','','IMG_0007ee2.jpg','',0.0000,1,1,'16\"x12\" oil on canvas.<p>private collection',0.00,37,NULL,NULL),(36,'Suzy Q.','50','84\"x60\" acrylic on canvas.<p>private collection',NULL,NULL,1,1,'','',0.00,'','','IMG_0015ee2.jpg','',0.0000,1,1,'84\"x60\" acrylic on canvas.<p>private collection',0.00,36,NULL,NULL),(33,'Beverly','50','36\"x24\" oil on canvas.<p>private collection',NULL,NULL,1,1,'','',0.00,'','','IMG_0027cc.jpg','',0.0000,1,1,'36\"x24\" oil on canvas.<p>private collection',0.00,33,NULL,NULL),(35,'Girl in Blue.','50','20\"x16\" acrylic on canvas.<p>private collection',NULL,NULL,1,1,'','',0.00,'','','IMG_0013ee2.jpg','',0.0000,1,1,'20\"x16\" acrylic on canvas.<p>private collection',0.00,35,NULL,NULL),(32,'Pam','50','20\"x16\" acrylic on canvas.<p>private collection',NULL,NULL,1,1,'','',0.00,'','','whit.jpg','',0.0000,1,1,'20\"x16\" acrylic on canvas.<p>private collection',0.00,31,NULL,NULL),(34,'The Wedding.','50','36\"x24\" acrylic on canvas.<p>private collection',NULL,NULL,1,1,'','',0.00,'','','IMG_0011ff.jpg','',0.0000,1,1,'36\"x24\" acrylic on canvas.<p>private collection',0.00,34,0,NULL),(31,'Hortencia','30','24\"x24\" acrylic on board.<p>private collection',NULL,NULL,1,1,'','',0.00,'','','IMG_0021.jpg','',0.0000,1,1,'24\"x24\" acrylic on board.<private collection',0.00,25,NULL,NULL),(29,'Becky','35','20\"x16\" oil on canvas.<p>private collection',NULL,NULL,1,1,'','',0.00,'','','IMGcc2.jpg','',0.0000,1,1,'20\"x16\" oil on canvas.<p>private collection',0.00,24,NULL,NULL),(25,'Alana','26','84\"x60\" acrylic on canvas.<p>private collection',NULL,NULL,1,1,'','',0.00,'','','IMG_0012cc.jpg','',0.0000,1,1,'84\"x60\" acrylic on canvas.<p>private collection',0.00,5,NULL,NULL),(23,'Lorna','33','20\"x16\" acrylic on canvas.<p>private collection',NULL,NULL,1,1,'','',0.00,'','','IMG_0001cc.jpg','',0.0000,1,1,'20\"x16\" acrylic on canvas.<p>private collection',0.00,7,NULL,NULL),(22,'The Twins','29','90\"x62\" acrylic on canvas.    ',NULL,NULL,1,1,'','',0.00,'','','CRW_4569b.jpg','',0.0000,1,1,'90\"x62\" acrylic on canvas.    ',0.00,20,NULL,NULL),(21,'Taylor','101','16\"x 12\" acrylic on canvas',NULL,NULL,0,1,'','',1400.00,'','','754.jpg','',0.0000,1,1,'16\"x 12\" acrylic on canvas<p>POP Gallery, Santa Fe, NM',0.00,22,NULL,NULL),(24,'Madeline','30','20\"x16\" acrylic on canvas<p>private collection',NULL,NULL,1,1,'','',0.00,'','','IMG_0001c.jpg','',0.0000,1,1,'20\"x16\" acrylic on canvas<p>private collection',0.00,18,NULL,NULL),(475,'','0','',NULL,NULL,1,1,'','',0.00,'','','DSC_5491.jpg','',0.0000,1,1,'',0.00,475,NULL,NULL),(476,'','0','',NULL,NULL,1,1,'','',0.00,'','','DSC_5545.jpg','',0.0000,1,1,'',0.00,476,NULL,NULL),(18,'Pat','50','24\"x20\" oil on canvas.<p>private collection',NULL,NULL,1,1,'','',0.00,'','','IMG_0010ff2.jpg','',0.0000,1,1,'24\"x20\" oil on canvas.<p>private collection',0.00,32,0,NULL),(17,'Carefree Carrie','50','36\"x24\" acrylic on canvas.<p>private collection\r\n',NULL,NULL,1,1,'','',0.00,'','','IMG_0009ff2.jpg','',0.0000,1,1,'36\"x24\" acrylic on canvas.<p>private collection\r\n\r\n  ',0.00,19,NULL,NULL),(14,'Marla','50','36\"x24\" acrylic on canvas.<p>private collection',NULL,NULL,1,1,'','',0.00,'','','IMG_0018ee2.jpg','',0.0000,1,1,'36\"x24\" acrylic on canvas.<p>private collection',0.00,17,NULL,NULL),(571,'','0','',NULL,NULL,1,1,'','',0.00,'','','IMG_0016cc.jpg','',0.0000,1,1,'',0.00,571,NULL,NULL),(466,'Catalina on the Horizon','0','',NULL,NULL,1,1,'','',0.00,'','','DSC_2704d.jpg','',0.0000,1,1,'12\" x 12\" acrylic and wax on canvas',0.00,466,NULL,NULL),(11,'Cass','32','40\"x30\" acrylic on canvas.<p>private collection',NULL,NULL,1,1,'','',0.00,'','','IMG_0002cc.jpg','',0.0000,1,1,'40\"x30\" acrylic on canvas.<p>private collection',0.00,10,NULL,NULL),(10,'Emma','15','48\" x 48\"<p>acrylic on canvas<p>private collection',NULL,NULL,1,1,'','',0.00,'','','IMG_0005cc2.jpg','',0.0000,1,1,'48\" x 48\"<p>acrylic on canvas<p>private collection',0.00,1,NULL,NULL),(9,'Chris and Craig','42','48\"x60\" acrylic on canvas<p>private collection',NULL,NULL,1,1,'','',0.00,'','','DSC_5520b.jpg','',0.0000,1,1,'48\"x60\" acrylic on canvas.',0.00,9,NULL,NULL),(7,'Mona','50','20\"x16\" acrylic on canvas.<p>private collection',NULL,NULL,1,1,'','',0.00,'','','monab.jpg','',0.0000,1,1,'20\"x16\" acrylic on canvas.<p>private collection',0.00,11,NULL,NULL),(8,'Lulu','16','48\"x48\" acrylic on canvas<p>private collection',NULL,NULL,1,1,'','',0.00,'','','IMG_0012ee2.jpg','',0.0000,1,1,'48\"x48\" acrylic on canvas<p>private collection',0.00,8,0,NULL),(6,'Gina','49','24\"x 18\" acrylic on canvas. <p>private collection',NULL,NULL,1,1,'','',0.00,'','','IMG_0004b.jpg','',0.0000,1,1,'24\"x 18\" acrylic on canvas<p>private collection',0.00,4,NULL,NULL),(5,'Bobbie','8','48\"x36\" acrylic on canvas.<p>private collection',NULL,NULL,1,1,'','',0.00,'','','IMG_0002dd2.jpg','',0.0000,1,1,'48\"x36\" acrylic on canvas.<p>private collection',0.00,6,NULL,NULL),(3,'Meg','31','48\"x36\" acrylic on canvas.<p>private collection',NULL,NULL,1,1,'','',0.00,'','','IMG_0020.jpg','',0.0000,1,1,'48\"x36\" acrylic on canvas.<p>private collection',0.00,3,NULL,NULL),(294,'Vineyard','0','48\" x 48\" acrylic on board',NULL,NULL,1,1,'','',0.00,'','','vineyard.jpg','',0.0000,1,1,'48\" x 48\" acrylic on board',0.00,293,NULL,NULL),(292,'Louise','100','72\" x 60\" acrylic and oil on canvas',NULL,NULL,0,1,'','',6500.00,'','','red_in_fields.jpg','',0.0000,1,1,'72\" x 60\" acrylic and oil on canvas<p>POP Gallery, Santa Fe',0.00,290,NULL,NULL),(41,'Orange Flower','209','10\"x 8\" oil on board.<p>private collection',NULL,NULL,1,1,'','',0.00,'','','flcarl.jpg','',0.0000,1,1,'10\"x 8\" oil on board.<p>private collection',0.00,41,NULL,NULL),(291,'Red in Fields','22','72\" x 60\" acrylic and oil on canvas',NULL,NULL,1,1,'','',0.00,'','','red_in_fields.jpg','',0.0000,1,1,'',0.00,291,NULL,NULL),(43,'Midnight','110','84\"x60\" acrylic on canvas<p>available',NULL,NULL,1,1,'','',0.00,'','','fld1.jpg','',0.0000,1,1,'84\"x60\" acrylic on canvas.',0.00,44,NULL,NULL),(289,'','0','',NULL,NULL,1,1,'','',0.00,'','','00onwall26.jpg','',0.0000,1,1,'',0.00,289,NULL,NULL),(405,'Black Floral 2','100','',NULL,NULL,1,1,'','',0.00,'','','floral3.JPG','',0.0000,1,1,'',0.00,405,NULL,NULL),(45,'Untitled','113','84\"x 60\" acrylic on canvas.<p>private collection',NULL,NULL,1,1,'','',0.00,'','','fl2.JPG','',0.0000,1,1,'84\"x 60\" acrylic on canvas.<p>private collection',0.00,46,NULL,NULL),(46,'Sun','202','10\"x 8\" oil on board.<p>private collection',NULL,NULL,1,1,'','',0.00,'','','fldway.jpg','',0.0000,1,1,'10\"x 8\" oil on board.<p>private collection',0.00,47,NULL,NULL),(406,'Tall Drink of Water','100','84\" x 60\" acrylic on canvas<p>private collection',NULL,NULL,1,1,'','',0.00,'','','DSC_5551.jpg','',0.0000,1,1,'84\" x 60\" acrylic on canvas<p>private collection',0.00,406,NULL,NULL),(48,'Purple Flower','302','60\" x 48\" acrylic on canvas.<p>private collection',NULL,NULL,1,1,'','',0.00,'','','pic1.JPG','',0.0000,1,1,'60\" x 48\" acrylic on canvas.<p>private collection',0.00,40,NULL,NULL),(49,'Fallen  Berry','199','24\"x20\" acrylic on canvas.',NULL,NULL,1,1,'','',0.00,'','','FallenBerry.JPG','',0.0000,1,1,'24\"x20\" acrylic on canvas.',0.00,49,NULL,NULL),(50,'Cypress','201','24\"x20\" acrylic on canvas.<p>private collection',NULL,NULL,1,1,'','',0.00,'','','IMG_0008go.jpg','',0.0000,1,1,'24\"x20\" acrylic on canvas.<p>private collection',0.00,50,NULL,NULL),(51,'Untitled','205','16\"x12\" oil on birch wood.<p>private collection',NULL,NULL,1,1,'','',0.00,'','','l7.jpg','',0.0000,1,1,'16\"x12\" oil on birch wood.<p>private collection',0.00,51,NULL,NULL),(52,'Untitled','208','20\"x24\" oil on canvas.<p>private collection',NULL,NULL,1,1,'','',0.00,'','','l3.jpg','',0.0000,1,1,'20\"x24\" oil on canvas.<p>private collection',0.00,52,NULL,NULL),(581,'Sweater Girl','05','',NULL,NULL,1,1,'','',0.00,'','','IMG_0001dd.jpg','',0.0000,1,1,'10\" x 8\" oil on board<p>Privat collection',0.00,581,0,NULL),(582,'Granny Smith','35','',NULL,NULL,1,1,'','',0.00,'','','IMG_0003dd.jpg','',0.0000,1,1,'20\" x 16\" acrylic on canvas<p>Private collection',0.00,582,NULL,NULL),(326,'Picket Fence','300','24\" x 36\" acrylic and oil on canvas<p>private collection',NULL,NULL,1,1,'','',0.00,'','','Picket_Fence.jpg','',0.0000,1,1,'24\" x 36\" acrylic and oil on canvas<p>private collection',0.00,327,NULL,NULL),(56,'Ashen Sky','200','18\"x 24\" oil on board.<p>private collection',NULL,NULL,1,1,'','',0.00,'','','landscape.JPG','',0.0000,1,1,'18\"x 24\" oil on board.<p>private collection',0.00,56,NULL,NULL),(57,'Untitled','204','20\"x 16\" oil on linen<p>private collection',NULL,NULL,1,1,'','',0.00,'','','llawson2.jpg','',0.0000,1,1,'20\"x 16\" oil on linen.<p>private collection',0.00,57,NULL,NULL),(327,'Middle Road','300','48\" x 48\" acrylic and oil on board<p>private collection',NULL,NULL,1,1,'','',0.00,'','','middleroad.jpg','',0.0000,1,1,'',0.00,333,NULL,NULL),(583,'Marcella','03','',NULL,NULL,1,1,'','',0.00,'','','IMG_0005dd.jpg','',0.0000,1,1,'20\" x 16\" acrylic on canvas<p>Private collection',0.00,583,NULL,NULL),(584,'Boy Scout\'s Honor','03','',NULL,NULL,1,1,'','',0.00,'','','IMG_0007dd.jpg','',0.0000,1,1,'24\" x 24\" acrylic on canvas<p>Private Collection',0.00,584,0,NULL),(585,'Bart','04','',NULL,NULL,1,1,'','',0.00,'','','IMG_0010dd.jpg','',0.0000,1,1,'20\" x 16\" acrylic on canvas<p>Private collection',0.00,585,NULL,NULL),(64,'Untitled, 1991','302','48\"x48\" acrylic on canvas',NULL,NULL,1,1,'','',0.00,'','','a3.jpg','',0.0000,1,1,'48\" x 48\" acrylic on canvas',0.00,66,NULL,NULL),(65,'Untitled, 1992','301','48\" x 48\" oil on canvas',NULL,NULL,1,1,'','',0.00,'','','a2.jpg','',0.0000,1,1,'48\" x 48\" oil on canvas.',0.00,65,NULL,NULL),(66,'Untitled, 1992','303','48\" x 48\" acrylic on canvas',NULL,NULL,1,1,'','',0.00,'','','a4.jpg','',0.0000,1,1,'48\" x 48\" acrylic on canvas',0.00,67,NULL,NULL),(67,'Untitled, 1992','300','48\" x 48\" acrylic on canvas',NULL,NULL,1,1,'','',0.00,'','','a1.jpg','',0.0000,1,1,'48\" x 48\" acrylic on canvas',0.00,64,NULL,NULL),(68,'Untitled, 1991','304','48 \"x 48\" acrylic on canvas',NULL,NULL,1,1,'','',0.00,'','','a7.jpg','',0.0000,1,1,'48\" x 48\" acrylic on canvas',0.00,68,NULL,NULL),(670,'Talullah, Maude and Chloe','0','',NULL,NULL,1,1,'','',2000.00,'','','DSC_4155.jpg','',0.0000,1,1,'12\" x 36\" acrylic on canvas',0.00,670,NULL,NULL),(71,'3 Bears','60','84\"x60\" acrylic on canvas.<p>private collection',NULL,NULL,1,1,'','',0.00,'','','IMG_0006dd2.jpg','',0.0000,1,1,'84\"x60\" acrylic on canvas.<p>private collection',0.00,71,0,NULL),(72,'Whale of a time','401','84\"x60\" acrylic on canvas.<p>private collection',NULL,NULL,1,1,'','',0.00,'','','IMG_0006ee.jpg','',0.0000,1,1,'84\"x60\" acrylic on canvas.<p>private collection',0.00,72,0,NULL),(73,'untitled','402','48\"x48\" acrylic on canvas.<p>private collection',NULL,NULL,1,1,'','',0.00,'','','IMG_0003cc.jpg','',0.0000,1,1,'48\"x48\" acrylic on canvas.<p>private collection',0.00,73,0,NULL),(74,'untitled','404','24\"x24\" acrylic on canvas.<p>private collection',NULL,NULL,1,1,'','',0.00,'','','mudge.jpg','',0.0000,1,1,'24\"x24\" acrylic on canvas.<p>private collection',0.00,74,0,NULL),(75,'The Theater','403','48\"x36\" acrylic on canvas.<p>private collection',NULL,NULL,1,1,'','',0.00,'','','IMG_0014gg2.jpg','',0.0000,1,1,'48\"x36\" acrylic on canvas.<p>private collection',0.00,75,0,NULL),(472,'','0','',NULL,NULL,1,1,'','',0.00,'','','DSC_5434.jpg','',0.0000,1,1,'',0.00,472,NULL,NULL),(473,'','0','',NULL,NULL,1,1,'','',0.00,'','','DSC_5455.jpg','',0.0000,1,1,'',0.00,473,NULL,NULL),(470,'','0','',NULL,NULL,1,1,'','',0.00,'','','DSC_5194.jpg','',0.0000,1,1,'',0.00,470,NULL,NULL),(471,'','200','',NULL,NULL,1,1,'','',0.00,'','','DSC_5430.jpg','',0.0000,1,1,'',0.00,471,NULL,NULL),(80,'Patsy','412','16\"x12\" oil on canvas.<p>private collection',NULL,NULL,1,1,'','',0.00,'','','IMG_0002ee.jpg','',0.0000,1,1,'16\"x12\" oil on canvas.<p>private collection',0.00,80,NULL,NULL),(288,'Prudential Reality.  Rancho Santa Fe, CA','0','',NULL,NULL,1,1,'','',0.00,'','','Prudential_.jpg','',0.0000,1,1,'',0.00,288,NULL,NULL),(436,'Mrs. Cleaver and Babydoll','0','',NULL,NULL,1,1,'','',0.00,'','','IMG_2212b.jpg','',0.0000,1,1,'60\" x 48\" acrylic on canvas',0.00,436,NULL,NULL),(437,'Weekend at the Big House','70','',NULL,NULL,1,1,'','',0.00,'','','CRW_5370b.jpg','',0.0000,1,1,'7\" x 30\" acrylic on board',0.00,437,NULL,NULL),(602,'Atlanta Journal and Constitution review','0','',NULL,NULL,1,1,'','',0.00,'','','pub2.jpg','',0.0000,1,1,'',0.00,602,NULL,NULL),(86,'Edna','413','48\"x36\" acrylic on canvas.<p>private collection',NULL,NULL,1,1,'','',0.00,'','','IMG_0017ff2.jpg','',0.0000,1,1,'48\"x36\" acrylic on canvas.<p>pivate collection',0.00,86,NULL,NULL),(87,'Twyla','414','16\"x12\" acrylic on canvas.<p>private collection',NULL,NULL,1,1,'','',0.00,'','','IMG_0011dd.jpg','',0.0000,1,1,'16\"x12\" acrylic on canvas.<p>private collection',0.00,87,NULL,NULL),(573,'Suzanne and Harry','101','',NULL,NULL,1,1,'','',0.00,'','','IMG_0018.jpg','',0.0000,1,1,'',0.00,573,NULL,NULL),(89,'San Diego Home/Garden magazine. October 1997','502','',NULL,NULL,1,1,'','',0.00,'','','Installation.JPG','',0.0000,1,1,' ',0.00,150,NULL,NULL),(90,'','504','',NULL,NULL,1,1,'','',0.00,'','','ilaw_copy.jpg','',0.0000,1,1,' ',0.00,98,NULL,NULL),(91,'San Diego Home/Garden magazine. May 1995','500','',NULL,NULL,1,1,'','',0.00,'','','col1.jpg','',0.0000,1,1,' ',0.00,91,NULL,NULL),(92,'Decor and Style magazine. September 1997','501','',NULL,NULL,1,1,'','',0.00,'','','col2.jpg','',0.0000,1,1,' ',0.00,89,NULL,NULL),(93,'Decor and Style magazine. February 1996.','503','',NULL,NULL,1,1,'','',0.00,'','','col2b.jpg','',0.0000,1,1,' ',0.00,90,NULL,NULL),(94,'','505','',NULL,NULL,1,1,'','',0.00,'','','i3.jpg','',0.0000,1,1,' ',0.00,93,NULL,NULL),(96,'','507','',NULL,NULL,1,1,'','',0.00,'','','i5.jpg','',0.0000,1,1,' ',0.00,127,NULL,NULL),(477,'','0','',NULL,NULL,1,1,'','',0.00,'','','DSC_5556.jpg','',0.0000,1,1,'',0.00,477,NULL,NULL),(572,'Lola the Checker','0','',NULL,NULL,1,1,'','',0.00,'','','IMG_0017.jpg','',0.0000,1,1,'',0.00,572,NULL,NULL),(474,'','0','',NULL,NULL,1,1,'','',0.00,'','','DSC_5470.jpg','',0.0000,1,1,'',0.00,474,NULL,NULL),(465,'Roasted Marshmellos','200','',NULL,NULL,1,1,'','',0.00,'','','DSC_1617b.jpg','',0.0000,1,1,'12\" x 12\" acrylic on canvas',0.00,465,NULL,NULL),(407,'Adagio.5','0','',NULL,NULL,1,1,'','',0.00,'','','Adagio.5.jpg','',0.0000,1,1,'24\" x 22\" acrylic on panel',0.00,407,NULL,NULL),(586,'Bird of Paradise','0','',NULL,NULL,1,1,'','',0.00,'','','IMG_0012dd.jpg','',0.0000,1,1,'40\" x 30\" acrylic on canvas<p>Private collection',0.00,586,NULL,NULL),(149,'Isabella Jolie Brenner','1','Click on my photo, so I can tell you more about me!',NULL,NULL,1,1,'','',0.00,'','','iz1.JPG','',0.0000,1,1,'Can\'t you see I\'m trying to sleep! If you want to find out more about me, click on a picture when I\'m awake.',0.00,110,NULL,NULL),(290,'','0','',NULL,NULL,1,1,'','',0.00,'','','00onwall31.jpg','',0.0000,1,1,'',0.00,298,NULL,NULL),(469,'','0','',NULL,NULL,1,1,'','',0.00,'','','DSC_5432.jpg','',0.0000,1,1,'',0.00,469,NULL,NULL),(287,'Prudential Reality.  Rancho Santa Fe, CA','0','',NULL,NULL,1,1,'','',0.00,'','','Prudential_.jpg','',0.0000,1,1,'',0.00,287,NULL,NULL),(435,'Autumn 1943','0','',NULL,NULL,1,1,'','',0.00,'','','CRW_5250b.jpg','',0.0000,1,1,'24\" x 24\" acrylic on board',0.00,435,NULL,NULL),(601,'Atlanta Journal and Constitution review','0','',NULL,NULL,1,1,'','',0.00,'','','pub2.jpg','',0.0000,1,1,'',0.00,601,NULL,NULL),(574,'','50','',NULL,NULL,1,1,'','',0.00,'','','IMG_0019.jpg','',0.0000,1,1,'',0.00,574,NULL,NULL),(98,'','0','',NULL,NULL,1,1,'','',0.00,'','','','',0.0000,1,1,'',0.00,92,NULL,NULL),(150,'Izzy B.','2','Waking up on day 2',NULL,NULL,1,1,'','',0.00,'','','iz2.JPG','',0.0000,1,1,'O.K. here is all I know. I was born on June 6th, 2001 at 6:30p.m.. I weighed 6lbs. fourteen ounces and stand one foot, seven and one half inches tall. My diet is going well, and when I hopped on the scale today, I\'ve already lost 5 ounces...I\'m almost at my ideal weight! ',0.00,124,NULL,NULL),(237,'Red Dress and Lemons','19','60\" x 48\" acrylic on canvas<p>private collection',NULL,NULL,1,1,'','',0.00,'','','38.jpg','',0.0000,1,1,'',0.00,238,NULL,NULL),(102,'Gritty Pearl','100','14.5\" x 18.5\" acrylic on canvas',NULL,NULL,0,1,'','',1400.00,'','','IMG_2127.jpg','',0.0000,1,1,'14.5\" x 18.5\" acrylic on canvas<p>POP Gallery, Santa Fe, NM',0.00,178,NULL,NULL),(224,'Marianne','0','72\" x 36\" acrylic on canvas<p>private collection',NULL,NULL,1,1,'','',0.00,'','','IMG_0021ff2.jpg','',0.0000,1,1,'',0.00,216,NULL,NULL),(235,'Redhead 1','48','48\" x 36\" acrylic on canvas<p>private collection',NULL,NULL,1,1,'','',0.00,'','','103c.jpg','',0.0000,1,1,'',0.00,236,NULL,NULL),(229,'Red Dress','0','60\" x 48\" acrylic on canvas<p>private collection',NULL,NULL,1,1,'','',0.00,'','','69.jpg','',0.0000,1,1,'',0.00,230,NULL,NULL),(223,'Brother and Sister','0','48\" x 36\"acrylic on canvas<p>private collection',NULL,NULL,1,1,'','',0.00,'','','115.jpg','',0.0000,1,1,'',0.00,194,NULL,NULL),(222,'Anna','28','30\" x 24\" acrylic on canvas<p>private collection',NULL,NULL,1,1,'','',0.00,'','','IMG_0009dd.jpg','',0.0000,1,1,'',0.00,225,NULL,NULL),(285,'Katherine','0','72\" x 42\" acrylic on canvas<p>private collection',NULL,NULL,1,1,'','',0.00,'','','CRW_4331b.jpg','',0.0000,1,1,'',0.00,285,NULL,NULL),(148,'Isabella Jolie Brenner','0','Six months old.',NULL,NULL,1,1,'','',0.00,'','','PA220012.JPG','',6.1400,1,1,'I was born Wednesday June 6,2001 at 6:30 p.m.,at Scripps Hospital in La Jolla. I weigh 6lbs. 14 ounces and stand one foot seven and one half inches tall. If you would like to see more of me, please click on the Isabella link on the left hand side of my Dad\'s home page. ',0.00,96,NULL,NULL),(221,'Bella','50','60\" x 48\" acrylic on canvas<p>private collection',NULL,NULL,1,1,'','',0.00,'','','IMG_0015cc2.jpg','',0.0000,1,1,'',0.00,224,NULL,NULL),(232,'Sisters','0','60\" x 48\" acrylic on canvas<p>private collection',NULL,NULL,1,1,'','',0.00,'','','99.jpg','',0.0000,1,1,'',0.00,234,NULL,NULL),(228,'Amanda','0','20\" x 16\" acrylic on canvas<p>private collection',NULL,NULL,1,1,'','',0.00,'','','45.jpg','',0.0000,1,1,'',0.00,229,0,NULL),(216,'Carole\'s Bouquet','50','48\" x 24\" acrylic on canvas<p>private collection',NULL,NULL,1,1,'','',0.00,'','','IMG_0019dd.jpg','',0.0000,1,1,'',0.00,222,NULL,NULL),(124,'Woman in Field','36','48\" x 48\" acrylic on canvas<p>private collection',NULL,NULL,1,1,'','',0.00,'','','IMG_0013cc.jpg','',0.0000,1,1,'',0.00,94,NULL,NULL),(225,'Brunette','0','48\" x 36\" acrylic on canvas<p>private collection',NULL,NULL,1,1,'','',0.00,'','','72.jpg','',0.0000,1,1,'',0.00,226,NULL,NULL),(276,'Couple','0','Signed reproduction<BR>14\" x 11\" matted and ready to frame<BR>$100<BR><form target=\"paypal\" action=\"https://www.paypal.com/cgi-bin/webscr\" method=\"post\">\r\n<input type=\"hidden\" name=\"cmd\" value=\"_cart\">\r\n<input type=\"hidden\" name=\"business\" value=\"info@bradfordbrenner.com\">\r\n<input type=\"hidden\" name=\"item_name\" value=\"Signed reproduction\">\r\n<input type=\"hidden\" name=\"item_number\" value=\"Couple\">\r\n<input type=\"hidden\" name=\"amount\" value=\"100.00\">\r\n<input type=\"hidden\" name=\"no_note\" value=\"1\">\r\n<input type=\"hidden\" name=\"currency_code\" value=\"USD\">\r\n<input type=\"image\" src=\"https://www.paypal.com/images/sc-but-03.gif\" border=\"0\" name=\"submit\" alt=\"Make payments with PayPal - it\'s fast, free and secure!\">\r\n<input type=\"hidden\" name=\"add\" value=\"1\">\r\n</form>',NULL,NULL,0,1,'','',0.00,'','','print_1.jpg','',0.0000,1,1,'<form target=\"paypal\" action=\"https://www.paypal.com/cgi-bin/webscr\" method=\"post\">\r\n<input type=\"hidden\" name=\"cmd\" value=\"_cart\">\r\n<input type=\"hidden\" name=\"business\" value=\"info@bradfordbrenner.com\">\r\n<input type=\"hidden\" name=\"item_name\" value=\"Signed print.\">\r\n<input type=\"hidden\" name=\"item_number\" value=\"1\">\r\n<input type=\"hidden\" name=\"amount\" value=\"100.00\">\r\n<input type=\"hidden\" name=\"no_note\" value=\"1\">\r\n<input type=\"hidden\" name=\"currency_code\" value=\"USD\">\r\n<input type=\"image\" src=\"https://www.paypal.com/images/sc-but-03.gif\" border=\"0\" name=\"submit\" alt=\"Make payments with PayPal - it\'s fast, free and secure!\">\r\n<input type=\"hidden\" name=\"add\" value=\"1\">\r\n</form>',0.00,266,0,NULL),(217,'SPF Zero','100','60\" x 48\" acrylic on canvas',NULL,NULL,0,1,'','',4500.00,'','','IMG_2214_copy.jpg','',0.0000,1,1,'60\" x 48\" acrylic on canvas',0.00,220,NULL,NULL),(669,'Mindy, Simone and Pixie','0','',NULL,NULL,1,1,'','',0.00,'','','DSC_4153b.jpg','',0.0000,1,1,'12\" x 36\" acrylic on canvas<p>\r\n',0.00,669,0,NULL),(226,'Natasha','0','20\" x 16\" acrylic on canvas<p>private collection',NULL,NULL,1,1,'','',0.00,'','','DSC_4582.jpg','',0.0000,1,1,'',0.00,227,NULL,NULL),(230,'After the Dance','18','60\" x 48\" acrylic on canvas<p>private collection',NULL,NULL,1,1,'','',0.00,'','','After_the_Dance_small4.jpg','',0.0000,1,1,'',0.00,232,NULL,NULL),(140,'','0','',NULL,NULL,1,1,'','',0.00,'','','sp21.JPG','',0.0000,1,1,'24\" x 48\"<p>\r\nacrylic/oil on board',0.00,102,NULL,NULL),(220,'Charlotte','37','14\" x 11\" acrylic on canvas<p>private collection',NULL,NULL,1,1,'','',0.00,'','','IMG_0014cc2.jpg','',0.0000,1,1,'',0.00,223,NULL,NULL),(231,'Gus (detail)','0','detail. acrylic on canvas<p>private collection',NULL,NULL,1,1,'','',0.00,'','','98.jpg','',0.0000,1,1,'',0.00,233,NULL,NULL),(227,'Evelyn','0','72\" x 48\" acrylic on canvas<p>private collection',NULL,NULL,1,1,'','',0.00,'','','70.jpg','',0.0000,1,1,'',0.00,228,NULL,NULL),(151,'Bella','3','A little more awake',NULL,NULL,1,1,'','',0.00,'','','iz3.JPG','',0.0000,1,1,'These are some of the things I\'ve learned already.\r\n\r\n1. The camera adds ten pounds.\r\n2. I\'m much cuter in person.\r\n3. Breast milk doesn\'t suck, but if you suck, you definitely get more milk.\r\n4. I\'m no longer a cone head.\r\n5. My Mom\'s Mom thinks I look like my dad.\r\n6. My Dad\'s Mom think\'s I look like my mom.\r\n7. My Dad hopes I end up looking like my Mom.\r\n8. I also want to look like my Mom, but would never tell my Dad that. It would devastate him.\r\n9. I think I already have more hair than my Dad. I\'m not going to tell him that either. (See number 8)\r\n10. I already have alot of people who love me...they really really love me, and I\'m confident that number will grow.',0.00,141,NULL,NULL),(152,'Meet the parents','4','',NULL,NULL,1,1,'','',0.00,'','','iz4.JPG','',0.0000,1,1,'That\'s my Mom on the left and my Dad on the right. Grammy and Omi were kind enough to loan them these relics. Now that I have a chance to study these babies(no pun intended), I think I look more like my Mom. You can let me know what you think by clicking on the \"contact us\" link on the left hand side of the home page and sending me an e-mail. It\'s amazing just how computer literate kids are these days. Without my help my Dad wouldn\'t have a clue how to set up my site! \r\n',0.00,149,NULL,NULL),(153,'Celebrating One Week Birthday','5','',NULL,NULL,1,1,'','',0.00,'','','Copy_of_new-2.jpg','',0.0000,1,1,'I\'m now one week old. I thought that I\'d be more independent by now,but I\'m not. I\'m making absolutely no headway on walking and talking!',0.00,151,NULL,NULL),(154,' My focus','6','',NULL,NULL,1,1,'','',0.00,'','','iz9.jpg','',0.0000,1,1,'I know that if I\'m to succeed, I\'ll need to be considerably more focused. You can see in my eyes, that I\'m half way there.',0.00,153,NULL,NULL),(155,'Look Ma one hand','7','',NULL,NULL,1,1,'','',0.00,'','','iz15.JPG','',0.0000,1,1,'Sure I can spare a dime.',0.00,154,NULL,NULL),(156,'Eyes wide shut','8','',NULL,NULL,1,1,'','',0.00,'','','iz16.JPG','',0.0000,1,1,'It\'ll be great when my parents start sleeping through the night!',0.00,155,NULL,NULL),(157,'American Beauty','9','',NULL,NULL,1,1,'','',0.00,'','','iz17.JPG','',0.0000,1,1,'If Kevin Spacey calls, tell him I\'m not home!',0.00,156,NULL,NULL),(160,'Surfing USA','0','',NULL,NULL,1,1,'','',0.00,'','','iz19.jpg','',0.0000,1,1,'Get off my wave, you dweeb, before I have one of my boyfriends whale on you!',0.00,160,NULL,NULL),(158,'A real nail bitter','10','',NULL,NULL,1,1,'','',0.00,'','','iz17.jpg','',0.0000,1,1,'There we are watching the U.S. Open, just me and my Dad and the guy three putts inside of eight feet on eighteen to throw this thing into a play off. I haven\'t watched a whole lot of golf, but I can\'t imagine Tiger doing that! Now Phil on the other hand...',0.00,157,NULL,NULL),(159,'A real nail biter','10','',NULL,NULL,1,1,'','',0.00,'','','iz17.jpg','',0.0000,1,1,'There I am watching the U.S. Open with my Dad and this guy three putts from inside of eight feet on eighteen to throw this thing into a play off. Now I haven\'t watched a whole lot of golf yet (though I do find it immensely enjoyable) but it\'s hard for me to imagine Tiger doing something like that!\r\nNow Phil on the other hand...',0.00,158,NULL,NULL),(161,'You talking to me?','0','',NULL,NULL,1,1,'','',0.00,'','','iz18.jpg','',0.0000,1,1,'Yo Taxi',0.00,161,NULL,NULL),(162,'How I look to Shep','0','',NULL,NULL,1,1,'','',0.00,'','','iz20.jpg','',0.0000,1,1,'Sit,stay,roll over.',0.00,162,NULL,NULL),(163,'Untitled','0','8\" x 10\" Acrylic on board.',NULL,NULL,1,1,'','',0.00,'','','162.jpg','',0.0000,1,1,'',0.00,163,NULL,NULL),(164,'Pretty in pink','0','',NULL,NULL,1,1,'','',0.00,'','','iz22.jpg','',0.0000,1,1,'I like to think of myself as the Molly Ringwald of my generation. I wish someone would tell my Mom,though, that pink is not the only color in the rainbow.',0.00,164,NULL,NULL),(165,'My favorite pillow','0','',NULL,NULL,1,1,'','',0.00,'','','iz23.jpg','',0.0000,1,1,'Some people need a shoulder to lean on...not me!',0.00,165,NULL,NULL),(166,'My favorite pillow.','0','',NULL,NULL,1,1,'','',0.00,'','','iz23.jpg','',0.0000,1,1,'Some people need a shoulder to lean on...not me!',0.00,166,NULL,NULL),(167,'My first bath in a big girl tub.','0','',NULL,NULL,1,1,'','',0.00,'','','iz24.jpg','',0.0000,1,1,'Four words...I LOVE TO BATHE! ',0.00,167,NULL,NULL),(168,'Fourth of July','0','',NULL,NULL,1,1,'','',0.00,'','','iz33.jpg','',0.0000,1,1,'Funny,I don\'t feel independent!',0.00,168,NULL,NULL),(169,'My first lesson','0','',NULL,NULL,1,1,'','',0.00,'','','iz31.jpg','',0.0000,1,1,'My Dad is teaching me a little guitar (a welcomed break from our golf lessons). Here I perfect your basic strumming motion.',0.00,169,NULL,NULL),(170,'I\'m a fan fan','0','',NULL,NULL,1,1,'','',0.00,'','','P7020034.jpg','',0.0000,1,1,'Pardon the pun,but aren\'t ceiling fans the coolest?',0.00,170,NULL,NULL),(171,'Eyes half open','0','',NULL,NULL,1,1,'','',0.00,'','','iz25.jpg','',0.0000,1,1,'So I\'m a little tired..so what.',0.00,171,NULL,NULL),(172,'Big chair, big jeans','0','',NULL,NULL,1,1,'','',0.00,'','','P8010075.jpg','',0.0000,1,1,'You always want to have room to grow!',0.00,172,NULL,NULL),(173,'Berry special','0','',NULL,NULL,1,1,'','',0.00,'','','P8030055.jpg','',0.0000,1,1,'This was one great photo shoot and anyone who knows my Dad,knows his inability to make the tough editing decisions required in todays fast paced world. So here is the entire shoot. ',0.00,173,NULL,NULL),(174,'','0','',NULL,NULL,1,1,'','',0.00,'','','P8030063.jpg','',0.0000,1,1,'',0.00,174,NULL,NULL),(175,'','0','',NULL,NULL,1,1,'','',0.00,'','','P8030060.jpg','',0.0000,1,1,'',0.00,175,NULL,NULL),(176,'','0','',NULL,NULL,1,1,'','',0.00,'','','P8030054.jpg','',0.0000,1,1,'',0.00,176,NULL,NULL),(177,'','0','',NULL,NULL,1,1,'','',0.00,'','','P8030057.jpg','',0.0000,1,1,'',0.00,177,NULL,NULL),(178,'','0','',NULL,NULL,1,1,'','',0.00,'','','P8030058.jpg','',0.0000,1,1,'',0.00,179,NULL,NULL),(179,'','0','',NULL,NULL,1,1,'','',0.00,'','','P8030056.jpg','',0.0000,1,1,'',0.00,180,NULL,NULL),(180,'Learning the fine art of taking it easy','0','',NULL,NULL,1,1,'','',0.00,'','','P8190017.jpg','',0.0000,1,1,'',0.00,181,NULL,NULL),(181,'A little introspection','0','',NULL,NULL,1,1,'','',0.00,'','','P8170001.jpg','',0.0000,1,1,'',0.00,182,NULL,NULL),(182,'Take me to Paris','0','',NULL,NULL,1,1,'','',0.00,'','','P8200006.jpg','',0.0000,1,1,'',0.00,183,NULL,NULL),(183,'I\'m definitely a girl','0','',NULL,NULL,1,1,'','',0.00,'','','P1010051.jpg','',0.0000,1,1,'',0.00,184,NULL,NULL),(184,'Belly up to the bar','0','',NULL,NULL,1,1,'','',0.00,'','','scan2.JPG','',0.0000,1,1,'',0.00,185,NULL,NULL),(185,'What can I get ya little lady?','0','',NULL,NULL,1,1,'','',0.00,'','','scan3.JPG','',0.0000,1,1,'',0.00,186,NULL,NULL),(186,'','0','',NULL,NULL,1,1,'','',0.00,'','','scan4.JPG','',0.0000,1,1,'',0.00,187,NULL,NULL),(187,'','0','',NULL,NULL,1,1,'','',0.00,'','','scan1.JPG','',0.0000,1,1,'',0.00,188,NULL,NULL),(188,'Clean at last','0','',NULL,NULL,1,1,'','',0.00,'','','P8230010.jpg','',0.0000,1,1,'',0.00,189,NULL,NULL),(189,'','0','',NULL,NULL,1,1,'','',0.00,'','','P8240020b.JPG','',0.0000,1,1,'',0.00,190,NULL,NULL),(190,'','0','',NULL,NULL,1,1,'','',0.00,'','','P8240023b.JPG','',0.0000,1,1,'',0.00,192,NULL,NULL),(191,'','0','',NULL,NULL,1,1,'','',0.00,'','','P8240025b.JPG','',0.0000,1,1,'',0.00,193,NULL,NULL),(192,'','0','',NULL,NULL,1,1,'','',0.00,'','','P8240026.jpg','',0.0000,1,1,'',0.00,195,NULL,NULL),(193,'','0','',NULL,NULL,1,1,'','',0.00,'','','P8240027.jpg','',0.0000,1,1,'',0.00,200,NULL,NULL),(194,'','0','',NULL,NULL,1,1,'','',0.00,'','','P8240028.jpg','',0.0000,1,1,'',0.00,201,NULL,NULL),(195,'','0','',NULL,NULL,1,1,'','',0.00,'','','P8240017.jpg','',0.0000,1,1,'',0.00,217,NULL,NULL),(238,'Sylvie','38','20\" x 16\" acrylic on canvas<p>private collection',NULL,NULL,1,1,'','',0.00,'','','IMG_0010.jpg','',0.0000,1,1,'',0.00,239,NULL,NULL),(239,'Mimi','50','36\" x 24\" acrylic on canvas<p>private collection',NULL,NULL,1,1,'','',0.00,'','','IMG_0008ee.jpg','',0.0000,1,1,'',0.00,240,NULL,NULL),(624,'POP Gallery, Santa Fe, NM July \'07','02','',NULL,NULL,1,1,'','',0.00,'','','thumbnails-1.php.jpg','',0.0000,1,1,'Bradford, Marina and Isabella Brenner with gallery owners Sharla and Michael McDowell.\r\n',0.00,625,NULL,NULL),(241,'Cheerleader','24','48\" x 48\" acrylic on canvas<p>private collection',NULL,NULL,1,1,'','',0.00,'','','53b.jpg','',0.0000,1,1,'',0.00,242,NULL,NULL),(672,'Untitled Still Life','0','',NULL,NULL,1,1,'','',0.00,'','','DSC_4612_3.jpg','',0.0000,1,1,'24\" x 20\" acrylic on canvas',0.00,672,0,NULL),(243,'Earrings','50','20\" x 16\" acrylic on canvas<p>private collection',NULL,NULL,1,1,'','',0.00,'','','6c.jpg','',0.0000,1,1,'',0.00,245,0,NULL),(244,'Close-up','39','48\" x 36\" acrylic on canvas<p>private collection',NULL,NULL,1,1,'','',0.00,'','','63.jpg','',0.0000,1,1,'',0.00,246,0,NULL),(305,'Quiet River','301','27\" x 80\" acrylic and oil on board<p>private collection',NULL,NULL,1,1,'','',0.00,'','','quiet_river.jpg','',0.0000,1,1,'27\" x 80\" acrylic and oil on board<p>private collection',0.00,305,NULL,NULL),(254,'Landscape Triptych','300','24\" x 54\" acrylic on canvas<p>private collection',NULL,NULL,1,1,'','',0.00,'','','trypt3b.jpg','',0.0000,1,1,'',0.00,255,NULL,NULL),(255,'Landscape with Trees','0','48\" x 60\" acrylic on canvas<p>private collection',NULL,NULL,1,1,'','',0.00,'','','17.jpg','',0.0000,1,1,'',0.00,256,NULL,NULL),(257,'Three Trees','0','24\" x 48\" acrylic on canvas<p>private collection',NULL,NULL,1,1,'','',0.00,'','','37.jpg','',0.0000,1,1,'',0.00,258,NULL,NULL),(260,'Tuesday in Tuscany','0','60\" x 84\" acrylic on canvas<p>private collection',NULL,NULL,1,1,'','',0.00,'','','91.jpg','',0.0000,1,1,'',0.00,261,NULL,NULL),(261,'Nightfall','0','60\" x 48\" acrylic on canvas<p>private collection',NULL,NULL,1,1,'','',0.00,'','','79.jpg','',0.0000,1,1,'',0.00,262,NULL,NULL),(668,'San Diego Home Garden Home of the Year (Feb. 2008)','0','',NULL,NULL,1,1,'','',0.00,'','','SDHGweb2.jpg','',0.0000,1,1,'',0.00,668,NULL,NULL),(501,'Limone','0','',NULL,NULL,1,1,'','',2200.00,'','','aaavail15.jpg','',0.0000,1,1,'20.5\" x 23.5\" acrylic on canvas<p>POP Gallery, Santa Fe, NM',0.00,501,NULL,NULL),(264,'Untitled Floral','0','48\" x 36\"<p>acrylic on canvas<p>private collection',NULL,NULL,1,1,'','',0.00,'','','43.jpg','',0.0000,1,1,'',0.00,265,NULL,NULL),(267,'Phoenix Home and Garden, 2003','0','',NULL,NULL,1,1,'','',0.00,'','','48.jpg','',0.0000,1,1,'',0.00,263,NULL,NULL),(337,'Copier Girl','100','72\" x 40\" acrylic on canvas',NULL,NULL,1,1,'','',5600.00,'','','CRW_4501_copy3.jpg','',0.0000,1,1,'72\" x 40\" acrylic on canvas<p>POP Gallery, Santa Fe, NM',0.00,345,NULL,NULL),(335,'Magritte\'s Tree','0','24\" x 30\" acrylic on canvas',NULL,NULL,1,1,'','',2700.00,'','','DSC_4734_1_copy2.jpg','',0.0000,1,1,'24\" x 30\" acrylic on canvas<p>Bonner David Gallery, Scottsdale, AZ',0.00,337,NULL,NULL),(500,'Autumn Morning','0','',NULL,NULL,1,1,'','',900.00,'','','DSC_5369b.jpg','',0.0000,1,1,'11\" x 14\" acrylic on canvas',0.00,500,NULL,NULL),(568,'','0','',NULL,NULL,1,1,'','',0.00,'','','IMG_6699b.jpg','',0.0000,1,1,'',0.00,568,NULL,NULL),(570,'','0','',NULL,NULL,1,1,'','',0.00,'','','IMG_0011.jpg','',0.0000,1,1,'',0.00,570,NULL,NULL),(631,'Delila Returns from the Florist','0','',NULL,NULL,1,1,'','',2450.00,'','','DSC_2401.jpg','',0.0000,1,1,'24\" x 20\" oil on canvas<p>Bonner David Gallery, Scottsdale, AZ',0.00,631,NULL,NULL),(596,'Alice','2','',NULL,NULL,1,1,'','',0.00,'','','IMG0ee.jpg','',0.0000,1,1,'20\" x 16\" acrylic on board<p>Private collection',0.00,596,NULL,NULL),(303,'Two Yellow Flowers','204','40\" x 30\" acrylic on canvas<p>private collection',NULL,NULL,1,1,'','',0.00,'','','2yellowb.jpg','',0.0000,1,1,'40\" x 30\" acrylic on canvas<p>private collection',0.00,303,NULL,NULL),(304,'Two Blue One Red','203','48\" x 36\" acrylic on canvas<p>private collection',NULL,NULL,1,1,'','',0.00,'','','two_blue.jpg','',0.0000,1,1,'48\" x 36\" acrylic on canvas<p>private collection',0.00,304,NULL,NULL),(293,'Curly','14','48\" x 30\" acrylic and oil on canvas<p>private collection',NULL,NULL,1,1,'','',0.00,'','','curly.jpg','',0.0000,1,1,'',0.00,292,NULL,NULL),(277,'Blondie','0','Signed reproduction <BR>14\" x 11\" matted and ready to frame<BR>$100<form target=\"paypal\" action=\"https://www.paypal.com/cgi-bin/webscr\" method=\"post\">\r\n<input type=\"hidden\" name=\"cmd\" value=\"_cart\">\r\n<input type=\"hidden\" name=\"business\" value=\"info@bradfordbrenner.com\">\r\n<input type=\"hidden\" name=\"item_name\" value=\"Signed reproduction\">\r\n<input type=\"hidden\" name=\"item_number\" value=\"Blondie\">\r\n<input type=\"hidden\" name=\"amount\" value=\"100.00\">\r\n<input type=\"hidden\" name=\"no_note\" value=\"1\">\r\n<input type=\"hidden\" name=\"currency_code\" value=\"USD\">\r\n<input type=\"image\" src=\"https://www.paypal.com/images/sc-but-03.gif\" border=\"0\" name=\"submit\" alt=\"Make payments with PayPal - it\'s fast, free and secure!\">\r\n<input type=\"hidden\" name=\"add\" value=\"1\">\r\n</form>',NULL,NULL,0,1,'','',0.00,'','','print_5.jpg','',0.0000,1,1,'Signed reproduction <BR>14\" x 11\" matted and ready to frame<BR>$100<form target=\"paypal\" action=\"https://www.paypal.com/cgi-bin/webscr\" method=\"post\">\r\n<input type=\"hidden\" name=\"cmd\" value=\"_cart\">\r\n<input type=\"hidden\" name=\"business\" value=\"info@bradfordbrenner.com\">\r\n<input type=\"hidden\" name=\"item_name\" value=\"Signed reproduction\">\r\n<input type=\"hidden\" name=\"item_number\" value=\"Blondie\">\r\n<input type=\"hidden\" name=\"amount\" value=\"50.00\">\r\n<input type=\"hidden\" name=\"no_note\" value=\"1\">\r\n<input type=\"hidden\" name=\"currency_code\" value=\"USD\">\r\n<input type=\"image\" src=\"https://www.paypal.com/images/sc-but-03.gif\" border=\"0\" name=\"submit\" alt=\"Make payments with PayPal - it\'s fast, free and secure!\">\r\n<input type=\"hidden\" name=\"add\" value=\"1\">\r\n</form>',0.00,275,0,NULL),(278,'Quinn','0','Signed print<p>14\" x 11\" matted and ready to frame<form target=\"paypal\" action=\"https://www.paypal.com/cgi-bin/webscr\" method=\"post\">\r\n<input type=\"hidden\" name=\"cmd\" value=\"_cart\">\r\n<input type=\"hidden\" name=\"business\" value=\"info@bradfordbrenner.com\">\r\n<input type=\"hidden\" name=\"item_name\" value=\"Signed print.\">\r\n<input type=\"hidden\" name=\"item_number\" value=\"1\">\r\n<input type=\"hidden\" name=\"amount\" value=\"50.00\">\r\n<input type=\"hidden\" name=\"no_note\" value=\"1\">\r\n<input type=\"hidden\" name=\"currency_code\" value=\"USD\">\r\n<input type=\"image\" src=\"https://www.paypal.com/images/sc-but-03.gif\" border=\"0\" name=\"submit\" alt=\"Make payments with PayPal - it\'s fast, free and secure!\">\r\n<input type=\"hidden\" name=\"add\" value=\"1\">\r\n</form>',NULL,NULL,0,1,'','',50.00,'','','print_6.jpg','',0.0000,1,1,'',0.00,278,NULL,NULL),(279,'Quinn','0','Signed reproduction<BR>14\" x 11\" matted and ready to frame<BR>$100<BR><form target=\"paypal\" action=\"https://www.paypal.com/cgi-bin/webscr\" method=\"post\">\r\n<input type=\"hidden\" name=\"cmd\" value=\"_cart\">\r\n<input type=\"hidden\" name=\"business\" value=\"info@bradfordbrenner.com\">\r\n<input type=\"hidden\" name=\"item_name\" value=\"Signed reproduction\">\r\n<input type=\"hidden\" name=\"item_number\" value=\"Quinn\">\r\n<input type=\"hidden\" name=\"amount\" value=\"100.00\">\r\n<input type=\"hidden\" name=\"no_note\" value=\"1\">\r\n<input type=\"hidden\" name=\"currency_code\" value=\"USD\">\r\n<input type=\"image\" src=\"https://www.paypal.com/images/sc-but-03.gif\" border=\"0\" name=\"submit\" alt=\"Make payments with PayPal - it\'s fast, free and secure!\">\r\n<input type=\"hidden\" name=\"add\" value=\"1\">\r\n</form>',NULL,NULL,0,1,'','',0.00,'','','print_6.jpg','',0.0000,1,1,'Signed reproduction<BR>14\" x 11\" matted and ready to frame<BR>$100<BR><form target=\"paypal\" action=\"https://www.paypal.com/cgi-bin/webscr\" method=\"post\">\r\n<input type=\"hidden\" name=\"cmd\" value=\"_cart\">\r\n<input type=\"hidden\" name=\"business\" value=\"info@bradfordbrenner.com\">\r\n<input type=\"hidden\" name=\"item_name\" value=\"Signed reproduction\">\r\n<input type=\"hidden\" name=\"item_number\" value=\"Quinn\">\r\n<input type=\"hidden\" name=\"amount\" value=\"100.00\">\r\n<input type=\"hidden\" name=\"no_note\" value=\"1\">\r\n<input type=\"hidden\" name=\"currency_code\" value=\"USD\">\r\n<input type=\"image\" src=\"https://www.paypal.com/images/sc-but-03.gif\" border=\"0\" name=\"submit\" alt=\"Make payments with PayPal - it\'s fast, free and secure!\">\r\n<input type=\"hidden\" name=\"add\" value=\"1\">\r\n</form>',0.00,279,0,NULL),(280,'Emily','0','Signed reproduction<BR>14\" x 11\" matted and ready to frame<BR>$100<BR><form target=\"paypal\" action=\"https://www.paypal.com/cgi-bin/webscr\" method=\"post\">\r\n<input type=\"hidden\" name=\"cmd\" value=\"_cart\">\r\n<input type=\"hidden\" name=\"business\" value=\"info@bradfordbrenner.com\">\r\n<input type=\"hidden\" name=\"item_name\" value=\"Signed reproduction\">\r\n<input type=\"hidden\" name=\"item_number\" value=\"Emily\">\r\n<input type=\"hidden\" name=\"amount\" value=\"100.00\">\r\n<input type=\"hidden\" name=\"no_note\" value=\"1\">\r\n<input type=\"hidden\" name=\"currency_code\" value=\"USD\">\r\n<input type=\"image\" src=\"https://www.paypal.com/images/sc-but-03.gif\" border=\"0\" name=\"submit\" alt=\"Make payments with PayPal - it\'s fast, free and secure!\">\r\n<input type=\"hidden\" name=\"add\" value=\"1\">\r\n</form>',NULL,NULL,0,1,'','',0.00,'','','print_4.jpg','',0.0000,1,1,'Signed reproduction<BR>14\" x 11\" matted and ready to frame<BR>$100<BR><form target=\"paypal\" action=\"https://www.paypal.com/cgi-bin/webscr\" method=\"post\">\r\n<input type=\"hidden\" name=\"cmd\" value=\"_cart\">\r\n<input type=\"hidden\" name=\"business\" value=\"info@bradfordbrenner.com\">\r\n<input type=\"hidden\" name=\"item_name\" value=\"Signed reproduction\">\r\n<input type=\"hidden\" name=\"item_number\" value=\"Emily\">\r\n<input type=\"hidden\" name=\"amount\" value=\"100.00\">\r\n<input type=\"hidden\" name=\"no_note\" value=\"1\">\r\n<input type=\"hidden\" name=\"currency_code\" value=\"USD\">\r\n<input type=\"image\" src=\"https://www.paypal.com/images/sc-but-03.gif\" border=\"0\" name=\"submit\" alt=\"Make payments with PayPal - it\'s fast, free and secure!\">\r\n<input type=\"hidden\" name=\"add\" value=\"1\">\r\n</form>',0.00,282,0,NULL),(281,'Tiffany','0','Signed print<p>14\" x 11\" matted and ready to frame<form target=\"paypal\" action=\"https://www.paypal.com/cgi-bin/webscr\" method=\"post\">\r\n<input type=\"hidden\" name=\"cmd\" value=\"_cart\">\r\n<input type=\"hidden\" name=\"business\" value=\"info@bradfordbrenner.com\">\r\n<input type=\"hidden\" name=\"item_name\" value=\"Signed print\">\r\n<input type=\"hidden\" name=\"item_number\" value=\"Tiffany\">\r\n<input type=\"hidden\" name=\"amount\" value=\"50.00\">\r\n<input type=\"hidden\" name=\"no_note\" value=\"1\">\r\n<input type=\"hidden\" name=\"currency_code\" value=\"USD\">\r\n<input type=\"image\" src=\"https://www.paypal.com/images/sc-but-03.gif\" border=\"0\" name=\"submit\" alt=\"Make payments with PayPal - it\'s fast, free and secure!\">\r\n<input type=\"hidden\" name=\"add\" value=\"1\">\r\n</form>',NULL,NULL,0,1,'','',50.00,'','','print_3.jpg','',0.0000,1,1,'',0.00,280,NULL,NULL),(282,'Bessy','0','Signed reproduction<BR>14\" x 11\" matted and ready to frame<BR>$100<BR><form target=\"paypal\" action=\"https://www.paypal.com/cgi-bin/webscr\" method=\"post\">\r\n<input type=\"hidden\" name=\"cmd\" value=\"_cart\">\r\n<input type=\"hidden\" name=\"business\" value=\"info@bradfordbrenner.com\">\r\n<input type=\"hidden\" name=\"item_name\" value=\"Signed reproduction\">\r\n<input type=\"hidden\" name=\"item_number\" value=\"Bessy\">\r\n<input type=\"hidden\" name=\"amount\" value=\"100.00\">\r\n<input type=\"hidden\" name=\"no_note\" value=\"1\">\r\n<input type=\"hidden\" name=\"currency_code\" value=\"USD\">\r\n<input type=\"image\" src=\"https://www.paypal.com/images/sc-but-03.gif\" border=\"0\" name=\"submit\" alt=\"Make payments with PayPal - it\'s fast, free and secure!\">\r\n<input type=\"hidden\" name=\"add\" value=\"1\">\r\n</form>',NULL,NULL,0,1,'','',0.00,'','','print_2.jpg','',0.0000,1,1,'Signed reproduction<BR>14\" x 11\" matted and ready to frame<BR>$100<BR><form target=\"paypal\" action=\"https://www.paypal.com/cgi-bin/webscr\" method=\"post\">\r\n<input type=\"hidden\" name=\"cmd\" value=\"_cart\">\r\n<input type=\"hidden\" name=\"business\" value=\"info@bradfordbrenner.com\">\r\n<input type=\"hidden\" name=\"item_name\" value=\"Signed reproduction\">\r\n<input type=\"hidden\" name=\"item_number\" value=\"Bessy\">\r\n<input type=\"hidden\" name=\"amount\" value=\"100.00\">\r\n<input type=\"hidden\" name=\"no_note\" value=\"1\">\r\n<input type=\"hidden\" name=\"currency_code\" value=\"USD\">\r\n<input type=\"image\" src=\"https://www.paypal.com/images/sc-but-03.gif\" border=\"0\" name=\"submit\" alt=\"Make payments with PayPal - it\'s fast, free and secure!\">\r\n<input type=\"hidden\" name=\"add\" value=\"1\">\r\n</form>',0.00,281,0,NULL),(283,'Tiffany','0','Signed reproduction<BR>14\" x 11\" matted and ready to frame<BR>$100<BR><form target=\"paypal\" action=\"https://www.paypal.com/cgi-bin/webscr\" method=\"post\">\r\n<input type=\"hidden\" name=\"cmd\" value=\"_cart\">\r\n<input type=\"hidden\" name=\"business\" value=\"info@bradfordbrenner.com\">\r\n<input type=\"hidden\" name=\"item_name\" value=\"Signed reproduction\">\r\n<input type=\"hidden\" name=\"item_number\" value=\"Tiffany\">\r\n<input type=\"hidden\" name=\"amount\" value=\"100.00\">\r\n<input type=\"hidden\" name=\"no_note\" value=\"1\">\r\n<input type=\"hidden\" name=\"currency_code\" value=\"USD\">\r\n<input type=\"image\" src=\"https://www.paypal.com/images/sc-but-03.gif\" border=\"0\" name=\"submit\" alt=\"Make payments with PayPal - it\'s fast, free and secure!\">\r\n<input type=\"hidden\" name=\"add\" value=\"1\">\r\n</form>',NULL,NULL,1,1,'','',0.00,'','','print_3.jpg','',0.0000,1,1,'Signed reproduction<BR>14\" x 11\" matted and ready to frame<BR>$100<BR><form target=\"paypal\" action=\"https://www.paypal.com/cgi-bin/webscr\" method=\"post\">\r\n<input type=\"hidden\" name=\"cmd\" value=\"_cart\">\r\n<input type=\"hidden\" name=\"business\" value=\"info@bradfordbrenner.com\">\r\n<input type=\"hidden\" name=\"item_name\" value=\"Signed reproduction\">\r\n<input type=\"hidden\" name=\"item_number\" value=\"Tiffany\">\r\n<input type=\"hidden\" name=\"amount\" value=\"100.00\">\r\n<input type=\"hidden\" name=\"no_note\" value=\"1\">\r\n<input type=\"hidden\" name=\"currency_code\" value=\"USD\">\r\n<input type=\"image\" src=\"https://www.paypal.com/images/sc-but-03.gif\" border=\"0\" name=\"submit\" alt=\"Make payments with PayPal - it\'s fast, free and secure!\">\r\n<input type=\"hidden\" name=\"add\" value=\"1\">\r\n</form>',0.00,283,0,NULL),(634,'Wanda loses her Wisdom Teeth','0','',NULL,NULL,1,1,'','',2400.00,'','','DSC_2388.jpg','',0.0000,1,1,'24\" x 24\" oil on canvas<p>Bonner David Gallery, Scottsdale, AZ',0.00,634,NULL,NULL),(633,'Simone looks towards the Future','0','',NULL,NULL,1,1,'','',2450.00,'','','DSC_2315.jpg','',0.0000,1,1,'24\" x 20\" oil on canvas',0.00,633,NULL,NULL),(296,'Green floral','0','10\" x 8\" acrylic and oil on board',NULL,NULL,1,1,'','',0.00,'','','greenfloral.jpg','',0.0000,1,1,'10\" x 8\" acrylic and oil on board',0.00,294,NULL,NULL),(297,'Ochre floral','0','24\" x 18\" acrylic and oil on canvas',NULL,NULL,1,1,'','',0.00,'','','ochrefloral.jpg','',0.0000,1,1,'24\" x 18\" acrylic and oil on canvas',0.00,296,NULL,NULL),(298,'Ochre Winfrey','0','24\" x 18\" acrylic and oil on canvas',NULL,NULL,1,1,'','',0.00,'','','IMG_0610c.jpg','',0.0000,1,1,'24\" x 18\" acrylic and oil on canvas',0.00,297,NULL,NULL),(299,'Blue Floral','200','20\" x 16 oil on canvas',NULL,NULL,1,1,'','',0.00,'','','bluefloral.jpg','',0.0000,1,1,'20\" x 16\" oil on canvas',0.00,299,NULL,NULL),(300,'Pink Floral','199','20\" x 16\" acrylic and oil on canvas',NULL,NULL,1,1,'','',0.00,'','','pink_floral.jpg','',0.0000,1,1,'20\" x 16\" acrylic and oil on canvas',0.00,300,0,NULL),(301,'One flower','201','20\" x 16\" acrylic and oil on canvas',NULL,NULL,1,1,'','',0.00,'','','one_flower.jpg','',0.0000,1,1,'20\" x 16\" acrylic and oil on canvas',0.00,301,NULL,NULL),(302,'Night in Burma','0','96\" x 72\" acrylic and oil on canvas<p>private collection',NULL,NULL,1,1,'','',0.00,'','','P6180005_copy3.jpg','',0.0000,1,1,'96\" x 72\" acrylic and oil on canvas<p>private collection',0.00,302,NULL,NULL),(412,'','0','',NULL,NULL,1,1,'','',0.00,'','','lobel1.jpg','',0.0000,1,1,'',0.00,412,NULL,NULL),(413,'','0','',NULL,NULL,1,1,'','',0.00,'','','lobel6.jpg','',0.0000,1,1,'',0.00,413,NULL,NULL),(408,'Horizontal Horizon','307','',NULL,NULL,1,1,'','',0.00,'','','Horizontalhorizon.jpg','',0.0000,1,1,'48\" x 48\" acrylic on board',0.00,408,NULL,NULL),(414,'','0','',NULL,NULL,1,1,'','',0.00,'','','lobel7.jpg','',0.0000,1,1,'',0.00,414,NULL,NULL),(415,'','0','',NULL,NULL,1,1,'','',0.00,'','','installbook17b.jpg','',0.0000,1,1,'',0.00,415,NULL,NULL),(607,'Art Business News - Trendsetters','0','',NULL,NULL,1,1,'','',0.00,'','','trendsetter.jpg','',0.0000,1,1,'',0.00,607,NULL,NULL),(608,'Ranch & Coast Magazine','0','',NULL,NULL,1,1,'','',0.00,'','','Brenner2_copy.jpg','',0.0000,1,1,'',0.00,608,NULL,NULL),(609,'Cedros Review','0','',NULL,NULL,1,1,'','',0.00,'','','marleneartical.jpg','',0.0000,1,1,'',0.00,609,NULL,NULL),(610,'Ranch & Coast Magazine','0','',NULL,NULL,1,1,'','',0.00,'','','Brenner2_copy.jpg','',0.0000,1,1,'',0.00,610,NULL,NULL),(611,'Atlanta Museums and Galleries Guide','0','',NULL,NULL,1,1,'','',0.00,'','','M_G2b_cover.jpg','',0.0000,1,1,'',0.00,611,NULL,NULL),(612,'San Diego Gallery Guide - Sights on Art','0','',NULL,NULL,1,1,'','',0.00,'','','sights.jpg','',0.0000,1,1,'',0.00,612,NULL,NULL),(613,'San Diego Home and Garden magazine','0','',NULL,NULL,1,1,'','',0.00,'','','col1.jpg','',0.0000,1,1,'',0.00,613,NULL,NULL),(614,'Decor and Style magazine','0','',NULL,NULL,1,1,'','',0.00,'','','col2.jpg','',0.0000,1,1,'',0.00,614,NULL,NULL),(615,'San Diego Home and Garden magazine','0','',NULL,NULL,1,1,'','',0.00,'','','Installation.JPG','',0.0000,1,1,'',0.00,615,NULL,NULL),(616,'Decor and Style magazine','0','',NULL,NULL,1,1,'','',0.00,'','','col2b.jpg','',0.0000,1,1,'',0.00,616,NULL,NULL),(617,'Phoenix Home and Garden magazine','0','',NULL,NULL,1,1,'','',0.00,'','','48.jpg','',0.0000,1,1,'',0.00,617,NULL,NULL),(618,'Museums and Galleries Guide article','0','',NULL,NULL,1,1,'','',0.00,'','','mg1.gif','',0.0000,1,1,'',0.00,618,NULL,NULL),(619,'Art Business News - Bonner/David Gallery','0','',NULL,NULL,1,1,'','',0.00,'','','abnbonner.jpg','',0.0000,1,1,'',0.00,619,NULL,NULL),(597,'I Forgot Our Anniversary?','3','',NULL,NULL,1,1,'','',0.00,'','','IMG_0001ee.jpg','',0.0000,1,1,'36\" x 36\" acrylic on linen<p>Private collection',0.00,597,NULL,NULL),(598,'Anne Marie','4','',NULL,NULL,1,1,'','',0.00,'','','IMG_0004ee.jpg','',0.0000,1,1,'24\" x 18\" acrylic on canvas<p>Private collection',0.00,598,NULL,NULL),(599,'Mr. Rick','3','',NULL,NULL,1,1,'','',0.00,'','','IMG_0016ff2.jpg','',0.0000,1,1,'16\" x 12\" acrylic on canvas<p>Private collection',0.00,599,NULL,NULL),(600,'Margie Margarine','3','',NULL,NULL,1,1,'','',0.00,'','','IMG_0020ff2.jpg','',0.0000,1,1,'24\" x 18\" acrylic on canvas<p>Private collection',0.00,600,NULL,NULL),(603,'Atlanta Journal and Constitution review','0','',NULL,NULL,1,1,'','',0.00,'','','pub2.jpg','',0.0000,1,1,'',0.00,603,NULL,NULL),(604,'Atlanta Journal and Constitution review','0','',NULL,NULL,1,1,'','',0.00,'','','pub2.jpg','',0.0000,1,1,'',0.00,604,NULL,NULL),(605,'Atlanta Journal and Constitution review','0','',NULL,NULL,1,1,'','',0.00,'','','pub2.jpg','',0.0000,1,1,'',0.00,605,NULL,NULL),(606,'Atlanta Gallery Opening - Bender Fine Art','0','',NULL,NULL,1,1,'','',0.00,'','','ABN9.jpg','',0.0000,1,1,'',0.00,606,NULL,NULL),(587,'Rosie','1','',NULL,NULL,1,1,'','',0.00,'','','IMG_0013bb.jpg','',0.0000,1,1,'24\" x 18\" acrylic on canvas<p>Private collection',0.00,587,NULL,NULL),(588,'The Sheraton Sisters','5','',NULL,NULL,1,1,'','',0.00,'','','IMG_0014dd.jpg','',0.0000,1,1,'12\" x 24\" acrylic on canvas<p>Private Colllection',0.00,588,NULL,NULL),(589,'Lena','03','',NULL,NULL,1,1,'','',0.00,'','','IMG_0015dd2.jpg','',0.0000,1,1,'40\" x 30\" acrylic on canvas<p>Private collection',0.00,589,0,NULL),(590,'Best Friends','3','',NULL,NULL,1,1,'','',0.00,'','','IMG_0016dd.jpg','',0.0000,1,1,'48\" x 60\" acrylic on canvas<p>Private collection',0.00,590,NULL,NULL),(591,'Roxxanne','02','',NULL,NULL,1,1,'','',0.00,'','','IMG_0017dd.jpg','',0.0000,1,1,'48\" x 24\" acrylic on canvas<p>Private collection',0.00,591,NULL,NULL),(592,'945','3','',NULL,NULL,1,1,'','',0.00,'','','IMG_0018dd.jpg','',0.0000,1,1,'60\" x 48\" acrylic and grease pen on canvas<p>Private collection',0.00,592,0,NULL),(593,'Mrs. Columbus','3','',NULL,NULL,1,1,'','',0.00,'','','IMG_0020bb.jpg','',0.0000,1,1,'48\" x 48\" acrylic on canvas<p>Private collection',0.00,593,NULL,NULL),(594,'I\'m All Ear','3','',NULL,NULL,1,1,'','',0.00,'','','IMG_0021dd.jpg','',0.0000,1,1,'30\" x 24\" acrylic on canvas<p>Private collection',0.00,594,NULL,NULL),(595,'The Party','4','',NULL,NULL,1,1,'','',0.00,'','','IMG_0022dd.jpg','',0.0000,1,1,'48\" x 72\" acrylic on canvas<p>\r\nPrivate collection',0.00,595,0,NULL),(637,'Tallulah contemplates her next move','0','',NULL,NULL,1,1,'','',5200.00,'','','DSC_2415.jpg','',0.0000,1,1,'48\" x 36\" oil on canvas',0.00,637,NULL,NULL),(667,'Decor8','0','',NULL,NULL,1,1,'','',0.00,'','','winter_white.jpg','',0.0000,1,1,'<a href=http://decor8.blogspot.com/search?q=bradford+brenner><U>Decor8 link</U></a><P>Art Diary Bradford Brenner - Bradford is an artist located in San Diego that blogs about his work, offering it for sale via his blog. He paints primarily figurative, still life, landscape, portrait and abstract in acrylics and oil on either canvas or board. Excellent!',0.00,667,NULL,NULL),(416,'','0','',NULL,NULL,1,1,'','',0.00,'','','DSC_5134.jpg','',0.0000,1,1,'',0.00,416,NULL,NULL),(417,'3 Red Flowers 1 Black Vase','0','',NULL,NULL,1,1,'','',0.00,'','','IMG_5813.jpg','',0.0000,1,1,'48\" x 24\" acrylic on board',0.00,417,NULL,NULL),(575,'','0','',NULL,NULL,1,1,'','',0.00,'','','IMG_0022.jpg','',0.0000,1,1,'',0.00,575,NULL,NULL),(576,'','0','',NULL,NULL,1,1,'','',0.00,'','','IMG_0023cc.jpg','',0.0000,1,1,'',0.00,576,NULL,NULL),(577,'','40','',NULL,NULL,1,1,'','',0.00,'','','IMG_0024.jpg','',0.0000,1,1,'',0.00,577,NULL,NULL),(578,'Misty Popcorn','20','',NULL,NULL,1,1,'','',0.00,'','','IMG_0026cc.jpg','',0.0000,1,1,'24\" x 18\" acrylic on board<p>Private collection',0.00,578,NULL,NULL),(579,'','50','',NULL,NULL,1,1,'','',0.00,'','','IMG_0028.jpg','',0.0000,1,1,'',0.00,579,NULL,NULL),(580,'Clever Louise','20','',NULL,NULL,1,1,'','',0.00,'','','IMG1dd.jpg','',0.0000,1,1,'20\" x 16\" acrylic on canvas<p>Private collection',0.00,580,NULL,NULL),(629,'Arizona Country Club, Phoenix, AZ','0','',NULL,NULL,1,1,'','',0.00,'','','entry.jpg','',0.0000,1,1,'',0.00,629,NULL,NULL),(567,'','0','',NULL,NULL,1,1,'','',0.00,'','','CRW_5719bb.jpg','',0.0000,1,1,'',0.00,567,NULL,NULL),(306,'Storm','0','48\" x 60\" acrylic and oil on canvas<p>private collection',NULL,NULL,1,1,'','',0.00,'','','Storm.jpg','',0.0000,1,1,'48\" x 60\" acrylic and oil on canvas<p>private collection',0.00,306,NULL,NULL),(307,'Purple Hills','300','24\" x 24\" acrylic on canvas<p>private collection',NULL,NULL,1,1,'','',0.00,'','','CRW_3331.jpg','',0.0000,1,1,'24\" x 24\" acrylic on canvas<p>private collection',0.00,307,NULL,NULL),(424,'Orange You Wondering?','304','',NULL,NULL,1,1,'','',0.00,'','','IMG_5814b.jpg','',0.0000,1,1,'48\" x 36\" acrylic on canvas',0.00,424,0,NULL),(308,'Dawn','300','36\" x 48\" acrylic and oil on canvas<p>private collection',NULL,NULL,1,1,'','',0.00,'','','dawn.jpg','',0.0000,1,1,'36\" x 48\" acrylic and oil on canvas<p>private collection',0.00,308,NULL,NULL),(309,'Wax','300','24\" x 24\" acrylic, oil, wax on canvas ',NULL,NULL,1,1,'','',0.00,'','','wax.jpg','',0.0000,1,1,'24\" x 24\" acrylic, oil, wax on canvas ',0.00,309,NULL,NULL),(551,'Promise Me','0','',NULL,NULL,1,1,'','',1800.00,'','','DSC_2106.jpg','',0.0000,1,1,'12\" x 31\" acrylic on wood',0.00,551,NULL,NULL),(552,'Cityscape','300','',NULL,NULL,1,1,'','',4800.00,'','','aaavail68.jpg','',0.0000,1,1,'48\" x 48\" acrylic on canvas',0.00,552,NULL,NULL),(553,'Road to Where','0','',NULL,NULL,1,1,'','',3200.00,'','','aaavail69.jpg','',0.0000,1,1,'24\" x 48\" acrylic on panel',0.00,553,NULL,NULL),(555,'Cypress Sunrise','0','',NULL,NULL,1,1,'','',4200.00,'','','aaavail73.jpg','',0.0000,1,1,'48\" x 36\" acrylic on board',0.00,555,NULL,NULL),(556,'Soon as I get Home','0','',NULL,NULL,1,1,'','',3400.00,'','','DSC_5739_2.jpg','',0.0000,1,1,'24\" x 48\" acrylic on wood',0.00,556,NULL,NULL),(557,'The Orange One','0','',NULL,NULL,1,1,'','',2400.00,'','','aaavail81.jpg','',0.0000,1,1,'24\" x 24\" acrylic on board<p>Lagerquist Gallery, Atlanta, GA',0.00,557,NULL,NULL),(558,'Eight Trees','0','',NULL,NULL,1,1,'','',3500.00,'','','aaavail82.jpg','',0.0000,1,1,'30\" x 48\" acrylic on canvas',0.00,558,NULL,NULL),(561,'Paulette','100','',NULL,NULL,1,1,'','',1800.00,'','','aaavail22.jpg','',0.0000,1,1,'20\" x 16\" acrylic on canvas<p>Bonner David Gallery',0.00,561,NULL,NULL),(563,'Pink Lips','100','',NULL,NULL,1,1,'','',0.00,'','','aaavail46.jpg','',0.0000,1,1,'12\" x 12\" acrylic on canvas<p>Bonner David Gallery',0.00,563,NULL,NULL),(564,'Green Floral','200','',NULL,NULL,1,1,'','',1600.00,'','','aaavail72.jpg','',0.0000,1,1,'20\" x 16\" acrylic on canvas',0.00,564,NULL,NULL),(565,'Tilly','100','',NULL,NULL,1,1,'','',1200.00,'','','aaavail76.jpg','',0.0000,1,1,'20\' x 16\" acrylic on panel',0.00,565,NULL,NULL),(533,'Lauren has finally fallen for him','100','',NULL,NULL,1,1,'','',0.00,'','','aaavail51.jpg','',0.0000,1,1,'',0.00,533,NULL,NULL),(534,'Lizzy','100','',NULL,NULL,1,1,'','',1500.00,'','','aaavail84.jpg','',0.0000,1,1,'20\" x 16\" acrylic on panel<p>Lagerquist Gallery, Atlanta, GA',0.00,534,NULL,NULL),(535,'Stained Glass 3','303','31\" x 20\" acrylic on wood',NULL,NULL,1,1,'','',2550.00,'','','aaavail52.jpg','',0.0000,1,1,'31\" x 20\" acrylic on wood',0.00,535,NULL,NULL),(536,'Bouquet and Oranges','200','',NULL,NULL,1,1,'','',1700.00,'','','aaavail74.jpg','',0.0000,1,1,'24\" x 18\" acrylic on canvas',0.00,536,NULL,NULL),(538,'Stained Glass 2','303','20.5\" x 21.5\" acrylic on wood',NULL,NULL,1,1,'','',2250.00,'','','aaavail54.jpg','',0.0000,1,1,'20.5\" x 21.5\" acrylic on wood',0.00,538,NULL,NULL),(539,'Still Life 2','200','',NULL,NULL,1,1,'','',0.00,'','','aaavail79.jpg','',0.0000,1,1,'80\" x 30\" acrylic on canvas',0.00,539,NULL,NULL),(546,'River','0','',NULL,NULL,1,1,'','',2000.00,'','','DSC_5368.jpg','',0.0000,1,1,'16\" x 20\" acrylic on board. Framed',0.00,546,NULL,NULL),(548,'Windswept Tree','0','12\" x 16\" acrylic on canvas',NULL,NULL,1,1,'','',1200.00,'','','aaavail62.jpg','',0.0000,1,1,'12\" x 16\" acrylic on canvas',0.00,548,NULL,NULL),(333,'','0','',NULL,NULL,1,1,'','',0.00,'','','DSC_2769.jpg','',0.0000,1,1,'',0.00,334,NULL,NULL),(334,'','0','',NULL,NULL,1,1,'','',0.00,'','','DSC_2778.jpg','',0.0000,1,1,'',0.00,335,NULL,NULL),(517,'Dark Nights','300','',NULL,NULL,1,1,'','',2500.00,'','','aaavail37.jpg','',0.0000,1,1,'48\" x 48\" acrylic on canvas',0.00,517,NULL,NULL),(518,'Lazy Afternoon','0','',NULL,NULL,1,1,'','',1200.00,'','','aaavail38.jpg','',0.0000,1,1,'12\" x 24\" acrylic on wood',0.00,518,NULL,NULL),(519,'Little Black Dress','100','',NULL,NULL,1,1,'','',0.00,'','','aaavail50.jpg','',0.0000,1,1,'80\" x 28\" acrylic on panel<p>Bonner David Gallery',0.00,519,NULL,NULL),(520,'Ocean View','0','',NULL,NULL,1,1,'','',3200.00,'','','aaavail39.jpg','',0.0000,1,1,'48\" x 30\" acrylic on canvas',0.00,520,NULL,NULL),(523,'Willamette Valley','0','',NULL,NULL,1,1,'','',3200.00,'','','aaavail41.jpg','',0.0000,1,1,'24\" x 48\" acrylic on board',0.00,523,NULL,NULL),(526,'Feel what you Know','0','',NULL,NULL,1,1,'','',2200.00,'','','aaavail44.jpg','',0.0000,1,1,'20\" x 24\" acrylic on canvas',0.00,526,NULL,NULL),(527,'The Way to Santa Fe','0','8\" x 10\" acrylic on board',NULL,NULL,1,1,'','',750.00,'','','P2050032_3.jpg','',0.0000,1,1,'8\" x 10\" acrylic on board',0.00,527,NULL,NULL),(528,'Midnight Bouquet','200','',NULL,NULL,1,1,'','',0.00,'','','aaavail71.jpg','',0.0000,1,1,'84\" x 60\" acrylic on canvas',0.00,528,NULL,NULL),(630,'Holly Finds the Perfect Hat','0','',NULL,NULL,1,1,'','',2700.00,'','','DSC_2307.jpg','',0.0000,1,1,'24\" x 24\" oil on canvas',0.00,630,NULL,NULL),(467,'Before I was nothing','306','',NULL,NULL,1,1,'','',0.00,'','','DSC_4745_1b.jpg','',0.0000,1,1,'24\" x48\" acrylic on board',0.00,467,NULL,NULL),(468,'The Wall of Trees','200','',NULL,NULL,1,1,'','',0.00,'','','CRW_4560_copy.jpg','',0.0000,1,1,'72\" x 36\" (each panel) acrylic on canvas',0.00,468,NULL,NULL),(506,'Persimmon and Grape','0','',NULL,NULL,1,1,'','',600.00,'','','aaavail24.jpg','',0.0000,1,1,'10\" x 10\" acrylic on canvas',0.00,506,NULL,NULL),(507,'Persimmon, Perhaps','0','',NULL,NULL,1,1,'','',600.00,'','','DSC_5407.jpg','',0.0000,1,1,'10\" x 10\" acrylic on canvas',0.00,507,NULL,NULL),(627,'CASA \'Pleasures of the Palette\' event, Phoenix, AZ, Oct. \'07','01','',NULL,NULL,1,1,'','',0.00,'','','newpic3d718c9c8d8df1611da4578e9bbbd58e.jpg.jpg','',0.0000,1,1,'',0.00,624,NULL,NULL),(353,'Minny','100','80\" x 32\" acrylic on wood',NULL,NULL,1,1,'','',5600.00,'','','DSC_1802.jpg','',0.0000,1,1,'80\" x 32\" acrylic on wood<p>POP Gallery, Santa Fe, NM',0.00,355,NULL,NULL),(356,'Martini Haze','300','24\" x 24\" acrylic on wood',NULL,NULL,1,1,'','',2200.00,'','','DSC_2735b.jpg','',0.0000,1,1,'24\" x 24\" acrylic on wood',0.00,357,NULL,NULL),(357,'Reflection and Shadow','300','24\" x 24\" acrylic on wood',NULL,NULL,1,1,'','',2200.00,'','','DSC_3170.jpg','',0.0000,1,1,'24\" x 24\" acrylic on wood',0.00,358,NULL,NULL),(358,'The Dunes of Brighton','0','24\" x 24\" acrylic on wood',NULL,NULL,1,1,'','',0.00,'','','DSC_3372.jpg','',0.0000,1,1,'24\" x 24\" acrylic on wood',0.00,369,NULL,NULL),(492,'Red Landscape','0','',NULL,NULL,1,1,'','',5200.00,'','','aaavail08.jpg','',0.0000,1,1,'32\" x 80\" acrylic on board',0.00,492,NULL,NULL),(628,'American Art Collector, November \'07','0','',NULL,NULL,1,1,'','',0.00,'','','aac.gif','',0.0000,1,1,'',0.00,628,NULL,NULL),(452,'Acre of Sun','100','',NULL,NULL,1,1,'','',0.00,'','','PC210008a.jpg','',0.0000,1,1,'20\" x 16\" acrylic on linen',0.00,452,NULL,NULL),(453,'Lecherous Larry','51','',NULL,NULL,1,1,'','',0.00,'','','IMG_2061b.jpg','',0.0000,1,1,'12\" x 12\" acrylic on canvas',0.00,453,NULL,NULL),(454,'','0','',NULL,NULL,1,1,'','',0.00,'','','DSC00301b.jpg','',0.0000,1,1,'',0.00,454,NULL,NULL),(455,'Until Morning','200','',NULL,NULL,1,1,'','',0.00,'','','DSC_5161b.jpg','',0.0000,1,1,'12\" x 16\" acrylic on board',0.00,455,NULL,NULL),(456,'Under a Blanket of Carmel','200','',NULL,NULL,1,1,'','',0.00,'','','P5250002b.jpg','',0.0000,1,1,'20\" x 24\" acrylic on canvas',0.00,456,NULL,NULL),(457,'Crossing the Picket Line','0','',NULL,NULL,1,1,'','',0.00,'','','P5250007b.jpg','',0.0000,1,1,'24\" x 48\" acrylic on board',0.00,457,NULL,NULL),(458,'Window to the Wind','500','',NULL,NULL,1,1,'','',0.00,'','','DSC_1511b.jpg','',0.0000,1,1,'24\" x 48\" acrylic on board',0.00,458,NULL,NULL),(459,'Village on the Hill','500','',NULL,NULL,1,1,'','',0.00,'','','CRW_5245c.jpg','',0.0000,1,1,'8\" x 10\" acrylic on board',0.00,459,NULL,NULL),(460,'The Indelible Landscape','400','',NULL,NULL,1,1,'','',0.00,'','','IMG_2048b.jpg','',0.0000,1,1,'20\" x 24\" acrylic on canvas',0.00,460,NULL,NULL),(461,'Light at the end of the tunnel','400','',NULL,NULL,1,1,'','',0.00,'','','CRW_3308b.jpg','',0.0000,1,1,'48\" x 48\" acrylic on board',0.00,461,NULL,NULL),(462,'','400','',NULL,NULL,1,1,'','',0.00,'','','CRW_5473b.jpg','',0.0000,1,1,'',0.00,462,NULL,NULL),(463,'Stained Glass 1','200','',NULL,NULL,1,1,'','',0.00,'','','DSC_2408b.jpg','',0.0000,1,1,'22\" x 20\" acrylic on board',0.00,463,NULL,NULL),(464,'Stained Glass 1','303','22.5\" x 23.5\" acrylic on board',NULL,NULL,1,1,'','',2300.00,'','','DSC_2408b.jpg','',0.0000,1,1,'22.5\" x 23.5\" acrylic on board\r\n\r\n',0.00,464,NULL,NULL),(372,'','0','',NULL,NULL,1,1,'','',0.00,'','','00onwall1.jpg','',0.0000,1,1,'',0.00,375,NULL,NULL),(373,'','0','',NULL,NULL,1,1,'','',0.00,'','','00onwall2.jpg','',0.0000,1,1,'',0.00,374,NULL,NULL),(440,'Closer to the Feeling','303','',NULL,NULL,1,1,'','',0.00,'','','DSC_1631b.jpg','',0.0000,1,1,'36\" x 80\" acrylic on board',0.00,440,0,NULL),(484,'The Vineyard','0','',NULL,NULL,1,1,'','',4800.00,'','','aaavail01.jpg','',0.0000,1,1,'48\" x 48\" acrylic on board',0.00,484,NULL,NULL),(442,'Fishing for Compliments','70','',NULL,NULL,1,1,'','',0.00,'','','DSC_2289b.jpg','',0.0000,1,1,'12\" x 48\" acrylic on board',0.00,442,NULL,NULL),(444,'Seasonal Elation','302','',NULL,NULL,1,1,'','',0.00,'','','DSC_2283b.jpg','',0.0000,1,1,'12\" x 48\" acrylic on board',0.00,444,NULL,NULL),(445,'Concertina','400','',NULL,NULL,1,1,'','',0.00,'','','DSC_4987_1c.jpg','',0.0000,1,1,'24\" x 48\" acrylic on board',0.00,445,NULL,NULL),(446,'Duh Kooning','0','',NULL,NULL,1,1,'','',0.00,'','','DSC_4948_1b.jpg','',0.0000,1,1,'24\" x 48\" acrylic on board',0.00,446,NULL,NULL),(569,'','0','',NULL,NULL,1,1,'','',0.00,'','','IMG_0006b.jpg','',0.0000,1,1,'',0.00,569,NULL,NULL),(489,'Standing Room','0','5\" x 7\" acrylic on board',NULL,NULL,1,1,'','',0.00,'','','aaavail06.jpg','',0.0000,1,1,'5\" x 7\" acrylic on board',0.00,489,0,NULL),(678,'','0','',NULL,NULL,1,1,'','',375.00,'','','at10.jpg','',0.0000,1,1,'12\" x 12\" oil on panel <p><form target=\"paypal\" action=\"https://www.paypal.com/cgi-bin/webscr\" method=\"post\">\r\n<input type=\"hidden\" name=\"cmd\" value=\"_cart\">\r\n<input type=\"hidden\" name=\"business\" value=\"info@bradfordbrenner.com\">\r\n<input type=\"hidden\" name=\"item_name\" value=\"Original painting.\">\r\n<input type=\"hidden\" name=\"item_number\" value=\"1\">\r\n<input type=\"hidden\" name=\"amount\" value=\"375.00\">\r\n<input type=\"hidden\" name=\"no_note\" value=\"1\">\r\n<input type=\"hidden\" name=\"currency_code\" value=\"USD\">\r\n<input type=\"image\" src=\"https://www.paypal.com/images/sc-but-03.gif\" border=\"0\" name=\"submit\" alt=\"Make payments with PayPal - it\'s fast, free and secure!\">\r\n<input type=\"hidden\" name=\"add\" value=\"1\">\r\n</form>',0.00,678,0,NULL),(679,'','0','',NULL,NULL,1,1,'','',375.00,'','','at11.jpg','',0.0000,1,1,'12\" x 12\" oil on panel <p><form target=\"paypal\" action=\"https://www.paypal.com/cgi-bin/webscr\" method=\"post\">\r\n<input type=\"hidden\" name=\"cmd\" value=\"_cart\">\r\n<input type=\"hidden\" name=\"business\" value=\"info@bradfordbrenner.com\">\r\n<input type=\"hidden\" name=\"item_name\" value=\"Original painting.\">\r\n<input type=\"hidden\" name=\"item_number\" value=\"11\">\r\n<input type=\"hidden\" name=\"amount\" value=\"375.00\">\r\n<input type=\"hidden\" name=\"no_note\" value=\"1\">\r\n<input type=\"hidden\" name=\"currency_code\" value=\"USD\">\r\n<input type=\"image\" src=\"https://www.paypal.com/images/sc-but-03.gif\" border=\"0\" name=\"submit\" alt=\"Make payments with PayPal - it\'s fast, free and secure!\">\r\n<input type=\"hidden\" name=\"add\" value=\"1\">\r\n</form>',0.00,679,0,NULL),(450,'Margaret\'s first day at the Trib','0','',NULL,NULL,1,1,'','',0.00,'','','IMG_0007cc2.jpg','',0.0000,1,1,'',0.00,450,NULL,NULL),(318,'2.5 Cypress','0','48\" x 24\" acrylic and oil on board',NULL,NULL,0,1,'','',0.00,'','','ava12.jpg','',0.0000,1,1,'48\" x 24\" acrylic and oil on board',0.00,318,NULL,NULL),(425,'Horizontal Horizon 2','0','',NULL,NULL,1,1,'','',0.00,'','','DSC_1778b.jpg','',0.0000,1,1,'24\" x 24\" acrylic on board',0.00,425,NULL,NULL),(426,'Horizontal Horizon 3','0','',NULL,NULL,1,1,'','',0.00,'','','DSC_1781b.jpg','',0.0000,1,1,'',0.00,426,NULL,NULL),(427,'Bob the Builder','0','',NULL,NULL,1,1,'','',0.00,'','','DSC_5094.jpg','',0.0000,1,1,'60\" x 60\" acrylic on canvas',0.00,427,NULL,NULL),(428,'Bob the Builder','300','',NULL,NULL,1,1,'','',6000.00,'','','DSC_5094.jpg','',0.0000,1,1,'60\" x 60\" acrylic on canvas<p>POP Gallery, Santa Fe, NM',0.00,428,NULL,NULL),(429,'Balloon Flowers on the Rise','0','',NULL,NULL,1,1,'','',0.00,'','','DSC_1798b.jpg','',0.0000,1,1,'80\" x 32\" acrylic on board',0.00,429,NULL,NULL),(430,'Nearly Missed that Sunset','301','',NULL,NULL,1,1,'','',0.00,'','','DSC_2417c.jpg','',0.0000,1,1,'12\" x 48\" acrylic on board',0.00,430,NULL,NULL),(431,'The Blanchards','0','',NULL,NULL,1,1,'','',0.00,'','','DSC_0464b.jpg','',0.0000,1,1,'48\" x 36\" acrylic on canvas',0.00,431,NULL,NULL),(432,'Trish the Fish','0','',NULL,NULL,1,1,'','',0.00,'','','fish1b.jpg','',0.0000,1,1,'',0.00,432,NULL,NULL),(433,'Persimmon Perhaps','0','',NULL,NULL,1,1,'','',0.00,'','','CRW_5160b.jpg','',0.0000,1,1,'24\" x 24\" acrylic on board',0.00,433,NULL,NULL),(434,'The Bunco 5','60','',NULL,NULL,1,1,'','',0.00,'','','CRW_5223b.jpg','',0.0000,1,1,'12\" x 48\" acrylic on board',0.00,434,NULL,NULL),(438,'A Story Within a Story','301','',NULL,NULL,1,1,'','',0.00,'','','IMG_5810b.jpg','',0.0000,1,1,'36\" x 80\" acrylic on canvas',0.00,438,NULL,NULL),(439,'Moroccoco','0','',NULL,NULL,1,1,'','',0.00,'','','DSC_4924_1b.jpg','',0.0000,1,1,'84\" x 60\" acrylic on canvas',0.00,439,NULL,NULL),(319,'3.5 Cypress','0','48\" x 24\" acrylic and oil on board',NULL,NULL,0,1,'','',3600.00,'','','ava13.jpg','',0.0000,1,1,'48\" x 24\" acrylic and oil on board<p>Kreiss, New York, NY',0.00,319,NULL,NULL),(394,'','0','',NULL,NULL,1,1,'','',0.00,'','','00onwall22.jpg','',0.0000,1,1,'',0.00,395,NULL,NULL),(395,'','0','',NULL,NULL,1,1,'','',0.00,'','','00onwall23.jpg','',0.0000,1,1,'',0.00,396,NULL,NULL),(396,'','0','',NULL,NULL,1,1,'','',0.00,'','','00onwall24.jpg','',0.0000,1,1,'',0.00,397,NULL,NULL),(397,'','0','',NULL,NULL,1,1,'','',0.00,'','','00onwall25.jpg','',0.0000,1,1,'',0.00,400,NULL,NULL),(418,'3 Red Flowers 1 Black Vase','0','',NULL,NULL,1,1,'','',0.00,'','','IMG_5813.jpg','',0.0000,1,1,'48\" x 24\" acrylic on board',0.00,418,NULL,NULL),(399,'','0','',NULL,NULL,1,1,'','',0.00,'','','00onwall27.jpg','',0.0000,1,1,'',0.00,399,NULL,NULL),(400,'','0','',NULL,NULL,1,1,'','',0.00,'','','00onwall28.jpg','',0.0000,1,1,'',0.00,401,NULL,NULL),(401,'','0','',NULL,NULL,1,1,'','',0.00,'','','00onwall29.jpg','',0.0000,1,1,'',0.00,402,NULL,NULL),(402,'','0','',NULL,NULL,1,1,'','',0.00,'','','00onwall30.jpg','',0.0000,1,1,'',0.00,404,NULL,NULL),(404,'','0','',NULL,NULL,1,1,'','',0.00,'','','00onwall32.jpg','',0.0000,1,1,'',0.00,323,NULL,NULL),(419,'Greggor McGee turns 50','0','',NULL,NULL,1,1,'','',0.00,'','','DSC_4988b.jpg','',0.0000,1,1,'24\" x 24\" acrylic on board',0.00,419,NULL,NULL),(420,'Bugsy','0','',NULL,NULL,1,1,'','',0.00,'','','DSC_4629.jpg','',0.0000,1,1,'24\" x 18\" acrylic on canvas',0.00,420,NULL,NULL),(421,'Naked Truth','0','',NULL,NULL,1,1,'','',0.00,'','','DSC_4603.jpg','',0.0000,1,1,'30\" x 48\" acrylic on canvas',0.00,421,NULL,NULL),(422,'I Can Explain','109','',NULL,NULL,1,1,'','',0.00,'','','DSC_4731_1b.jpg','',0.0000,1,1,'24\" x 18\" acrylic on canvas',0.00,422,NULL,NULL),(423,'Dear John','205','',NULL,NULL,1,1,'','',0.00,'','','DSC_4741_1.jpg','',0.0000,1,1,'48\" x 24\" acrylic on board',0.00,423,NULL,NULL),(374,'','0','',NULL,NULL,1,1,'','',0.00,'','','00onwall3.jpg','',0.0000,1,1,'',0.00,376,NULL,NULL),(375,'','0','',NULL,NULL,1,1,'','',0.00,'','','00onwall4.jpg','',0.0000,1,1,'',0.00,373,NULL,NULL),(376,'','0','',NULL,NULL,1,1,'','',0.00,'','','00onwall5.jpg','',0.0000,1,1,'',0.00,380,NULL,NULL),(410,'','0','',NULL,NULL,1,1,'','',0.00,'','','lobel4.jpg','',0.0000,1,1,'',0.00,410,NULL,NULL),(481,'The Sun and the Moon','0','',NULL,NULL,1,1,'','',0.00,'','','DSC_5674.jpg','',0.0000,1,1,'24\" x 20\" acrylic on canvas',0.00,481,NULL,NULL),(411,'','0','',NULL,NULL,1,1,'','',0.00,'','','lobel3.jpg','',0.0000,1,1,'',0.00,411,NULL,NULL),(380,'','0','',NULL,NULL,1,1,'','',0.00,'','','00onwall9.jpg','',0.0000,1,1,'',0.00,381,NULL,NULL),(381,'','0','',NULL,NULL,1,1,'','',0.00,'','','00onwall10.jpg','',0.0000,1,1,'',0.00,382,NULL,NULL),(382,'','0','',NULL,NULL,1,1,'','',0.00,'','','00onwall11.jpg','',0.0000,1,1,'',0.00,383,NULL,NULL),(383,'','0','',NULL,NULL,1,1,'','',0.00,'','','00onwall12.jpg','',0.0000,1,1,'',0.00,384,NULL,NULL),(384,'','0','',NULL,NULL,1,1,'','',0.00,'','','00onwall13.jpg','',0.0000,1,1,'',0.00,385,NULL,NULL),(385,'','0','',NULL,NULL,1,1,'','',0.00,'','','00onwall14.jpg','',0.0000,1,1,'',0.00,386,NULL,NULL),(386,'','0','',NULL,NULL,1,1,'','',0.00,'','','00onwall15.jpg','',0.0000,1,1,'',0.00,387,NULL,NULL),(387,'','0','',NULL,NULL,1,1,'','',0.00,'','','00onwall16.jpg','',0.0000,1,1,'',0.00,389,NULL,NULL),(389,'','0','',NULL,NULL,1,1,'','',0.00,'','','00onwall17.jpg','',0.0000,1,1,'',0.00,390,NULL,NULL),(390,'','0','',NULL,NULL,1,1,'','',0.00,'','','00onwall18.jpg','',0.0000,1,1,'',0.00,391,NULL,NULL),(391,'','0','',NULL,NULL,1,1,'','',0.00,'','','00onwall19.jpg','',0.0000,1,1,'',0.00,392,NULL,NULL),(392,'','0','',NULL,NULL,1,1,'','',0.00,'','','00onwall20.jpg','',0.0000,1,1,'',0.00,394,NULL,NULL),(345,'East West','0','30\" x 48\" acrylic on canvas',NULL,NULL,1,1,'','',3500.00,'','','DSC_1343.jpg','',0.0000,1,1,'30\" x 48\" acrylic on canvas',0.00,346,NULL,NULL),(346,'Stand for Something','0','10\" x 16\" acrylic on wood',NULL,NULL,1,1,'','',850.00,'','','DSC_1399.jpg','',0.0000,1,1,'10\" x 16\" acrylic on wood',0.00,347,NULL,NULL),(347,'Unidentified Fruit Object','0','24\" x 24\" acrylic on wood',NULL,NULL,1,1,'','',2500.00,'','','DSC_1411.jpg','',0.0000,1,1,'24\" x 24\" acrylic on wood<p>Kreiss, La Jolla, CA',0.00,348,NULL,NULL),(348,'Circuitous Route','300','10\" x 10\" acrylic/wax on canvas',NULL,NULL,1,1,'','',600.00,'','','DSC_1490_copy.jpg','',0.0000,1,1,'10\" x 10\" acrylic/wax on canvas\r\n\r\n',0.00,351,0,NULL),(351,'Since You\'ve Gone','200','80\" x 36\" acrylic on wood',NULL,NULL,1,1,'','',0.00,'','','DSC_1675.jpg','',0.0000,1,1,'80\" x 36\" acrylic on wood',0.00,353,NULL,NULL),(495,'Pearls','100','',NULL,NULL,1,1,'','',1200.00,'','','aaavail19.jpg','',0.0000,1,1,'12\" x 12\" acrylic on canvas<p>POP Gallery, Santa Fe, NM',0.00,495,NULL,NULL),(323,'Lollipop Trees','300','24\" x 36\" acrylic on canvas<p>private collection',NULL,NULL,1,1,'','',0.00,'','','lollipop_trees.jpg','',0.0000,1,1,'24\" x 36\" acrylic on canvas<p>private collection',0.00,324,NULL,NULL),(324,'One Tree','300','24\" x 24\" acrylic on board<p>private collection',NULL,NULL,1,1,'','',0.00,'','','onetree7.jpg','',0.0000,1,1,'24\" x 24\" acrylic on board<p>private collection',0.00,325,NULL,NULL),(325,'Two Trees','300','24\" x 48\" acrylic on board<p>private collection',NULL,NULL,1,1,'','',0.00,'','','twotrees.jpg','',0.0000,1,1,'24\" x 48\" acrylic on board<p>private collection',0.00,326,NULL,NULL),(490,'The Gaze','100','',NULL,NULL,1,1,'','',1200.00,'','','aaavail18.jpg','',0.0000,1,1,'12\" x 12\" acrylic on canvas<p>POP Gallery, Santa Fe, NM',0.00,490,NULL,NULL),(480,'Everybody Knows That','0','',NULL,NULL,1,1,'','',0.00,'','','DSC_5684c.jpg','',0.0000,1,1,'72\" x 43\" acrylic/canvas<p>Private Collection',0.00,480,NULL,NULL),(369,'Checker Available','100','24\" x 24\" acrylic on canvas',NULL,NULL,1,1,'','',2400.00,'','','DSC_5636.jpg','',0.0000,1,1,'24\" x 24\" acrylic on canvas',0.00,372,NULL,NULL),(784,'','0','',NULL,NULL,1,1,'','',0.00,'','','IMG_0866.jpg','',0.0000,1,1,'',0.00,784,0,NULL),(698,'Unidentified Fruit Objects','0','',NULL,NULL,1,1,'','',0.00,'','','DSC_4946c.jpg','',0.0000,1,1,'24\" x 24\" oil on canvas',0.00,698,0,NULL),(676,'San Francisco Chronicle','0','',NULL,NULL,1,1,'','',0.00,'','','plowells.jpg','',0.0000,1,1,'',0.00,676,0,NULL),(677,'San Francisco Chronicle','0','',NULL,NULL,1,1,'','',0.00,'','','plowells.jpg','',0.0000,1,1,'',0.00,677,0,NULL),(478,'','0','',NULL,NULL,1,1,'','',0.00,'','','DSC_5623.jpg','',0.0000,1,1,'',0.00,478,NULL,NULL),(479,'','0','',NULL,NULL,1,1,'','',0.00,'','','DSC_5624.jpg','',0.0000,1,1,'',0.00,479,NULL,NULL),(621,'Bonner David Gallery, Scottsdale, AZ -  January 2007','1','',NULL,NULL,1,1,'','',0.00,'','','PICT3065.jpg','',0.0000,1,1,'',0.00,621,NULL,NULL),(622,'','3','',NULL,NULL,1,1,'','',0.00,'','','PICT3042.jpg','',0.0000,1,1,'',0.00,622,NULL,NULL),(623,'','4','',NULL,NULL,1,1,'','',0.00,'','','PICT3083.jpg','',0.0000,1,1,'Brad with gallery owners Christi Manualito and Clark Olson.',0.00,623,NULL,NULL),(635,'Margaritte has her Head in the Clouds','0','',NULL,NULL,1,1,'','',2450.00,'','','DSC_2403.jpg','',0.0000,1,1,'20\" x 24\" oil on canvas',0.00,635,NULL,NULL),(656,'Fig Your it Out','0','',NULL,NULL,1,1,'','',0.00,'','','DSC_3708.jpg','',0.0000,1,1,'30\" x 24\" acrylic on canvas\r\n',0.00,656,0,NULL),(657,'Whirling Dervish','0','',NULL,NULL,1,1,'','',2200.00,'','','DSC_2167.jpg','',0.0000,1,1,'24\" x 24\" acrylic on board',0.00,657,NULL,NULL),(658,'Waxing Poetic','0','',NULL,NULL,1,1,'','',650.00,'','','DSC_2194.jpg','',0.0000,1,1,'12\" x 12\" acrylic on canvas',0.00,658,NULL,NULL),(659,'TV on Mars','0','',NULL,NULL,1,1,'','',600.00,'','','DSC_2840.jpg','',0.0000,1,1,'10\" x 10\" acrylic on canvas',0.00,659,NULL,NULL),(660,'Stay Puff','0','',NULL,NULL,1,1,'','',600.00,'','','DSC_2842.jpg','',0.0000,1,1,'10\" x 10\" acrylic on canvas',0.00,660,NULL,NULL),(661,'There\'s my Sock!','100','',NULL,NULL,1,1,'','',600.00,'','','DSC_2844.jpg','',0.0000,1,1,'10\" x 10\" acrylic on canvas',0.00,661,NULL,NULL),(662,'Circle in a Square','0','',NULL,NULL,1,1,'','',2200.00,'','','DSC_3334.jpg','',0.0000,1,1,'30\" x 30\" acrylic on canvas',0.00,663,NULL,NULL),(663,'I could have been King','1','',NULL,NULL,1,1,'','',0.00,'','','DSC_3694b.jpg','',0.0000,1,1,'24\" x 24\" acrylic on canvas',0.00,664,0,NULL),(664,'Bonner David Gallery, Scottsdale, AZ - November 2007','00','',NULL,NULL,1,1,'','',0.00,'','','IMG_6237.jpg','',0.0000,1,1,'Bonner David Gallery<p>Scottsdale, AZ<p>November 2007',0.00,662,NULL,NULL),(665,'Third & Wall','1','',NULL,NULL,1,1,'','',0.00,'','','IMG.jpg','',0.0000,1,1,'',0.00,665,NULL,NULL),(666,'Third & Wall','2','',NULL,NULL,1,1,'','',0.00,'','','IMG_0001.jpg','',0.0000,1,1,'',0.00,666,NULL,NULL),(671,'Untitled Landscape','0','',NULL,NULL,1,1,'','',975.00,'','','DSC_4604_3.jpg','',0.0000,1,1,'11\" x 14\" acrylic/oil on canvas',0.00,671,0,NULL),(639,'Maria chaperones Cotillion','0','',NULL,NULL,1,1,'','',5600.00,'','','DSC_3196.jpg','',0.0000,1,1,'72\" x 40\" oil on canvas<p>POP Gallery, Santa Fe, NM',0.00,639,NULL,NULL),(641,'\'Lois Was Caught In Curlers \'','0','12\" x 12\" acrylic on canvas<P>Gallery retail price is $1,200 (minimum bid $500)\r\n<P>  Auction ends 2-11-08<P>\r\n<a href=mailto:info@bradfordbrenner.com?subject=Lois-Was-Caught-In-Curlers-Bid><U>[Bid Here!!!]</U></a>',NULL,NULL,1,1,'','',0.00,'','','DSC_3786.jpg','',0.0000,1,1,'12\" x 12\" acrylic on canvas<P>Gallery retail price $1,200 (minimum bid $500) <P>  <a href=mailto:info@bradfordbrenner.com?subject=Lois-Was-Caught-In-Curlers-Bid><U>[BID HERE!!!]</U></a><P>      ',0.00,641,NULL,NULL),(642,'Marjorie can\'t wait to make up to break up','0','',NULL,NULL,1,1,'','',0.00,'','','DSC_3774b.jpg','',0.0000,1,1,'68\" x 30\" acrylic on canvas<p>Call or email for price\r\n',0.00,642,0,NULL),(643,'No one gave me 21 jewels','0','',NULL,NULL,1,1,'','',3500.00,'','','DSC_3779.jpg','',0.0000,1,1,'48\" x 30\" oil on canvas',0.00,643,NULL,NULL),(644,'Lois was caught in curlers','0','',NULL,NULL,1,1,'','',1200.00,'','','DSC_3786.jpg','',0.0000,1,1,'12\" x 12\" acrylic on canvas',0.00,644,NULL,NULL),(645,'Lollipop Trees','0','',NULL,NULL,1,1,'','',3900.00,'','','DSC_2048.jpg','',0.0000,1,1,'30\" x 48\" acrylic on canvas',0.00,645,NULL,NULL),(646,'Menage a Trees','0','',NULL,NULL,1,1,'','',2150.00,'','','DSC_2353.jpg','',0.0000,1,1,'7.5\" x 35.5\" acrylic on wood',0.00,646,NULL,NULL),(647,'Until the Morning','0','',NULL,NULL,1,1,'','',5800.00,'','','DSC_3190.jpg','',0.0000,1,1,'36\" x 80\" acrylic on canvas<p>POP Gallery, Santa Fe, NM',0.00,647,NULL,NULL),(648,'Blue Skies Ahead','0','',NULL,NULL,1,1,'','',5400.00,'','','DSC_3384.jpg','',0.0000,1,1,'60\" x 48\" acrylic on canvas',0.00,648,NULL,NULL),(649,'Mirror Image','0','',NULL,NULL,1,1,'','',4800.00,'','','DSC_3390.jpg','',0.0000,1,1,'48\" x 48\" acrylic on canvas',0.00,649,NULL,NULL),(650,'Dance Naked under Palm Trees','0','',NULL,NULL,1,1,'','',2500.00,'','','DSC_3504.jpg','',0.0000,1,1,'30\" x 24\" acrylic on canvas',0.00,650,NULL,NULL),(651,'Essence of Nature','0','',NULL,NULL,1,1,'','',1350.00,'','','DSC_2154.jpg','',0.0000,1,1,'12\" x 16\" oil on canvas',0.00,651,NULL,NULL),(652,'Four Cypress','0','',NULL,NULL,1,1,'','',3500.00,'','','DSC_3482.jpg','',0.0000,1,1,'48\" x 24\" acrylic on board',0.00,652,NULL,NULL),(654,'Last Train to Paris','0','',NULL,NULL,1,1,'','',5250.00,'','','DSC_2364.jpg','',0.0000,1,1,'48\" x 36\" oil on canvas<p>Bonner David Gallery, Scottsdale, AZ',0.00,654,0,NULL),(655,'Fallen Iris','0','',NULL,NULL,1,1,'','',4800.00,'','','DSC_3668.jpg','',0.0000,1,1,'60\" x 36\" acrylic on canvas<p>Bonner David Gallery, Scottsdale, AZ',0.00,655,NULL,NULL),(625,'Marina, Brad and Isabella Brenner at POP Santa Fe, 7/07','03','',NULL,NULL,1,1,'','',0.00,'','','thumbnails.php.jpg','',0.0000,1,1,'',0.00,627,NULL,NULL),(636,'Bella ponders his Response','0','',NULL,NULL,1,1,'','',5200.00,'','','DSC_2413.jpg','',0.0000,1,1,'48\" x 36\" oil on canvas',0.00,636,NULL,NULL),(620,'','2','',NULL,NULL,1,1,'','',0.00,'','','PICT3038.jpg','',0.0000,1,1,'',0.00,620,NULL,NULL),(673,'Blue Hair','0','',NULL,NULL,1,1,'','',0.00,'','','DSC_4616_3.jpg','',0.0000,1,1,'24\" x 20\" acrylic on canvas',0.00,673,0,NULL),(674,'Luwanda waits and waits','0','20\" x 16\" acrylic on canvas',NULL,NULL,1,1,'','',0.00,'','','DSC_4618_3.jpg','',0.0000,1,1,'20\" x 16\" acrylic on canvas<p>\r\n',0.00,674,0,NULL),(675,'West County Sonoma','0','',NULL,NULL,1,1,'','',0.00,'','','DSC_4631_3.jpg','',0.0000,1,1,'36\" x 48\" acrylic on canvas',0.00,675,0,NULL),(680,'','0','',NULL,NULL,1,1,'','',375.00,'','','at12.jpg','',0.0000,1,1,'12\" x 12\" oil on panel <p><form target=\"paypal\" action=\"https://www.paypal.com/cgi-bin/webscr\" method=\"post\">\r\n<input type=\"hidden\" name=\"cmd\" value=\"_cart\">\r\n<input type=\"hidden\" name=\"business\" value=\"info@bradfordbrenner.com\">\r\n<input type=\"hidden\" name=\"item_name\" value=\"Original painting.\">\r\n<input type=\"hidden\" name=\"item_number\" value=\"12\">\r\n<input type=\"hidden\" name=\"amount\" value=\"375.00\">\r\n<input type=\"hidden\" name=\"no_note\" value=\"1\">\r\n<input type=\"hidden\" name=\"currency_code\" value=\"USD\">\r\n<input type=\"image\" src=\"https://www.paypal.com/images/sc-but-03.gif\" border=\"0\" name=\"submit\" alt=\"Make payments with PayPal - it\'s fast, free and secure!\">\r\n<input type=\"hidden\" name=\"add\" value=\"1\">\r\n</form>',0.00,680,0,NULL),(681,'','0','',NULL,NULL,1,1,'','',375.00,'','','at13.jpg','',0.0000,1,1,'12\" x 12\" oil on panel <p><form target=\"paypal\" action=\"https://www.paypal.com/cgi-bin/webscr\" method=\"post\">\r\n<input type=\"hidden\" name=\"cmd\" value=\"_cart\">\r\n<input type=\"hidden\" name=\"business\" value=\"info@bradfordbrenner.com\">\r\n<input type=\"hidden\" name=\"item_name\" value=\"Original painting.\">\r\n<input type=\"hidden\" name=\"item_number\" value=\"13\">\r\n<input type=\"hidden\" name=\"amount\" value=\"375.00\">\r\n<input type=\"hidden\" name=\"no_note\" value=\"1\">\r\n<input type=\"hidden\" name=\"currency_code\" value=\"USD\">\r\n<input type=\"image\" src=\"https://www.paypal.com/images/sc-but-03.gif\" border=\"0\" name=\"submit\" alt=\"Make payments with PayPal - it\'s fast, free and secure!\">\r\n<input type=\"hidden\" name=\"add\" value=\"1\">\r\n</form>',0.00,681,0,NULL),(682,'','0','',NULL,NULL,1,1,'','',375.00,'','','at15.jpg','',0.0000,1,1,'12\" x 12\" oil on panel <p><form target=\"paypal\" action=\"https://www.paypal.com/cgi-bin/webscr\" method=\"post\">\r\n<input type=\"hidden\" name=\"cmd\" value=\"_cart\">\r\n<input type=\"hidden\" name=\"business\" value=\"info@bradfordbrenner.com\">\r\n<input type=\"hidden\" name=\"item_name\" value=\"Original painting.\">\r\n<input type=\"hidden\" name=\"item_number\" value=\"15\">\r\n<input type=\"hidden\" name=\"amount\" value=\"375.00\">\r\n<input type=\"hidden\" name=\"no_note\" value=\"1\">\r\n<input type=\"hidden\" name=\"currency_code\" value=\"USD\">\r\n<input type=\"image\" src=\"https://www.paypal.com/images/sc-but-03.gif\" border=\"0\" name=\"submit\" alt=\"Make payments with PayPal - it\'s fast, free and secure!\">\r\n<input type=\"hidden\" name=\"add\" value=\"1\">\r\n</form>',0.00,682,0,NULL),(683,'','0','',NULL,NULL,1,1,'','',375.00,'','','at16.jpg','',0.0000,1,1,'12\" x 12\" oil on panel <p><form target=\"paypal\" action=\"https://www.paypal.com/cgi-bin/webscr\" method=\"post\">\r\n<input type=\"hidden\" name=\"cmd\" value=\"_cart\">\r\n<input type=\"hidden\" name=\"business\" value=\"info@bradfordbrenner.com\">\r\n<input type=\"hidden\" name=\"item_name\" value=\"Original painting.\">\r\n<input type=\"hidden\" name=\"item_number\" value=\"16\">\r\n<input type=\"hidden\" name=\"amount\" value=\"375.00\">\r\n<input type=\"hidden\" name=\"no_note\" value=\"1\">\r\n<input type=\"hidden\" name=\"currency_code\" value=\"USD\">\r\n<input type=\"image\" src=\"https://www.paypal.com/images/sc-but-03.gif\" border=\"0\" name=\"submit\" alt=\"Make payments with PayPal - it\'s fast, free and secure!\">\r\n<input type=\"hidden\" name=\"add\" value=\"1\">\r\n</form>',0.00,683,0,NULL),(684,'','0','',NULL,NULL,1,1,'','',375.00,'','','at17.jpg','',0.0000,1,1,'12\" x 12\" oil on canvas <p><form target=\"paypal\" action=\"https://www.paypal.com/cgi-bin/webscr\" method=\"post\">\r\n<input type=\"hidden\" name=\"cmd\" value=\"_cart\">\r\n<input type=\"hidden\" name=\"business\" value=\"info@bradfordbrenner.com\">\r\n<input type=\"hidden\" name=\"item_name\" value=\"Original painting.\">\r\n<input type=\"hidden\" name=\"item_number\" value=\"17\">\r\n<input type=\"hidden\" name=\"amount\" value=\"375.00\">\r\n<input type=\"hidden\" name=\"no_note\" value=\"1\">\r\n<input type=\"hidden\" name=\"currency_code\" value=\"USD\">\r\n<input type=\"image\" src=\"https://www.paypal.com/images/sc-but-03.gif\" border=\"0\" name=\"submit\" alt=\"Make payments with PayPal - it\'s fast, free and secure!\">\r\n<input type=\"hidden\" name=\"add\" value=\"1\">\r\n</form>',0.00,684,0,NULL),(685,'','0','',NULL,NULL,1,1,'','',0.00,'','','at18.jpg','',0.0000,1,1,'12\" x 12\" oil on canvas ',0.00,685,0,NULL),(710,'Artrails Open Studios 2009','0','',NULL,NULL,1,1,'','',0.00,'','','DSC_6361b.jpg','',0.0000,1,1,'',0.00,712,0,NULL),(712,'','0','',NULL,NULL,1,1,'','',0.00,'','','ARTrails20090819_019.jpg','',0.0000,1,1,'',0.00,710,0,NULL),(713,'','0','40\" x 30\"<p>\r\n',NULL,NULL,1,1,'','',0.00,'','','aaailene_035.jpg','',0.0000,1,1,'40\" x 30\" oil on canvas',0.00,713,0,NULL),(714,'','0','',NULL,NULL,1,1,'','',0.00,'','','ARTrails20090819_002.jpg','',0.0000,1,1,'28\" x 22\" oil on canvas',0.00,714,0,NULL),(715,'','0','',NULL,NULL,1,1,'','',0.00,'','','aaailene_036.jpg','',0.0000,1,1,'24\" x 30\"<p>\r\n',0.00,715,0,NULL),(716,'','0','',NULL,NULL,1,1,'','',0.00,'','','ARTrails20090819_004.jpg','',0.0000,1,1,'24\" x 36\" acrylic and oil on canvas',0.00,716,0,NULL),(709,'Artrails Open Studios 2009','0','',NULL,NULL,1,1,'','',0.00,'','','DSC_6360b.jpg','',0.0000,1,1,'',0.00,709,0,NULL),(686,'','0','',NULL,NULL,1,1,'','',375.00,'','','at19.jpg','',0.0000,1,1,'12\" x 12\" oil on canvas <p><form target=\"paypal\" action=\"https://www.paypal.com/cgi-bin/webscr\" method=\"post\">\r\n<input type=\"hidden\" name=\"cmd\" value=\"_cart\">\r\n<input type=\"hidden\" name=\"business\" value=\"info@bradfordbrenner.com\">\r\n<input type=\"hidden\" name=\"item_name\" value=\"Original painting.\">\r\n<input type=\"hidden\" name=\"item_number\" value=\"19\">\r\n<input type=\"hidden\" name=\"amount\" value=\"375.00\">\r\n<input type=\"hidden\" name=\"no_note\" value=\"1\">\r\n<input type=\"hidden\" name=\"currency_code\" value=\"USD\">\r\n<input type=\"image\" src=\"https://www.paypal.com/images/sc-but-03.gif\" border=\"0\" name=\"submit\" alt=\"Make payments with PayPal - it\'s fast, free and secure!\">\r\n<input type=\"hidden\" name=\"add\" value=\"1\">\r\n</form>',0.00,686,0,NULL),(687,'','0','',NULL,NULL,1,1,'','',325.00,'','','at3.jpg','',0.0000,1,1,'9\" x 12\" oil on panel <p><form target=\"paypal\" action=\"https://www.paypal.com/cgi-bin/webscr\" method=\"post\">\r\n<input type=\"hidden\" name=\"cmd\" value=\"_cart\">\r\n<input type=\"hidden\" name=\"business\" value=\"info@bradfordbrenner.com\">\r\n<input type=\"hidden\" name=\"item_name\" value=\"Original painting.\">\r\n<input type=\"hidden\" name=\"item_number\" value=\"3\">\r\n<input type=\"hidden\" name=\"amount\" value=\"375.00\">\r\n<input type=\"hidden\" name=\"no_note\" value=\"1\">\r\n<input type=\"hidden\" name=\"currency_code\" value=\"USD\">\r\n<input type=\"image\" src=\"https://www.paypal.com/images/sc-but-03.gif\" border=\"0\" name=\"submit\" alt=\"Make payments with PayPal - it\'s fast, free and secure!\">\r\n<input type=\"hidden\" name=\"add\" value=\"1\">\r\n</form>',0.00,687,0,NULL),(688,'','0','',NULL,NULL,1,1,'','',325.00,'','','at4.jpg','',0.0000,1,1,'12\" x 9\" oil on panel <p><form target=\"paypal\" action=\"https://www.paypal.com/cgi-bin/webscr\" method=\"post\">\r\n<input type=\"hidden\" name=\"cmd\" value=\"_cart\">\r\n<input type=\"hidden\" name=\"business\" value=\"info@bradfordbrenner.com\">\r\n<input type=\"hidden\" name=\"item_name\" value=\"Original painting.\">\r\n<input type=\"hidden\" name=\"item_number\" value=\"4\">\r\n<input type=\"hidden\" name=\"amount\" value=\"325.00\">\r\n<input type=\"hidden\" name=\"no_note\" value=\"1\">\r\n<input type=\"hidden\" name=\"currency_code\" value=\"USD\">\r\n<input type=\"image\" src=\"https://www.paypal.com/images/sc-but-03.gif\" border=\"0\" name=\"submit\" alt=\"Make payments with PayPal - it\'s fast, free and secure!\">\r\n<input type=\"hidden\" name=\"add\" value=\"1\">\r\n</form>',0.00,688,0,NULL),(689,'','0','',NULL,NULL,1,1,'','',325.00,'','','at41.jpg','',0.0000,1,1,'9\" x 12\" oil on panel <p><form target=\"paypal\" action=\"https://www.paypal.com/cgi-bin/webscr\" method=\"post\">\r\n<input type=\"hidden\" name=\"cmd\" value=\"_cart\">\r\n<input type=\"hidden\" name=\"business\" value=\"info@bradfordbrenner.com\">\r\n<input type=\"hidden\" name=\"item_name\" value=\"Original painting.\">\r\n<input type=\"hidden\" name=\"item_number\" value=\"41\">\r\n<input type=\"hidden\" name=\"amount\" value=\"325.00\">\r\n<input type=\"hidden\" name=\"no_note\" value=\"1\">\r\n<input type=\"hidden\" name=\"currency_code\" value=\"USD\">\r\n<input type=\"image\" src=\"https://www.paypal.com/images/sc-but-03.gif\" border=\"0\" name=\"submit\" alt=\"Make payments with PayPal - it\'s fast, free and secure!\">\r\n<input type=\"hidden\" name=\"add\" value=\"1\">\r\n</form>',0.00,689,0,NULL),(690,'','0','',NULL,NULL,1,1,'','',375.00,'','','at42.jpg','',0.0000,1,1,'12\" x 12\" oil on canvas <p><form target=\"paypal\" action=\"https://www.paypal.com/cgi-bin/webscr\" method=\"post\">\r\n<input type=\"hidden\" name=\"cmd\" value=\"_cart\">\r\n<input type=\"hidden\" name=\"business\" value=\"info@bradfordbrenner.com\">\r\n<input type=\"hidden\" name=\"item_name\" value=\"Original painting.\">\r\n<input type=\"hidden\" name=\"item_number\" value=\"42\">\r\n<input type=\"hidden\" name=\"amount\" value=\"375.00\">\r\n<input type=\"hidden\" name=\"no_note\" value=\"1\">\r\n<input type=\"hidden\" name=\"currency_code\" value=\"USD\">\r\n<input type=\"image\" src=\"https://www.paypal.com/images/sc-but-03.gif\" border=\"0\" name=\"submit\" alt=\"Make payments with PayPal - it\'s fast, free and secure!\">\r\n<input type=\"hidden\" name=\"add\" value=\"1\">\r\n</form>',0.00,690,0,NULL),(691,'','0','',NULL,NULL,1,1,'','',0.00,'','','at5.jpg','',0.0000,1,1,'9\" x 12\" oil on panel <p><form target=\"paypal\" action=\"https://www.paypal.com/cgi-bin/webscr\" method=\"post\">\r\n<input type=\"hidden\" name=\"cmd\" value=\"_cart\">\r\n<input type=\"hidden\" name=\"business\" value=\"info@bradfordbrenner.com\">\r\n<input type=\"hidden\" name=\"item_name\" value=\"Original painting.\">\r\n<input type=\"hidden\" name=\"item_number\" value=\"5\">\r\n<input type=\"hidden\" name=\"amount\" value=\"325.00\">\r\n<input type=\"hidden\" name=\"no_note\" value=\"1\">\r\n<input type=\"hidden\" name=\"currency_code\" value=\"USD\">\r\n<input type=\"image\" src=\"https://www.paypal.com/images/sc-but-03.gif\" border=\"0\" name=\"submit\" alt=\"Make payments with PayPal - it\'s fast, free and secure!\">\r\n<input type=\"hidden\" name=\"add\" value=\"1\">\r\n</form>',0.00,691,0,NULL),(692,'','0','',NULL,NULL,1,1,'','',325.00,'','','at6.jpg','',0.0000,1,1,'9\" x 12\" oil on panel <p><form target=\"paypal\" action=\"https://www.paypal.com/cgi-bin/webscr\" method=\"post\">\r\n<input type=\"hidden\" name=\"cmd\" value=\"_cart\">\r\n<input type=\"hidden\" name=\"business\" value=\"info@bradfordbrenner.com\">\r\n<input type=\"hidden\" name=\"item_name\" value=\"Original painting.\">\r\n<input type=\"hidden\" name=\"item_number\" value=\"6\">\r\n<input type=\"hidden\" name=\"amount\" value=\"325.00\">\r\n<input type=\"hidden\" name=\"no_note\" value=\"1\">\r\n<input type=\"hidden\" name=\"currency_code\" value=\"USD\">\r\n<input type=\"image\" src=\"https://www.paypal.com/images/sc-but-03.gif\" border=\"0\" name=\"submit\" alt=\"Make payments with PayPal - it\'s fast, free and secure!\">\r\n<input type=\"hidden\" name=\"add\" value=\"1\">\r\n</form>',0.00,692,0,NULL),(693,'','0','',NULL,NULL,1,1,'','',325.00,'','','at7.jpg','',0.0000,1,1,'9\" x 12\" oil on panel <p><form target=\"paypal\" action=\"https://www.paypal.com/cgi-bin/webscr\" method=\"post\">\r\n<input type=\"hidden\" name=\"cmd\" value=\"_cart\">\r\n<input type=\"hidden\" name=\"business\" value=\"info@bradfordbrenner.com\">\r\n<input type=\"hidden\" name=\"item_name\" value=\"Original painting.\">\r\n<input type=\"hidden\" name=\"item_number\" value=\"7\">\r\n<input type=\"hidden\" name=\"amount\" value=\"325.00\">\r\n<input type=\"hidden\" name=\"no_note\" value=\"1\">\r\n<input type=\"hidden\" name=\"currency_code\" value=\"USD\">\r\n<input type=\"image\" src=\"https://www.paypal.com/images/sc-but-03.gif\" border=\"0\" name=\"submit\" alt=\"Make payments with PayPal - it\'s fast, free and secure!\">\r\n<input type=\"hidden\" name=\"add\" value=\"1\">\r\n</form>',0.00,693,0,NULL),(694,'','0','',NULL,NULL,1,1,'','',325.00,'','','at8.jpg','',0.0000,1,1,'9\" x 12\" oil on panel <p><form target=\"paypal\" action=\"https://www.paypal.com/cgi-bin/webscr\" method=\"post\">\r\n<input type=\"hidden\" name=\"cmd\" value=\"_cart\">\r\n<input type=\"hidden\" name=\"business\" value=\"info@bradfordbrenner.com\">\r\n<input type=\"hidden\" name=\"item_name\" value=\"Original painting.\">\r\n<input type=\"hidden\" name=\"item_number\" value=\"8\">\r\n<input type=\"hidden\" name=\"amount\" value=\"325.00\">\r\n<input type=\"hidden\" name=\"no_note\" value=\"1\">\r\n<input type=\"hidden\" name=\"currency_code\" value=\"USD\">\r\n<input type=\"image\" src=\"https://www.paypal.com/images/sc-but-03.gif\" border=\"0\" name=\"submit\" alt=\"Make payments with PayPal - it\'s fast, free and secure!\">\r\n<input type=\"hidden\" name=\"add\" value=\"1\">\r\n</form>',0.00,694,0,NULL),(695,'','0','',NULL,NULL,1,1,'','',375.00,'','','at9.jpg','',0.0000,1,1,'12\" x 12\" oil on panel <p><form target=\"paypal\" action=\"https://www.paypal.com/cgi-bin/webscr\" method=\"post\">\r\n<input type=\"hidden\" name=\"cmd\" value=\"_cart\">\r\n<input type=\"hidden\" name=\"business\" value=\"info@bradfordbrenner.com\">\r\n<input type=\"hidden\" name=\"item_name\" value=\"Original painting.\">\r\n<input type=\"hidden\" name=\"item_number\" value=\"9\">\r\n<input type=\"hidden\" name=\"amount\" value=\"375.00\">\r\n<input type=\"hidden\" name=\"no_note\" value=\"1\">\r\n<input type=\"hidden\" name=\"currency_code\" value=\"USD\">\r\n<input type=\"image\" src=\"https://www.paypal.com/images/sc-but-03.gif\" border=\"0\" name=\"submit\" alt=\"Make payments with PayPal - it\'s fast, free and secure!\">\r\n<input type=\"hidden\" name=\"add\" value=\"1\">\r\n</form>',0.00,695,0,NULL),(696,'','0','',NULL,NULL,1,1,'','',325.00,'','','at3.jpg','',0.0000,1,1,'9\" x 12\" oil on panel <p><form target=\"paypal\" action=\"https://www.paypal.com/cgi-bin/webscr\" method=\"post\">\r\n<input type=\"hidden\" name=\"cmd\" value=\"_cart\">\r\n<input type=\"hidden\" name=\"business\" value=\"info@bradfordbrenner.com\">\r\n<input type=\"hidden\" name=\"item_name\" value=\"Original painting.\">\r\n<input type=\"hidden\" name=\"item_number\" value=\"3\">\r\n<input type=\"hidden\" name=\"amount\" value=\"325.00\">\r\n<input type=\"hidden\" name=\"no_note\" value=\"1\">\r\n<input type=\"hidden\" name=\"currency_code\" value=\"USD\">\r\n<input type=\"image\" src=\"https://www.paypal.com/images/sc-but-03.gif\" border=\"0\" name=\"submit\" alt=\"Make payments with PayPal - it\'s fast, free and secure!\">\r\n<input type=\"hidden\" name=\"add\" value=\"1\">\r\n</form>',0.00,696,0,NULL),(697,'','0','',NULL,NULL,1,1,'','',325.00,'','','at3.jpg','',0.0000,1,1,'9\" x 12\" oil on panel <p><form target=\"paypal\" action=\"https://www.paypal.com/cgi-bin/webscr\" method=\"post\">\r\n<input type=\"hidden\" name=\"cmd\" value=\"_cart\">\r\n<input type=\"hidden\" name=\"business\" value=\"info@bradfordbrenner.com\">\r\n<input type=\"hidden\" name=\"item_name\" value=\"Original painting.\">\r\n<input type=\"hidden\" name=\"item_number\" value=\"3\">\r\n<input type=\"hidden\" name=\"amount\" value=\"325.00\">\r\n<input type=\"hidden\" name=\"no_note\" value=\"1\">\r\n<input type=\"hidden\" name=\"currency_code\" value=\"USD\">\r\n<input type=\"image\" src=\"https://www.paypal.com/images/sc-but-03.gif\" border=\"0\" name=\"submit\" alt=\"Make payments with PayPal - it\'s fast, free and secure!\">\r\n<input type=\"hidden\" name=\"add\" value=\"1\">\r\n</form>',0.00,697,0,NULL),(700,'Lauren has finally fallen for him','0','',NULL,NULL,1,1,'','',0.00,'','','Figurative_3.jpg','',0.0000,1,1,'48\" x 60\" oil on canvas',0.00,700,0,NULL),(701,'Fiona and her furtive glance','0','',NULL,NULL,1,1,'','',0.00,'','','DSC_2322.jpg','',0.0000,1,1,'12\" x 12\" oil on canvas',0.00,701,0,NULL),(702,'Out of the blue','0','',NULL,NULL,1,1,'','',0.00,'','','DSC_4962_copy.jpg','',0.0000,1,1,'30\" x 30\" oil on canvas',0.00,702,0,NULL),(703,'Day at the beach','0','',NULL,NULL,1,1,'','',0.00,'','','DSC_4965_copy.jpg','',0.0000,1,1,'30\" x 30\" oil on canvas',0.00,703,0,NULL),(704,'Day at the beach','0','',NULL,NULL,1,1,'','',0.00,'','','DSC_4965_copy.jpg','',0.0000,1,1,'30\" x 30\" oil on canvas',0.00,704,0,NULL),(705,'Out of the blue','0','',NULL,NULL,1,1,'','',2800.00,'','','DSC_4962_copy.jpg','',0.0000,1,1,'30\" x 30\" oil on canvas',0.00,705,0,NULL),(706,'Day at the beach','0','',NULL,NULL,1,1,'','',2800.00,'','','DSC_4965_copy.jpg','',0.0000,1,1,'30\" x 30\" oil on canvas',0.00,706,0,NULL),(707,'Art Business News January 2009','0','',NULL,NULL,1,1,'','',0.00,'','','1artist_profile.gif','',0.0000,1,1,'',0.00,707,0,NULL),(708,'Art Business News January 2009 pg2','0','',NULL,NULL,1,1,'','',0.00,'','','1artist_profile2.gif','',0.0000,1,1,'',0.00,708,0,NULL),(745,'','0','',NULL,NULL,1,1,'','',0.00,'','','aaailene_006.jpg','',0.0000,1,1,'24\" x 24\"',0.00,745,0,NULL),(718,'','0','',NULL,NULL,1,1,'','',0.00,'','','ARTrails20090819_006.jpg','',0.0000,1,1,'24\" x 24\" acrylic and oil on canvas',0.00,718,0,NULL),(719,'','0','',NULL,NULL,1,1,'','',0.00,'','','ARTrails20090819_007.jpg','',0.0000,1,1,'30\" x 30\" acrylic and oil on panel<p>\r\n',0.00,719,0,NULL),(722,'','0','',NULL,NULL,1,1,'','',0.00,'','','ARTrails20090819_010.jpg','',0.0000,1,1,'10\" x 20\" oil on canvas',0.00,722,0,NULL),(730,'','0','',NULL,NULL,1,1,'','',0.00,'','','aaailene_033.jpg','',0.0000,1,1,'30\" x 48\" acrylic and oil on canvas<p>\r\n',0.00,730,0,NULL),(725,'','0','',NULL,NULL,1,1,'','',0.00,'','','ARTrails20090819_013.jpg','',0.0000,1,1,'10\" x 30\" oil on canvas<p>\r\n',0.00,724,0,NULL),(726,'','0','',NULL,NULL,1,1,'','',0.00,'','','ARTrails20090819_014.jpg','',0.0000,1,1,'12\" x 12\" oil on panel',0.00,725,0,NULL),(727,'','0','',NULL,NULL,1,1,'','',0.00,'','','ARTrails20090819_015.jpg','',0.0000,1,1,'12\" x 12\" oil on panel',0.00,726,0,NULL),(728,'','0','',NULL,NULL,1,1,'','',0.00,'','','ARTrails20090819_016.jpg','',0.0000,1,1,'12\" x 12\" oil on panel',0.00,727,0,NULL),(729,'','0','',NULL,NULL,1,1,'','',0.00,'','','ARTrails20090819_017.jpg','',0.0000,1,1,'24\" x 20\" oil on canvas<p>\r\n',0.00,728,0,NULL),(734,'','0','',NULL,NULL,1,1,'','',0.00,'','','aaailene_024.jpg','',0.0000,1,1,'20\" x 16\" oil on canvas<p>',0.00,734,0,NULL),(782,'','0','',NULL,NULL,1,1,'','',0.00,'','','DSC_4985.jpg','',0.0000,1,1,'',0.00,782,0,NULL),(735,'','0','',NULL,NULL,1,1,'','',0.00,'','','a200920090416_024.jpg','',0.0000,1,1,'16\" x 20\" oil on canvas<p>\r\n',0.00,736,0,NULL),(736,'','0','',NULL,NULL,1,1,'','',0.00,'','','a200920090416_025.jpg','',0.0000,1,1,'16\" x 20\" oil on canvas<p>\r\n',0.00,737,0,NULL),(737,'','0','',NULL,NULL,1,1,'','',0.00,'','','a200920090416_026.jpg','',0.0000,1,1,'16\" x 20\" oil on canvas<p>\r\n$1,800',0.00,739,0,NULL),(740,'J Howell Fine Art, Healdsburg, CA -  solo show Jan. 2010','0','',NULL,NULL,1,1,'','',0.00,'','','DSC_6441.jpg','',0.0000,1,1,'',0.00,735,0,NULL),(739,'J Howell Fine Art, Healdsburg, CA -  solo show Jan. 2010','0','',NULL,NULL,1,1,'','',0.00,'','','DSC_6434b.jpg','',0.0000,1,1,'',0.00,740,0,NULL),(741,'La Quinta Country Club','0','',NULL,NULL,1,1,'','',0.00,'','','DSC_6395b.jpg','',0.0000,1,1,'',0.00,741,0,NULL),(742,'La Quinta Country Club','0','',NULL,NULL,1,1,'','',0.00,'','','DSC_6406b.jpg','',0.0000,1,1,'',0.00,742,0,NULL),(783,'','0','',NULL,NULL,1,1,'','',0.00,'','','DSC_4995.jpg','',0.0000,1,1,'',0.00,783,0,NULL),(743,'La Quinta Country Club','0','',NULL,NULL,1,1,'','',0.00,'','','DSC_6409.jpg','',0.0000,1,1,'',0.00,743,0,NULL),(746,'','0','',NULL,NULL,1,1,'','',0.00,'','','aaailene_005.jpg','',0.0000,1,1,'48\" x 36\"<p>\r\n$5,400',0.00,746,0,NULL),(747,'','0','',NULL,NULL,1,1,'','',0.00,'','','aaavail15.jpg','',0.0000,1,1,'11\" x 14\"<p>$1,400',0.00,747,0,NULL),(748,'','0','',NULL,NULL,1,1,'','',0.00,'','','aaailene_016.jpg','',0.0000,1,1,'48\" x 36\"',0.00,748,0,NULL),(785,'','0','',NULL,NULL,1,1,'','',0.00,'','','IMG_0872.jpg','',0.0000,1,1,'',0.00,785,0,NULL),(749,'','0','',NULL,NULL,1,1,'','',0.00,'','','aaavail18.jpg','',0.0000,1,1,'24\" x 18\"\r\n',0.00,749,0,NULL),(750,'','0','',NULL,NULL,1,1,'','',0.00,'','','aaavail05.jpg','',0.0000,1,1,'',0.00,750,0,NULL),(751,'','0','',NULL,NULL,1,1,'','',0.00,'','','aaailene_023.jpg','',0.0000,1,1,'18\" x 18\"',0.00,751,0,NULL),(752,'','0','',NULL,NULL,1,1,'','',0.00,'','','aaailene_040.jpg','',0.0000,1,1,'18\" x 18\"',0.00,752,0,NULL),(753,'','0','',NULL,NULL,1,1,'','',0.00,'','','aaailene_047.jpg','',0.0000,1,1,'40\" x 30\"<p>$4,000',0.00,753,0,NULL),(754,'','0','',NULL,NULL,1,1,'','',0.00,'','','aaailene_041.jpg','',0.0000,1,1,'18\" x 18\"',0.00,754,0,NULL),(757,'','0','',NULL,NULL,1,1,'','',0.00,'','','aaailene_051.jpg','',0.0000,1,1,'60\" x 36\"<p>',0.00,757,0,NULL),(758,'','0','',NULL,NULL,1,1,'','',0.00,'','','aaailene_045.jpg','',0.0000,1,1,'',0.00,758,0,NULL),(759,'','0','',NULL,NULL,1,1,'','',0.00,'','','aaailene_042.jpg','',0.0000,1,1,'16\" x 12\"<$1,800>',0.00,759,0,NULL),(762,'','0','',NULL,NULL,1,1,'','',0.00,'','','aaailene_048.jpg','',0.0000,1,1,'24\" x 24\"<p>$2,800',0.00,762,0,NULL),(763,'','0','',NULL,NULL,1,1,'','',0.00,'','','aaailene_032.jpg','',0.0000,1,1,'12\" x 12\" <p>$1,200',0.00,763,0,NULL),(764,'','0','',NULL,NULL,1,1,'','',0.00,'','','aaailene_050.jpg','',0.0000,1,1,'12\" x 12\"<p>$1,200',0.00,764,0,NULL),(765,'','0','',NULL,NULL,1,1,'','',0.00,'','','aaailene_034.jpg','',0.0000,1,1,'24\" x 20\"',0.00,765,0,NULL),(766,'','0','',NULL,NULL,1,1,'','',0.00,'','','0000ilene_01.jpg','',0.0000,1,1,'24\" x 24\"',0.00,766,0,NULL),(767,'','0','',NULL,NULL,1,1,'','',0.00,'','','0000ilene_02.jpg','',0.0000,1,1,'8\" x 10\"<p>$1,300',0.00,767,0,NULL),(768,'','0','',NULL,NULL,1,1,'','',0.00,'','','0000ilene_03.jpg','',0.0000,1,1,'11\" x 14\"<p>$1,400',0.00,768,0,NULL),(769,'','0','',NULL,NULL,1,1,'','',0.00,'','','0000ilene_04.jpg','',0.0000,1,1,'14\" x 11\"<p>$1,400',0.00,769,0,NULL),(770,'','0','',NULL,NULL,1,1,'','',0.00,'','','0000ilene_05.jpg','',0.0000,1,1,'12\" x 12\"',0.00,770,0,NULL),(774,'','0','',NULL,NULL,1,1,'','',0.00,'','','0000ilene_09.jpg','',0.0000,1,1,'18\" x 18\"<p>$1,800',0.00,774,0,NULL),(777,'','0','',NULL,NULL,1,1,'','',0.00,'','','0000ilene_12.jpg','',0.0000,1,1,'5\" x 7\"',0.00,777,0,NULL),(779,'','0','',NULL,NULL,1,1,'','',0.00,'','','0000ilene_14.jpg','',0.0000,1,1,'12\" x 9\"',0.00,779,0,NULL),(780,'','0','',NULL,NULL,1,1,'','',0.00,'','','0000ilene_15.jpg','',0.0000,1,1,'24\" x 30\"<p>$$3,000',0.00,780,0,NULL),(781,'','0','',NULL,NULL,1,1,'','',0.00,'','','DSC_6717.jpg','',0.0000,1,1,'30\" x 30\"',0.00,781,0,NULL),(786,'','0','',NULL,NULL,1,1,'','',0.00,'','','','',0.0000,1,1,'',0.00,786,0,NULL);

--
-- Table structure for table `Sale`
--

CREATE TABLE `Sale` (
  `ID` int(11) NOT NULL AUTO_INCREMENT,
  `productID` int(11) NOT NULL DEFAULT '0',
  `quantity` int(11) NOT NULL DEFAULT '0',
  `price` double(8,2) NOT NULL DEFAULT '0.00',
  `label1` varchar(50) DEFAULT NULL,
  `label2` varchar(50) DEFAULT NULL,
  `invoiceID` int(11) NOT NULL DEFAULT '0',
  `name` varchar(60) DEFAULT NULL,
  `sku` varchar(30) DEFAULT NULL,
  `notax` smallint(6) DEFAULT NULL,
  PRIMARY KEY (`ID`),
  KEY `ID` (`ID`)
) ENGINE=MyISAM DEFAULT CHARSET=latin1 PACK_KEYS=1;

--
-- Dumping data for table `Sale`
--


--
-- Table structure for table `Shipping`
--

CREATE TABLE `Shipping` (
  `carrier` tinytext,
  `method` tinytext,
  `weight` double(16,2) DEFAULT NULL,
  `price` double(16,2) DEFAULT NULL,
  `record_type` tinyint(4) NOT NULL DEFAULT '0',
  `id` int(11) NOT NULL AUTO_INCREMENT,
  `code` varchar(5) DEFAULT NULL,
  `class` varchar(5) DEFAULT NULL,
  PRIMARY KEY (`id`)
) ENGINE=MyISAM DEFAULT CHARSET=latin1 PACK_KEYS=1;

--
-- Dumping data for table `Shipping`
--


--
-- Table structure for table `Shopping`
--

CREATE TABLE `Shopping` (
  `ID` int(11) NOT NULL AUTO_INCREMENT,
  `product` int(11) NOT NULL DEFAULT '0',
  `session` int(11) NOT NULL DEFAULT '0',
  `quantity` int(11) NOT NULL DEFAULT '0',
  `label1` tinytext,
  `sitename` tinytext,
  `label2` tinytext,
  PRIMARY KEY (`ID`),
  KEY `ID` (`ID`)
) ENGINE=MyISAM AUTO_INCREMENT=12 DEFAULT CHARSET=latin1 PACK_KEYS=1;

--
-- Dumping data for table `Shopping`
--

INSERT INTO `Shopping` VALUES (11,739,1453572329,1,'','bradfordbrenner','');

--
-- Dumping events for database 'bradfordbrenner'
--

--
-- Dumping routines for database 'bradfordbrenner'
--


