--
-- Host: localhost    Database: danyoungartist
-- ------------------------------------------------------


--
-- Table structure for table `Category`
--

CREATE TABLE `Category` (
  `ID` int(11) NOT NULL AUTO_INCREMENT,
  `protected` int(11) NOT NULL DEFAULT '0',
  `display` int(11) NOT NULL DEFAULT '0',
  `next` int(11) NOT NULL DEFAULT '0',
  `child` int(11) NOT NULL DEFAULT '0',
  `description` blob,
  `name` varchar(50) DEFAULT NULL,
  `image` varchar(50) DEFAULT NULL,
  `old_id` smallint(4) NOT NULL DEFAULT '0',
  PRIMARY KEY (`ID`),
  KEY `ID` (`ID`)
) ENGINE=MyISAM AUTO_INCREMENT=22 DEFAULT CHARSET=latin1 PACK_KEYS=1;

--
-- Dumping data for table `Category`
--

INSERT INTO `Category` VALUES (1,0,0,0,14,NULL,'Top Level',NULL,1),(12,0,1,15,0,'These oil studies are of the Islands of Hawaii primarily.','HAWAII Plein Air & Impressionism','Red_Road_Afternoon_11x14redu.jpg',0),(6,0,1,21,0,'','Equine & Equestrian','Eleganceinperson.jpeg',6),(20,0,1,6,0,'images painted during Laguna Beach Invitational 2011','Laguna Plein Air Invitational 2011','Laguna_Canyon_sunrise_reduced_no_frame_copy.JPG',0),(16,0,1,20,0,'These paintings are in the style of the early California Impressionists.','California Impressionism','',0),(15,0,4,16,0,'This is an \"INVESTIGATION OF LIGHT AT SUNRISE AND SUNSET\"  In the hour after sunrise and hour before sunset magic happens with color as the atmosphere filters color out one band of the rainbow at a time.  I especially love the yellow/green that develops at the horizon.  ','HAWAII LIGHT','Hawaii_Gold.jpg',0),(14,0,1,12,0,'These tropical landscapes could be from anywhere there are coconut palms','TROPICAL LANDSCAPES','Red_Road_Sunrise.jpg',0),(21,0,1,0,0,'Images of Seaview rental','Seaview rental','treehouse_FINISHED.jpg',0);

--
-- Table structure for table `Inventory`
--

CREATE TABLE `Inventory` (
  `ID` int(11) NOT NULL AUTO_INCREMENT,
  `productID` int(11) NOT NULL DEFAULT '0',
  `categoryID` int(11) NOT NULL DEFAULT '0',
  PRIMARY KEY (`ID`),
  KEY `categoryID` (`categoryID`),
  KEY `ID` (`ID`)
) ENGINE=MyISAM AUTO_INCREMENT=291 DEFAULT CHARSET=latin1 PACK_KEYS=1;

--
-- Dumping data for table `Inventory`
--

INSERT INTO `Inventory` VALUES (106,77,8),(40,2,2),(41,3,2),(4,4,2),(5,5,2),(36,6,3),(76,7,4),(121,8,5),(120,9,5),(10,10,5),(270,11,6),(272,13,6),(107,76,8),(271,16,6),(18,17,5),(68,44,7),(63,24,7),(60,23,7),(117,85,9),(59,21,7),(122,87,10),(58,19,7),(37,25,3),(273,26,6),(62,27,7),(110,81,8),(118,86,9),(116,84,9),(70,51,7),(50,34,7),(123,88,10),(48,36,7),(49,37,7),(51,38,7),(114,83,7),(55,40,7),(67,43,7),(57,42,7),(115,82,7),(74,57,7),(75,58,7),(73,56,7),(72,55,7),(82,59,6),(195,108,12),(84,62,8),(85,63,7),(87,64,8),(255,189,20),(226,167,18),(254,188,12),(188,109,12),(94,70,8),(95,71,8),(96,72,7),(104,73,7),(100,74,7),(108,79,8),(124,89,10),(125,90,10),(187,107,12),(126,91,11),(137,101,11),(129,94,11),(135,102,11),(131,96,11),(222,163,17),(141,105,5),(274,103,6),(140,104,11),(288,201,14),(283,124,12),(221,161,17),(223,164,17),(153,114,13),(152,115,13),(154,116,13),(155,117,13),(156,118,13),(160,122,13),(158,121,7),(159,119,7),(161,123,13),(284,166,18),(250,185,15),(249,186,15),(248,184,15),(243,140,15),(219,159,16),(193,133,12),(285,165,15),(290,202,21),(287,181,15),(240,180,15),(239,179,15),(252,178,15),(251,177,15),(236,176,16),(247,175,15),(234,174,19),(232,173,18),(231,172,18),(230,171,18),(229,170,18),(228,169,18),(227,168,18),(258,190,20),(257,191,20),(259,192,20),(260,193,20),(262,195,20),(263,196,20),(276,197,15),(277,198,14),(280,199,14),(289,200,15);

--
-- Table structure for table `Invoice`
--

CREATE TABLE `Invoice` (
  `ID` int(11) NOT NULL AUTO_INCREMENT,
  `date` datetime DEFAULT NULL,
  `purchasedby` int(11) NOT NULL DEFAULT '0',
  `deliverto` int(11) NOT NULL DEFAULT '0',
  `processed` int(11) NOT NULL DEFAULT '0',
  `shiptype` varchar(50) DEFAULT NULL,
  `shipcost` double(8,2) NOT NULL DEFAULT '0.00',
  `comment` tinyblob,
  `cart_total` double(8,2) DEFAULT NULL,
  `tax` double(8,2) DEFAULT NULL,
  PRIMARY KEY (`ID`),
  KEY `ID` (`ID`)
) ENGINE=MyISAM AUTO_INCREMENT=7 DEFAULT CHARSET=latin1 PACK_KEYS=1;

--
-- Dumping data for table `Invoice`
--


--
-- Table structure for table `Page`
--

CREATE TABLE `Page` (
  `ID` int(11) NOT NULL AUTO_INCREMENT,
  `body` blob,
  `template` int(11) NOT NULL DEFAULT '0',
  `type` int(11) NOT NULL DEFAULT '0',
  `image` varchar(255) DEFAULT NULL,
  `label` varchar(50) DEFAULT NULL,
  `featured` varchar(255) DEFAULT NULL,
  `title` varchar(255) DEFAULT NULL,
  `linkname` varchar(50) DEFAULT NULL,
  `link` varchar(255) DEFAULT NULL,
  PRIMARY KEY (`ID`),
  KEY `ID` (`ID`)
) ENGINE=MyISAM AUTO_INCREMENT=20 DEFAULT CHARSET=latin1 PACK_KEYS=1;

--
-- Dumping data for table `Page`
--

INSERT INTO `Page` VALUES (1,'',1,1,'',NULL,NULL,'GALLERY LIST','',NULL),(17,'',1,1,'',NULL,NULL,'<a href=\"http://www.stumbleupon.com/submit?url=www.danyoungartist.com%26title%3DThe%2BArticle%2BTitle\"> <img border=0 src=\"http://cdn.stumble-upon.com/images/120x20_thumb_black.gif\" alt=\"\"></a>','',NULL),(16,'',1,1,'',NULL,NULL,'','',NULL),(3,'<P><B>Impressionist Artist \r\n<P><B>Tropical Landscapes \r\n<P><B>Hawaii Impressionism and Plein Air\r\n<P><B>\r\n<P><B>\r\nVISIT HTTP://WWW.DANYOUNGART.COM TO SEE NEW WORK\r\n<P><B>\r\n<P><B>\r\n<P><B>\r\n<P><B>GENESIS GALLERY in the Waikaloa Queen\'s Shops in South Kohala Hawaii on the Big Island has just added the tropical landscapes previously shown at the Hilton Waikaloa art gallery that is now closed....... Please visit this amazing gallery with many talented artists to see beautiful art depicting our tropical lifestyle.\r\n<P><B>\r\nMaui Hands carries my work in several locations on the Island of Maui.\r\n\r\n<P><B>\r\nVisit Work of Artists Gallery in Phx for large equestrian images and Southwest landscapes.... click the link below\r\n\r\n<P><B>\r\nAlso added as representation on the Big Island: GALLERY OF GREAT THINGS IN Waimea\r\n<P><B>Also Represented by HARBOR GALLERY  at Kawaihae Harbor South Kohala Hi.\r\n<P><B>\r\n<table style=\"width: 181px;\" cellpadding=\"0\" cellspacing=\"0\"><tr><td><a href=\"http://www.houzz.com/pro/danyoungartist/dan-young-artist\"><img src=\"http://www.houzz.com/res/1779/pic/badge181_25.png?v=1779\" alt=\"Remodeling and Home Design\" width=\"181\" height=\"25\" border=\"0\" /></a></td></tr><tr><td align=\"center\" style=\"font-family: arial, sans-serif; font-size: 11px; border: none; padding: 5px;\"><a href=\"http://www.houzz.com/professionals/artist-and-artisan/c/Pahoa--HI\">Pahoa Artists & Artisans</a></td></tr></table>\r\n<P><B>\r\nOn This website  find:\r\nHawaii Plein Air, Hawaii Impressionist, Equestrian Art, Equine Art, Hawaii landscapes, Tropical Landscapes, California and Tropical Impressionism and  exhibit of artwork by Dan Young from Breaking Free Editions. Visit each category to the upper left to see multiple images by subject matter.  \r\n\r\n\r\n<P><B>\r\nARTIST\'S STATEMENT\r\n<P><B>\r\n\r\nLIGHT AS LIFE ENHANCEMENT\r\n<P><B>\r\n\r\n\r\nAll around you are scenes, objects and people that if viewed  in different light have beautiful, magical qualities. Paths that you travel many times can have special impact when viewed in different lighting.  Look up.  Exploring light at sunrise and sunset is my current theme which enhances colors, and adds hues not typical of mid-day.  Cast shadows lend depth, character and mystery to the landscape. The deep shadows frame the scene that burn an image in the mind to be remembered with awe.  A beautiful landscape can swell your being with a sense of reverence and well-being. Through these romanticized landscapes I hope the viewer can visualize and revisit their magical experience of the Tropics.\r\n\r\n<P><B>\r\n\r\n<P>\r\nCLICK ON IMAGES TO ENLARGE THEM.\r\n<P>\r\nBOOKMARK this favorite page to return to in the future. \r\n<P>\r\nDan Young/Artist   HAWAII IMPRESSIONIST\r\n<P><B>\r\n\r\n<P><B>\r\n\r\nMethods:\r\n<P><B>\r\nThe initial step is priming a canvas or panel with an exciting color tone to set the mood of the artwork.  This tone unifies and creates the initial energy.  Then translucent, bold color defines the image with the underlying color creating the aura around an object.  Every tree, bush or rock seems to pulsate with a living energy.  This loose, joyful Impressionist style feels like freedom from the mundane.  This is my method of Breaking Free.\r\nI truly hope everyone will find the courage to Break Free.\r\n<P><B>\r\nArtist Resume\r\n<P><B>\r\nDan Young has been painting for over 20 years in various mediums including Watercolor, Oils, Alkyds, Acrylics, etching, silkscreen, sculpting, mold making and monotypes on silkscreen.\r\nThe preferred mediums have become Acrylic on canvas  or oil-on-board, with a style developed using all the previous education and experience.  \r\nArt Education includes many hours of private and workshop instruction with well known American artists including, Darrell Hill, John Cosby, Ken Auster, Cynthia Britain, Michael Oberneyer, John Budicin, two years of instruction with Hal Reid, and classes at UCLA/ Los Angeles, Cal State Northridge, Idylwild Art Institute, Mendocino Art Center.  I owe a debt of gratitude to those willing to share their talents.\r\n<P><B>\r\n\r\n<P><B>\r\nThere have been many juried shows such as Scottsdale Civic Center, Scottsdale Art and Wine, Carefree Fine Art Festival, Scottsdale Fine Art Festival, Mill Valley Fine art and shows with Plein Air Painters of Hawaii.\r\n\r\n<P><B>\r\nThe latest Plein Air and studio series include Hawaii Landscape Impressionism and California Impressionism   in OIL.  These OIL on board and canvas are my latest Breaking Free/risk-taking challenge.  The romanticized landscapes are in the tradition of the early California Impressionists who were captivated by the light, atmosphere and beauty of California. Impressionism is one of the most popular schools of painters who often painted outdoors or \"in Plein Air\" How much better could it be than painting Tropical landscape in \"Plein Air\" \r\n\r\n<script src=\"http://connect.facebook.net/en_US/all.js#xfbml=1\"></script><fb:like href=\"www.danyoungartist.com\" show_faces=\"true\" width=\"450\"></fb:like>\r\n\r\n<P><B>\r\nInvited to participate in the Laguna Plein Air Invitational 2011 Oct 9-16 2011\r\nwww.lpapa.org./invitational13/palapa_invitational13.HTML\r\n<P><B>\r\n<B>VISIT WWW.DANYOUNGART.COM TO SEE NEW IMAGES</B><H4>VISIT HTTP://WWW.DANYOUNGART.COM  FOR NEW WORK</H4><BR><BR>',1,0,'HAWAII_BEACH_SUN_24X24.jpg','IMPRESSIONIST PAINTINGS','32','DAN YOUNG ART',NULL,NULL),(4,NULL,0,2,NULL,NULL,NULL,NULL,'WWW.DANYOUNGART.COM','http://www.danyoungart.com'),(5,NULL,0,2,NULL,NULL,NULL,NULL,'ART PRINTS','http://dan-young.artistwebsites.com/'),(6,NULL,0,2,NULL,NULL,NULL,NULL,'Work of Artists Gallery','http://www.workofartists.com/content/paintingsandprints.htm'),(7,NULL,0,2,NULL,NULL,NULL,NULL,'Harbor Gallery','http://www.harborgallery.biz/artistdetail.php?artistID=10003984&artist=Dan%20Young'),(8,NULL,0,2,NULL,NULL,NULL,NULL,'Gallery of Great Things','http://www.galleryofgreatthingshawaii.com/id1.html'),(9,NULL,0,2,NULL,NULL,NULL,NULL,'Laguna Plein Air Invitational','http://www.lpapa.org/invitational13/LPAPA_invitational13.html'),(10,NULL,0,2,NULL,NULL,NULL,NULL,'Maui Hands Gallery','http://www.mauihands.com/index.php?app=ecom&ns=catshow&ref=DanYoung&mcat=ORGL'),(11,NULL,0,2,NULL,NULL,NULL,NULL,'Genesis Gallery','http://www.genesisgalleryhawaii.com/DanYoung.htm'),(12,NULL,0,2,NULL,NULL,NULL,NULL,'Dan Young Art website','http://www.danyoungart.com/'),(13,NULL,0,2,NULL,NULL,NULL,NULL,'',''),(14,'',1,1,'',NULL,NULL,'','',NULL),(15,'',1,1,'',NULL,NULL,'','',NULL),(19,'DAN YOUNG / IMPRESSIONIST ARTIST<P><B>\r\nwww.danyoungartist.com <P><B>\r\n 808-965-9080 PO Box 27, Pahoa Hi 96778<P><B>\r\n2530 S Bundy Dr, Los Angeles CA 90064<P><B>\r\n<P><B>\r\n\r\n  Invited to paint in the Laguna Plein Air Invitational 2011 www.lpapa.org./invitational13/palapa_invitational13.HTML\r\n<P><B>\r\n\r\nARTIST STATEMENT <P><B>\r\n\r\nLIGHT AS LIFE ENHANCEMENT <P><B>\r\nAll around you are scenes, objects and people that if viewed in different light have beautiful, magical qualities. Paths that you travel many times can have special impact when viewed in different lighting. Look up. Exploring light at sunrise and sunset is my current theme that enhances colors, and adds hues not typical of mid-day. Cast shadows lend depth, character and mystery to the landscape. The deep shadows frame the scene which burn an image in the mind to be remembered with awe. A beautiful landscape can swell your being with a sense of reverence and well-being. Through these romanticized landscapes I hope the viewer can visualize and revisit their magical experience of the nature’s bounty. \r\n<P><B>\r\nDan Young/impressionist artist \r\n<P><B>\r\nMethods: <P><B>\r\nThe initial step is priming a canvas or panel with an exciting color tone to set the mood of the artwork. This tone unifies and creates the initial energy. Then translucent, bold color defines the image with the underlying color creating the aura around an object. Every tree, bush or rock seems to pulsate with a living energy. This loose, joyful Impressionist style feels like freedom from the mundane. This is my method of Breaking Free. I truly hope everyone will find the courage to Break Free. \r\n<P><B>\r\nDAN YOUNG / IMPRESSIONIST ARTIST<P><B>\r\nwww.danyoungartist.com <P><B>\r\n 808-965-9080 PO Box 27, Pahoa Hi 96778<P><B>\r\n2530 S Bundy Dr, Los Angeles CA 90064\r\n<P><B><P><B>\r\n\r\nArtist Resume<P><B>\r\nDan Young has been painting for over 20 years and has worked in various mediums including Watercolor, Oils, Alkyds, Acrylics, etching, silkscreen, sculpting, and monotypes on silkscreen. The preferred mediums have become acrylic and oil on canvas or board with a style developed using all the previous education and experience. The different subject matters and materials have resulted in an exhilarating Impressionist style Dan calls Audacious  Landscape. The use of abundant color mirrors the heightened visual sense created when the tropical or desert  sun meets mountains, foliage, sandy beaches and crystal clear waters. A favorite color choice is the turquoise/teal waters and late afternoon sun with stunning sultry color. \r\n<P><B>\r\nAssociations include:\r\n<P><B>\r\nArtist membership in Laguna Plein Air Painters Association, Plein Air Painters of Hawaii, Southern California Plein Air Painters. \r\nArt Education includes many hours of private and workshop instruction with well known American artists including, Darrell Hill, John Cosby, Ken Auster, Cynthia Britain, Michael Oberneyer, John Budicin, two years of instruction with Hal Reid, and classes at UCLA/ Los Angeles, Cal State Northridge, Idylwild Art Institute, Mendocino Art Center. I owe a debt of gratitude to those willing to share their talents. \r\n<P><B>\r\nSports images have been published by Panache Editions of Chicago which included the Official posters for 1988, 1989, 1990 Los Angeles Marathons, 1989 Honolulu Marathon, 1988 Bay to Breakers 10 K Run as well as limited edition prints of sailing, bicycling and snow skiing. <P><B>\r\nThe Breaking Free Equine series hangs in many corporate collections including: Giant Oil, Wagner Communications, Holiday Inn and Hunt County Savings and Loan as well as many private homes around the world. <P><B>\r\n\r\nThere have been many juried shows such as Scottsdale Civic Center, Scottsdale Art and Wine, Carefree Fine Art Festival, Scottsdale Fine Art Festival, Mill Valley Fine art and shows with Plein Air Painters of Hawaii. <P><B>\r\nThe latest Plein Air and studio series include Hawaii Landscape Impressionism and California Impressionism in OIL. These OIL on board and canvas are my latest Breaking Free/risk-taking challenge. The romanticized landscapes are in the tradition of the early California Impressionists who were captivated by the light, atmosphere and beauty of California. Impressionism is one of the most popular schools of painters who often painted outdoors or \"En Plein Air\". How much better could it be than painting Tropical landscape in \"Plein Air\" <P><B>\r\nPLEASE VISIT MY WEBSITE WWW.DANYOUNGARTIST.COM FOR ADDITIONAL IMAGES WHICH INCLUDE CALIFORNIA.  <P><B>Additional information and a full list of galleries currently representing my work is included.  \r\n<P><B>\r\nContact me to discuss representation or commissions.\r\n<P><B>\r\nDAN YOUNG   808-965-9080   WWW.danyoungartist.com\r\n<P><B>\r\n\r\n\r\nDAN YOUNG / Impressionist Artist\r\n<P><B>\r\nDan Young grew in Fort Worth Texas in a fourth generation Texan family with a long history as farmers and carpenters. Although it was not encouraged as a career, Dan showed early promise as an artist with recognition through participation in citywide school and museum competitions.  As a practical approach to career choices, science and math interests lead to an early successful career in electronic repair and computer parts OEM sales.  As fate would have it, at a restaurant while doodling with crayons on a paper tablecloth, a friend noted that apparently the talent was still there.  With the encouragement of this close friend the journey to explore this artistic talent launched a search for teachers, stylistic interests and favored mediums.  Thus began the obsessive interest in exploring the art world through art guilds, art shows and mentors.  Relocating to Los Angeles lead to broader exposure to the art world.  In California, the full time journey began in the world of outdoor art shows in California and Arizona with gallery representation in Arizona, Colorado and Florida.  After nine years of working the art shows, it became obvious the gallery representation multiplied the sales efforts and would allow more time to paint. This change greatly improved the quality and style of the artwork.  This direction has been rewarded with numerous long-term relationships with galleries in Hawaii and Arizona.  Sales and business experience in electronics and art while dealing with galleries, clients and businesses has developed a seasoned business person and an artist who understands and appreciates the challenges faced by small businesses needing to be profitable.\r\n<P><B>\r\nAs a full time artist, Dan finds inspiration with every sunrise and sunset that casts a glow on everyday events.  Exploring how changing light alters the perceived experience is an exciting quest.  An Impressionist style, in oil or acrylic often painted “ala Prima” with a warm palette of colors seems to best suit Dan’s personality and artistic intent.  Frequent journeys to paint “En Plein Air” satisfy the need to connect to nature and revive the inspiration for the artwork.  The ebullient style captures the essence of the subject with the vibrant “aura” apparent at sunrise and sunset.  The intent is to show Reverence to the living and inanimate objects in nature and to celebrate the cycles and forces of nature around us.  Dan feels that studying these phases brings ones spirit into the present and develops an appreciation for all subjects  in the physical world, while developing an eye to love the simplest things such as the color to be discovered in a shadow or the different greens from Spring to Fall and even the beauty in decay as nature’s cycle reaches Fall and Winter.  This exuberant style easily produces 150-175 gallery quality paintings per year.\r\n<P><B>\r\nNew goals are being pursued for additional long-term gallery relationships and collaborative efforts.  Much consideration has been given before portfolios are presented as Dan is seeking long-term relationships of mutual respect and profitability with galleries representing compatible styles and customer bases.\r\n<P><B>\r\nDan Young / Impressionist Artist  <P><B> \r\n2530 S Bundy Dr, Los Angeles CA 90064  <P><B>\r\n808-965-9080<P><B>\r\nPO Box 27,  12-211 Oliana St, Pahoa HI 96778<P><B>\r\nwww.danyoungartist.com<P><B><P><B>\r\n<B></B>',4,1,'',NULL,NULL,'Bio/Resume','Bio/Resume',NULL);

--
-- Table structure for table `Product`
--

CREATE TABLE `Product` (
  `ID` int(11) NOT NULL AUTO_INCREMENT,
  `name` varchar(60) DEFAULT NULL,
  `sku` varchar(30) DEFAULT NULL,
  `short_description` blob,
  `linkname` varchar(50) DEFAULT NULL,
  `link` blob,
  `alloworder` smallint(6) DEFAULT NULL,
  `instock` smallint(6) DEFAULT NULL,
  `label1` varchar(50) DEFAULT NULL,
  `label2` varchar(50) DEFAULT NULL,
  `price` double(8,2) NOT NULL DEFAULT '0.00',
  `list1` varchar(255) DEFAULT NULL,
  `list2` varchar(255) DEFAULT NULL,
  `image` varchar(255) DEFAULT NULL,
  `prices` varchar(255) DEFAULT NULL,
  `weight` double(8,4) NOT NULL DEFAULT '0.0000',
  `display` int(11) NOT NULL DEFAULT '0',
  `quantity` int(11) NOT NULL DEFAULT '0',
  `long_description` blob,
  `shipcost` float(10,2) NOT NULL DEFAULT '0.00',
  `number` smallint(6) NOT NULL DEFAULT '0',
  `notax` smallint(6) DEFAULT NULL,
  `inactive` smallint(6) DEFAULT NULL,
  PRIMARY KEY (`ID`),
  KEY `ID` (`ID`)
) ENGINE=MyISAM AUTO_INCREMENT=204 DEFAULT CHARSET=latin1 PACK_KEYS=1;

--
-- Dumping data for table `Product`
--

INSERT INTO `Product` VALUES (2,'\"Neon thru my window\"','*    CLICK on image to enlarge','36\" X 48\" acrylic on box canvas with edges painted.  Framing not required.',NULL,NULL,1,1,'','',0.00,'','','NeonthruMyWindow36X48.jpeg','',30.0000,1,1,'36\" X 48\" acrylic on box canvas with edges painted.  Framing not required.',0.00,2,NULL,NULL),(3,'\"Summer Paths\"','0','40\" X 50\" acrylic on canvas with edges painted.  Framing not required.',NULL,NULL,1,1,'','',0.00,'','','SummerPaths40X50.jpeg','',60.0000,1,1,'40\" X 50\" acrylic on canvas with edges painted.  Framing not required.',0.00,3,NULL,NULL),(4,'\"Sunset\"','*   CLICK on the image to enla','36\" X 48\" acrylic on canvas with edges painted.  Framing not requires.',NULL,NULL,1,1,'','',1500.00,'','','Sunset36X48.jpeg','',30.0000,1,1,'36\" X 48\" acrylic on canvas with edges painted.  Framing not requires.',0.00,4,NULL,NULL),(5,'Garden Path','*  click to enlarge image','This 40\" X 50\" image brings to mind water, sky, paths through a garden of color.',NULL,NULL,1,1,'','',0.00,'','','Gardenpath.jpeg','',60.0000,1,1,'This 40\" X 50\" image brings to mind water, sky, paths through a garden of color.',0.00,5,NULL,NULL),(6,'\"Indian Chief\" Giclee\"','Click on image to enlarge.','This Giclee on canvas faithfully reproduces the orginal with brilliant color and exciting movement.  32\" X 43\" canvas $950.00 \r\n20\" X 27\" paper $475.00',NULL,NULL,1,1,'Giclee on canvas','Giclee on paper',0.00,'Giclee on canvas is 33','Giclee on paper is 20','IndianChief.jpeg','',6.0000,1,1,'This Giclee on canvas or fine art paper faithfully reproduces the orginal with brilliant color and exciting movement.  It is 32\" X 43\" \r\nThe canvas edition is limited to 95 prints with 10 AP. $950.00\r\n\r\nThe Giclee on paper is 20\" X 27\" limited to 95 prints with 10 AP  $475.00',0.00,6,NULL,NULL),(7,'','0','Custom artwork composed at least 50% of the work produced this year.  All customers have been satisfied to date.  Most of the commissions were due to the need for special sizes.  Any size is available.  There were several triptic pieces which 6\' X 9\' consisting of three panels 3\' X 6.\'  I do work well with interior designers to make sure the artwork is consistant with the surroundings.',NULL,NULL,1,1,'','',0.00,'','','','',0.0000,1,1,'  ',0.00,7,NULL,NULL),(59,'\"Guide to Freedom Study\" 36\" X 24\"','click on image to enlarge','I have numerous studies available in these smaller sizes.  These dynamic regal horses have an intelligence and desire for freedom that I love to Paint.',NULL,NULL,1,1,'','',850.00,'','','Guidetofreedomstdy36x24.jpeg','',10.0000,1,1,'',0.00,56,NULL,NULL),(8,'\"Indian Chief\"','*     CLICK on image to enlarg','36\" X 48\" acrylic on gallery wrap box canvas with sides painted.  Does not need framing.\r\n\r\n\"A vivid red background accents this dynamic Contemporary Southwestern image of Indian Chief on horseback. The best I\'ve painted.\" GICLEE PRINT AVAILABLE.',NULL,NULL,1,1,'giclee on canvas','giclee on paper',2800.00,'33','20','IndianChiefvideo.jpeg','',30.0000,1,1,'36\" X 48\" acrylic on gallery wrap box canvas with sides painted.  Does not need framing.\r\n\r\nSee limited edition prints for giclee\r\n\r\n\"A vivid red background accents this dynamic Contemporary Southwestern image of Indian Chief on horseback. The best I\'ve painted.\" GICLEE PRINT AVAILABLE.',0.00,8,NULL,NULL),(9,'\"Hoopdancer\"','* CLICK on image to enlarge','36\" X 48\" acrylic on gallery wrap box canvas with edges painted.  No framing required.\r\n\r\nMovement, excitement and mystry describe this abstracted indian dancer.  This style abstract starts as a nonobjective abstract and shapes are defined as the painting',NULL,NULL,1,1,'','',1800.00,'','','hoopdancer.jpeg','',30.0000,1,1,'36\" X 48\" acrylic on gallery wrap box canvas with edges painted.  No framing required.\r\n\r\nMovement, excitement and mystry describe this abstracted indian dancer.  This style abstract starts as a nonobjective abstract and shapes are defined as the painting evolves.  In the beginning there was no concept what the painting may become.  Risky but exciting and intuitive.',0.00,9,NULL,NULL),(10,'\"Southwest Palms\"','0','Sunset lights these palms against a turquoise sky in this 36\" X 48\" canvas acrylic orginal.',NULL,NULL,1,1,'','',1500.00,'','','25palmphotodelux.jpeg','',30.0000,1,1,'Sunset lights these palms against a turquoise sky in this 36\" X 48\" canvas acrylic orginal.',0.00,10,NULL,NULL),(11,'\"Elegance in Person\"','*   click on image to elarge','48\" X 66\" acrylic originial on box canvas with painted edges. requires no frame.',NULL,NULL,1,1,'','',0.00,'','','Eleganceinperson.jpeg','',60.0000,1,1,'48\" X 66\" acrylic originial on box canvas with painted edges. requires no frame.  SOLD',0.00,11,0,NULL),(13,'\"Flight in a Storm\"','*     CLICK on image to enlarg','48\" X 66\" acrylic on gallery wrap canvas with edges painted. Does not need framing.\r\nSOLD\r\n\"Flight is the excitng exit from something looming in the background.  With flight comes new opportunites. new beginnings.',NULL,NULL,1,1,'','',0.00,'','','Flightinastorm48X66.jpeg','',60.0000,1,1,'48\" X 66\" acrylic on gallery wrap canvas with edges painted. Does not need framing.\r\n\r\n\"Flight is the excitng exit from something looming in the background.  With flight comes new opportunites. new beginnings.',0.00,16,0,NULL),(77,'Road Home 14\" X 11\" oil','0','This Plein Air oil on board has the soft elegant palette of the early California Impressionists.  The canyon road lends mystry to the dramatic landscape that is  gently blanketed by a morning fog as it burns off. It is framed in a gold plein air style frame.',NULL,NULL,1,1,'','',850.00,'','','RoadHomeMarsha.jpeg','',0.0000,1,1,'',0.00,68,NULL,NULL),(16,'\"Majesty in White\"','*     CLICK on image to enlarg','48\" X 66\" acrylic on canvas with  edges painted.  Framing not required.\r\n\r\nThis proud lead leaves little doubt who is in charge and leads with an air of nobility.',NULL,NULL,1,1,'','',0.00,'','','majestyinwhiteartmarket.jpeg','',60.0000,1,1,'48\" X 66\" acrylic on canvas with  edges painted.  Framing not required.\r\n\r\nThis proud lead leaves little doubt who is in charge and leads with an air of nobility.  SOLD',0.00,12,0,NULL),(17,'Palms','0','72\" X 46\" Acrylic on canvas',NULL,NULL,1,1,'','',0.00,'','','PalmsBentlyhouse.jpeg','$2400.00',0.0000,1,1,'This exciting piece reveals the exciting colors of a summer sunset.',0.00,15,NULL,NULL),(44,'\"Cactus Garden Window\"','0','The dark windows adds mystry to this sunny atmosphere.  Oil on gallery wrap canvas 2\"Bars. 30\" X 40\"',NULL,NULL,1,1,'','',2400.00,'','','CactusGardenWindow30x40.jpeg','',30.0000,1,1,'',0.00,48,NULL,NULL),(23,'Laguna Canyon','0','Plein Air Impressionist view in Laguna Canyon, CA.  Oil on board 14\" X 22\"',NULL,NULL,1,1,'','',950.00,'','','Lagunacanyon2.jpeg','',0.0000,1,1,'',0.00,27,NULL,NULL),(21,'Monument Valley Study','0','Very Impressionistic view of Monument Valley.  It is oil on board 14\" X 22\"',NULL,NULL,1,1,'','',950.00,'','','momumentvalleysmal2.jpeg','',0.0000,1,1,'',0.00,19,NULL,NULL),(19,'California Coast','0','This Plein Air painting has the feeling of a day at Laguna Beach.  It is an oil on board 14\" X 22\"\r\n',NULL,NULL,1,1,'','',950.00,'','','Califcoast2.jpeg','',0.0000,1,1,'',0.00,30,NULL,NULL),(24,'Laguna Rock','0','A sunny day at the beach in Laguna Beach Ca in a Plein Air style.  Oil on board 14\" X 22\"',NULL,NULL,1,1,'','',950.00,'','','Lagunarock.jpeg','',0.0000,1,1,'',0.00,21,NULL,NULL),(25,'\"Freedom\'s Glory\" giclee','Click on image to enlarge','33\" X 43\" canvas giclee $950.00\r\n21\" X 32.5\" paper giclee $475.00\r\ncaptures the excitment of horses running toward you.  ',NULL,NULL,1,1,'canvas giclee','paper giclee',0.00,'30','21','Freedomsgloryadj.jpeg','',6.0000,1,1,'This 33\" X 43\" canvas giclee 95pc 10 AP captures the excitement of the originial in an affordable format. The paper giclee is 21\" X 32.5\" 95 pc 10 AP ',0.00,23,NULL,NULL),(27,'Laguna Dream','0','Laguna Dream is a dream realized.	',NULL,NULL,1,1,'','',950.00,'','','lagunadream.jpeg','',6.0000,1,1,'Laguna Dream a Plein air oil on 16\" X 20\"box canvas with sides painted ready to hang or frame.  This piece shows an ideal day of sand and sunshine on a beach in Laguna, Ca including the elegance of a California Spanish style home overlooking the water.  These Plein Air pieces will soon be available through galleries at a much higher price. ',0.00,36,NULL,NULL),(87,'Hillside Pasture 16\" X 20\" oil on board','0','A contented horse munches in the shade with and incredible panaroma behind.  Many of my new images are about contentment and calmness.',NULL,NULL,1,1,'','',750.00,'','','Hillsidepasture16x20.jpeg','',0.0000,1,1,'',0.00,87,NULL,NULL),(26,'\"Freedom\'s Glory\"','click on image to enlarge','48\" X 72\" acrylic on box canvas available as a giclee print on canvas or paper.',NULL,NULL,1,1,'Giclee on canvas','Giclee on paper',0.00,'giclee on canvas 30','giclee on paper 21','Freedomsgloryadj.jpeg','',0.0000,1,1,'48\" X 72\" acrylic on box canvas.  With a dramatic dark brown background the running horses jump from the canvas as they celebrate freedom.  SOLD',0.00,34,0,NULL),(52,'\"Purple Iris\" Framed 11\" X 14\" oil','0','This oil on board is framed in a rich honey colored frame with black edge. ',NULL,NULL,1,1,'','',850.00,'','','PurpleIrisfrm.jpeg','',0.0000,1,1,'',0.00,52,NULL,NULL),(83,'\"Shady Repose\" 11\" X 14\" oil on board','0','This bright sunny day has a very calm feel that all is well with the world.  It seems like a nice day for a nap in the shade.  This oil on board is framed with a gold Plein Air style frame.',NULL,NULL,1,1,'','',850.00,'','','shadyreposesmall11x14.jpg','',0.0000,1,1,'',0.00,83,NULL,NULL),(30,'Corral at Mission Beach 10\" X 13','0','These Paints were in beautifull Carmel at Mission Beach',NULL,NULL,1,1,'','',850.00,'','','CorralatmissionBeach.jpeg','',5.0000,1,1,'',0.00,32,NULL,NULL),(82,'\"Country Road\" 16\" X 20\" oil on board','0','Country roads through fields of crops has a smell that is intoxicating and peacefull feel that is comforting.  Life slows to a more natural rythmn with distinct cycles you can feel.  This oil on board is framed in a gold Plein Air gold frame',NULL,NULL,1,1,'','',1100.00,'','','Countryroadadj.jpeg','',0.0000,1,1,'',0.00,81,NULL,NULL),(32,'','0','',NULL,NULL,1,1,'','',0.00,'','','','',0.0000,1,1,'',0.00,37,NULL,NULL),(51,'\"Window to the Courtyard\" 30\" X 40\" oil','0','Who lives behind the loft window? Flowers invite you to their home. This piece is on canvas with 2\" stretcher bars.',NULL,NULL,1,1,'','',2400.00,'','','WindowtoCourtyard30x40.jpeg','',0.0000,1,1,'',0.00,53,NULL,NULL),(34,'Paints of Carmel 12\" X 16\"','0','Across from the ocean in Carmel these paints bask in the sun and ocean breeze',NULL,NULL,1,1,'','',950.00,'','','paintsofcarmelredo.jpeg','',5.0000,1,1,'',0.00,26,NULL,NULL),(84,'\"Shady Repose\" 11\" X 14\" oil','0','Resting in the shade on a warm sunny day brings to mind the sounds of summer and warm breezes.  This place is the ultimate in peacefull.',NULL,NULL,1,1,'','',850.00,'','','shadyreposesmall11x14.jpg','',0.0000,1,1,'',0.00,84,NULL,NULL),(36,'Point Lobos Surf 11\" X 15\"','0','Point Lobos is one of the most breathtaking places in Northern California south of Carmel',NULL,NULL,1,1,'','',950.00,'','','ptlobossurf.jpeg','',5.0000,1,1,'',0.00,38,NULL,NULL),(37,'Quite Marina 12\" X 16\" oil','0','This was a slightly foggy day in Sausalito CA',NULL,NULL,1,1,'','',950.00,'','','quitemarina.jpeg','',5.0000,1,1,'',0.00,24,NULL,NULL),(38,'Mission Beach Paints 10\" X 13\"','0','Mission Beach just south of Carmel is the scene of this image',NULL,NULL,1,1,'','',850.00,'','','missionbeachpaintsredo.jpeg','',5.0000,1,1,'',0.00,40,NULL,NULL),(40,'Corral at Mission Beach 10\" X 13\" oil','0','Carmel is an ideal place for peacefull grazing',NULL,NULL,1,1,'','',850.00,'','','CorralatmissionBeach.jpeg','',5.0000,1,1,'',0.00,46,NULL,NULL),(43,'Shady Contentment 16\" X 20\" image','0','Tree shade offers a reprieve from the sun for this group of contented cows. Image is 16\" X 20\" framed with honey toned wood and black trim.',NULL,NULL,1,1,'','',950.00,'','','shadycontentment.jpeg','',0.0000,1,1,'',0.00,42,NULL,NULL),(42,'Purple Iris','0','Oil on board 12\" X 16\"',NULL,NULL,1,1,'','',950.00,'','','purpleiris.jpeg','',0.0000,1,1,'',0.00,43,NULL,NULL),(81,'\"Sunny Road\" 11\"x14\" Plein Air oil on board','0','Shadows cast on a sunny road take on a magical color at dusk that makes you wonder where that color was during the day.',NULL,NULL,1,1,'','',950.00,'','','Sunnyroad.jpeg','',0.0000,1,1,'',0.00,82,NULL,NULL),(114,'\"New Excitement\"','0','This 48x36 painting is on box canvas with the edges painted to complement the artwork.  The Chinese brush style is evident in the dark outlines.',NULL,NULL,1,1,'','',1500.00,'','','New_Excitement.jpg','',0.0000,1,1,'',0.00,114,NULL,NULL),(46,'\"Purple Iris\" Framed Oil on board','0','This oil on board is framed in a rich honey colored wood with black edge',NULL,NULL,1,1,'','',850.00,'','','PurpleIrisfrm.jpeg','',0.0000,1,1,'',0.00,44,NULL,NULL),(47,'\"Quite Marina\" Framed 11\"X 14\" oil','0','This oil on board is framed with a rich honey colored wood with black edge.',NULL,NULL,1,1,'','',850.00,'','','QuiteMarinafrm.jpeg','',0.0000,1,1,'',0.00,47,NULL,NULL),(48,'\"Safe Harbor\" 11\" X 14\" oil on board','0','This is a calm piece with the white board glowing in the late afternoon sun.  ',NULL,NULL,1,1,'','',850.00,'','','SafeHarborfrm.jpeg','',0.0000,1,1,'',0.00,49,NULL,NULL),(49,'\"Sunny Courtyard \"16 X 20\" oil on board','0','Inviting well tended courtyard with stairs leading to a cozy loft.',NULL,NULL,1,1,'','',950.00,'','','SunnyCourtyardfrm.jpeg','',0.0000,1,1,'',0.00,50,NULL,NULL),(50,'\"Window to Courtyard\" 30\" X 40\" oil/canvas','0','Enlarged from a study In this piece you suspect someone watches from a sunny perch above the courtyard.',NULL,NULL,1,1,'','',2400.00,'','','WindowtoCourtyard30x40.jpeg','',0.0000,1,1,'',0.00,51,NULL,NULL),(108,'Mango Road Study','0','This road winds through an old grove of mango trees.  To save the trees the road winds and even narrows to one lane on occasion.  This 8x10 Plein Air panel won an honorable mention at Maui Hands gallery\'s Plein Air Painters of Hawaii show in May 2008',NULL,NULL,1,1,'','',750.00,'','','mango_road_8x10_framed.jpg','',0.0000,1,1,'',0.00,112,0,NULL),(56,'San Francisco Streets 16x20','0','Trolley cars are a romantic symbol of San Francisco with people strolling the crowded boulevard.',NULL,NULL,1,1,'','',1100.00,'','','SanFranciscostreets.jpeg','',0.0000,1,1,'',0.00,59,NULL,NULL),(55,'Carmel Beach 16 x 20','0','Two figures comb the beach at Carmel by the Sea for treasure.',NULL,NULL,1,1,'','',1100.00,'','','Carmelbeach.jpeg','',0.0000,1,1,'',0.00,58,NULL,NULL),(54,'\"Carmel Beach\" 16\" X 20','0','Two figures comb the beach at Carmel for treasure.',NULL,NULL,1,1,'','',1100.00,'','','Carmelbeach.jpeg','',0.0000,1,1,'',0.00,55,NULL,NULL),(57,'San Juan Capistrano courtyard 11x14','0','This oil on board shows a sunny entrance to the wonderfully peaceful courtyard at the mission.',NULL,NULL,1,1,'','',950.00,'','','SanJuanCapcourtyard.jpeg','',0.0000,1,1,'',0.00,61,NULL,NULL),(58,'Golden Gate Sunset 16x20','0','The Golden Gate bridge is a romantic symbol of the beautiful city of San Francisco.',NULL,NULL,1,1,'','',1100.00,'','','goldengatesunset.jpeg','',0.0000,1,1,'',0.00,67,NULL,NULL),(61,'Colorado Stream 48\" X 36\" box canvas','0','On a recent trip in Colorado between Ouray and Durango I found the most breath-taking scenery.  This piece is on gallery wrap box canvas with sides painted.  No frame required.',NULL,NULL,1,1,'','',1500.00,'','','colostream48x36.jpeg','',0.0000,1,1,'',0.00,57,NULL,NULL),(62,'Colorado Strean Study 28\" X 16\"','0','This oil study is on gallery wrap box canvas with edges painted and requires no framing.  This is a scene between Ouray and Durango, Colorado in early June',NULL,NULL,1,1,'','',650.00,'','','colostreamstudy26x18.jpeg','',0.0000,1,1,'',0.00,65,NULL,NULL),(63,'Laguna Rock 20\" X 16\" oil on board','0','The Laguna Beach, California has cliffs, sandy beachs and rocks in the surf. Perfect for a Plein Air artist.  It is a must see for any visitor.  Established in the late 1800\'s it became an artist\'s colony.  This piece is framed in a honey colored natural wood with black trim.',NULL,NULL,1,1,'','',850.00,'','','Lagunarockredo26x18.jpeg','',0.0000,1,1,'',0.00,69,NULL,NULL),(64,'Colorado Stream 48\" x 36\" oil','0','This is from a slide and study. The location is between Ouray and Durango, colorado in the most breath taking valley.  It is early June and snow is still in the rockies.',NULL,NULL,1,1,'','',1500.00,'','','colostream48x36.jpeg','',0.0000,1,1,'',0.00,70,NULL,NULL),(66,'Grand Canyon Sunset','0','The colors of the Grand Canyon at sunset reflect a range of inspiring colors.  This 48\r\n X 36\" gallery wrap canvas is a study for a 72\" x 36\" piece',NULL,NULL,1,1,'','',1500.00,'','','Grandcanyonsunset.jpeg','',0.0000,1,1,'',0.00,71,NULL,NULL),(167,'Walking distance','0','Red road .... easy walking',NULL,NULL,1,1,'','',0.00,'','','BY_Seaview.JPG','',0.0000,1,1,'',0.00,166,0,NULL),(168,'Kehena Beach','0','This clothing optional beach is 10 min walk ',NULL,NULL,1,1,'','',0.00,'','','Kehena_Beach.JPG','',0.0000,1,1,'',0.00,167,0,NULL),(169,'','0','Kehena beach is often deserted in the morning..... Weekends it is the community gathering place',NULL,NULL,1,1,'','',0.00,'','','Kehena_beach_view.JPG','',0.0000,1,1,'',0.00,168,0,NULL),(109,'Private Beach Dreams 11x14','0','The white beaches on the Big Island of Hawaii are on the Kona side with with excellent snorkeling and easy access.  This is Paradise',NULL,NULL,1,1,'','',850.00,'','','Private_Beach_Dreams_11x14redu.jpg','',0.0000,1,1,'',0.00,117,0,NULL),(70,'The Last of Winter\'s Snow 16x20 oil on board','0','As Spring give way to Summer the only snow left is on the peaks and in the shadows of the mountains and trees.  There is a refreshing briskness to the air as the warm day turns to early afternoon and long shadows begin to appear.',NULL,NULL,1,1,'','',950.00,'','','winterslastsnownum316x20.jpeg','',0.0000,1,1,'',0.00,75,NULL,NULL),(71,'Summer Run Off 16x20 oil on board','0','Spring and Summer begin the melt of snow pack that gives life to the valley below and begins new cylces of birth for animals and Mother Earth.',NULL,NULL,1,1,'','',950.00,'','','SummerRunoff16x20num3.jpeg','',0.0000,1,1,'',0.00,74,NULL,NULL),(72,'Tranquility Stroll 16\" x 20\" oil','0','The sound of the waves and sand between your toes is a heavenly retreat.  This tranquil scene shows a group of three figures with the beach to themselves on a tranquil afternoon.  ',NULL,NULL,1,1,'','',0.00,'','','tranquilitystroll16x20.jpeg','1100.00',0.0000,1,1,'',0.00,73,NULL,NULL),(73,'\"Beach as Paradise\" 9\" X 12\" oil','0','Paradise is a sandy beach in warm weather.  A family builds memories at the beach as a youngster builds castles in the sand.',NULL,NULL,1,1,'','',850.00,'','','BeachasParadise.jpeg','',0.0000,1,1,'',0.00,25,NULL,NULL),(76,'Desert Sentinel  16\" X 20\" oil','0','The desert around Tucson, Az presents these amazing feats of nature that seem to rise above the desert as if protection the fragile creatures that inhabit.  Walking among these giants early morning when the birds first awaken is truly a profound experience.',NULL,NULL,1,1,'','',950.00,'','','Desertsentenialnew.jpeg','',0.0000,1,1,'',0.00,66,NULL,NULL),(74,'\"After a Day at the Beach\" 11\" X 14\" oil','0','A day at the beach ends with the sun setting and the last figure leaves via a path through the rocks.  ',NULL,NULL,1,1,'','',850.00,'','','Afteradayatthebeach11x14.jpeg','',0.0000,1,1,'',0.00,76,NULL,NULL),(79,'\"Day Hike\" 11\" x 14\" Plein Air oil on board','0','Trails are there because there is a destination of interest to someone.  Question what is around the next curve and you will live a life of magical wonderment',NULL,NULL,1,1,'','',950.00,'','','DayHike11x14.jpeg','',0.0000,1,1,'',0.00,79,NULL,NULL),(78,'\"Day Hike\" 11\" x 14\" Plein Air oil on board','0','Trails lead to destinations of interest to someone in the past.  Always seek what is around the next curve and you follow a life of magical wonderment.',NULL,NULL,1,1,'','',950.00,'','','DayHike11x14.jpeg','',0.0000,1,1,'',0.00,78,NULL,NULL),(85,'\"Country road\" 16x20','0','You share the road with farming vehicles on these small county roads.  The tunnel of trees invites you to discover/explore what is around the next bend',NULL,NULL,1,1,'','',1100.00,'','','Countryroadadj.jpeg','',0.0000,1,1,'',0.00,85,NULL,NULL),(86,'\"Golden fields\" 16\" x 20\" oil','0','This piece is one that I did during the San Luis Obispo Plein Air event but did not enter.  This is now my favorite because it captures the majestic oaks and gold fields just after summer but before the rains will turn everything green.',NULL,NULL,1,1,'','',1100.00,'','','Goldenfieldsweb.jpg','',0.0000,1,1,'',0.00,86,NULL,NULL),(88,'Sunny Hillside 11\"x14\"  oil on board','0','A sturdy evergreen clings to the rocky hillside.  This image is about strength and a steadfastness is a inclimate conditions.',NULL,NULL,1,1,'','',575.00,'','','SunnyHillside4x6.jpeg','',0.0000,1,1,'',0.00,88,NULL,NULL),(89,'Mountain Stream 11\" X 14\" oil on board','0','The run off waters speak of Spring and new  life for the meadows below.  Listen for the sounds of rushing waters.',NULL,NULL,1,1,'','',575.00,'','','Mountainstream11x14.jpeg','',0.0000,1,1,'',0.00,89,NULL,NULL),(90,'Cool Waters 16\" X 20\" oil on board','0','Evergreens cling to the banks and snowmelt rushes by.  The sun casts golden light on patches of fortunate trees.',NULL,NULL,1,1,'','',750.00,'','','coolwaters16x20.jpeg','',0.0000,1,1,'',0.00,90,NULL,NULL),(107,'Mango Road 11x14','0','This road is on the Big Island of Hawaii between Kapoho and Pahoa.  I call this Mango road because the road meanders through an old grove of wild mango trees.  It is part of my Zen drive.',NULL,NULL,1,1,'','',850.00,'','','mango_road_11x14redu.jpg','',2.0000,1,1,'',0.00,110,0,NULL),(91,'\"Escaping Work','0','These powerfull horses are bisque fired with an acid wash faux finish that gives a rusted iron look.  This sculpture is 7\" high 14\" long on a marble tile for display',NULL,NULL,1,1,'','',650.00,'','','clayEscapingworkbisque3-aci.jpg','',0.0000,1,1,'',0.00,92,NULL,NULL),(101,'\"Lead\"','0','This horse has the presence of a leader on the move and stands 9\" tall X 13\" long.  It is doubled fired with a red oxide wash.',NULL,NULL,1,1,'','',450.00,'','','Leaddoublefire-red-oxide.jpg','',0.0000,1,1,'',0.00,103,NULL,NULL),(102,'\"Leader Dual\"','0','These two horses seem to be dualing for the honor of leading and stand 9\" tall X 11\" long.  They are bisque fired with an acid patina wash.',NULL,NULL,1,1,'','',650.00,'','','leaderdualbis-acid2.jpg','',0.0000,1,1,'',0.00,104,NULL,NULL),(94,'\"Trio Leap\"','0','These three horses have heft and spirit.  It appears that they are moving through water and stand 7\" tall X 16\" long.  They are bisque fired with and acid faux finish.',NULL,NULL,1,1,'','',850.00,'','','trioleapbisque-acid.jpg','',0.0000,1,1,'',0.00,96,NULL,NULL),(100,'\"Leader dual\"','0','These two leaders seem to dual for honor to lead.  They stand 9\" tall X 11\" long and are bisque fired with an acid patina finish.',NULL,NULL,1,1,'','',650.00,'','','leaderduelbisque-acid.jpg','',0.0000,1,1,'',0.00,102,NULL,NULL),(96,'\"Mustang Speed\"','0','This single horse embodies the spirt of the Wild Mustangs of the West.  It stands 9\" tall X 11\" long and is double fired with a natural finish.',NULL,NULL,1,1,'','',450.00,'','','mustangspeeddoublefirenat.jpg','',0.0000,1,1,'',0.00,97,NULL,NULL),(166,'KALAPANA SEAVIEW RENTAL','0','KALAPANA SEAVIEW ESTATES recently remodeled rental on Red Road. This 3br/2ba available beginning the first of Sept 2011. Perfect for a roommate situation or extended family. Easy walk to Kehena Beach. 15 min drive to Pahoa or 40 min to Hilo. \r\n\r\nUPSTAIRS is 1ba/1ba, kitchen, living room, loft, large covered lanai, New frig. \r\n\r\nDOWNSTAIRS is 2br/ 1ba, game room/living room, large frig with deep sink and counter for hot plate and microwave, covered lanai front and back... Laundry room with washer/dryer with outside access for both units...\r\n\r\nrent $950 per month plus elec. Catchment water. \r\n\r\nTo see the unit call 808-965-9080.\r\n\r\nPlaces of interest :\r\n\r\n \r\n\r\nIn the Seaview Estates development is an organization called S.P.A.C.E. which has a great farmers market on Sat Mornings they serve hot food and local vendors sell fruit, veg. and jellies etc.  www.hawaiispace.com\r\n\r\n \r\n\r\nWithin a 5 minute walk is  Kalani which is an eco resort with food and lodging but also offers weekly dances, performances, workshops, yoga.   It has become the community center for the area.   www.kalani .com\r\n\r\n \r\n\r\nA 20 min drive is Pahoa which is a colorful little town with a great food market called Malama Market. in Malama center is Pahoa Hardware, Pahoa Propane, aloha gas station, subway , a pharmacy and quick family medical care center.\r\n\r\n \r\n\r\nOn the main street in Pahoa is the best Thai food ever at Ning\'s Thai Cuisine.  Kaleo\'s offers Asian fusion  food and the best Kobe burger at reasonable prices.  Island Naturals is great for vitamins and organic food, bulk nuts, seeds and beans. www.islandnaturals.com. Also, Maku\'u farmers market on Sunday from 9-2pm..... you pass it on the left just before you come into pahoa.',NULL,NULL,1,1,'','',0.00,'','','treehouse_FINISHED.jpg','',0.0000,1,1,'',0.00,165,0,NULL),(105,'Buffalo with Red','0','This is an exciting objective abstract with movement of a herd of buffalo.  The red background adds a dynamic impact to the 36\" X 48\" acrylic on box canvas with painted edges.',NULL,NULL,1,1,'','',1800.00,'','','Red_Buffalo.jpg','',0.0000,1,1,'',0.00,105,NULL,NULL),(103,'Excellence of Thunder 48\" X 72\" CLICK ON IMAGE TO ENLARGE','0','Acrylic with textured image in subtle tones of brown with chocolate background.  This elegant group of horses on the run have a majestic nobility to their gait with the White symbol of hope in the lead. SOLD',NULL,NULL,1,1,'','',0.00,'','','excellenceofthunder48x72sm.jpg','',30.0000,1,1,'',0.00,101,0,NULL),(104,'\"Black Beauties\" Fired Clay 8\" X 12\" Click to enlarge','0','The sense of Movement is similar to that in the paintings.  I mainly hope to convey a sense of freedom.  Commissions for larger pieces welcome',NULL,NULL,1,1,'','',950.00,'','','clayblack3horses.jpg','',10.0000,1,1,'',0.00,91,NULL,NULL),(124,'Hawaii A Bay\'s Beauty','0','This is Hawaii reflected in the waters of the fish pond at A Bay. It is an 11 X 14 Oil on wood panel.  ',NULL,NULL,1,1,'','',850.00,'','','Hawaii_A_Bay__s_Beauty.jpg','',0.0000,1,1,'',0.00,107,0,NULL),(162,'Canyon view  36x48','0','Custom images available.....',NULL,NULL,1,1,'','',1500.00,'','','Grandcanyonsunset.jpeg','',0.0000,1,1,'',0.00,162,0,NULL),(163,'SOUTHWEST SUNSET 16x20','0','Call for latest images.... or custom images.',NULL,NULL,1,1,'','',450.00,'','','IndianCanyon16x20num3.jpeg','',0.0000,1,1,'',0.00,163,0,NULL),(164,'Desert Sentinel   16x20 on board','0','I love the way these stand guard over the Desert floor\'',NULL,NULL,1,1,'','',450.00,'','','desertsentinel.jpeg','',0.0000,1,1,'',0.00,164,0,NULL),(165,'\"Beach Canoe\" 16x20 oil on board ','0','Late afternoon at the end of a canoe adventure.... Rest',NULL,NULL,1,1,'','',0.00,'','','DanYoung_Canoe_Beach_web.JPG','',0.0000,1,1,'',0.00,171,0,NULL),(161,'Indian Chief  36x48 on canvas','0','This objective abstract is available....',NULL,NULL,1,1,'','',1800.00,'','','IndianChief.jpeg','',0.0000,1,1,'',0.00,141,0,NULL),(115,'\"Splendid\"  36\"x48\" box canvas','0','The 36x48 image draws on the chinese brush tradition with the excitement of color in acrylic on canvas.',NULL,NULL,1,1,'','',1500.00,'','','splendid.jpg','',0.0000,1,1,'',0.00,115,NULL,NULL),(116,'\"Sunny Days\" 72\"X36\"  Click on image to enlarge','0','This exciting contempary images of running horses adds a bright sunny touch to the room.  It is painted on gallery wrapped canvas with painted edges.  Bring on the sunshine.',NULL,NULL,1,1,'','',1800.00,'','','SunnyDays73x36.jpg','',0.0000,1,1,'',0.00,116,NULL,NULL),(117,'\"Wooded Canyons\" 48\"X36\" click on image to enlarge','0','These horses seem to emerge from a wooded canyon in a mad dash to free spaces.  The excitement and energy is felt in this contempary painting on gallery wrapped canvas.',NULL,NULL,1,1,'','',1500.00,'','','WoodedCanyons48x36.jpg','',0.0000,1,1,'',0.00,118,NULL,NULL),(118,'\"Roads to Freedom\"  50\" X 40\"','0','This painting depicts an excited excape down a dirt road or path.  Subtle color changes and convergeing lines  suggest a path and give dimension to this artwork.',NULL,NULL,1,1,'','',1500.00,'','','Roadstofreedom50x40.jpg','',0.0000,1,1,'',0.00,119,NULL,NULL),(119,'\"Sunny Courtyard\" 30\" X 40\"','0','\"Sunny Courtyard\" has an old world feel of stone, walls and tile roofs. The warmth of a sunny day radiates for this oil on gallery warp canvas.',NULL,NULL,1,1,'','',2400.00,'','','sunnycourtyard30x40web.jpg','',0.0000,1,1,'',0.00,122,NULL,NULL),(122,'Emboldened Exit 48x36','0','The lead horse always has a sense of direction that somehow feels brave, brazen , determined with a will to lead.  This 48x36 acrylic on gallery wrap canvas shows excitement and adventure',NULL,NULL,1,1,'','',1500.00,'','','Embolden_Exit_48x36reduced.jpg','',0.0000,1,1,'',0.00,126,NULL,NULL),(121,'\"Quiet Harbor\" 40\" X 30\" oil','0','\"Quiet Harbor\" is an oil on gallery wrap canvas and depicts the quiet of a late afternoon with sails and rest.  You can hear the gentle rhytmnic clang of mast to halyard and the boats gently rock',NULL,NULL,1,1,'','',2400.00,'','','quietharbor40x30web.jpg','',0.0000,1,1,'',0.00,125,NULL,NULL),(123,'Powerfull Grey  72x36 on box canvas','0','The Grey in front has the look of confidence as he leads the herd from dark.  The painting starts with a Chinese style black drawing then energetically color is added to give dimension.',NULL,NULL,1,1,'','',1800.00,'','','Powerful_Grey_small.jpg','',0.0000,1,1,'',0.00,128,NULL,NULL),(127,'Island Wonder','0','I am always thrilled by the exciting color in the tropics.  Island Wonder is an 11x14 oil on wood panel',NULL,NULL,1,1,'','',850.00,'','','island_wonder_adj.jpg','',0.0000,1,1,'',0.00,130,NULL,NULL),(133,'Hawaii\'s Red Road Sunrise','0','This bold, colorful image of a Hawaiian beach road in tropical impressionism  is painted in oil on wood panel with a bright Impressionist palette .  The rural red cinder road has since been paved but still has the magic of island life at sunrise. 16\" X 20\"',NULL,NULL,1,1,'','',1200.00,'','','Red_Road_Sunrise.jpg','',0.0000,1,1,'',0.00,106,0,NULL),(185,'Hawaii Coast 12x36 oil on canvas','0','This is from the Red Road on the Big Island..... It is one of my favorite turnouts...',NULL,NULL,1,1,'','',1400.00,'','','Hawaii_coast_12x30_web.jpg','',0.0000,1,1,'',0.00,185,0,NULL),(184,'Tropical Waves 12x36 oil on canvas','0','<script src=\"http://connect.facebook.net/en_US/all.js#xfbml=1\"></script><fb:like href=\"www.danyoungartist.com\" show_faces=\"true\" width=\"450\"></fb:like>This was inspired by a recent trip to Hana, Maui, HI.......',NULL,NULL,1,1,'','',1400.00,'','','Tropical_waves_12x36.jpg','',0.0000,1,1,'',0.00,184,0,NULL),(140,'\"Sunrise on the Red Road\" 24x36','0','The quiet Zen experience of this rural road is enhanced by the glow as sun rises and light is filtered to a rainbow of color<script src=\"http://connect.facebook.net/en_US/all.js#xfbml=1\"></script><fb:like href=\"www.danyoungartist.com\" show_faces=\"true\" width=\"450\"></fb:like>',NULL,NULL,1,1,'','',2800.00,'','','Sunrise_on_the_Red_Road_sm_frm.jpg','',0.0000,1,1,'',0.00,138,0,NULL),(159,'California Vineyards','0','This 11x14 oil on board is of a California Vineyard with early morning dramatic lighting as the mist disipates.  This piece was painted with the Romance of the Early California Impressionists in mind.  The perfect time of day in an amazing place.',NULL,NULL,1,1,'','',650.00,'','','California_Vineyards_11x14.jpg','',0.0000,1,1,'',0.00,139,0,NULL),(173,'','0','This is the loft and open beam ceiling of the living room...',NULL,NULL,1,1,'','',0.00,'','','treehouse_loft.JPG','',0.0000,1,1,'',0.00,174,0,NULL),(172,'','0','This is the living room with entrance from the uncovered lanai...... view is from the dining room which has an 8 foot sliding door to the lanai',NULL,NULL,1,1,'','',0.00,'','','treehouse_livingroom_upstairs.jpg','',0.0000,1,1,'',0.00,173,0,NULL),(171,'','0','Upstairs covered Lanai faces southeast so is protected from the rain...',NULL,NULL,1,1,'','',0.00,'','','treehouse_lanai.jpg','',0.0000,1,1,'',0.00,172,0,NULL),(170,'','0','Stairs lead to the upper covered Lanai.... The entrance to the bottom is at the base of the stairs... you can see a slider on the right......',NULL,NULL,1,1,'','',0.00,'','','treehouse_entry.jpg','',0.0000,1,1,'',0.00,169,0,NULL),(174,'Hawaii Tropical Road','0','If you click on \"Art Prints\" below it will take you to a website where you can view and order digitally enhanced prints of some of my original oils... these are giclee prints on canvas or paper and can be framed at reduced cost or printed on box canvas with edges wrapped.... these require no frames... ',NULL,NULL,1,1,'','',36.00,'','','Hawaii_tropical_road.jpg','',0.0000,1,1,'The original of the item displayed is 24 x 36 ...... this print is cropped from the original...... This prints starts as low as $36',0.00,176,0,NULL),(175,'Hawaii Shadow Road 18x24','0','This image is of an early morning sunrise with dramatic shadows cast by strong lighting..... This rural Hawaii road has the feel of what a fantasy tropical location would look like.',NULL,NULL,1,1,'','',1800.00,'','','hawaii_shadow_road_18x24web.jpg','',0.0000,1,1,'',0.00,178,0,NULL),(176,'Laguna Beach High Tide 12x30 oil','0','At sunset the clouds can reflect the last lights of day at the beloved beach in the coastal town of Laguna Beach, California.  This oil on canvas is painted on a gallery wrap canvas  1 1/2\" stretcher bars with painted edges.',NULL,NULL,1,1,'','',950.00,'','','Laguna_Beach_High_Tide_12x30_web.jpg','',0.0000,1,1,'',0.00,182,0,NULL),(177,'Sacred Falls 12x30 oil on box canvas','0','A hidden pool at the base of a tropical falls awaits... Soon to be on consignment in Maui',NULL,NULL,1,1,'','',1200.00,'','','Sacred_Falls_12x30_web.jpg','',0.0000,1,1,'',0.00,170,0,NULL),(178,'Tropical Falls 12x30 oil on box canvas','0','New waterfall images have been great fun since these are the hidden places I love.......',NULL,NULL,1,1,'','',1200.00,'','','Tropical_Falls_12x30_web.jpg','',0.0000,1,1,'',0.00,177,0,NULL),(179,'Hidden Escape 12x16 acrylic on board','0','This new acrylic is an adventure experience.....Hide in this place of adventure',NULL,NULL,1,1,'','',850.00,'','','Hidden_Escape_12x16_web.jpg','',0.0000,1,1,'',0.00,175,0,NULL),(180,'Impressionist\"s Beach 12x16 oil on board','0','Love the beach in brilliant light of afternoon',NULL,NULL,1,1,'','',850.00,'','','Impressionist::s_Beach_web_12x30.jpg','',0.0000,1,1,'',0.00,180,0,NULL),(181,'Island Stream 16x20 Oil on board','0','Do you feel the escape in this view of a beach in late afternoon light',NULL,NULL,1,1,'','',1200.00,'','','Island_Streatm_16x20_web.JPG','',0.0000,1,1,'',0.00,181,0,NULL),(202,'Seaview deck','0','Upstairs Lanai',NULL,NULL,1,1,'','',0.00,'','','treehouse_lanai.jpg','',0.0000,1,1,'',0.00,202,0,NULL),(203,'Seaview Living room upstairs','0','',NULL,NULL,1,1,'','',0.00,'','','treehouse_livingroom_upstairs.jpg','',0.0000,1,1,'',0.00,203,0,NULL),(183,'An Impressionist\'s Vision of Paradise 12x30','0','The ideal beach in afternoon light',NULL,NULL,1,1,'','',950.00,'','','An_Impressionist::s_Vision_of_Paradise_12x30_web.jpg','',0.0000,1,1,'',0.00,183,0,NULL),(186,'Hawaii Coast 12x36 oil on canvas','0','This is from the Red Road on the Big Island..... It is one of my favorite turnouts...',NULL,NULL,1,1,'','',1400.00,'','','Hawaii_coast_12x30_web.jpg','',0.0000,1,1,'',0.00,188,0,NULL),(187,'An Impressionist\'s Paradise 12x36','0','An Impressionist\'s Paradise....... explains it all',NULL,NULL,1,1,'','',950.00,'','','An_impressionist::s_paradise.jpg','',0.0000,1,1,'',0.00,186,0,NULL),(188,'\"Seafarer Return\"  20x60 on canvas','0','Late afternoon light highlights the safe return from a tropical ocean voyage.  Prints are available at www.fineartamerical.com',NULL,NULL,1,1,'','',3600.00,'','','seafarerreturn20x60.JPG','',0.0000,1,1,'',0.00,187,0,NULL),(189,'Laguna Canyon Sunrise 16x20','0','As the sun comes up Laguna Canyon comes alive with color in the cast shadows',NULL,NULL,1,1,'','',950.00,'','','Laguna_Canyon_sunrise_reduced_no_frame_copy.JPG','',0.0000,1,1,'',0.00,189,0,NULL),(190,'Laguna Canyon 16x20','0','Looking East the hills are covered with Eucalyptus and in the Morning cast shadows add dimension',NULL,NULL,1,1,'','',950.00,'','','Laguna_Canyon_reduced_no_frame.JPG','',0.0000,1,1,'',0.00,190,0,NULL),(191,'Laguna Trail Escape 16x20','0','It seems there is a trail to escape to the beach ',NULL,NULL,1,1,'','',950.00,'','','Laguna_Trail_Escape_reduced_no_frame.JPG','',0.0000,1,1,'',0.00,191,0,NULL),(192,'Plein Air Event artist painting','0','Fun Day ......During Laguna Plein Air Invitational 2011\r\ntwo hour paint out',NULL,NULL,1,1,'','',0.00,'','','artist_pic_painting_smile.jpg','',0.0000,1,1,'',0.00,193,0,NULL),(193,'Crystal Cove \"Memories Preserved\" 9x12','0','This was painted during the Laguna Beach Plein Air Invitational 2011 at Crystal Cove.  This is a group of cottages on the beach built in the 20\'s and 30\'s ..... an LA getaway ..... Many studio people memories.',NULL,NULL,1,1,'','',950.00,'','','Crystal_Cove_paint_out.jpg','',0.0000,1,1,'',0.00,195,0,NULL),(195,'Laguna Beach12x16 Looking South','0','This oil on board is an image on the beach looking south with a slight haze from fog.....The atmospheric perspective was amazing with the cliffs in the distance fading..... ',NULL,NULL,1,1,'','',850.00,'','','Laguna_Beach_12x16_looking_south.jpg','',0.0000,1,1,'',0.00,196,0,NULL),(196,'Laguna Beach CA coast 12x16','0','This is a second take on the view south.... at a different time of day the sky had a green cast and the view through the translucent wave was an emerald green........ ',NULL,NULL,1,1,'','',850.00,'','','Laguna_Beach_CA_coast_12x16.jpg','',0.0000,1,1,'',0.00,197,0,NULL),(197,'Hawaii Impressionist Beach 24x24','0','Beautiful protected beach with sunny accents',NULL,NULL,1,1,'','',1800.00,'','','Hawaii_Impressionist_Beach..24x24.JPG','',0.0000,1,1,'',0.00,192,0,NULL),(198,'Hawaii Impressionist Beach 24x24','0','The Impressionist colors at sunset make this scene magical',NULL,NULL,1,1,'','',1800.00,'','','Hawaii_Impressionist_Beach..24x24.JPG','',0.0000,1,1,'',0.00,198,0,NULL),(201,'Afternoon Canoe 16x26','0','Empty canoe waits for the next adventure.',NULL,NULL,1,1,'','',1440.00,'','','afternoon_canoe_16x26.JPG','',0.0000,1,1,'',0.00,201,0,NULL),(199,'Hawaii Beach Sun  24x24','0','This is a private beach where magic happens',NULL,NULL,1,1,'','',1800.00,'','','HAWAII_BEACH_SUN_24X24.jpg','',0.0000,1,1,'',0.00,200,0,NULL),(200,'Afternoon Canoe 16x28','0','Back from a vigorous day the canoe waits for the next adventure',NULL,NULL,1,1,'','',1440.00,'','','afternoon_canoe_16x26.JPG','',0.0000,1,1,'',0.00,199,0,NULL);

--
-- Table structure for table `Sale`
--

CREATE TABLE `Sale` (
  `ID` int(11) NOT NULL AUTO_INCREMENT,
  `productID` int(11) NOT NULL DEFAULT '0',
  `quantity` int(11) NOT NULL DEFAULT '0',
  `price` double(8,2) NOT NULL DEFAULT '0.00',
  `label1` varchar(50) DEFAULT NULL,
  `label2` varchar(50) DEFAULT NULL,
  `invoiceID` int(11) NOT NULL DEFAULT '0',
  `name` varchar(60) DEFAULT NULL,
  `sku` varchar(30) DEFAULT NULL,
  `notax` smallint(6) DEFAULT NULL,
  PRIMARY KEY (`ID`),
  KEY `ID` (`ID`)
) ENGINE=MyISAM AUTO_INCREMENT=7 DEFAULT CHARSET=latin1 PACK_KEYS=1;

--
-- Dumping data for table `Sale`
--


--
-- Table structure for table `Shipping`
--

CREATE TABLE `Shipping` (
  `carrier` tinytext,
  `method` tinytext,
  `weight` double(16,2) DEFAULT NULL,
  `price` double(16,2) DEFAULT NULL,
  `record_type` tinyint(4) NOT NULL DEFAULT '0',
  `id` int(11) NOT NULL AUTO_INCREMENT,
  `code` varchar(5) DEFAULT NULL,
  `class` varchar(5) DEFAULT NULL,
  PRIMARY KEY (`id`)
) ENGINE=MyISAM AUTO_INCREMENT=3 DEFAULT CHARSET=latin1 PACK_KEYS=1;

--
-- Dumping data for table `Shipping`
--

INSERT INTO `Shipping` VALUES (NULL,'FedX three day in USA  ',30.00,50.00,2,1,NULL,NULL),(NULL,'FedX three day in USA  ',60.00,95.00,2,2,NULL,NULL);

--
-- Table structure for table `Shopping`
--

CREATE TABLE `Shopping` (
  `ID` int(11) NOT NULL AUTO_INCREMENT,
  `product` int(11) NOT NULL DEFAULT '0',
  `session` int(11) NOT NULL DEFAULT '0',
  `quantity` int(11) NOT NULL DEFAULT '0',
  `label1` tinytext,
  `sitename` tinytext,
  `label2` tinytext,
  PRIMARY KEY (`ID`),
  KEY `ID` (`ID`)
) ENGINE=MyISAM AUTO_INCREMENT=14 DEFAULT CHARSET=latin1 PACK_KEYS=1;

--
-- Dumping data for table `Shopping`
--

INSERT INTO `Shopping` VALUES (13,13,1406520056,1,'','danyoungartist','');

--
-- Dumping events for database 'danyoungartist'
--

--
-- Dumping routines for database 'danyoungartist'
--


