--
-- Host: localhost    Database: drfeelgood
-- ------------------------------------------------------


--
-- Table structure for table `Category`
--

CREATE TABLE `Category` (
  `ID` int(11) NOT NULL AUTO_INCREMENT,
  `protected` int(11) NOT NULL DEFAULT '0',
  `display` int(11) NOT NULL DEFAULT '0',
  `next` int(11) NOT NULL DEFAULT '0',
  `child` int(11) NOT NULL DEFAULT '0',
  `description` blob,
  `short_description` blob,
  `name` varchar(255) DEFAULT NULL,
  `image` varchar(255) DEFAULT NULL,
  `old_id` smallint(4) NOT NULL DEFAULT '0',
  PRIMARY KEY (`ID`),
  KEY `ID` (`ID`)
) ENGINE=MyISAM AUTO_INCREMENT=17 DEFAULT CHARSET=latin1;

--
-- Dumping data for table `Category`
--

INSERT INTO `Category` VALUES (1,0,0,0,13,NULL,NULL,'Top Level',NULL,0),(16,0,1,0,0,'',NULL,'Feel Good Heart ( CO Q10)','',0),(13,0,1,14,0,'Advanced Nutritional Support or Collagen Based Tissue.',NULL,'Feel Good Joint + Bone','',0),(14,0,1,15,0,'Concentrated Probiotics, Digestive Enzymes,Plant Minerals Green Superfoods. are things that make a digestive system Feel Good.',NULL,'Feel Good Digestion','AZ_212[1].jpg',0),(15,0,1,16,0,'Maca Has been us for over 5000 year for a variety of health related things. To days modern studies are showing Maca is helpful. ',NULL,'Feel Good Hormone','Ultra_Maca_extract[1].jpg',0);

--
-- Table structure for table `Inventory`
--

CREATE TABLE `Inventory` (
  `ID` int(11) NOT NULL AUTO_INCREMENT,
  `productID` int(11) NOT NULL DEFAULT '0',
  `categoryID` int(11) NOT NULL DEFAULT '0',
  PRIMARY KEY (`ID`),
  KEY `categoryID` (`categoryID`),
  KEY `ID` (`ID`)
) ENGINE=MyISAM AUTO_INCREMENT=150 DEFAULT CHARSET=latin1;

--
-- Dumping data for table `Inventory`
--

INSERT INTO `Inventory` VALUES (145,22,13),(149,23,14),(141,25,16),(147,24,15);

--
-- Table structure for table `Invoice`
--

CREATE TABLE `Invoice` (
  `ID` int(11) NOT NULL AUTO_INCREMENT,
  `date` datetime DEFAULT NULL,
  `purchasedby` int(11) NOT NULL DEFAULT '0',
  `deliverto` int(11) NOT NULL DEFAULT '0',
  `processed` int(11) NOT NULL DEFAULT '0',
  `shiptype` varchar(50) DEFAULT NULL,
  `shipcost` double(8,2) NOT NULL DEFAULT '0.00',
  `comment` blob,
  `cart_total` double(8,2) DEFAULT NULL,
  `tax` double(8,2) DEFAULT NULL,
  PRIMARY KEY (`ID`),
  KEY `ID` (`ID`)
) ENGINE=MyISAM AUTO_INCREMENT=7 DEFAULT CHARSET=latin1;

--
-- Dumping data for table `Invoice`
--

INSERT INTO `Invoice` VALUES (5,'2010-01-15 16:30:56',12,12,1,'U.S Priority Mail',4.95,'',7.99,0.66),(6,'2010-05-28 00:52:29',13,13,1,'U.S Priority Mail',4.95,'',36.95,3.07);

--
-- Table structure for table `Page`
--

CREATE TABLE `Page` (
  `ID` int(11) NOT NULL AUTO_INCREMENT,
  `body` blob,
  `template` int(11) NOT NULL DEFAULT '0',
  `type` int(11) NOT NULL DEFAULT '0',
  `image` varchar(255) DEFAULT NULL,
  `label` varchar(50) DEFAULT NULL,
  `featured` varchar(255) DEFAULT NULL,
  `title` varchar(255) DEFAULT NULL,
  `linkname` varchar(50) DEFAULT NULL,
  `link` varchar(255) DEFAULT NULL,
  PRIMARY KEY (`ID`),
  KEY `ID` (`ID`)
) ENGINE=MyISAM AUTO_INCREMENT=14 DEFAULT CHARSET=latin1;

--
-- Dumping data for table `Page`
--

INSERT INTO `Page` VALUES (1,'<center>Dr Feel Good pills has some ALL NATURAL pills that work. If you are interested in vitality, longevity and a Quality of life. <p>Please click browse arrow.</center><BR><center><B><center></a><center></B>',1,0,'','','','',NULL,NULL),(12,'Let Us Help Restore Your Balance<P>\r\nThe human body utilizes a complex network of antioxidants composed of several players that work together as a team. The intent is to build a well-balanced reserve of antioxidants as part of a good diet. The goal is to strike a balance between optimal body pH and the protective effects of antioxidants, for it is only when the body\'s pH is slightly alkaline, that it can properly defend itself against the destruction by free radicals, fully utilize oxygen and generate cell energy in the form of ATP.\r\nFree Radicals - How They Damage Your Cells<P>\r\n\r\n\r\nIf you could view the microscopic world of your body at the cellular level, you would witness your cells under attack from free radicals - the by-products of metabolism. Free radicals are electrically charged molecules that attack your cells, tearing through cell membranes, creating havoc with nucleic acids (genetic material), proteins and enzymes inside the cell. These attacks by free radicals known as oxidative stress, are capable of causing cells to lose their structure, their function and eventually disabling or killing the cell. Unless we take the necessary steps to help counteract the unrelenting damage from free radicals, we take the risk of allowing damage to joints, organs and systems that for example, compromise our cardiovascular health and accelerate aging in general. Morganics Super 50+ is a powerful group of antioxidants that are well-known for their ability to protect our cells.<P>\r\n\r\nEssential dietary antioxidants such as those found in COQ-10 greatly contribute to the body\'s antioxidant reserve, but we might also appreciate the antioxidant enzymes, produced at the cell that contribute to the body\'s team of antioxidants. These players are known as SOD or Superoxide Dismutase. SOD is effective in neutralizing free radicals before they damage cell membranes but once again, only if the medium in which they are to operate is favorable. This medium is the interstitial fluid and its delicate pH balance determines the effective potential of antioxidants.<P>\r\n\r\nActivity of thousands of cellular enzymes is profoundly influenced by small changes in pH, and maintenance of normal metabolic activity therefore requires that the pH of body fluids be closely regulated. The pH of arterial blood is ordinarily maintained within a narrow range of 7.35\r\nto 7.45 and deviation much outside this range is indicative of a potentially life-threatening metabolic disturbance. pH has a direct influence on the intra and extra-cellular environment upon which enzymatic metabolism and cell function depend. The blood pH however important and rigorously controlled, is of less consequence than the pH of the intracellular fluid where conditions for enzymatic functions need to be meticulously protected.<P>\r\n\r\nMaintenance of an alkaline pH in the blood is accomplished by the buffering systems of the blood itself, by respiratory exchange in the lungs involving regulation of carbonic acid and by regulation of the bicarbonate ion by the kidneys. Kidney tubules, by excreting many or few hydrogen ions, in exchange for reabsorbing many or few sodium ions, control urine pH and thereby help control blood pH.<P>\r\n\r\nIn sumary, it is important to maintain adequate levels of enzymes and alkaline ash minerals such as those found in our Feel good digedtion will help  pH regulation of interstitial fluid and all cells resulting in:\r\noptimal cell energy (production and replenishment of ATP reserves)\r\nmaximum cell protection by antioxidants such as those in coq10<P>\r\n\r\nReflections of how well the lungs and kidneys are doing their job of acid / base (alkaline) regulation, can be assessed by routine saliva and urine pH tests. This can be easily done using litmus paper, in the privacy of your home.  Check your local drug store for litmus paper.<P>\r\n\r\n\r\n',1,1,'',NULL,NULL,'Feel Good about Free Radicals','Antioxidants and Free Radical',NULL),(2,NULL,0,2,NULL,NULL,NULL,NULL,'','http://www.drrickettsnutri.com'),(3,NULL,0,2,NULL,NULL,NULL,NULL,'','http://www.morganics.com'),(4,NULL,0,2,NULL,NULL,NULL,NULL,'','http://www.candidafacts.com'),(5,NULL,0,2,NULL,NULL,NULL,NULL,'',''),(6,NULL,0,2,NULL,NULL,NULL,NULL,'',''),(7,NULL,0,2,NULL,NULL,NULL,NULL,'',''),(8,NULL,0,2,NULL,NULL,NULL,NULL,'',''),(9,NULL,0,2,NULL,NULL,NULL,NULL,'',''),(10,NULL,0,2,NULL,NULL,NULL,NULL,'',''),(11,NULL,0,2,NULL,NULL,NULL,NULL,'',''),(13,'<embed wmode=\"transparent\" src=\"http://www.zazzle.com/utl/getpanel?tl=My%20Zazzle%20Panel&at=238196921474545425&cn=238196921474545425&st=date_created\" FlashVars=\"feedId=0&path=http://www.zazzle.com',1,1,'',NULL,NULL,'t-shirt link','T-shirt link',NULL);

--
-- Table structure for table `Product`
--

CREATE TABLE `Product` (
  `ID` int(11) NOT NULL AUTO_INCREMENT,
  `name` varchar(100) DEFAULT NULL,
  `sku` varchar(30) DEFAULT NULL,
  `short_description` blob,
  `linkname` varchar(50) DEFAULT NULL,
  `link` blob,
  `alloworder` smallint(6) DEFAULT NULL,
  `instock` smallint(6) DEFAULT NULL,
  `label1` varchar(50) DEFAULT NULL,
  `label2` varchar(50) DEFAULT NULL,
  `price` double(8,2) NOT NULL DEFAULT '0.00',
  `list1` longblob,
  `list2` longblob,
  `image` varchar(255) DEFAULT NULL,
  `prices` longblob,
  `weight` double(8,4) NOT NULL DEFAULT '0.0000',
  `display` int(11) NOT NULL DEFAULT '0',
  `quantity` int(11) NOT NULL DEFAULT '0',
  `long_description` blob,
  `shipcost` float(10,2) NOT NULL DEFAULT '0.00',
  `number` smallint(6) NOT NULL DEFAULT '0',
  `notax` smallint(6) NOT NULL DEFAULT '0',
  `inactive` smallint(6) DEFAULT NULL,
  PRIMARY KEY (`ID`),
  KEY `ID` (`ID`)
) ENGINE=MyISAM AUTO_INCREMENT=26 DEFAULT CHARSET=latin1;

--
-- Dumping data for table `Product`
--

INSERT INTO `Product` VALUES (22,'1 Month Supply Joint + Bone Health','0','Helps<P>Prevent joint breakdown\r\n*Supply nutrients for well-being of the whole body\r\n*Protect against free radical damage\r\n*Assist in the body’s acid-alkaline balance\r\n*Support health of synovial membranes which encapsulate joints.',NULL,NULL,1,1,'','',36.95,'','','','',0.6000,1,1,'OUR MAIN INTEREST IS THE MAINTENANCE OF THE FACTORS THAT PRODUCE NORMAL CARTILAGE AND PROVIDES ITS RESISTANCE TO WEAR AND TEAR.  In so doing, we address the natural replacement process of the whole connective tissue system.<p> 120 caps One Month Supply <p>\r\n\r\nWHAT’S INSIDE CJB PLUS<p>\r\n\r\nGlucosamine Sulfate:  Glucosamine Sulfate appears to be nature’s best remedy for arthritis.  In the body, the main \r\naction of Glucosamine on joints is to  stimulate the manufacture of connective tissue, the fibrous network that holds everything together and is the primary substance of cartilage. Glucosomine sulfate is a natural substance that the body already understands. The brain acknowledges its amino monosaccarides as a tool for collagen development.  Glucosamine has been tested  and confirmed in its ability to aid in healing damaged collagen of joints in arthritis.  It has been the subject of more than 300 scientific investigations and is supported by over 20 double-blind, placebo-controlled studies.  Glucosamine sulfate is registered in 70 countries worldwide as an aid to arthritis.<p>\r\n\r\nMSM (Methyl Sulfonly Methane):  MSM is an essential nutritional form of sulfur, the third most abundant compound such as those found in arthritis.  MSM is a structural component of connective tissue and is required for restoration and repair.  MSM feeds the immune system and is non-toxic.<p>\r\n\r\n Buffered form of vitamin C...   Vitamin  C is essential to health.  Its primary function is to maintain collagen, the protein necessary for the formation of skin, ligaments, cartilage, bones, teeth, and for strength of blood vessel walls. It is an important antioxidant. Vitamin C is the primary nutrient used by the adrenal glands and the stress glands.  Adrenals provide stimulus for the production of collagen and sex hormones.  Unlike most other animals, humans cannot make their own Vitamin C.  With Vitamin C being part of more than 300 bodily functions, life itself depends on daily replenishment. Buffered Vitamin C containing metabolites  help the vitamin get into the bloodstream faster and in larger amounts with less waste. Addition, these metabolites help the vitamin penetrate white blood cells more efficiently.  White blood cells are known to have very high levels of Vitamin C which they require for their metabolism, influencing their role as a critical component of the immune system. Buffered-C with neutral pH, does not irritate the digestive system.  Vitamin C decreases histamine levels and assists inflammation management.  Dr. Haslock of Britain, observed elderly patients with joint disease who were also deficient in Vitamin C.  He noted this deficiency lead to excess blood in joints which promotes arthritis.<p>\r\n\r\nArthred®:  The use of collagen therapies to support joint function and maintain joint integrity has been documented for nearly a thousand years. In 12th century nutritional therapy recordings, it was recommended that those with joint problems should  drink soup containing similar raw materials to those used to make Arthred – hydrolyzed collagen. Hydrolyzed collagen has shown to have a positive effect on various forms of connective tissue. Arthred is a patented food form of collagen containing 19 amino acids and is clinically proven to naturally assist and maintain joints.<p>\r\n\r\nBoswellin®:  Boswellin is an extra-ordinary anti-inflammatory  nutrient.  Over the past few decades, medical and scientific communities of Europe and Asia have researched a number of healing herbs including Boswellia oleogum, a resin from the Boswellia Serrate tree of India.  The gum collected from the tree has shown to be very effective in helping the body’s management of inflammatory and arthritic conditions.  The therapeutic action includes reduction of joint swelling, increased mobility, steroid sparing action and reduced morning stiffness.  Boswellic acids, the active anti-inflammatory principles of Boswellia, reduce lipoxygenase activity, the enzyme responsible for leukotriene formation, the source of inflammation.  There is positive evidence that Boswellic acids improve blood supply to the joints. This restores integrity of damaged blood vessels and synovial fluid.  Boswellin is free of side effects commonly experienced with drugs such as NSAID’s.  Boswellic acids prevent and or slow down the “chipping” away of glucosaminoglycans, the components of soft tissue forming the joint.<p> \r\n\r\nShavegrass:  Shavegrass, also known as horsetail, contains large amounts of silica. Children have abundance of silica enabling them to be supple and limber.  As we age, we lose our balance of minerals. This  contributes to stiffness and lack of mobility.  Shavegrass helps facilitate the use of calcium in the body and  helps to shrink inflamed tissue.  Studies show that bone fractures heal faster when Shavegrass is taken.  Shavegrass aids in circulation and detoxification, assisting the body to heal itself.<p> \r\n\r\nYucca: Saponins in Yucca help to lower the build-up of toxins in the joints. Scientists have discovered that saponins in yucca contain steroids such as cortisone helping to reduce inflammation and pain of the joints in arthritic and rheumatoid conditions.  Yucca is traditionally used to aid digestion, maintain intestinal flora, help in the management of bursitis (inflammation of the synovial fluid around the joint) arthritis and rheumatism.<p>\r\n\r\nSiberian Ginseng:  CJB Plus contains Siberian Ginseng for its adaptogenic, anti-rheumatic, immuno stimulant and cardiovascular properties. Siberian Ginseng can be taken by both males and females and helps the body with detoxification of the blood thereby improving circulation.  Extensive research has been conducted during the last four decades, showing that Siberian Ginseng contains hormone-like substances thought to account for its sedative and stimulative effects on the nervous system.  Hence, its use as an adaptogen.  Siberian Ginseng modulates stress hormones through the pituitary – adrenal axis, helping the body to adapt to non-specific stress and supporting adrenal function.  The adrenal glands are directly involved in the manufacture of collagen.  Healthy adrenal glands are a  primary requisite for production of collagen.  The adrenal glands are the stress glands which fail first, from chemical, physical and mental stress.  A contributing factor of degenerative disease is when the body is constantly acid.  Alkaline cells are able to heal faster and produce more energy.<p>Bioperine®:  Bioprine, an alkaloid from black pepper, increases intestinal absorption and enhances bioavailability.  A number of scientific experiments have proven that levels of nutrients in the blood increased by 60% when supplements were taken with Bioprine.  There is growing consensus among nutritionists that the obstacle to better health, clearly lies in the efficient delivery of nutrients to the body.  It is not only what you eat that counts, it is what you absorb!  Based on clinical data, having Bioprine “in the right place at the right time“, in the digestive tract with supplemented nutrients, results in enhanced absorption.  Bioprine activates a metabolic “paddle wheel”, that provides a more efficient nutrient absorption.<p>\r\n\r\nB-Complex Vitamins:  B-Complex Vitamins found in CJB Plus are in their food state for maximum digestion and assimilation.  Thiamin B-1 is intricately involved in metabolism and use of other B Vitamins.  Riboflavin B-2 is crucial in generating glutathione, one of the main cellular protectors against free-radical damage.  Niacin B-3 functions as a component of coenzymes which are involved in over 50 different chemical reactions in the body, including production of adrenal hormones and antioxidant mechanisms.  Niacin has been noted to be helpful in arthritis.  Pyridoxine B-6 is an extremely important B Vitamin involved in the formation of  proteins and  structural  compounds  and for the  proper  functioning of more  than  60  different \r\nenzymes.  B-6 plays a vital role in the multiplication of all cells for new tissue.  Low levels of B-6 may contribute to osteoporosis by interfering with collagen cross-linking leading to a defective bone matrix.  B-6 interacts with magnesium and zinc by increasing cellular concentrations of these essential minerals.<p>\r\n\r\nVitamin D:  Vitamin D is required for calcium and phosphorus absorption and utilization.  It is necessary for growth, development and maintenance of bones and teeth in adults and children.  In its active form, Vitamin D works with calcium to control bone formation.  Vitamin D is obtained from two sources: The spontaneous formation in the skin by the sun via a photochemical reaction in the epidermis and the ingestion of food or nutritional supplements that contain Vitamin D.<p>\r\n\r\nCalcium:  Calcium in CJB Plus, is in the concentrated bio-available form of calcium citrate.  Calcium, the most abundant mineral in the body, is stored mostly in bones.  Calcium is also important in much of the body’s enzyme activity.  Calcium deficiency can result in bone deformities, osteomalacia (softening of the bone) and osteoporosis.  Caffeine, alcohol and  diets high in animal protein, sodium and sugar all increase calcium excretion.  Calcium is required for nerve transmission and heart rhythm.<p>\r\n\r\nMagnesium:  Magnesium is a primary nerve food and is also considered to be a significant anti-inflammatory mineral.  Decreased pain and increased mobility is a result of normalizing pH by dietary management which includes  supplementing  with  alkaline  ash  minerals  such as magnesium.  Magnesium ensures that calcium is metabolized into the bone and prevents calcium deposits into joint areas that cause bursitis.  Magnesium in CJB Plus is in the form of a concentrated amino acid chelate for maximum absorption.<p>\r\n\r\nManganese:  Manganese deficiency has been associated with rheumatoid arthritis. Manganese functions in many enzyme systems including the antioxidant enzyme superoxide dismutase (SOD).  This enzyme prevents free  radicals  from  destroying  cellular  components.      Without SOD, cells are susceptible to damage and inflammation.  Manganese supplementation can increase SOD activity, which reflects increased antioxidant activity. Chronic inflammatory diseases have an increased need for manganese.  Manganese is required for normal skeletal function and in CJB Plus it is an amino acid chelate for maximum absorption.<p>\r\n\r\nZinc:  Low zinc levels are associated with arthritic conditions as a result of  an impaired immune function.  Zinc functions relevant to tissue repair, include stabilization of synovial membranes, antioxidant activity, collagen synthesis and control of inflammation.  Zinc enhances metabolism of copper, phosphorus, calcium and Vitamin A.   Zinc in Dr. CJB Plus is in the form of a concentrated amino acid chelate for maximum absorption.Copper:  Copper helps to reduce pain and inflammation.  Copper is a component, along with zinc and manganese in the action  of the antioxidant enzyme superoxide dismutase (SOD). Copper is part of many enzymes and works with Vitamin C to form elastin,  ( part of collagen in blood vessels)  providing elasticity to blood vessels.  Copper is required for red blood cell formation and for good bone formation.  Copper in CJB Plus is in the form of a concentrated amino acid chelate for maximum absorption.<p>\r\n\r\nBoron:  Scientific studies indicate that the trace mineral boron, is an important element in maintaining healthy bone and joint function.  Fruits and vegetables are primary sources of boron, however, sufficient dietary quantities depend on the level of boron in the soil.  Because of this, most Americans probably do not get enough boron.  Supplementing the diet with 3 milligrams of boron per day reduced calcium lost in the urine by 44 percent! in one clinical trial.  Boron’s role in joint health was recently evaluated in a double blind clinical study of arthritis where 71 percent of those in the trial improved.  In another open trial, 90 percent of those with osteo- arthritis, rheumatoid and juvenile rheumatoid arthritis experienced relief and results in mobility and inflammation.<p> \r\n\r\nMolybdenum:  Molybdenum is a trace element that serves as a cofactor in many enzyme systems.  The physiological roles of the sulfur-bearing amino acids and protein synthesis involve molybdenum. In CJB Plus molybdenum is in the form of a concentrated amino acid chelate for maximum absorption.<p>\r\n\r\nSilica:  Silica is required for proper integrity of skin, ligaments, tendons and bone.  Sources of silica are found in unrefined grains, brown rice and raw root vegetables.  Silica is involved in the function of the enzyme prolyhydroxylase, that helps the formation of collagen in bone, cartilage and other connective tissue, such as skin.  Silica acts as a carrier and timer in multiple metabolic reactions in the body.  Silica in  CJB Plus is a concentrated amino acid chelate for maximum absorption.<p>',0.00,22,0,NULL),(23,'1 Month Supply Digestive Care','0','Proper Digestive Function Key to good health. (click on more info) And see what is in this all natural little helper.<P> Supplement that combines enzymes, herbs, and Probiotics to help people both increase nutrient absorption and fight the feelings of fatigue that can come from digestive stress.',NULL,NULL,1,1,'','',29.95,'','','','',0.3000,1,1,'60 caps One Month Supply <p> What’s Inside <p> <U>proprietary blend of probiotics</U> <p> (Probiotics are beneficial bacteria (sometimes referred to as \"friendly germs\") that help to maintain the health of the intestinal tract and aid in bodily functions.)<p><U> \r\nENZYME TYPES followed by            DIGESTIVE FUNCTION</U><P>  \r\nAmylase...	       Carbohydrates, \r\nProtease I...	       Meat Protein,\r\nProtease II...	       Soy Protein,\r\nProtease III...	       Milk Protein,\r\nPeptizyme SP...	       Liquefies Mucous,\r\nLipase...		       Fats,\r\nCellulase...	       	       Fiber,\r\nLactase...		       Milk – Gas – Bloating,\r\nMaltase...		       Complex Sugars,\r\nSucrase...		       Complex Sugars,\r\nBromelain...	       Multi-Digestive Aid,\r\nAlpha Galactosidase...      Gas – Bloating, <p><U>Now the other components are.</U><P> Chlorella, the master cell regenerator has many systemic benefits that include immune enhancement, healing of gastrointestinal ulcers, protection of the liver from environmental pollutants, digestive regulation, stimulation of  healing damaged tissues, protection against radiation, cleansing and building blood cells and elimination of body odors.  \r\n   Researchers performed experiments showing increased macrophage activity.  Macrophages are immune cells that consume or digest tumor cells, pathogenic bacteria and other substances that should not be in the body.  Chlorella is also effective in breaking down cholesterol deposits, improving brain function and memory due to chlorella’s capacity to carry more oxygen to brain cells.<p>  \r\nSea Kelp\r\nSea Kelp contains a wide range of organic nutrients but its predominant content of iodine, is a mineral essential for normal thyroid function and balanced blood sugar levels.  Low thyroid can lead to a feeling of sluggishness and to a craving for sugars. Kelp is often used as part of a weight management program.<p>\r\nPotassium Glycerophosphate\r\nPotassium Glycerophosphate is a highly absorbable, energizing form of Potassium, naturally occurring in all body cells. Potassium is of crucial importance in maintenance of the cell’s electric potential and production of ATP (adenosine triphosphate).   ATP is constantly being broken down and regenerated again to keep pace with the body’s energy requirements.  Potassium functions in the maintenance of water balance, acid - alkaline balance, muscle, nerve, heart, kidney, adrenal function and stress management. <p> \r\n\r\nINULIN\r\nInulin is a functional ingredient occurring naturally in vegetables such as onion, garlic and asparagus.   Inulin contains FOS (fructo-oligosaccharides) the energy-reserve in these plants.  Inulin’s unique health benefits include promotion of  intestinal flora, acceleration of stool transit time and assisting in normalizing blood glucose levels.<p>\r\nYucca\r\nYucca in AZ 2-12 serves to increase the surface area of nutrients for the enzymes to act upon, accelerating the their multitude of biological actions and reactions.  Saponins in Yucca contain plant steroids similar to cortisone, the stress and anti-inflammatory hormone.  Yucca benefits intestinal flora populations and aids in the management of gas and constipation.<p> \r\n \r\nSilica\r\nSilica is one of the most important tissue salts within our body.  Stress management, skin health, elasticity of blood vessels, healthy bones, cartilage, joints, nails, teeth, gums, and digestion of food are some of the benefits provided by silica.,P.\r\n\r\nA SPECIAL ENVIRONMENT \r\nFOR HEALTHY CELLS\r\n\r\nHealthy cells must have an alkaline pH, for growth, repair, nutrient up-take and free radical management.  Intra-cellular enzymes operate in very narrow pH margins and can only function when the fluid is as close to neutral as possible, AZ 2-12 is formulated with this aspect in mind, assisting the body in maintaining a healthy pH balance.\r\n						          ',0.00,23,0,NULL),(25,'1 Month supply of Co Q10','0','HELPS<P>    \r\n    *support Cardiac Function\r\n\r\n    * Manage High Blood Pressure\r\n\r\n    * Strengthen The Heart Muscle\r\n\r\n    * Immune System Stimulation\r\n\r\n    * Produce Cellular Energy (ATP) \r\n\r\n	\r\n\r\n    * Prevent Oxidation of LDL Cholesterol\r\n\r\n    * Protects Mitochondria of Cells From Oxidation Damage\r\n\r\n    ',NULL,NULL,1,1,'','',29.95,'','','','',0.6000,1,1,'Human studies confirm that our Co-Q-10  delivers higher serum levels than other Co-Enzyme-Q-10 available.<P>\r\n\r\nCo-enzyme Q-10 is a fat soluble vitamin-like substance that is found in minute amounts in a variety of foods and although it is synthesized in all tissues, it is found in greater percentages in the heart muscle.<P>\r\n\r\nThe biosynthesis of Co-Q-10 from the amino acid Tyrosine, is a multi-stage process requiring B-Complex vitamins and several trace minerals. Co-enzymes are co-factors upon which large and complex enzymes absolutely depend for their function.<P>\r\n\r\nCo-Q-10 is the Co-enzyme for at least three mitochondrial enzymes, (mitochondria are the power-plants of cells) as well as enzymes in other parts of the cell. Mitochondrial enzymes are essential for the production of the high-energy phosphate, adenosine triphosphate (ATP), upon which all cellular functions depend. Co-Q-10 is critical in the Electron and Proton transfer function, fundamental to all life forms - animals, plants and bacteria.<P>',0.00,25,0,NULL),(24,'1 month Supply ULTRA MACA','0','Help for Women<P>\r\n*Relief from Hot Flashes\r\n*Emotional Balance\r\n*More Vaginal Lubrication\r\n*A Sharp and Effective Mind\r\n*More Energy\r\n*More Libido (Sex Drive)\r\n*Fewer Sugar Cravings\r\n*Youthful Skin <p>Help for Men<P>\r\n\r\n*Greater Erectile Function\r\n*More Energy\r\n*More Libido (Sex Drive)\r\n*A Sharp & Effective Mind\r\n*More Stamina\r\n',NULL,NULL,1,1,'','',29.95,'','','','',0.7000,1,1,'Maca, (Lepidium meyeni), is a root vegetable that grows in the Puna region of the Andes Mountains in Peru at an altitude of 12,000 to 15,000 feet. It has been used as a food and medicine source by the indigenous Andeans for a t least the last 5800 years. This root vegetable is the main ingredient for  ULTRA MACA.\r\n\r\nULTRA MACA contains significant amounts of Amino Acids, Complex Carbohydrates, and minerals including Calcium, Phosphorus and Zinc.  It also contains Magnesium, Iron, Vitamins B1, B2, B12, C and E and a number of Steroidal Glycosides. It is NOT grown with herbicides or pesticides.',0.00,24,0,NULL);

--
-- Table structure for table `Sale`
--

CREATE TABLE `Sale` (
  `ID` int(11) NOT NULL AUTO_INCREMENT,
  `productID` int(11) NOT NULL DEFAULT '0',
  `quantity` int(11) NOT NULL DEFAULT '0',
  `name` varchar(60) DEFAULT NULL,
  `sku` varchar(30) DEFAULT NULL,
  `price` double(8,2) NOT NULL DEFAULT '0.00',
  `label1` varchar(50) DEFAULT NULL,
  `label2` varchar(50) DEFAULT NULL,
  `invoiceID` int(11) NOT NULL DEFAULT '0',
  `notax` smallint(6) DEFAULT NULL,
  PRIMARY KEY (`ID`),
  KEY `ID` (`ID`)
) ENGINE=MyISAM AUTO_INCREMENT=5 DEFAULT CHARSET=latin1;

--
-- Dumping data for table `Sale`
--

INSERT INTO `Sale` VALUES (3,20,1,'Get Lucky Pills','0',7.99,'','',5,NULL),(4,22,1,'Joint + Bone Health','0',36.95,'','',6,NULL);

--
-- Table structure for table `Shipping`
--

CREATE TABLE `Shipping` (
  `carrier` tinytext,
  `method` tinytext,
  `weight` double(16,2) DEFAULT NULL,
  `price` double(16,2) DEFAULT NULL,
  `record_type` tinyint(4) NOT NULL DEFAULT '0',
  `id` int(11) NOT NULL AUTO_INCREMENT,
  `code` varchar(50) DEFAULT NULL,
  `class` varchar(5) DEFAULT NULL,
  PRIMARY KEY (`id`)
) ENGINE=MyISAM AUTO_INCREMENT=25 DEFAULT CHARSET=latin1;

--
-- Dumping data for table `Shipping`
--

INSERT INTO `Shipping` VALUES (NULL,'U.S Priority Mail',9.00,20.00,2,24,NULL,NULL),(NULL,'U.S Priority Mail',8.00,12.35,2,23,NULL,NULL),(NULL,'U.S Priority Mail',4.00,10.35,2,22,NULL,NULL),(NULL,'U.S Priority Mail',3.00,7.10,2,21,NULL,NULL),(NULL,'U.S Priority Mail',2.00,5.95,2,20,NULL,NULL),(NULL,'U.S Priority Mail',1.00,4.95,2,19,NULL,NULL);

--
-- Table structure for table `Shopping`
--

CREATE TABLE `Shopping` (
  `ID` int(11) NOT NULL AUTO_INCREMENT,
  `product` int(11) NOT NULL DEFAULT '0',
  `session` int(11) NOT NULL DEFAULT '0',
  `quantity` int(11) NOT NULL DEFAULT '0',
  `label1` tinytext,
  `sitename` tinytext,
  `label2` tinytext,
  PRIMARY KEY (`ID`),
  KEY `ID` (`ID`)
) ENGINE=MyISAM AUTO_INCREMENT=18 DEFAULT CHARSET=latin1;

--
-- Dumping data for table `Shopping`
--

INSERT INTO `Shopping` VALUES (17,24,1307023604,1,'','drfeelgood','');

--
-- Dumping events for database 'drfeelgood'
--

--
-- Dumping routines for database 'drfeelgood'
--


