-- Table structure for table `zen_authorizenet`
--

CREATE TABLE `zen_authorizenet` (
  `id` int(11) unsigned NOT NULL AUTO_INCREMENT,
  `customer_id` int(11) NOT NULL DEFAULT '0',
  `order_id` int(11) NOT NULL DEFAULT '0',
  `response_code` int(1) NOT NULL DEFAULT '0',
  `response_text` varchar(255) NOT NULL DEFAULT '',
  `authorization_type` varchar(50) NOT NULL DEFAULT '',
  `transaction_id` bigint(20) DEFAULT NULL,
  `sent` longtext NOT NULL,
  `received` longtext NOT NULL,
  `time` varchar(50) NOT NULL DEFAULT '',
  `session_id` varchar(255) NOT NULL DEFAULT '',
  PRIMARY KEY (`id`)
) ENGINE=MyISAM AUTO_INCREMENT=6 DEFAULT CHARSET=latin1;

--
-- Dumping data for table `zen_authorizenet`
--

INSERT INTO `zen_authorizenet` VALUES (1,6,0,3,'(TESTMODE) The merchant login ID or password is invalid or the account is inactive.','auth_capture',0,'Array\n(\n    [x_login] => *******\n    [x_tran_key] => *******\n    [x_relay_response] => FALSE\n    [x_delim_data] => TRUE\n    [x_delim_char] => |\n    [x_encap_char] => *\n    [x_version] => 3.1\n    [x_type] => AUTH_ONLY\n    [x_method] => CC\n    [x_amount] => 129.99\n    [x_currency_code] => USD\n    [x_card_num] => XXXXXXXXXXXXXXXXX0027\n    [x_exp_date] => 0312\n    [x_card_code] => ****\n    [x_email_customer] => FALSE\n    [x_email_merchant] => FALSE\n    [x_cust_id] => 6\n    [x_invoice_num] => TEST-1-Qrg3sL\n    [x_first_name] => ab\n    [x_last_name] => ba\n    [x_company] => \n    [x_address] => indore\n    [x_city] => indore\n    [x_state] => Alaska\n    [x_zip] => 456123\n    [x_country] => United States\n    [x_phone] => 121222222112\n    [x_email] => shraddha_sipl@systematixindia.com\n    [x_ship_to_first_name] => ab\n    [x_ship_to_last_name] => ba\n    [x_ship_to_address] => indore\n    [x_ship_to_city] => indore\n    [x_ship_to_state] => Alaska\n    [x_ship_to_zip] => 456123\n    [x_ship_to_country] => United States\n    [x_description] => Unreal Tournament Linked (qty: 1) \n    [x_recurring_billing] => NO\n    [x_customer_ip] => 183.182.84.27\n    [x_po_num] => Jun-23-2010 05:16:11\n    [x_freight] => 40.00\n    [x_tax_exempt] => FALSE\n    [x_tax] => 0.00\n    [x_duty] => 0\n    [x_allow_partial_Auth] => FALSE\n    [Date] => June 23, 2010, 5:16 am\n    [IP] => 183.182.84.27\n    [Session] => 5de0b5b33d1a0c0d2f885dfb80a9d94b\n    [x_test_request] => TRUE\n    [url] => https://secure.authorize.net/gateway/transact.dll\n)\n','Array\n(\n    [0] => 3\n    [1] => 2\n    [2] => 13\n    [3] => (TESTMODE) The merchant login ID or password is invalid or the account is inactive.\n    [4] => 000000\n    [5] => P\n    [6] => 0\n    [7] => \n    [8] => \n    [9] => 129.99\n    [10] => \n    [11] => auth_capture\n    [12] => \n    [13] => \n    [14] => \n    [15] => \n    [16] => \n    [17] => \n    [18] => \n    [19] => \n    [20] => \n    [21] => \n    [22] => \n    [23] => \n    [24] => \n    [25] => \n    [26] => \n    [27] => \n    [28] => \n    [29] => \n    [30] => \n    [31] => \n    [32] => \n    [33] => \n    [34] => \n    [35] => \n    [36] => \n    [37] => 4CD082197A08FF3BDD886408170B13CE\n    [38] => \n    [39] => \n    [40] => \n    [41] => \n    [42] => \n    [43] => \n    [44] => \n    [45] => \n    [46] => \n    [47] => \n    [48] => \n    [49] => \n    [50] => \n    [51] => \n    [52] => \n    [53] => \n    [54] => \n    [55] => \n    [56] => \n    [57] => \n    [58] => \n    [59] => \n    [60] => \n    [61] => \n    [62] => \n    [63] => \n    [64] => \n    [65] => \n    [66] => \n    [67] => \n    [68] => FALSE\n    [69] => June 23, 2010, 5:16 am\n    [70] => 183.182.84.27\n    [71] => 5de0b5b33d1a0c0d2f885dfb80a9d94b\n    [Expected-MD5-Hash] => B1DEC7FC21AED7C3828F638DC372DDF3\n    [HashMatchStatus] => FAIL\n)\n','June 23, 2010, 5:16 am','5de0b5b33d1a0c0d2f885dfb80a9d94b'),(2,104,0,3,'The merchant login ID or password is invalid or the account is inactive.','auth_capture',0,'Array\n(\n    [x_login] => *******\n    [x_tran_key] => *******\n    [x_relay_response] => FALSE\n    [x_delim_data] => TRUE\n    [x_delim_char] => |\n    [x_encap_char] => *\n    [x_version] => 3.1\n    [x_type] => AUTH_ONLY\n    [x_method] => CC\n    [x_amount] => 13.09\n    [x_currency_code] => USD\n    [x_card_num] => XXXXXXXXXXXXXXXXXXX1061\n    [x_exp_date] => 0111\n    [x_card_code] => ****\n    [x_email_customer] => FALSE\n    [x_email_merchant] => TRUE\n    [x_cust_id] => 104\n    [x_invoice_num] => 9-W5frGd\n    [x_first_name] => Brandon\n    [x_last_name] => Pines\n    [x_company] => Envoy Data\n    [x_address] => 1310 W. Boxwood Ave\n    [x_city] => Gilbert\n    [x_state] => Arizona\n    [x_zip] => 85233\n    [x_country] => United States\n    [x_phone] => 480-829-6565\n    [x_email] => bpines@envoydata.com\n    [x_ship_to_first_name] => Brandon\n    [x_ship_to_last_name] => Pines\n    [x_ship_to_address] => 1310 W. Boxwood Ave\n    [x_ship_to_city] => Gilbert\n    [x_ship_to_state] => Arizona\n    [x_ship_to_zip] => 85233\n    [x_ship_to_country] => United States\n    [x_description] => Test $1.00 (qty: 1) \n    [x_recurring_billing] => NO\n    [x_customer_ip] => 216.112.102.41\n    [x_po_num] => Aug-20-2010 12:17:50\n    [x_freight] => 12.00\n    [x_tax_exempt] => FALSE\n    [x_tax] => 0.09\n    [x_duty] => 0\n    [x_allow_partial_Auth] => FALSE\n    [Date] => August 20, 2010, 12:17 pm\n    [IP] => 216.112.102.41\n    [Session] => be66cc9eafb40b8c2b988781637aed34\n    [url] => https://secure.authorize.net/gateway/transact.dll\n)\n','Array\n(\n    [0] => 3\n    [1] => 2\n    [2] => 13\n    [3] => The merchant login ID or password is invalid or the account is inactive.\n    [4] => \n    [5] => P\n    [6] => 0\n    [7] => \n    [8] => \n    [9] => 13.09\n    [10] => \n    [11] => auth_capture\n    [12] => \n    [13] => \n    [14] => \n    [15] => \n    [16] => \n    [17] => \n    [18] => \n    [19] => \n    [20] => \n    [21] => \n    [22] => \n    [23] => \n    [24] => \n    [25] => \n    [26] => \n    [27] => \n    [28] => \n    [29] => \n    [30] => \n    [31] => \n    [32] => \n    [33] => \n    [34] => \n    [35] => \n    [36] => \n    [37] => B344B53115E2FE1A89F98D480B408FED\n    [38] => \n    [39] => \n    [40] => \n    [41] => \n    [42] => \n    [43] => \n    [44] => \n    [45] => \n    [46] => \n    [47] => \n    [48] => \n    [49] => \n    [50] => \n    [51] => Bank Account\n    [52] => \n    [53] => \n    [54] => \n    [55] => \n    [56] => \n    [57] => \n    [58] => \n    [59] => \n    [60] => \n    [61] => \n    [62] => \n    [63] => \n    [64] => \n    [65] => \n    [66] => \n    [67] => \n    [68] => August 20, 2010, 12:17 pm\n    [69] => 216.112.102.41\n    [70] => be66cc9eafb40b8c2b988781637aed34\n    [Expected-MD5-Hash] => 8FB3BE2B347828450B5FAC576F9448CE\n    [HashMatchStatus] => FAIL\n)\n','August 20, 2010, 12:17 pm','be66cc9eafb40b8c2b988781637aed34'),(3,104,0,3,'The merchant login ID or password is invalid or the account is inactive.','auth_capture',0,'Array\n(\n    [x_login] => *******\n    [x_tran_key] => *******\n    [x_relay_response] => FALSE\n    [x_delim_data] => TRUE\n    [x_delim_char] => |\n    [x_encap_char] => *\n    [x_version] => 3.1\n    [x_type] => AUTH_ONLY\n    [x_method] => CC\n    [x_amount] => 13.09\n    [x_currency_code] => USD\n    [x_card_num] => XXXXXXXXXXXXXXXXXXX1061\n    [x_exp_date] => 0111\n    [x_card_code] => ****\n    [x_email_customer] => FALSE\n    [x_email_merchant] => TRUE\n    [x_cust_id] => 104\n    [x_invoice_num] => 9-5Xxm8F\n    [x_first_name] => Brandon\n    [x_last_name] => Pines\n    [x_company] => Envoy Data\n    [x_address] => 1310 W. Boxwood Ave\n    [x_city] => Gilbert\n    [x_state] => Arizona\n    [x_zip] => 85233\n    [x_country] => United States\n    [x_phone] => 480-829-6565\n    [x_email] => bpines@envoydata.com\n    [x_ship_to_first_name] => Brandon\n    [x_ship_to_last_name] => Pines\n    [x_ship_to_address] => 1310 W. Boxwood Ave\n    [x_ship_to_city] => Gilbert\n    [x_ship_to_state] => Arizona\n    [x_ship_to_zip] => 85233\n    [x_ship_to_country] => United States\n    [x_description] => Test $1.00 (qty: 1) \n    [x_recurring_billing] => NO\n    [x_customer_ip] => 216.112.102.41\n    [x_po_num] => Aug-20-2010 12:19:36\n    [x_freight] => 12.00\n    [x_tax_exempt] => FALSE\n    [x_tax] => 0.09\n    [x_duty] => 0\n    [x_allow_partial_Auth] => FALSE\n    [Date] => August 20, 2010, 12:19 pm\n    [IP] => 216.112.102.41\n    [Session] => be66cc9eafb40b8c2b988781637aed34\n    [url] => https://secure.authorize.net/gateway/transact.dll\n)\n','Array\n(\n    [0] => 3\n    [1] => 2\n    [2] => 13\n    [3] => The merchant login ID or password is invalid or the account is inactive.\n    [4] => \n    [5] => P\n    [6] => 0\n    [7] => \n    [8] => \n    [9] => 13.09\n    [10] => \n    [11] => auth_capture\n    [12] => \n    [13] => \n    [14] => \n    [15] => \n    [16] => \n    [17] => \n    [18] => \n    [19] => \n    [20] => \n    [21] => \n    [22] => \n    [23] => \n    [24] => \n    [25] => \n    [26] => \n    [27] => \n    [28] => \n    [29] => \n    [30] => \n    [31] => \n    [32] => \n    [33] => \n    [34] => \n    [35] => \n    [36] => \n    [37] => B344B53115E2FE1A89F98D480B408FED\n    [38] => \n    [39] => \n    [40] => \n    [41] => \n    [42] => \n    [43] => \n    [44] => \n    [45] => \n    [46] => \n    [47] => \n    [48] => \n    [49] => \n    [50] => \n    [51] => Bank Account\n    [52] => \n    [53] => \n    [54] => \n    [55] => \n    [56] => \n    [57] => \n    [58] => \n    [59] => \n    [60] => \n    [61] => \n    [62] => \n    [63] => \n    [64] => \n    [65] => \n    [66] => \n    [67] => \n    [68] => August 20, 2010, 12:19 pm\n    [69] => 216.112.102.41\n    [70] => be66cc9eafb40b8c2b988781637aed34\n    [Expected-MD5-Hash] => 8FB3BE2B347828450B5FAC576F9448CE\n    [HashMatchStatus] => FAIL\n)\n','August 20, 2010, 12:19 pm','be66cc9eafb40b8c2b988781637aed34'),(4,104,0,3,'The merchant login ID or password is invalid or the account is inactive.','auth_capture',0,'Array\n(\n    [x_login] => *******\n    [x_tran_key] => *******\n    [x_relay_response] => FALSE\n    [x_delim_data] => TRUE\n    [x_delim_char] => |\n    [x_encap_char] => *\n    [x_version] => 3.1\n    [x_type] => AUTH_ONLY\n    [x_method] => CC\n    [x_amount] => 13.09\n    [x_currency_code] => USD\n    [x_card_num] => XXXXXXXXXXXXXXXXXXX1061\n    [x_exp_date] => 0111\n    [x_card_code] => ****\n    [x_email_customer] => FALSE\n    [x_email_merchant] => TRUE\n    [x_cust_id] => 104\n    [x_invoice_num] => 9-hlFdvf\n    [x_first_name] => Brandon\n    [x_last_name] => Pines\n    [x_company] => Envoy Data\n    [x_address] => 1310 W. Boxwood Ave\n    [x_city] => Gilbert\n    [x_state] => Arizona\n    [x_zip] => 85233\n    [x_country] => United States\n    [x_phone] => 480-829-6565\n    [x_email] => bpines@envoydata.com\n    [x_ship_to_first_name] => Brandon\n    [x_ship_to_last_name] => Pines\n    [x_ship_to_address] => 1310 W. Boxwood Ave\n    [x_ship_to_city] => Gilbert\n    [x_ship_to_state] => Arizona\n    [x_ship_to_zip] => 85233\n    [x_ship_to_country] => United States\n    [x_description] => Test $1.00 (qty: 1) \n    [x_recurring_billing] => NO\n    [x_customer_ip] => 216.112.102.41\n    [x_po_num] => Aug-20-2010 12:25:39\n    [x_freight] => 12.00\n    [x_tax_exempt] => FALSE\n    [x_tax] => 0.09\n    [x_duty] => 0\n    [x_allow_partial_Auth] => FALSE\n    [Date] => August 20, 2010, 12:25 pm\n    [IP] => 216.112.102.41\n    [Session] => be66cc9eafb40b8c2b988781637aed34\n    [url] => https://secure.authorize.net/gateway/transact.dll\n)\n','Array\n(\n    [0] => 3\n    [1] => 2\n    [2] => 13\n    [3] => The merchant login ID or password is invalid or the account is inactive.\n    [4] => \n    [5] => P\n    [6] => 0\n    [7] => \n    [8] => \n    [9] => 13.09\n    [10] => \n    [11] => auth_capture\n    [12] => \n    [13] => \n    [14] => \n    [15] => \n    [16] => \n    [17] => \n    [18] => \n    [19] => \n    [20] => \n    [21] => \n    [22] => \n    [23] => \n    [24] => \n    [25] => \n    [26] => \n    [27] => \n    [28] => \n    [29] => \n    [30] => \n    [31] => \n    [32] => \n    [33] => \n    [34] => \n    [35] => \n    [36] => \n    [37] => B344B53115E2FE1A89F98D480B408FED\n    [38] => \n    [39] => \n    [40] => \n    [41] => \n    [42] => \n    [43] => \n    [44] => \n    [45] => \n    [46] => \n    [47] => \n    [48] => \n    [49] => \n    [50] => \n    [51] => Bank Account\n    [52] => \n    [53] => \n    [54] => \n    [55] => \n    [56] => \n    [57] => \n    [58] => \n    [59] => \n    [60] => \n    [61] => \n    [62] => \n    [63] => \n    [64] => \n    [65] => \n    [66] => \n    [67] => \n    [68] => August 20, 2010, 12:25 pm\n    [69] => 216.112.102.41\n    [70] => be66cc9eafb40b8c2b988781637aed34\n    [Expected-MD5-Hash] => 9270E3C948B3E7B2C60B4A131124AB01\n    [HashMatchStatus] => FAIL\n)\n','August 20, 2010, 12:25 pm','be66cc9eafb40b8c2b988781637aed34'),(5,104,0,3,'The merchant login ID or password is invalid or the account is inactive.','auth_capture',0,'Array\n(\n    [x_login] => *******\n    [x_tran_key] => *******\n    [x_relay_response] => FALSE\n    [x_delim_data] => TRUE\n    [x_delim_char] => |\n    [x_encap_char] => *\n    [x_version] => 3.1\n    [x_type] => AUTH_ONLY\n    [x_method] => CC\n    [x_amount] => 13.09\n    [x_currency_code] => USD\n    [x_card_num] => XXXXXXXXXXXXXXXXXXX1061\n    [x_exp_date] => 0111\n    [x_card_code] => ****\n    [x_email_customer] => FALSE\n    [x_email_merchant] => TRUE\n    [x_cust_id] => 104\n    [x_invoice_num] => 9-WrGAo2\n    [x_first_name] => Brandon\n    [x_last_name] => Pines\n    [x_company] => Envoy Data\n    [x_address] => 1310 W. Boxwood Ave\n    [x_city] => Gilbert\n    [x_state] => Arizona\n    [x_zip] => 85233\n    [x_country] => United States\n    [x_phone] => 480-829-6565\n    [x_email] => bpines@envoydata.com\n    [x_ship_to_first_name] => Brandon\n    [x_ship_to_last_name] => Pines\n    [x_ship_to_address] => 1310 W. Boxwood Ave\n    [x_ship_to_city] => Gilbert\n    [x_ship_to_state] => Arizona\n    [x_ship_to_zip] => 85233\n    [x_ship_to_country] => United States\n    [x_description] => Test $1.00 (qty: 1) \n    [x_recurring_billing] => NO\n    [x_customer_ip] => 216.112.102.41\n    [x_po_num] => Aug-20-2010 12:26:01\n    [x_freight] => 12.00\n    [x_tax_exempt] => FALSE\n    [x_tax] => 0.09\n    [x_duty] => 0\n    [x_allow_partial_Auth] => FALSE\n    [Date] => August 20, 2010, 12:26 pm\n    [IP] => 216.112.102.41\n    [Session] => be66cc9eafb40b8c2b988781637aed34\n    [url] => https://secure.authorize.net/gateway/transact.dll\n)\n','Array\n(\n    [0] => 3\n    [1] => 2\n    [2] => 13\n    [3] => The merchant login ID or password is invalid or the account is inactive.\n    [4] => \n    [5] => P\n    [6] => 0\n    [7] => \n    [8] => \n    [9] => 13.09\n    [10] => \n    [11] => auth_capture\n    [12] => \n    [13] => \n    [14] => \n    [15] => \n    [16] => \n    [17] => \n    [18] => \n    [19] => \n    [20] => \n    [21] => \n    [22] => \n    [23] => \n    [24] => \n    [25] => \n    [26] => \n    [27] => \n    [28] => \n    [29] => \n    [30] => \n    [31] => \n    [32] => \n    [33] => \n    [34] => \n    [35] => \n    [36] => \n    [37] => B344B53115E2FE1A89F98D480B408FED\n    [38] => \n    [39] => \n    [40] => \n    [41] => \n    [42] => \n    [43] => \n    [44] => \n    [45] => \n    [46] => \n    [47] => \n    [48] => \n    [49] => \n    [50] => \n    [51] => Bank Account\n    [52] => \n    [53] => \n    [54] => \n    [55] => \n    [56] => \n    [57] => \n    [58] => \n    [59] => \n    [60] => \n    [61] => \n    [62] => \n    [63] => \n    [64] => \n    [65] => \n    [66] => \n    [67] => \n    [68] => August 20, 2010, 12:26 pm\n    [69] => 216.112.102.41\n    [70] => be66cc9eafb40b8c2b988781637aed34\n    [Expected-MD5-Hash] => 9270E3C948B3E7B2C60B4A131124AB01\n    [HashMatchStatus] => FAIL\n)\n','August 20, 2010, 12:26 pm','be66cc9eafb40b8c2b988781637aed34');

--
-- Table structure for table `zen_banners`
--

CREATE TABLE `zen_banners` (
  `banners_id` int(11) NOT NULL AUTO_INCREMENT,
  `banners_title` varchar(64) NOT NULL DEFAULT '',
  `banners_url` varchar(255) NOT NULL DEFAULT '',
  `banners_image` varchar(64) NOT NULL DEFAULT '',
  `banners_group` varchar(15) NOT NULL DEFAULT '',
  `banners_html_text` text,
  `expires_impressions` int(7) DEFAULT '0',
  `expires_date` datetime DEFAULT NULL,
  `date_scheduled` datetime DEFAULT NULL,
  `date_added` datetime NOT NULL DEFAULT '0001-01-01 00:00:00',
  `date_status_change` datetime DEFAULT NULL,
  `status` int(1) NOT NULL DEFAULT '1',
  `banners_open_new_windows` int(1) NOT NULL DEFAULT '1',
  `banners_on_ssl` int(1) NOT NULL DEFAULT '1',
  `banners_sort_order` int(11) NOT NULL DEFAULT '0',
  PRIMARY KEY (`banners_id`),
  KEY `idx_status_group_zen` (`status`,`banners_group`),
  KEY `idx_expires_date_zen` (`expires_date`),
  KEY `idx_date_scheduled_zen` (`date_scheduled`)
) ENGINE=MyISAM DEFAULT CHARSET=latin1;

--
-- Dumping data for table `zen_banners`
--


--
-- Table structure for table `zen_banners_history`
--

CREATE TABLE `zen_banners_history` (
  `banners_history_id` int(11) NOT NULL AUTO_INCREMENT,
  `banners_id` int(11) NOT NULL DEFAULT '0',
  `banners_shown` int(5) NOT NULL DEFAULT '0',
  `banners_clicked` int(5) NOT NULL DEFAULT '0',
  `banners_history_date` datetime NOT NULL DEFAULT '0001-01-01 00:00:00',
  PRIMARY KEY (`banners_history_id`),
  KEY `idx_banners_id_zen` (`banners_id`)
) ENGINE=MyISAM DEFAULT CHARSET=latin1;

--
-- Dumping data for table `zen_banners_history`
--


--
-- Table structure for table `zen_categories`
--

CREATE TABLE `zen_categories` (
  `categories_id` int(11) NOT NULL AUTO_INCREMENT,
  `categories_image` varchar(64) DEFAULT NULL,
  `parent_id` int(11) NOT NULL DEFAULT '0',
  `sort_order` int(3) DEFAULT NULL,
  `date_added` datetime DEFAULT NULL,
  `last_modified` datetime DEFAULT NULL,
  `categories_status` tinyint(1) NOT NULL DEFAULT '1',
  PRIMARY KEY (`categories_id`),
  KEY `idx_parent_id_cat_id_zen` (`parent_id`,`categories_id`),
  KEY `idx_status_zen` (`categories_status`),
  KEY `idx_sort_order_zen` (`sort_order`)
) ENGINE=MyISAM AUTO_INCREMENT=112 DEFAULT CHARSET=latin1;

--
-- Dumping data for table `zen_categories`
--

INSERT INTO `zen_categories` VALUES (89,'',66,4,'2010-08-19 13:42:35','2010-08-31 08:16:17',1),(65,'EnvoyData.jpg',0,2,'2010-07-01 06:25:15','2010-07-08 23:00:42',1),(66,'EnvoyData.jpg',0,1,'2010-07-01 06:25:53','2010-08-24 18:11:09',1),(67,'',65,1,'2010-07-01 06:31:51','2010-08-31 08:17:29',1),(68,'',65,3,'2010-07-01 06:32:47','2010-08-31 08:17:38',1),(71,'',66,7,'2010-07-01 06:38:21','2010-08-31 08:16:36',1),(72,'',66,8,'2010-07-01 06:38:39','2010-08-31 08:16:42',1),(108,'',66,15,'2010-08-27 09:58:49','2010-08-31 08:17:20',1),(74,'',66,9,'2010-07-01 06:39:11','2010-08-31 08:16:47',1),(75,'',66,10,'2010-07-01 06:39:33','2010-08-31 08:16:53',1),(78,'',66,3,'2010-07-01 06:40:17','2010-08-31 08:16:12',1),(79,'',66,12,'2010-07-01 06:40:35','2010-08-30 16:51:00',1),(80,'',66,2,'2010-07-01 06:40:48','2010-08-31 08:16:07',1),(81,'',66,1,'2010-07-01 06:41:03','2010-08-31 08:15:55',1),(85,'',66,11,'2010-07-07 02:43:02','2010-08-31 08:16:59',1),(84,'',65,2,'2010-07-07 02:09:39','2010-08-31 08:17:34',1),(88,'',66,13,'2010-08-19 13:41:16','2010-08-31 08:17:10',1),(90,'',66,5,'2010-08-19 13:42:44','2010-08-31 08:16:23',1),(91,'',66,14,'2010-08-19 13:42:56','2010-08-31 08:17:16',1),(107,'',66,6,'2010-08-26 11:07:02','2010-08-31 08:16:30',1),(94,'',65,5,'2010-08-19 13:46:11','2010-08-31 08:17:42',1),(109,NULL,66,1,'2010-09-02 15:49:25','2010-09-03 09:03:44',1),(110,NULL,65,1,'2010-09-02 16:24:14','2010-09-03 09:02:53',1);

--
-- Table structure for table `zen_categories_description`
--

CREATE TABLE `zen_categories_description` (
  `categories_id` int(11) NOT NULL DEFAULT '0',
  `language_id` int(11) NOT NULL DEFAULT '1',
  `categories_name` varchar(32) NOT NULL DEFAULT '',
  `categories_description` text NOT NULL,
  PRIMARY KEY (`categories_id`,`language_id`),
  KEY `idx_categories_name_zen` (`categories_name`)
) ENGINE=MyISAM DEFAULT CHARSET=latin1;

--
-- Dumping data for table `zen_categories_description`
--

INSERT INTO `zen_categories_description` VALUES (65,1,'Storage','<span style=\"font-size: 9pt;\">Industrial\r\n Storage</span>'),(66,1,'Security','<span style=\"font-size: 9pt;\">IT\r\n Security<br /></span>'),(67,1,'PC Cards','<div style=\"text-align: center;\"><a name=\"pccards\"><img border=\"0\" src=\"http://envoy.primaryhub.com/store/images/large/PC-Storage-Header-PC-Cards.png\" alt=\"PC Cards\" title=\" PC Cards \" /></a></div>'),(68,1,'PC Readers','<div style=\"text-align: center;\"><a href=\"file:///C:/Users/Administrator/Desktop/FROM%20Brandon/Industrial%20Storage_PC%20Readers.html#top\" style=\"padding-right: 5px; padding-left: 5px; text-decoration: line-through;\"><img border=\"0\" src=\"http://envoy.primaryhub.com/store/images/large/PC-Storage-Header-PC-Readers.png\" alt=\"PC Readers\" title=\" PC Readers \" /></a></div>'),(90,1,'Locks','<div style=\"text-align: center;\"><img border=\"0\" title=\" Locks \" alt=\"Locks\" src=\"http://envoy.primaryhub.com/store/images/IT-Security-Header-Locks.png\" /></div>'),(91,1,'Middleware','<div style=\"text-align: center;\"><img border=\"0\" src=\"http://envoy.primaryhub.com/store/images/large/IT-Security-Header-Middleware.png\" alt=\"Middleware\" title=\" Middleware \" /></div>'),(107,1,'Tokens','<div style=\"text-align: center;\">\r\n \r\n<img border=\"0\" title=\" Tokens \" alt=\"Tokens\" src=\"http://envoy.primaryhub.com/store/images/large/IT-Security-Header-Tokens.png\" /></div>'),(94,1,'PC Accessories','<div style=\"text-align: center;\"><img border=\"0\" src=\"http://envoy.primaryhub.com/store/images/large/PC-Storage-Header-PC-Accessories.png\" alt=\"PC Accessories\" title=\" PC Accessories \" /></div>'),(71,1,'Access Control','<div style=\"text-align: center;\"><img border=\"0\" title=\" Access Control \" alt=\"Access Control\" src=\"http://envoy.primaryhub.com/store/images/IT-Security-Header-Access-Control.png\" /></div>'),(72,1,'Biometrics','<div style=\"text-align: center;\"><img border=\"0\" title=\" Biometrics \" alt=\"Biometrics\" src=\"http://envoy.primaryhub.com/store/images/IT-Security-Header-Biometrics.png\" /></div>'),(108,1,'CMS','<div style=\"text-align: center;\">\r\n \r\n<img border=\"0\" title=\" CMS \" alt=\"CMS\" src=\"http://envoy.primaryhub.com/store/images/large/IT-Security-Header-CMS.png\" /></div>'),(109,1,'IT Security - Overview','<div class=\"tickerhead\" style=\"padding: 10px;\"><h1 class=\"indentli\">IT Security: View our Line of IT Products</h1>\r\n</div>\r\n<span style=\"font-style: italic; font-family: verdana,arial,helvetica,sans-serif;\">Click on one of the links below, or one of the images to the right, to see our storage products by categories. If you are looking for a more specific product please use our </span><a title=\"Advanced Search\" href=\"http://envoy.primaryhub.com/store/index.php?main_page=advanced_search&search_in_description=1&keyword=%25&categories_id=65&inc_subcat=1&refine_button2=Submit\" style=\"font-style: italic; font-family: verdana,arial,helvetica,sans-serif; font-weight: bold;\">search tool</a><span style=\"font-style: italic; font-family: verdana,arial,helvetica,sans-serif;\"> or </span><a title=\"Configurator\" href=\"http://envoy.primaryhub.com/store/index.php?main_page=configurator\" style=\"font-style: italic; font-family: verdana,arial,helvetica,sans-serif;\"><span style=\"font-weight: bold;\">configurator</span> </a><span style=\"font-style: italic; font-family: verdana,arial,helvetica,sans-serif;\">to narrow your search requirements.</span>\r\n<br />\r\n<br />\r\n\r\n<!--ALL Subcategories list PRODUCTS List -->\r\n<!--BODY: RIGHT FLOATED DIV: CONTENT-->\r\n<!--Each E-Commerce Page will have a Product Shot Image at the header of the page.-->\r\n\r\n<!--End  Industrial Storage Div-->\r\n<!-- Start IT Security  Div-->\r\n<!-- Needed to get text in div --><strong><table width=\"85%\" border=\"0\" style=\"width: 100%;\"><tbody>\r\n    <tr><td width=\"39%\" height=\"96\">Over the past few years, Envoy Data has become an   industry-leading distributor of IT security solutions, providing the   best products in: <strong><span style=\"font-weight: normal;\"><br /> </span><br />\r\n    </strong></td>\r\n      <td width=\"61%\" valign=\"middle\" rowspan=\"18\"><img src=\"http://envoy.primaryhub.com/store/images/IT-Security-Header-Product-Shot.png\" alt=\"IT Security\" width=\"479\" height=\"299\" border=\"0\" usemap=\"#Map\" longdesc=\"http://envoy.primaryhub.com/store/images/IT-Security-Header-Product-Shot.png\"></td>\r\n    </tr>\r\n    <tr><td>&nbsp;</td>\r\n    </tr>\r\n    <tr><td><strong><a href=\"http://envoy.primaryhub.com/store/index.php?main_page=index&cPath=66_81\">Smart Cards</a></strong></td>\r\n    </tr>\r\n    <tr><td><strong><a href=\"http://envoy.primaryhub.com/store/index.php?main_page=index&cPath=66_80\">Smart Card Readers</a></strong></td>\r\n    </tr>\r\n    <tr>\r\n      <td height=\"33\"><strong><a href=\"http://envoy.primaryhub.com/store/index.php?main_page=index&cPath=66_78\">Proximity Readers</a></strong></td>\r\n    </tr>\r\n    <tr>\r\n      <td height=\"33\"><strong><a href=\"http://envoy.primaryhub.com/store/index.php?main_page=index&cPath=66_89\">Keyboards</a></strong></td>\r\n    </tr>\r\n    <tr>\r\n      <td height=\"33\"><strong><a href=\"http://envoy.primaryhub.com/store/index.php?main_page=index&cPath=66_90\">Locks</a></strong></td>\r\n    </tr>\r\n    <tr>\r\n      <td height=\"33\"><strong><a href=\"http://envoy.primaryhub.com/store/index.php?main_page=index&cPath=66_107\">Tokens</a></strong></td>\r\n    </tr>\r\n    <tr>\r\n      <td height=\"33\"><strong><a href=\"http://envoy.primaryhub.com/store/index.php?main_page=index&cPath=66_71\">Access Control</a></strong></td>\r\n    </tr>\r\n    <tr>\r\n      <td height=\"33\"><strong><a href=\"http://envoy.primaryhub.com/store/index.php?main_page=index&cPath=66_72\">Biometrics</a></strong></td>\r\n    </tr>\r\n    <tr>\r\n      <td height=\"33\"><strong><a href=\"http://envoy.primaryhub.com/store/index.php?main_page=index&cPath=66_74\">Encryption</a></strong></td>\r\n    </tr>\r\n    <tr>\r\n      <td height=\"33\"><strong><a href=\"http://envoy.primaryhub.com/store/index.php?main_page=index&cPath=66_75\">Hardware Security Module</a></strong></td>\r\n    </tr>\r\n    <tr>\r\n      <td height=\"33\"><strong><a href=\"http://envoy.primaryhub.com/store/index.php?main_page=index&cPath=66_85\">Network Security</a></strong></td>\r\n    </tr>\r\n    <tr>\r\n      <td height=\"33\"><strong><a href=\"http://envoy.primaryhub.com/store/index.php?main_page=index&cPath=66_79\">Secure USB Storage</a></strong></td>\r\n    </tr>\r\n    <tr>\r\n      <td height=\"33\"><strong><a href=\"http://envoy.primaryhub.com/store/index.php?main_page=index&cPath=66_88\">CAC</a></strong></td>\r\n    </tr>\r\n    <tr>\r\n      <td height=\"33\"><strong><a href=\"http://envoy.primaryhub.com/store/index.php?main_page=index&cPath=66_91\">Middleware</a></strong></td>\r\n    </tr>\r\n    <tr><td height=\"33\"><strong><a href=\"http://envoy.primaryhub.com/store/index.php?main_page=index&cPath=66_108\">CMS</a><a href=\"http://envoy.primaryhub.com/store/index.php?main_page=index&cPath=65_94\"></a></strong></td>\r\n    </tr>\r\n    <tr><td>&nbsp;</td>\r\n    </tr>\r\n</tbody>\r\n                                                              <tbody></tbody></table>\r\n<a style=\"padding-right: 5px; padding-left: 5px;\" href=\"http://envoy.primaryhub.com/store/index.php?main_page=index&cPath=66_91\"><br />\r\n<br />\r\n</a></strong>\r\n<map name=\"Map\">\r\n  <area shape=\"rect\" coords=\"8,224,89,293\" href=\"http://envoy.primaryhub.com/store/index.php?main_page=index&cPath=66_81\" target=\"_self\" alt=\"Smart Card\">\r\n  <area shape=\"rect\" coords=\"223,139,304,190\" href=\"http://envoy.primaryhub.com/store/index.php?main_page=index&cPath=66_80\" target=\"_self\" alt=\"Smart Card Readers\">\r\n  <area shape=\"rect\" coords=\"178,76,252,127\" href=\"http://envoy.primaryhub.com/store/index.php?main_page=index&cPath=66_88\" target=\"_self\" alt=\"Common Access Cards\">\r\n  <area shape=\"rect\" coords=\"205,217,481,287\" href=\"http://envoy.primaryhub.com/store/index.php?main_page=advanced_search_result&search_in_description=1&keyword=&manufact_id=&categories_id=66&inc_subcat=1&refine_button2=Submit\" target=\"_self\" alt=\"IT Security Products\">\r\n<area shape=\"rect\" coords=\"88,6,173,65\" href=\"http://envoy.primaryhub.com/store/index.php?main_page=index&cPath=66_78\" target=\"_self\" alt=\"Proximity Readers\">\r\n  <area shape=\"rect\" coords=\"308,69,403,138\" href=\"http://envoy.primaryhub.com/store/index.php?main_page=index&cPath=66_89\" target=\"_self\" alt=\"Keyboards\">\r\n  <area shape=\"rect\" coords=\"266,17,331,58\" href=\"http://envoy.primaryhub.com/store/index.php?main_page=index&cPath=66_107\" target=\"_self\" alt=\"Tokens\">\r\n  <area shape=\"rect\" coords=\"28,144,165,196\" href=\"http://envoy.primaryhub.com/store/index.php?main_page=index&cPath=66_71\" target=\"_self\" alt=\"Access Control\">\r\n  <area shape=\"rect\" coords=\"7,7,83,66\" href=\"http://envoy.primaryhub.com/store/index.php?main_page=index&cPath=66_72\" target=\"_self\" alt=\"Biometrics\">\r\n  <area shape=\"rect\" coords=\"404,132,478,214\" href=\"http://envoy.primaryhub.com/store/index.php?main_page=index&cPath=66_74\" target=\"_self\" alt=\"Encryption\">\r\n  <area shape=\"rect\" coords=\"337,17,476,65\" href=\"http://envoy.primaryhub.com/store/index.php?main_page=index&cPath=66_75\" target=\"_self\" alt=\"Hardware Security Module\">\r\n  <area shape=\"rect\" coords=\"34,77,149,121\" href=\"http://envoy.primaryhub.com/store/index.php?main_page=index&cPath=66_75\" target=\"_top\" alt=\"Network Security\">\r\n  <area shape=\"rect\" coords=\"179,10,258,58\" href=\"http://envoy.primaryhub.com/store/index.php?main_page=index&cPath=66_79\" target=\"_self\" alt=\"\">\r\n  <area shape=\"rect\" coords=\"95,213,179,295\" href=\"http://envoy.primaryhub.com/store/index.php?main_page=index&cPath=66_91\" target=\"_self\" alt=\"Middleware\">\r\n  <area shape=\"rect\" coords=\"315,140,388,200\" href=\"http://envoy.primaryhub.com/store/index.php?main_page=index&cPath=66_90\" target=\"_self\" alt=\"Locks\">\r\n</map>'),(110,1,'PC Storage - Overview','<div style=\"padding: 10px;\" class=\"tickerhead\"><h1 class=\"indentli\">Industrial PC Storage: View our Line of Storage Products</h1>\r\n</div>\r\n<span style=\"font-style: italic; font-family: verdana,arial,helvetica,sans-serif;\">Click on one of the links below, or one of the images to the right, to see our storage products by categories. If you are looking for a more specific product please use our </span><a style=\"font-style: italic; font-family: verdana,arial,helvetica,sans-serif; font-weight: bold;\" href=\"http://envoy.primaryhub.com/store/index.php?main_page=advanced_search&search_in_description=1&keyword=%25&categories_id=65&inc_subcat=1&refine_button2=Submit\" title=\"Advanced Search\">search tool</a><span style=\"font-style: italic; font-family: verdana,arial,helvetica,sans-serif;\"> or </span><a style=\"font-style: italic; font-family: verdana,arial,helvetica,sans-serif;\" href=\"http://envoy.primaryhub.com/store/index.php?main_page=configurator\" title=\"Configurator\"><span style=\"font-weight: bold;\">configurator</span> </a><span style=\"font-style: italic; font-family: verdana,arial,helvetica,sans-serif;\">to narrow your search requirements.</span>\r\n<br />\r\n<br />\r\n\r\n<!--ALL Subcategories list PRODUCTS List -->\r\n<!--BODY: RIGHT FLOATED DIV: CONTENT-->\r\n<!--Each E-Commerce Page will have a Product Shot Image at the header of the page.-->\r\n\r\n<!--End  Industrial Storage Div-->\r\n<!-- Start IT Security  Div-->\r\n<!-- Needed to get text in div --><strong><table width=\"85%\" border=\"0\" style=\"width: 100%;\"><tbody>\r\n    <tr><td width=\"47%\" height=\"96\"><strong><span style=\"font-weight: normal;\">Envoy Data’s PC Card is for applications requiring high   reliability and high tolerance to shock, vibration, humidity, altitude,   ESD, and temperature.<br /> </span><br />\r\n    </strong></td>\r\n      <td width=\"53%\" valign=\"middle\" rowspan=\"6\"><img width=\"418\" height=\"260\" border=\"0\" src=\"http://envoy.primaryhub.com/store/images/PC-Storage-ALL-Header-Product-Shot.png\" usemap=\"#Map\" /></td>\r\n    </tr>\r\n    <tr><td><strong><a href=\"http://envoy.primaryhub.com/store/index.php?main_page=index&cPath=65_67\">PC Cards</a><a href=\"http://envoy.primaryhub.com/store/index.php?main_page=index&cPath=66_109\" style=\"padding-right: 5px; padding-left: 5px;\"></a></strong></td>\r\n    </tr>\r\n    <tr><td><strong><a href=\"http://envoy.primaryhub.com/store/index.php?main_page=index&cPath=65_84\">Solid State Drives</a><a href=\"http://envoy.primaryhub.com/store/index.php?main_page=index&cPath=66_81\" style=\"padding-right: 5px; padding-left: 5px;\"></a></strong></td>\r\n    </tr>\r\n    <tr><td><strong><a href=\"http://envoy.primaryhub.com/store/index.php?main_page=index&cPath=65_68\">PC Readers</a><a href=\"http://envoy.primaryhub.com/store/index.php?main_page=index&cPath=66_80\" style=\"padding-right: 5px; padding-left: 5px;\"></a></strong></td>\r\n    </tr>\r\n    <tr><td height=\"33\"><strong><a href=\"http://envoy.primaryhub.com/store/index.php?main_page=index&cPath=65_94\">PC Accessories<br /><br /></a></strong></td>\r\n    </tr>\r\n    <tr><td><strong><span style=\"font-weight: normal;\">Envoy Data manufactures industrial and commercial Compact Flash,   Secure Digital, ATA, SRAM, Linear Flash, and Solid State Drives.  With   our wide range of PC cards and a dedicated PC Card specialist customers   will get a unique card specialized for their needs.Browse our extensive   catalogue of Storage products below. </span><br />\r\n    </strong></td>\r\n    </tr>\r\n</tbody>\r\n                                                              <tbody></tbody></table>\r\n<a href=\"http://envoy.primaryhub.com/store/index.php?main_page=index&cPath=66_91\" style=\"padding-right: 5px; padding-left: 5px;\"><br />\r\n<br />\r\n</a></strong>\r\n<map name=\"Map\">\r\n  <area shape=\"rect\" coords=\"4,38,83,101\" href=\"http://envoy.primaryhub.com/store/index.php?main_page=advanced_search_result&keyword=Compact+Flash+Card&search_in_description=1&categories_id=67&inc_subcat=1&manufacturers_id=10&pfrom=&pto=&dfrom=&dto=&x=16&y=2\" target=\"_self\" alt=\"Compact Flash Cards\" />\r\n  <area shape=\"rect\" coords=\"95,0,156,103\" href=\"http://envoy.primaryhub.com/store/index.php?main_page=advanced_search_result&keyword=ATA+Flash+Card&search_in_description=1&categories_id=67&inc_subcat=1&manufacturers_id=10&pfrom=&pto=&dfrom=&dto=&x=28&y=11\" target=\"_self\" alt=\"ATA Flash Card\" />\r\n  <area shape=\"rect\" coords=\"183,1,243,104\" href=\"http://envoy.primaryhub.com/store/index.php?main_page=advanced_search_result&keyword=SRAM&search_in_description=1&categories_id=67&inc_subcat=1&manufacturers_id=10&pfrom=&pto=&dfrom=&dto=&x=0&y=0\" target=\"_self\" alt=\"SRAM Flash Card\" />\r\n  <area shape=\"rect\" coords=\"252,1,333,105\" href=\"http://envoy.primaryhub.com/store/index.php?main_page=advanced_search_result&keyword=Solid+State+Drives&search_in_description=1&categories_id=84&inc_subcat=1&manufacturers_id=10&pfrom=&pto=&dfrom=&dto=&x=35&y=5\" target=\"_self\" alt=\"Solid State Drives\" />\r\n  <area shape=\"rect\" coords=\"336,4,412,106\" href=\"http://envoy.primaryhub.com/store/index.php?main_page=advanced_search_result&keyword=Linear+FLash&search_in_description=1&categories_id=67&inc_subcat=1&manufacturers_id=10&pfrom=&pto=&dfrom=&dto=&x=0&y=0\" target=\"_self\" alt=\"Linear Flash\" />\r\n  <area shape=\"rect\" coords=\"9,119,79,210\" href=\"http://envoy.primaryhub.com/store/index.php?main_page=advanced_search_result&keyword=ATA+Flash+Card+Reader&categories_id=68&inc_subcat=1&manufacturers_id=10&pfrom=&pto=&dfrom=&dto=&x=32&y=13\" target=\"_self\" alt=\"ATA FLash Card Reader\" />\r\n  <area shape=\"rect\" coords=\"100,120,212,191\" href=\"http://envoy.primaryhub.com/store/index.php?main_page=advanced_search_result&keyword=++++Multi-Card+Reader&search_in_description=1&categories_id=65&inc_subcat=1&manufacturers_id=10&pfrom=&pto=&dfrom=&dto=&x=34&y=14\" target=\"_self\" alt=\"Multi-Card Reader\" />\r\n  <area shape=\"rect\" coords=\"224,118,304,202\" href=\"http://envoy.primaryhub.com/store/index.php?main_page=advanced_search_result&keyword=++++Compact+Flash+Adapter&search_in_description=1&categories_id=65&inc_subcat=1&manufacturers_id=10&pfrom=&pto=&dfrom=&dto=&x=23&y=0\" target=\"_self\" alt=\"Compact Flash Adapter\" />\r\n  <area shape=\"rect\" coords=\"318,116,407,200\" href=\"http://envoy.primaryhub.com/store/index.php?main_page=advanced_search_result&keyword=OmniDrive+Pro&search_in_description=1&categories_id=65&inc_subcat=1&manufacturers_id=10&pfrom=&pto=&dfrom=&dto=&x=0&y=0\" target=\"_self\" alt=\"OmniDrive\" />\r\n  <area shape=\"rect\" coords=\"152,203,421,260\" href=\"http://envoy.primaryhub.com/store/index.php?main_page=advanced_search_result&keyword=Storage&search_in_description=1&categories_id=65&inc_subcat=1&manufacturers_id=10&pfrom=&pto=&dfrom=&dto=&x=28&y=5\" target=\"_self\" alt=\"Storage \" />\r\n</map>'),(74,1,'Encryption','<div style=\"text-align: center;\"><img border=\"0\" title=\" Encryption \" alt=\"Encryption\" src=\"http://envoy.primaryhub.com/store/images/IT-Security-Header-Encryption.png\" /></div>'),(75,1,'Hardware Security Module','<div style=\"text-align: center;\"><img border=\"0\" title=\" Hardware Security Module \" alt=\"Hardware Security Module\" src=\"http://envoy.primaryhub.com/store/images/IT-Security-Header-HSM.png\" /></div>'),(78,1,'Proximity Readers','<div style=\"text-align: center;\"><img border=\"0\" title=\" Proximity Readers \" alt=\"Proximity Readers\" src=\"http://envoy.primaryhub.com/store/images/IT-Security-Header-Proximity-Readers.png\" /></div>'),(79,1,'Secure USB Storage','<div style=\"text-align: center;\"><img border=\"0\" title=\" Secure USB Storage \" alt=\"Secure USB Storage\" src=\"http://envoy.primaryhub.com/store/images/IT-Security-Header-Secure-USB-Storage.png\" /></div>'),(80,1,'Smart Card Readers','<div style=\"text-align: center;\"><img border=\"0\" title=\" Smart Card Readers \" alt=\"Smart Card Readers\" src=\"http://envoy.primaryhub.com/store/images/IT-Security-Header-Smart-Card-Readers.png\" /></div>'),(81,1,'Smart Cards','<div style=\"text-align: center;\"><span style=\"font-size: 9pt;\"></span><img border=\"0\" src=\"http://envoy.primaryhub.com/store/images/IT-Security-Header-Smart-Cards.png\" alt=\"Smart Cards\" title=\" Smart Cards \" /></div>'),(84,1,'Solid State Drives','<div style=\"text-align: center;\"><img border=\"0\" src=\"http://envoy.primaryhub.com/store/images/large/PC-Storage-Header-PC-Drives.png\" alt=\"Solid State Drives\" title=\" Solid State Drives \" />\r\n</div>'),(85,1,'Network Security','<div style=\"text-align: center;\"><img border=\"0\" title=\" Network Security \" alt=\"Network Security\" src=\"http://envoy.primaryhub.com/store/images/IT-Security-Header-Network-Security.png\" /></div>'),(88,1,'CAC','<div style=\"text-align: center;\">\r\n \r\n<img border=\"0\" src=\"http://envoy.primaryhub.com/store/images/large/IT-Security-Header-CAC.png\" alt=\"CAC\" title=\" CAC \" /></div>'),(89,1,'Keyboards','<div style=\"text-align: center;\"><img border=\"0\" title=\" Keyboards \" alt=\"Keyboards\" src=\"http://envoy.primaryhub.com/store/images/IT-Security-Header-Keyboards.png\" /></div>');

--
-- Table structure for table `zen_ceon_manual_card`
--

CREATE TABLE `zen_ceon_manual_card` (
  `id` int(11) unsigned NOT NULL AUTO_INCREMENT,
  `order_id` int(11) NOT NULL DEFAULT '0',
  `cc_start` varchar(4) DEFAULT NULL,
  `cc_issue` varchar(2) DEFAULT NULL,
  PRIMARY KEY (`id`)
) ENGINE=MyISAM AUTO_INCREMENT=17 DEFAULT CHARSET=latin1;

--
-- Dumping data for table `zen_ceon_manual_card`
--

INSERT INTO `zen_ceon_manual_card` VALUES (1,1,'0207',''),(2,2,'1106',''),(3,3,'',''),(4,4,'',''),(5,5,'',''),(6,6,'',''),(7,7,'',''),(8,8,'',''),(9,9,'',''),(10,10,'',''),(11,14,'',''),(12,15,'',''),(13,16,'',''),(14,17,'',''),(15,18,'1010',''),(16,19,'','');

--
-- Table structure for table `zen_chats`
--

CREATE TABLE `zen_chats` (
  `id` varchar(32) COLLATE utf8_bin NOT NULL,
  `time` int(11) unsigned NOT NULL,
  `endtime` int(11) unsigned NOT NULL,
  `closed` int(11) unsigned NOT NULL,
  `chat_id` varchar(64) COLLATE utf8_bin NOT NULL,
  `external_id` varchar(32) COLLATE utf8_bin NOT NULL,
  `fullname` varchar(32) COLLATE utf8_bin NOT NULL,
  `internal_id` varchar(32) COLLATE utf8_bin NOT NULL,
  `html` longtext COLLATE utf8_bin NOT NULL,
  `plain` longtext COLLATE utf8_bin NOT NULL,
  `email` varchar(50) COLLATE utf8_bin NOT NULL,
  `company` varchar(50) COLLATE utf8_bin NOT NULL,
  `iso_language` varchar(8) COLLATE utf8_bin NOT NULL,
  `host` varchar(64) COLLATE utf8_bin NOT NULL,
  `ip` varchar(15) COLLATE utf8_bin NOT NULL,
  `gzip` tinyint(1) unsigned NOT NULL,
  `transcript_sent` tinyint(1) unsigned NOT NULL,
  PRIMARY KEY (`id`)
) ENGINE=MyISAM DEFAULT CHARSET=utf8 COLLATE=utf8_bin;

--
-- Dumping data for table `zen_chats`
--

INSERT INTO `zen_chats` VALUES ('928e39af07309cf2fd84ce34d63d8e1e',1279353233,1279353554,1279353556,'11701','66549cf~eadc01d','pradeep','c38417b','<DIV>\r\n<TABLE>\r\n<TBODY>\r\n<TR>\r\n<TD>\r\n<TABLE class=TCM cellSpacing=0>\r\n<TBODY>\r\n<TR>\r\n<TD class=FCM0></TD>\r\n<TD class=FCM1></TD>\r\n<TD class=FCM2>System</TD>\r\n<TD class=FCM3>12:55:09 PM</TD>\r\n<TD class=FCM1></TD>\r\n<TD class=FCM4></TD></TR></TBODY></TABLE></TD></TR>\r\n<TR>\r\n<TD class=FCM5><FONT color=#000000 size=2 face=Verdana>Chat Request for <B>Support</B>:<BR>\r\n<DIV class=TCBB>\r\n<TABLE class=TCB cellSpacing=0>\r\n<TBODY>\r\n<TR>\r\n<TD class=TCCL rowSpan=4></TD>\r\n<TD width=90>Name:</TD>\r\n<TD>pradeep</TD></TR>\r\n<TR>\r\n<TD noWrap>Email:</TD>\r\n<TD><A href=\"mailto:pradeep.jaiswal@dfghg.com\" target=_self>pradeep.jaiswal@dfghg.com</A></TD></TR>\r\n<TR>\r\n<TD>Company:</TD>\r\n<TD>dfdf</TD></TR>\r\n<TR>\r\n<TD vAlign=top>Receivers: </TD>\r\n<TD>admin1</TD></TR></TBODY></TABLE></DIV></FONT></TD></TR></TBODY></TABLE></DIV>\r\n<DIV>\r\n<TABLE>\r\n<TBODY>\r\n<TR>\r\n<TD>\r\n<TABLE class=FCCF cellSpacing=0 cellPadding=0>\r\n<TBODY>\r\n<TR>\r\n<TD class=FCCF1></TD>\r\n<TD></TD>\r\n<TD class=FCCF2></TD></TR>\r\n<TR>\r\n<TD></TD>\r\n<TD>\r\n<TABLE>\r\n<TBODY>\r\n<TR>\r\n<TD class=FCMCB><FONT color=#000000 size=2 face=Verdana>Chat has been accepted by <B>admin1</B>.</FONT></TD></TR></TBODY></TABLE></TD>\r\n<TD></TD>\r\n<TR>\r\n<TD class=FCCF3></TD>\r\n<TD></TD>\r\n<TD class=FCCF4></TD></TR></TBODY></TABLE></TD></TR></TBODY></TABLE></DIV>\r\n<DIV>\r\n<TABLE>\r\n<TBODY>\r\n<TR>\r\n<TD>\r\n<TABLE class=TCM cellSpacing=0>\r\n<TBODY>\r\n<TR>\r\n<TD class=FCM0></TD>\r\n<TD class=FCM1></TD>\r\n<TD class=FCM2>admin1</TD>\r\n<TD class=FCM3>12:55:19 PM</TD>\r\n<TD class=FCM1></TD>\r\n<TD class=FCM4></TD></TR></TBODY></TABLE></TD></TR>\r\n<TR>\r\n<TD class=FCM5><FONT color=#000000 size=2 face=Verdana><FONT color=#000000 size=2 face=Verdana>Hello pradeep, my name is admin1, how may I help you?</FONT></FONT></TD></TR></TBODY></TABLE></DIV>\r\n<DIV>\r\n<TABLE>\r\n<TBODY>\r\n<TR>\r\n<TD>\r\n<TABLE class=TCM cellSpacing=0>\r\n<TBODY>\r\n<TR>\r\n<TD class=FCMg0></TD>\r\n<TD class=FCMg1></TD>\r\n<TD class=FCMg2>pradeep</TD>\r\n<TD class=FCMg3>12:55:25 PM</TD>\r\n<TD class=FCMg1></TD>\r\n<TD class=FCMg4></TD></TR></TBODY></TABLE></TD></TR>\r\n<TR>\r\n<TD class=FCM5>hello</TD></TR></TBODY></TABLE></DIV>\r\n<DIV>\r\n<TABLE>\r\n<TBODY>\r\n<TR>\r\n<TD>\r\n<TABLE class=TCM cellSpacing=0>\r\n<TBODY>\r\n<TR>\r\n<TD class=FCM0></TD>\r\n<TD class=FCM1></TD>\r\n<TD class=FCM2>admin1</TD>\r\n<TD class=FCM3>12:55:34 PM</TD>\r\n<TD class=FCM1></TD>\r\n<TD class=FCM4></TD></TR></TBODY></TABLE></TD></TR>\r\n<TR>\r\n<TD class=FCM5><FONT color=#000000 size=2>hi</FONT></TD></TR></TBODY></TABLE></DIV>\r\n<DIV>\r\n<TABLE>\r\n<TBODY>\r\n<TR>\r\n<TD>\r\n<TABLE class=FCCF cellSpacing=0 cellPadding=0>\r\n<TBODY>\r\n<TR>\r\n<TD class=FCCF1></TD>\r\n<TD></TD>\r\n<TD class=FCCF2></TD></TR>\r\n<TR>\r\n<TD></TD>\r\n<TD>\r\n<TABLE>\r\n<TBODY>\r\n<TR>\r\n<TD class=FCMCB><FONT color=#000000 size=2>phurri</FONT></TD></TR></TBODY></TABLE></TD>\r\n<TD></TD>\r\n<TR>\r\n<TD class=FCCF3></TD>\r\n<TD></TD>\r\n<TD class=FCCF4></TD></TR></TBODY></TABLE></TD></TR></TBODY></TABLE></DIV>\r\n<DIV>\r\n<TABLE>\r\n<TBODY>\r\n<TR>\r\n<TD class=FCMCA><FONT color=#000000 size=2>whats up</FONT></TD></TR></TBODY></TABLE></DIV>\r\n<DIV>\r\n<TABLE>\r\n<TBODY>\r\n<TR>\r\n<TD>\r\n<TABLE class=TCM cellSpacing=0>\r\n<TBODY>\r\n<TR>\r\n<TD class=FCMg0></TD>\r\n<TD class=FCMg1></TD>\r\n<TD class=FCMg2>pradeep</TD>\r\n<TD class=FCMg3>12:56:03 PM</TD>\r\n<TD class=FCMg1></TD>\r\n<TD class=FCMg4></TD></TR></TBODY></TABLE></TD></TR>\r\n<TR>\r\n<TD class=FCM5>rahul here</TD></TR></TBODY></TABLE></DIV>\r\n<DIV>\r\n<TABLE>\r\n<TBODY>\r\n<TR>\r\n<TD>\r\n<TABLE class=FCCF cellSpacing=0 cellPadding=0>\r\n<TBODY>\r\n<TR>\r\n<TD class=FCCF1></TD>\r\n<TD></TD>\r\n<TD class=FCCF2></TD></TR>\r\n<TR>\r\n<TD></TD>\r\n<TD>\r\n<TABLE>\r\n<TBODY>\r\n<TR>\r\n<TD class=FCMCB>kya bhai</TD></TR></TBODY></TABLE></TD>\r\n<TD></TD>\r\n<TR>\r\n<TD class=FCCF3></TD>\r\n<TD></TD>\r\n<TD class=FCCF4></TD></TR></TBODY></TABLE></TD></TR></TBODY></TABLE></DIV>\r\n<DIV>\r\n<TABLE>\r\n<TBODY>\r\n<TR>\r\n<TD class=FCMCA>admin kab se ho</TD></TR></TBODY></TABLE></DIV>\r\n<DIV>\r\n<TABLE>\r\n<TBODY>\r\n<TR>\r\n<TD>\r\n<TABLE class=TCM cellSpacing=0>\r\n<TBODY>\r\n<TR>\r\n<TD class=FCM0></TD>\r\n<TD class=FCM1></TD>\r\n<TD class=FCM2>admin1</TD>\r\n<TD class=FCM3>12:56:29 PM</TD>\r\n<TD class=FCM1></TD>\r\n<TD class=FCM4></TD></TR></TBODY></TABLE></TD></TR>\r\n<TR>\r\n<TD class=FCM5><FONT color=#000000 size=2>badhiya</FONT></TD></TR></TBODY></TABLE></DIV>\r\n<DIV>\r\n<TABLE>\r\n<TBODY>\r\n<TR>\r\n<TD>\r\n<TABLE class=FCCF cellSpacing=0 cellPadding=0>\r\n<TBODY>\r\n<TR>\r\n<TD class=FCCF1></TD>\r\n<TD></TD>\r\n<TD class=FCCF2></TD></TR>\r\n<TR>\r\n<TD></TD>\r\n<TD>\r\n<TABLE>\r\n<TBODY>\r\n<TR>\r\n<TD class=FCMCB><FONT size=2><SPAN class=SMILEYCOOL></SPAN></FONT><FONT size=2></FONT></TD></TR></TBODY></TABLE></TD>\r\n<TD></TD>\r\n<TR>\r\n<TD class=FCCF3></TD>\r\n<TD></TD>\r\n<TD class=FCCF4></TD></TR></TBODY></TABLE></TD></TR></TBODY></TABLE></DIV>\r\n<DIV>\r\n<TABLE>\r\n<TBODY>\r\n<TR>\r\n<TD class=FCMCA><FONT size=2><SPAN class=SMILEYSAD></SPAN></FONT><FONT size=2></FONT></TD></TR></TBODY></TABLE></DIV>\r\n<DIV>\r\n<TABLE>\r\n<TBODY>\r\n<TR>\r\n<TD>\r\n<TABLE class=TCM cellSpacing=0>\r\n<TBODY>\r\n<TR>\r\n<TD class=FCM0></TD>\r\n<TD class=FCM1></TD>\r\n<TD class=FCM2>System</TD>\r\n<TD class=FCM3>1:00:30 PM</TD>\r\n<TD class=FCM1></TD>\r\n<TD class=FCM4></TD></TR></TBODY></TABLE></TD></TR>\r\n<TR>\r\n<TD class=FCM5><FONT color=#000000 size=2 face=Verdana><B>pradeep</B> has left this chat room.</FONT></TD></TR></TBODY></TABLE></DIV>','Live Support Chat Transcript [powered by LiveZilla.net]\n\nDate: Sat, 17 Jul 2010 01:54:07 -0600\n----------------------------------------------------------\nName: pradeep\nEmail: pradeep.jaiswal@dfghg.com\nCompany: dfdf\nChat Reference Number: 11701\n----------------------------------------------------------\n\r\n|07.17.10 01:54:07| admin1: Hello pradeep, my name is admin1, how may I help you?\r\n|07.17.10 01:54:13| pradeep: hello\r\n|07.17.10 01:54:20| admin1: hi\r\n|07.17.10 01:54:21| admin1: phurri\r\n|07.17.10 01:54:31| admin1: whats up\r\n|07.17.10 01:54:46| pradeep: rahul here\r\n|07.17.10 01:54:52| pradeep: kya bhai\r\n|07.17.10 01:54:56| pradeep: admin kab se ho\r\n|07.17.10 01:55:13| admin1: badhiya\r\n|07.17.10 01:56:04| admin1: 8-)\r\n|07.17.10 01:56:09| admin1: :-(','pradeep.jaiswal@dfghg.com','dfdf','en-us,en','183.182.84.xxx','183.182.84.xxx',0,1);

--
-- Table structure for table `zen_company`
--

CREATE TABLE `zen_company` (
  `company_id` int(11) NOT NULL AUTO_INCREMENT,
  `company_name` varchar(64) NOT NULL,
  `company_address` varchar(200) NOT NULL,
  `company_city` varchar(50) NOT NULL,
  `company_state` varchar(60) NOT NULL DEFAULT '0',
  `company_zip` int(7) NOT NULL,
  `company_country` varchar(25) NOT NULL,
  `company_phone` varchar(15) NOT NULL,
  `date_added` datetime NOT NULL,
  `last_modified` datetime NOT NULL,
  PRIMARY KEY (`company_id`)
) ENGINE=MyISAM AUTO_INCREMENT=481 DEFAULT CHARSET=latin1;

--
-- Dumping data for table `zen_company`
--

INSERT INTO `zen_company` VALUES (1,'SuperDeal','1545 56th Street','Brooklyn','NY',11219,'U.S','917-804-8300','0000-00-00 00:00:00','2010-08-30 09:01:46'),(6,'Systems Management Planning','75 Goodway Dr','Rochester','NY',14623,'US','585-475-0670','2010-08-11 12:31:57','2010-08-30 09:05:52'),(7,'URI Computer','14003 Poplar Ave.','Flushing','NY',11355,'US','718-507-2200','2010-08-11 12:32:08','2010-08-30 09:13:22'),(8,'Active Networking','8001 Sweet Valley Dr','Valley View','OH',44125,'US','216-328-1122','2010-08-11 12:32:21','2010-08-27 10:51:28'),(4,'Envoy Data','1310 W. Boxwood Avenue','Gilbert','Arizona',85233,'USA','800 368 6971','2010-08-02 06:16:57','2010-08-11 12:55:16'),(5,'Spread Information Science, Inc.','48-46 Clearview Expressway','Oakland Gardens','NY',11364,'US','718-225-0222','2010-08-11 12:30:58','2010-08-30 08:57:58'),(10,'Certified Security Solutions Inc','6050 Oak Tree Blvd suite 390','Independence','OH',44131,'US','216-674-0686','2010-08-11 12:32:43','2010-08-27 11:16:20'),(11,'TT Graphics Inc.','2563 Technical Drive','Miamisburg','OH',45342,'US','937-847-6000','2010-08-11 12:32:51','2010-08-30 09:12:47'),(12,'RG2 Solutions','P.O. Box 18332','Oklahoma City','OK',73154,'US','405-858-8632','2010-08-11 12:33:09','2010-08-30 08:45:13'),(13,'Avaleris','440 Laurier Avenue, West suite 200','Ottowa','ON',0,'CA','613-237-9695','2010-08-11 12:33:22','2010-08-27 11:04:44'),(14,'CCSI','3804 Victoria Park Ave.','Willowdale','ON',0,'CA','416-502-3090','2010-08-11 12:33:31','2010-08-27 11:15:28'),(15,'D N R Group','697 Morewood Crst.','Orleans','ON',0,'CA','613-839-3605','2010-08-11 12:33:41','2010-08-27 11:29:38'),(16,'Performance Security Sales','900 Greenbank Road Suite 472','Ottawa','ON',0,'CA','613-325-0329','2010-08-11 12:33:49','2010-08-30 08:39:50'),(17,'Programmers Paradise','3330 Ridgeway Drive unit 10','Mississauuga','ON',0,'CA','800-441-1511','2010-08-11 12:34:00','2010-08-30 08:42:23'),(18,'Softchoice','','Toronto','ON',0,'CA','416-588-9002','2010-08-11 12:34:11','2010-08-30 08:54:39'),(19,'DRS Laurel Technologies','246 Airport Rd','Johnstown','PA',15904,'US','814-534-8756','2010-08-11 12:34:22','2010-08-27 11:34:30'),(20,'Sentinel Technology Group','3510 Derry Street','Harrisburg','PA',17111,'US','717-558-8100','2010-08-11 12:34:30','2010-08-30 08:52:21'),(21,'Softmart','450 Acorn Lane','Downington','PA',19335,'US','610-518-4011','2010-08-11 12:34:40','2010-08-30 08:55:19'),(22,'Sterling Computer Sales','11 LAETITIA LANE','Landenberg','PA',19350,'US','610-255-0198','2010-08-11 12:34:49','2010-08-30 08:59:56'),(23,'Crossmatch','400, boul. Jean-Lesage, hall ouest, suite 30','Quebec','QC',0,'CA','418-692-3137','2010-08-11 12:35:04','2010-08-27 11:28:50'),(24,'Facilite Informatique','1010  Sherbrooke West bureau 2510','Montreal','QC',0,'CA','514-284-5636','2010-08-11 12:35:13','2010-08-27 11:52:45'),(25,'Secur-Itech Inc','2500 Senkus St.  suite 210','Montreal','QC',0,'CA','514-667-4900','2010-08-11 12:35:22','2010-08-30 08:51:06'),(27,'Mercom Corporation','235 Commerce Drive suite 303','Pawleys Island','SC',29585,'US','843-979-9957','2010-08-11 12:35:44','2010-08-30 08:25:12'),(28,'Sword & Shield Enterprise Security','1431 Centerpoint Blvd. suite 150','Knoxville','TN',37932,'US','865-777-5500','2010-08-11 12:36:02','2010-08-30 09:03:24'),(29,'Accudata Systems Inc','7906 N Sam Houston Pkwy West suite 200','Houston','TX',77064,'US','281-897-5000','2010-08-11 12:36:19','2010-08-27 10:50:43'),(30,'Bitmore Technologies','300 E. John Carpenter Freeway suite 980','Irving','TX',75062,'US','972-580-0264','2010-08-11 12:36:36','2010-08-27 11:11:13'),(31,'Compucom Inc.','7171 Forest Lane','Dallas','TX',75230,'US','972-856-3600','2010-08-11 12:36:48','2010-08-27 11:20:35'),(32,'Evolvent Technologies','4400 Piedras Drive South suite 175','San Antonio','TX',78228,'US','210-268-1415','2010-08-11 12:36:58','2010-08-27 11:50:58'),(33,'GDA Micro Technologies','1819 EAST DIVISION ST','Arlington','TX',76011,'US','817-792-3254','2010-08-11 12:37:07','2010-08-27 11:56:14'),(34,'Global Corporate Alliance','18081 MIDWAY RD','Dallas','TX',75287,'US','214-771-8884','2010-08-11 12:37:18','2010-08-30 08:03:40'),(35,'Paranet Solutions','5001 Spring Valley Road suite 1050-W','Dallas','TX',75244,'US','214-623-5224','2010-08-11 12:37:27','2010-08-30 08:38:01'),(36,'SOS Security','','Dallas','TX',75201,'US','214-295-4817','2010-08-11 12:37:38','2010-08-30 08:56:40'),(37,'USA Consulting, Inc.','701 E Plano Parkway Suite 300','Plano','TX',75074,'US','972-673-0333','2010-08-11 12:37:48','2010-08-30 09:13:57'),(38,'Blue Ridge Networks, Inc','14120 Parke Long Ct. suite 103','Chantilly','VA',20151,'US','703-255-1622','2010-08-11 12:38:01','2010-08-27 11:12:13'),(39,'CIS Secure Computing','43671 Trade Center Place suite 142','Dulles','VA',20166,'US','703-651-3182','2010-08-11 12:38:10','2010-08-27 11:18:13'),(40,'Communications Resource Inc','8280 Greensboro Drive suite 400','McLean','VA',22102,'US','703-245-7867','2010-08-11 12:38:19','2010-08-27 11:19:57'),(41,'Dataline Inc.','2551 Eltham Ave. suite O','Norfolk','VA',22513,'US','813-885-6838','2010-08-11 12:38:28','2010-08-27 11:31:45'),(42,'ePlus Technology','13595 Dulles Technology Dr','Herndon','VA',20171,'US','703-984-8400','2010-08-11 12:38:37','2010-08-27 11:49:11'),(43,'I-Access, Inc.','4202 Park Place Court suite E','Glen Allen','VA',23060,'US','804-237-1726','2010-08-11 12:38:46','2010-08-30 08:10:23'),(44,'Knowledge Information Solutions Inc (KIS)','227 S Rosemont Rd','Virginia Beach','VA',23452,'US','757-275-7507','2010-08-11 12:38:54','2010-08-30 08:18:24'),(45,'ManTech Security Technologies Corporation','14280 Park Meadow Drive, Suite 350','Chantilly','VA',20151,'US','703-970-2106','2010-08-11 12:39:02','2010-08-30 08:23:09'),(46,'MC Dean Inc','22461 Shaw Road','Dulles','VA',20166,'US','571-209-6277','2010-08-11 12:39:46','2010-08-30 08:23:50'),(47,'Multi Max','21000 Atlantic Blvd suite 300','Dulles','VA',20166,'US','703-483-8000','2010-08-11 12:39:57','2010-08-30 08:31:23'),(48,'Panamerica Computers Inc','1723 Drewlaine Dr','Vienna','VA',22182,'US','540-635-4402','2010-08-11 12:40:05','2010-08-30 08:37:22'),(49,'F&G Office Solution','','Virgin Islands','VI',0,'US','809-334-3772','2010-08-11 12:40:14','2010-08-27 11:51:47'),(50,'Itron','801 S. Stevens Street','Spokane','WA',99204,'US','864-718-6698','2010-08-11 12:40:24','2010-08-30 08:16:26'),(51,'Snath Systems - Yeti Engineering','14 Coady Lane','Hoquiam','WA',98550,'US','360-637-8600','2010-08-11 12:40:41','2010-08-30 08:53:51'),(52,'Zones','1102 15th Street S.W. Suite 102','Auburn','WA',98001,'US','800-258-0882','2010-08-11 12:41:57','2010-08-30 09:19:17'),(203,'ZK Software','505 8th Ave 10th fl','New Yark','NY',10018,'US','732-412-6007','2010-08-31 08:16:40','0000-00-00 00:00:00'),(54,'Infinity Technology, Inc.','2920 Walker Drive','Green Bay','WI',54311,'US','920-884-1499','2010-08-11 12:42:37','2010-08-30 08:14:04'),(55,'Nakuuruq Solutions LLC','3201 C Street Suite 400','Anchorage','AK',99503,'US','512-632-8353','2010-08-11 12:42:48','2010-08-30 08:32:01'),(56,'En Pointe Technologies','18701 S Figueroa St','Gardena','CA',90248,'US','310-337-5200','2010-08-11 12:43:26','2010-08-27 11:48:27'),(57,'GC Micro','3910 Cypress Drive','Petaluma','CA',94954,'US','707-789-0600','2010-08-11 12:43:40','2010-08-27 11:55:35'),(58,'Millinieum Computer Products','','San Marcos','CA',92078,'US','800-255-8607','2010-08-11 12:43:49','2010-08-30 08:27:45'),(59,'Trilobyte Solutions','2 Venture # 140','Irvine','CA',92618,'US','949-453-0668','2010-08-11 12:43:57','2010-08-30 09:11:40'),(60,'Harris Corporation','PO Box 9002','Melbourne','FL',32902,'US','321-984-5740','2010-08-11 12:44:08','2010-08-30 08:09:01'),(61,'Jacob & Sundstrom','401 E. Pratt St. suite 2214','Baltimore','MD',21202,'US','443-573-0540','2010-08-11 12:44:19','2010-08-30 08:17:10'),(62,'ManTech','46610 Expedition Ste 101','Lexington Park','MD',20653,'US','301-862-7395','2010-08-11 12:44:27','2010-08-30 08:22:30'),(63,'Mid-Atlantic Data Systems','845-D Quince Orchard Blvd','Gaithersburg','MD',20878,'US','301-590-0666','2010-08-11 12:44:37','2010-08-30 08:26:37'),(64,'Mssi Ltd','7607 S Arbory Lane','Laurel','MD',20707,'US','240-765-9099','2010-08-11 12:44:46','2010-08-30 08:30:46'),(65,'Green Pages','PO Box 9001','Kittery','ME',3904,'US','800-497-9304','2010-08-11 12:44:55','2010-08-30 08:05:35'),(66,'ABM Federal','5 Research Park Drive','St Charles','MO',63304,'US','636-229-8116','2010-08-11 12:45:07','2010-08-27 10:49:49'),(67,'Emtec Federal Inc.','11 DIAMOND RD','Springfield','NJ',7081,'US','800-800-8805','2010-08-11 12:45:19','2010-08-27 11:47:39'),(68,'Supply Net','614 Corporate Way','Valley Cottage','NY',10989,'US','845-267-2655','2010-08-11 12:45:29','2010-08-30 09:02:43'),(70,'Artel Inc','1893 Preston White Drive','Reston','VA',20191,'US','703-399-2323','2010-08-11 12:45:47','2010-08-27 11:03:54'),(71,'CRGT','8150 Leesburg Pike suite 405','Vienna','VA',22182,'US','703-905-1242','2010-08-11 12:46:00','2010-08-27 11:27:50'),(72,'GTSI Corp.','2553 Dulles View Dr Ste 100','Herndon','VA',20171,'US','703-502-2596','2010-08-11 12:46:11','2010-08-30 08:06:20'),(73,'Harris Corporation','4100 Lafayette Center Drive Suite 200','Chantilly','VA',20151,'US','703-263-2168','2010-08-11 12:46:20','2010-08-30 08:08:31'),(74,'Scitor Corporation','13665 Dulles Technology Drive  suite 300','Herndon','VA',20171,'US','703-817-7720','2010-08-11 12:46:30','2010-08-30 08:50:31'),(75,'Tryco Medical Products','6736 Old McLean Village Dr.','McLean','VA',22101,'US','703-734-0467','2010-08-11 12:46:39','2010-08-30 09:12:13'),(76,'General Dynamics C4 Systems','8220 E. Roosevelt St','Scottsdale','AZ',85257,'US','480-675-1749','2010-08-11 12:46:49','2010-08-27 11:58:51'),(77,'ABBYY USA Software House','880 N McCarthy Blvd # 220','Milpitas','CA',95035,'US','408-457-9777','2010-08-11 13:47:42','2010-08-27 10:47:56'),(78,'Ablegov, Inc.','7700 Muirwood Way','Citrus Heights','CA',95610,'US','916-910-9886','2010-08-11 13:48:18','2010-08-27 10:48:58'),(79,'Alpha Research and Technology','5175-A Hillsdale Circle Suite A','El Dorada Hills','CA',95762,'US','916-431-9340','2010-08-11 13:48:25','2010-08-27 10:54:48'),(80,'Applied Computer Online Services','2901 Moorpark Ave suite 100','San Jose','CA',95128,'US','408-248-8811','2010-08-11 13:48:33','2010-08-27 11:01:23'),(81,'B & H International','4525 NEW HORIZON BLVD suite 6','Bakersfield','CA',93313,'US','661-832-3181','2010-08-11 13:48:40','2010-08-27 11:07:04'),(83,'CorpInfo Services','2050 S. Westgate Avenue','Los Angeles','CA',90025,'US','310-442-3247','2010-08-11 13:48:57','2010-08-27 11:27:08'),(84,'IMPRES Technology Solutions, Inc.','9732 Norwalk Blvd.','Santa Fe Springs','CA',90670,'US','800-652-9686','2010-08-11 13:49:04','2010-08-30 08:12:51'),(85,'MSK Security','9518 9th Street Suite C-2','Rancho Cucamonga','CA',91730,'US','818-974-4400','2010-08-11 13:49:12','2010-08-30 08:30:13'),(86,'NET-Systems, Inc.','17145 Von Karman Ave, Suite 104','Irvine','CA',92614,'US','949-752-5139','2010-08-11 13:49:25','2010-08-30 08:33:44'),(87,'Pacrim','','Los Angeles','CA',90001,'US','213-471-2355','2010-08-11 13:49:34','2010-08-30 08:36:47'),(88,'Plexsupply','','','CA',0,'US','800-995-7539','2010-08-11 13:49:41','2010-08-30 08:40:18'),(89,'Sarcom','19 Morgan','Irvine','CA',92618,'US','800-326-3962','2010-08-11 13:49:58','2010-08-30 08:49:51'),(90,'Southland Technology, Inc.','8053 Vickers Street','San Diego','CA',92111,'US','858-694-0932','2010-08-11 13:50:08','2010-08-30 08:57:16'),(91,'Staples Technologies Solutions','13225 Danielson St., Suite 100','Poway','CA',92064,'US','954-379-5500','2010-08-11 13:50:16','2010-08-30 08:59:12'),(92,'Synectic Solutions','1701 Pacific Ave Ste 260','Oxnard','CA',93033,'US','805-483-4800','2010-08-11 13:50:23','2010-08-30 09:04:33'),(93,'West Coast Business Products','9749 Independence Ave.','Chatsworth','CA',91311,'US','818-341-2800','2010-08-11 13:50:32','2010-08-30 09:15:55'),(94,'Western Blue Corporation','9745 Business Park Drive, Suite A','Sacramento','CA',95827,'US','916-366-0708','2010-08-11 13:50:42','2010-08-30 09:16:32'),(95,'Rocky Mountain Ram','901 Front St   # 300','Louisville','CO',80027,'US','315-789-1149','2010-08-11 13:50:53','2010-08-30 08:47:07'),(96,'SIRC','1325 G ST NW, Suite 500','Washington','DC',20005,'US','202-536-2800','2010-08-11 13:53:24','2010-08-30 08:53:08'),(97,'Carley Corporation','12600 Challenger Parkway suite 200','Orlando','FL',32826,'US','407-894-5575','2010-08-11 13:53:39','2010-08-27 11:14:39'),(98,'Ceven Corp','11380 N.W. 36th Terrace','Doral','FL',33178,'US','305-477-5558','2010-08-11 13:53:47','2010-08-27 11:17:15'),(99,'Compuquip Technologies Inc.','8399 Northwest 30th Terrace','Doral','FL',33122,'US','305-438-7577','2010-08-11 13:53:54','2010-08-27 11:21:19'),(100,'Infinity Informatica, Inc.','1520 NW 89th Court','Miami','FL',33172,'US','305-599-9243','2010-08-11 13:54:02','2010-08-30 08:13:27'),(101,'Intercomp','275 Commercial Blvd','Ft Lauderdale','FL',33308,'US','954-493-6461','2010-08-11 13:54:08','2010-08-30 08:15:51'),(102,'Mainline Information Systems','1700 Summit Lake Dr','Tallahassee','FL',32317,'US','708-922-9021','2010-08-11 13:54:20','2010-08-30 08:20:54'),(103,'More Direct','4800 T-Rex Ave  # 300','Boca Raton','FL',33431,'US','561-237-3300','2010-08-11 13:55:05','2010-08-30 08:29:26'),(106,'TouchPoint, Inc.','10199 Southside Blvd, #203','Jacksonville','FL',32256,'US','407-721-7209','2010-08-11 13:55:43','2010-08-30 09:09:33'),(107,'Biociel','4380 South Monaco St suite 1087','Denver','CO',80237,'US','303-815-4600','2010-08-11 13:55:53','2010-08-27 11:10:01'),(108,'ANTOnline','','Atlanta','GA',30301,'US','877-293-9797','2010-08-11 13:56:04','2010-08-27 11:00:45'),(109,'Computer Cabling of Georgia','5000 Highlands Pkwy # 180','Symrna','GA',30082,'US','770-437-0153','2010-08-11 13:56:11','2010-08-27 11:22:37'),(110,'Vision Computers','5865 Jimmy Carter Blvd.  suite 125','Norcross','GA',30071,'US','770-840-0015','2010-08-11 13:56:19','2010-08-30 09:15:20'),(111,'JTSI','354 Uluniu Street # 302','Kailua','HI',96734,'US','808-262-8842','2010-08-11 13:56:28','2010-08-30 08:17:48'),(112,'MLPtech, LLC','','Davenport','IA',52801,'US','563-823-8345','2010-08-11 13:56:38','2010-08-30 08:28:16'),(113,'Anixter Inc.','P.O. Box 804','Morton Grove','IL',60053,'US','714-695-2203','2010-08-11 13:56:47','2010-08-27 10:58:10'),(114,'eSecurity Products LLC','90 Rosewood Drive','Roselle','IL',60172,'US','630-307-3563','2010-08-11 13:56:56','2010-08-27 11:49:48'),(115,'Guavatech','','Chicago','IL',0,'US','312-604-4531','2010-08-11 13:57:05','2010-08-30 08:06:50'),(116,'Converge','4 Technology Drive','Peabody','MA',1960,'US','978-538-8000','2010-08-11 13:57:16','2010-08-27 11:25:51'),(117,'GA Blanco','PO Box 149 route 71@Alford Line','Great Barrington','MA',1230,'US','800-628-5086','2010-08-11 13:57:24','2010-08-27 11:54:59'),(118,'East Coast Micro','3916 Vero Road suite F','Baltimore','MD',21227,'US','410-536-0600','2010-08-11 13:57:34','2010-08-27 11:44:02'),(119,'Force 3, Inc.','2151 Priest Bridge Drive','Crofton','MD',21114,'US','800-391-0204','2010-08-11 13:57:43','2010-08-27 11:54:07'),(120,'Network Communications Technology','P.O Box 119','Glenelg','MD',21044,'US','443-445-2128','2010-08-11 13:58:07','2010-08-30 08:34:25'),(121,'Sojourner Communications','8212 Weston Dr','Ellicott City','MD',21043,'US','410-750-3631','2010-08-11 13:58:18','2010-08-30 08:56:06'),(122,'Compuware','1 Campus Martius','Detroit','MI',48226,'US','313-227-0121','2010-08-11 13:58:27','2010-08-27 11:24:40'),(123,'AbeTech','12560 Fletcher Lane Suite 100','Rogers','MN',55374,'US','763 428-1258','2010-08-11 13:58:35','2010-08-31 08:11:33'),(124,'Syntax Inc.','1295 Bandana Blvd. Suite 125','St Paul','MN',55108,'US','651-641-1550','2010-08-11 13:58:43','2010-08-30 09:05:13'),(125,'World Wide Technology, Inc.','60 Weldon Parkway','St Louis','MO',63043,'US','314-919-1654','2010-08-11 13:58:51','2010-08-30 09:17:15'),(126,'Gemalto','Calle 9 Este #192  CIVAC','Cuernavaca','MX',0,'Mexico','527-773-2939','2010-08-11 13:58:59','2010-08-27 11:57:07'),(127,'ANTG LLC.','1234 West Williams Street suite 104','Apex','NC',27502,'US','919-291-8742','2010-08-11 13:59:35','2010-08-27 10:59:00'),(128,'Advanced Computer Technologies','PO Box 6782','Bridgewater','NJ',8807,'US','973-758-0500','2010-08-11 13:59:45','2010-08-27 10:53:49'),(129,'Dynamic Decisions Inc','2709 Hamilton Boulevard','South Plainfield','NJ',7080,'US','908-755-5000','2010-08-11 13:59:55','2010-08-27 11:43:04'),(130,'Square One/Jay Martin Systems','960 Holmdel Rd','Holmdel','NJ',7733,'US','732-332-1300','2010-08-11 14:00:04','2010-08-30 08:58:36'),(131,'Royal Business Solution','375 N Stephanie St, Suite 1411','Henderson','NV',89014,'US','866-392-1804','2010-08-11 14:00:12','2010-08-30 08:47:39'),(132,'Great Lakes Electronic Distributing','22 James E. Casey Drive','Buffalo','NY',14206,'US','800-831-0035','2010-08-11 14:00:25','2010-08-30 08:04:50'),(133,'Inflight Systems Inc.','85 Willis Ave. Ste. E','Mineola','NY',11501,'US','516-739-8590','2010-08-11 14:00:37','2010-08-30 08:14:36'),(134,'OpenIAM','257 Watch Hill Rd','Cortlandt Manor','NY',10567,'US','917-371-0126','2010-08-11 14:00:44','2010-08-30 08:36:13'),(135,'Dayton Technology Group Inc.','1001 South Brown School Road','Vandalia','OH',45377,'US','937-898-3702','2010-08-11 14:00:52','2010-08-27 11:32:31'),(136,'Ideaca','Suite 502, 36 York Mills Road','Toronto','ON',0,'CA','866-231-4332','2010-08-11 14:01:03','2010-08-30 08:11:15'),(137,'Pro International Import/Export','56 Francis St.','Woodbridge','ON',0,'CA','905-856-1802','2010-08-11 14:01:13','2010-08-30 08:40:55'),(138,'PROAX Technologies ltd','4030 Chemin Bois Franc','St-Laurant','ON',0,'CA','905-829-2006','2010-08-11 14:01:21','2010-08-30 08:41:37'),(139,'Tazabitz Computer Consulting','PO Box 13397','Kanata','ON',0,'CA','613-831-5444','2010-08-11 14:01:29','2010-08-30 09:07:13'),(140,'Adagio Consulting Group, Inc.','100 East Gay Street','West Chester','PA',19380,'US','610-431-8282','2010-08-11 14:01:36','2010-08-27 10:52:12'),(141,'EDO Corp','4747 South Broad St','Philadelphia','PA',19112,'US','215-218-7400','2010-08-11 14:03:42','2010-08-27 11:45:02'),(142,'Bell Canada','CP 8716 succarsale A','Montreal','QC',0,'CA','514-391-6210','2010-08-11 14:03:53','2010-08-27 11:08:59'),(143,'Tek Star International','281 Marc-Aurele-Fortin','Laval','QC',0,'CA','416-529-7827','2010-08-11 14:04:01','2010-08-30 09:08:13'),(144,'Digital Identification Solutions','111 Kiowa Lane','Piedmont','SC',29673,'US','864-272-1199','2010-08-11 14:04:09','2010-08-27 11:33:10'),(145,'Lexcom','1852 Angus St','Regina','SK',0,'CA','306-545-9242','2010-08-11 14:04:18','2010-08-30 08:19:03'),(146,'LPS Integration','230 Great Circle Road suite 218','Nashville','TN',37228,'US','866-577-2902','2010-08-11 14:09:30','2010-08-30 08:19:41'),(147,'Capstone Computer and Ser.','5520 N Mccoll rd','Mcallen','TX',78504,'US','956-358-8814','2010-08-11 14:09:39','2010-08-27 11:13:53'),(148,'HTWorld','','Weatherford','TX',76085,'US','817-771-8403','2010-08-11 14:09:46','2010-08-30 08:09:42'),(149,'Maitech International','12603 Southwest Frwy. suite 552','Stafford','TX',77477,'US','281-240-2030','2010-08-11 14:09:54','2010-08-30 08:21:44'),(150,'North American Magnetics Corp.','2974 LBJ Freeway suite 401','Dallas','TX',75234,'US','214-357-0070','2010-08-11 14:10:01','2010-08-30 08:35:35'),(151,'PC Vision','5814 WINDSOME LN','Houston','TX',77057,'US','713-266-1818','2010-08-11 14:10:08','2010-08-30 08:39:11'),(152,'SecureNet, Inc.','PO Box 700277','Dallas','TX',75370,'US','972-248-4949','2010-08-11 14:10:15','2010-08-30 08:51:46'),(154,'Symbolic Technology','','Dallas','TX',0,'US','972-247-6888','2010-08-11 14:10:40','2010-08-30 09:03:56'),(155,'Treva Logistics Services LLC','9010 Goliad Rd. suite C','Pharr','TX',78577,'US','956-781-9262','2010-08-11 14:10:49','2010-08-30 09:11:02'),(156,'Advanced Computer Concepts','7627 Jones Branch Drive Suite 600 North','McLean','VA',22102,'US','703-276-7800','2010-08-11 14:11:05','2010-08-27 10:53:01'),(157,'AGSI Systems','13276 April Circle','Lovettsville','VA',20180,'US','703-863-9366','2010-08-11 14:12:01','2010-08-27 10:56:16'),(158,'AVR Enterprises, Inc.','44845 Falcon Place suite 101A','Dulles','VA',20166,'US','703-773-3708','2010-08-11 14:12:08','2010-08-27 11:06:15'),(159,'Cables Plus','PO Box 28928','Richmond','VA',23228,'US','804-716-9007','2010-08-11 14:12:15','2010-08-27 11:12:58'),(160,'Computer Technologies Inc.','','','VA',0,'US','703-522-5586','2010-08-11 14:12:23','2010-08-27 11:23:20'),(161,'Convergint Technologies LLC','2248 Dabney Road suite E','Richmond','VA',23230,'US','804-358-4100','2010-08-11 14:12:31','2010-08-27 11:26:28'),(162,'Data Systems Analysts, Inc.','10400 Eaton Place suite 500','Fairfax','VA',22030,'US','703-591-3704','2010-08-11 14:12:38','2010-08-27 11:30:24'),(163,'General Dynamics Information Technology','700 Independence Pkwy Ste 100','Chesapeake','VA',23320,'US','757-389-4718','2010-08-11 14:12:51','2010-08-30 08:03:00'),(164,'Microbase Computers','PO Box 1254','Great Falls','VA',22066,'US','703-356-6100','2010-08-11 14:13:03','2010-08-30 08:25:51'),(165,'MillenniumSoft, Inc.','8301 Arlington Blvd. suite T-04','Fairfax','VA',22031,'US','703-657-7969','2010-08-11 14:13:11','2010-08-30 08:27:15'),(166,'Prototype Productions, Inc','21641 Beaumeade Circle Suite 301','Ashburn','VA',20147,'US','703-858-0011','2010-08-11 14:13:18','2010-08-30 08:43:21'),(167,'QED Systems Inc','4646 N Witchduck Rd','Virginia Beach','VA',23455,'US','757-858-7420','2010-08-11 14:13:25','2010-08-30 08:43:59'),(168,'Systems Planning & Analysis Inc.','2001 N. Beauregard St.  suite 100','Alexandria','VA',22311,'US','703-399-7349','2010-08-11 14:13:32','2010-08-30 09:06:36'),(170,'TKCIS','13873 Park Center Rd.  suite 400N','Herndon','VA',20171,'US','512-699-7123','2010-08-11 14:13:56','2010-08-30 09:08:59'),(171,'Compusave Strategic Alliance','19210 33rd Ave West suite B','Lynnwood','WA',98036,'US','425-712-7073','2010-08-11 14:14:05','2010-08-27 11:22:03'),(172,'Hard Drives NW','14315 NE 20th Street','Bellevue','WA',98007,'US','888-644-4369','2010-08-11 14:14:14','2010-08-30 08:07:49'),(173,'Avion, Inc.','7067 Old Madison Pike suite 170','Huntsville','AL',35806,'US','256-327-7191','2010-08-11 14:14:24','2010-08-27 11:05:34'),(174,'Transource Computers','2405 West Utopia Road','Phoenix','AZ',85027,'US','623-879-8882','2010-08-11 14:14:36','2010-08-30 09:10:07'),(175,'Allied Network Solutions , Inc.','1358 Blue Oaks Blvd Suite 200','Roseville','CA',95678,'US','916-774-2670','2010-08-11 14:14:44','2010-08-27 10:56:56'),(176,'Ricoh','7077 Bonneval Rd suite 130','Jacksonville','Fl',32216,'US','904-407-0405','2010-08-11 14:14:53','2010-08-30 08:45:55'),(177,'SAIC','10260 Campus Point Dr  MS E-2','San Diego','CA',92121,'US','858-826-5498','2010-08-11 14:15:02','2010-08-30 08:48:21'),(178,'Xinu Tech, Inc','7555 Convoy Ct','San Diego','CA',92111,'US','858-277-4013','2010-08-11 14:15:09','2010-08-30 09:18:36'),(179,'General Dynamics','1 S. A Street suite 201','Pennsacola','FL',32501,'US','850-435-8787','2010-08-11 14:15:22','2010-08-27 11:58:04'),(180,'NCI Information Systems','12249 Science dr. Ste 155','Orlando','Fl',32826,'US','407-208-3322','2010-08-11 14:15:29','2010-08-30 08:32:36'),(181,'XTec Incorporated','5775 Blue Lagoon Drive  suite 280','Miami','FL',33126,'US','305-357-8816','2010-08-11 14:15:41','2010-08-30 09:18:29'),(182,'MNJ Technologies Direct','PO Box 7461','Buffalo Grove','IL',60089,'US','847-634-0700','2010-08-11 14:15:50','2010-08-30 08:28:50'),(183,'Apptis','','Westchester','MD',21769,'US','240-487-1401','2010-08-11 14:17:30','2010-08-27 11:02:37'),(184,'BAE Systems','1601 Research Blvd','Rockville','MD',20850,'US','301-863-0639','2010-08-11 14:17:38','2010-08-27 11:07:51'),(185,'FedStore Corporation','1 Research Court, Suite 450','Rockville','MD',20850,'US','240-715-4321','2010-08-11 14:21:56','2010-08-27 11:53:28'),(186,'MED Trends Inc.','1700 Rockville Pike suite 400','Rockville','MD',20852,'US','240-235-2609','2010-08-11 14:22:08','2010-08-30 08:24:32'),(187,'STV, Inc.','21831 Hazeltine Ct','Leonardtown','MD',20650,'US','301-862-2344','2010-08-11 14:22:15','2010-08-30 09:00:36'),(188,'Communication Professionals','23933 Research Driv','Farmington Hills','MI',48335,'US','248-557-0100','2010-08-11 14:22:23','2010-08-27 11:19:05'),(189,'Red River Computer Co','21 Water St # 500','Claremont','NH',3743,'US','603-442-5550','2010-08-11 14:22:36','2010-08-30 08:44:35'),(190,'Data-Pages','85 Franklin Rd.','Dover','NJ',7801,'US','973-989-0634','2010-08-11 14:22:47','2010-08-27 11:31:03'),(191,'Sandia National Labs','P.O. Box 5800  MS 1330','Albuquerque','NM',87185,'US','505-284-8099','2010-08-11 14:23:05','2010-08-30 08:49:19'),(192,'AMT','6120 Arctic Drive','Beaverton','OR',97005,'US','503-922-2410','2010-08-11 14:23:14','2010-08-27 10:57:35'),(193,'Apptis','','Chantilly','VA',20151,'US','703-279-3095','2010-08-11 14:23:20','2010-08-27 11:03:11'),(194,'DMI Dimensional Marketing, Inc.','1033 Shine Avenue','Myrtle Beach','SC',29577,'US','843-477-0809','2010-08-11 14:23:28','2010-08-27 11:33:48'),(195,'AFRAS USA','701 N Post Oak Rd Suite 309','Houston','TX',77024,'US','713-850-1828','2010-08-11 14:23:39','2010-08-27 10:55:36'),(196,'M2 Tech','21702 Hardy Oak suite 100','San Antonio','TX',78258,'US','540-894-0885','2010-08-11 14:23:49','2010-08-30 08:20:21'),(197,'Electronic Systems, Inc.','369 Edwin Drive','Virginia Beach','VA',23462,'US','757-217-1247','2010-08-11 14:24:05','2010-08-27 11:46:07'),(198,'IGOV','8200 Greensboro Dr suite 1200','McLean','VA',22102,'US','703-749-0894','2010-08-11 14:24:14','2010-08-30 08:12:02'),(199,'Intelligent Decisions, Inc.','21445 beaumeade circle','Ashburn','VA',20147,'US','703-554-1712','2010-08-11 14:24:20','2010-08-30 08:15:12'),(200,'NCS Technologies, Inc.','9490 Innovation Drive','Manassas','VA',20110,'US','703-743-8520','2010-08-11 14:24:28','2010-08-30 08:33:10'),(201,'NGA Reston','12310 Sunrise Valley Drive','Reston','VA',20191,'US','703-262-4262','2010-08-11 14:24:33','2010-08-30 08:34:56'),(202,'Rockwell Collins','22626 Sally Ride Dr','Sterling','VA',20164,'US','607-584-7850','2010-08-11 14:24:40','2010-08-30 08:46:34'),(255,'USA ID Systems','19599 NE 10th Ave','Miami','FL',33179,'US','305-655-0049','2010-09-02 08:38:17','0000-00-00 00:00:00'),(204,'Zigs-Place.com','1656 Annapolis Rd','Odenton','MD',21113,'US','410-672-4263','2010-08-31 08:17:33','0000-00-00 00:00:00'),(205,'Zetta Pros LLC','3450 E Spring St  suite 207','Long Beach','CA',90806,'US','562-252-3673','2010-08-31 08:18:24','0000-00-00 00:00:00'),(206,'Yorel Integrated Solutions','8520 Cliff Cameron Dr  Mallard V Suite 400','Charlotte','NC',28269,'US','919-875-8819','2010-08-31 08:19:56','0000-00-00 00:00:00'),(207,'Yash Solutions','2400 Lake Park Dr  suite 160','Smyrna','GA',30080,'US','408-890-7182','2010-08-31 08:20:54','0000-00-00 00:00:00'),(208,'Wyle Labratories','128 Maryland St','El Segundo','CA',0,'US','310-322-1763','2010-08-31 08:22:36','0000-00-00 00:00:00'),(209,'WP & Associates Inc','1506 E McNair Dr','Tempe','AZ',85283,'US','480-517-9391','2010-08-31 08:23:41','0000-00-00 00:00:00'),(210,'Wireless Data Systems','20423 State Rd 7  #6182','Boca Raton','FL',33498,'US','561-488-5540','2010-08-31 08:25:16','0000-00-00 00:00:00'),(211,'Winxnet','PO Box 1700','Portland','ME',4104,'US','866-946-9638','2010-08-31 08:26:06','0000-00-00 00:00:00'),(212,'Winners, INC','1478 N Palm Canyon Dr','Palm Springs','CA',92262,'US','888-322-8502','2010-08-31 08:27:02','0000-00-00 00:00:00'),(213,'WinMagic Inc','201-200 Matheson Blvd W','Mississauga','ON',0,'CA','905-502-7000','2010-08-31 08:27:56','0000-00-00 00:00:00'),(214,'Willford Hall Medical Center','2200 Bergquist Dr','Lackland AFB','TX',78236,'US','210-292-6402','2010-08-31 08:29:14','0000-00-00 00:00:00'),(215,'Wildflower International Inc','1500 S St Francis Dr','Santa Fe','NM',87505,'US','505-466-9111','2010-08-31 08:30:17','0000-00-00 00:00:00'),(216,'Wild Horse Computers','','','NH',0,'603-764-4321','','2010-08-31 08:31:04','0000-00-00 00:00:00'),(217,'White Peaks Technologies, LL','','Danbury','CT',6810,'US','203-448-5080','2010-08-31 08:32:11','0000-00-00 00:00:00'),(218,'Whalley Computer Associates','195 West Street','Milford','MA',1757,'US','508-634-1100','2010-08-31 08:33:01','0000-00-00 00:00:00'),(219,'Western Data Systems','14722 Regnal','Houston','TX',77039,'US','888-700-5211','2010-08-31 08:34:15','0000-00-00 00:00:00'),(220,'West Coast Ship Supply','1611 17th St','Oakland','CA',94607,'US','510-444-7200','2010-08-31 08:35:35','0000-00-00 00:00:00'),(221,'Wescorp','11 B Industrial Way','Salem','NH',0,'US','603-893-6202','2010-08-31 08:40:05','0000-00-00 00:00:00'),(222,'WECsys LLC','4180 W Broadway  #400','Robbinsdale','MN',20743,'US','763-235-2432','2010-08-31 08:41:09','0000-00-00 00:00:00'),(223,'Web Services Company','3690 Redondo Beach Ave','Redondo Beach','CA',90278,'US','877-932-9010','2010-08-31 08:41:57','0000-00-00 00:00:00'),(224,'Walter Reed','6900 Georgia Ave  Box 53 Bldg 11','Washington','DC',20307,'US','202-782-0157','2010-08-31 08:43:13','0000-00-00 00:00:00'),(225,'V-Technologies, LLC','675 W Johnson Ave','Chesire','CT',6410,'US','800-462-4010','2010-09-02 08:08:17','0000-00-00 00:00:00'),(226,'Vox Technologies Corporation','1180 Commerce Dr','Richardson','TX',75081,'US','972-234-4343','2010-09-02 08:09:03','0000-00-00 00:00:00'),(227,'VoIP Supply','454 Sonwil Dr','Buffalo','NY',14225,'US','716-250-1987','2010-09-02 08:09:52','0000-00-00 00:00:00'),(228,'Voice Pro-the Stater Group','4390 Green Ash Dr','Earth City','MO',63045,'US','314-426-8900','2010-09-02 08:10:46','0000-00-00 00:00:00'),(229,'Vm Ware','10430 Stern Ave','Cupertino','CA',95014,'US','650-427-1865','2010-09-02 08:11:41','0000-00-00 00:00:00'),(230,'VL Systems','9 Corporate Park','Irvine','CA',92606,'US','949-435-2218','2010-09-02 08:12:37','0000-00-00 00:00:00'),(231,'VM Ware','6917 Aqueduct Terrance','Odessa','FL',33556,'US','813-361-3437','2010-09-02 08:13:50','0000-00-00 00:00:00'),(232,'Virtuon Inc','1475 N Scottsdale Rd   skysong suite 140','Scotssdale','AZ',85257,'US','602-325-1575','2010-09-02 08:18:11','0000-00-00 00:00:00'),(233,'Video & Telecommunications, Inc','5427-A Backlick Rd','Springfiels','VA',22151,'US','703-658-0304','2010-09-02 08:19:26','0000-00-00 00:00:00'),(234,'Vermont National Guard  USPFO Vermont','789 Vermont National Guard  BLDG 3','Colchester','VA',5446,'US','802-338-3185','2010-09-02 08:20:50','0000-00-00 00:00:00'),(235,'Verimetrics','','Quebec','QC',0,'CA','418-649-8883','2010-09-02 08:21:30','0000-00-00 00:00:00'),(236,'Verge Technologies, Inc.','4010 Moorpark Ave  #226','San Jose','CA',95117,'US','408-243-6901','2010-09-02 08:22:20','0000-00-00 00:00:00'),(237,'VEG Inc (Virginia Export Group)','464 S Independence Blvd  suite C-112','Virginia Beach','VA',23452,'US','703-574-5302','2010-09-02 08:23:56','0000-00-00 00:00:00'),(238,'Value Technology','','','CA',0,'510-264-4963','','2010-09-02 08:24:32','0000-00-00 00:00:00'),(239,'Valcom Computer Center','6 Desta Drive','Midland','TX',79701,'US','432-687-5424','2010-09-02 08:25:21','0000-00-00 00:00:00'),(240,'Vadium Tech Inc','19507 207th St CT 3','Orting','WA',98360,'US','206-661-1476','2010-09-02 08:26:04','0000-00-00 00:00:00'),(241,'UTRS','950 N Kings Highway  Suite 360','Cherry Hill','NJ',8034,'US','856-667-6770','2010-09-02 08:26:45','0000-00-00 00:00:00'),(242,'USS George Washington','','','AZ',0,'US','480-759-0000','2010-09-02 08:27:30','0000-00-00 00:00:00'),(243,'USS Doyle','USS Doyle FFG 39','FPO','FL',34090,'US','904-270-5972','2010-09-02 08:28:21','0000-00-00 00:00:00'),(244,'USPFO-Nevada','','','NV',0,'US','775-887-7866','2010-09-02 08:29:06','0000-00-00 00:00:00'),(245,'USPFO for New Mexico','47 Bataan Blvd','Santa Fe','NM',87508,'US','505-474-1803','2010-09-02 08:30:10','0000-00-00 00:00:00'),(246,'USPFO for New Hampshire','4 Pembroke Rd','Concord','NH',3301,'US','603-225-1359','2010-09-02 08:30:47','0000-00-00 00:00:00'),(247,'USPFO for Montana','PO Box 4789','Fort Harrison','MT',59636,'US','406-324-3401','2010-09-02 08:31:27','0000-00-00 00:00:00'),(248,'USPFO- District of Columbia  NG','','Washington','DC',20515,'US','202-685-7856','2010-09-02 08:32:08','0000-00-00 00:00:00'),(249,'USPFO- Alaska','','','AK',0,'US','907-428-6182','2010-09-02 08:32:32','0000-00-00 00:00:00'),(250,'USPFO','','','AR',0,'US','501-212-5928','2010-09-02 08:32:59','0000-00-00 00:00:00'),(251,'USAID/Iraq','APO AE 09316','','IQ',0,'Iraq','202-216-6276','2010-09-02 08:34:30','0000-00-00 00:00:00'),(252,'USAF 373rd SPTS MEISOA','','Misawa City','JP',0,'Japan','011-811-7664','2010-09-02 08:35:19','0000-00-00 00:00:00'),(253,'USACCSA','3200 Army Pentagon  ME745(RSAC) 8100-8002','Washington','DC',20310,'US','703-614-4114','2010-09-02 08:36:40','0000-00-00 00:00:00'),(254,'USA Impact','2155 Chenault Dr  suite 512','Carrolton','TX',75006,'US','469-574-1126','2010-09-02 08:37:20','0000-00-00 00:00:00'),(256,'US Naval Research Laboratory','4555 Overlook Ave SW','Washington','DC',20375,'US','202-404-1770','2010-09-02 08:39:47','0000-00-00 00:00:00'),(257,'US Marines MSTP','','','VA',0,'US','703-784-1206','2010-09-02 08:40:25','0000-00-00 00:00:00'),(258,'US Computers','1455 Old Bridge Rd Ste 201','Woodbridge','VA',22192,'US','703-494-1213','2010-09-02 08:42:00','0000-00-00 00:00:00'),(259,'US Army Yuma Proving Ground','KFR BLDG 3185 rm185','Yuma','AZ',85365,'US','928-328-7609','2010-09-02 08:43:08','0000-00-00 00:00:00'),(260,'US Army Contracting Agency','2461 Eisenhower Ave','Alexandria','VA',22331,'US','703-325-5457','2010-09-02 08:44:33','0000-00-00 00:00:00'),(261,'Upgrade Group','20992 Bake Pkwy  ste 106','Lake Forest','CA',92630,'US','800-718-7888','2010-09-02 08:46:31','0000-00-00 00:00:00'),(262,'United Office Solutions, Inc.','2730 Orchard Ln','Excelsior','MN',55331,'US','952-401-3268','2010-09-02 08:48:40','0000-00-00 00:00:00'),(263,'Unique Networks Inc','352 7th Ave Suite 803','New York','NY',10001,'US','212-967-7774','2010-09-02 08:49:26','0000-00-00 00:00:00'),(264,'UNICOM -Nifelco, SA','','Montevideo','UY',0,'Uruguay','598-271-1555','2010-09-02 08:50:11','0000-00-00 00:00:00'),(265,'Underwater Construction Team 2','4643 Dock Rd  BLDG 524','Port Hueneme','CA',93043,'US','805-982-3191','2010-09-02 08:50:57','0000-00-00 00:00:00'),(266,'U2W, Inc.','19201 Parthenia St unit B','Northridge','CA',91324,'US','818-718-8623','2010-09-02 08:51:59','0000-00-00 00:00:00'),(267,'Tx Systems, Inc.','6242 Ferris Square, ste 1','San Diego','CA',92121,'US','858-622-2001','2010-09-02 11:50:09','0000-00-00 00:00:00'),(268,'TWD','2800 Shirlington Road  suite 400','Arlington','VA',22206,'US','703-820-9777','2010-09-02 11:51:13','0000-00-00 00:00:00'),(269,'T-Systems','701 Warrenville Rd','Lisle','IL',60532,'US','248-276-3414','2010-09-02 11:52:05','0000-00-00 00:00:00'),(270,'T-Solutions','2150 W Washington St  suite 208','San Diego','CA',92110,'US','619-666-8521','2010-09-02 11:53:19','0000-00-00 00:00:00'),(271,'TSI (Technology Specialists Inc)','4861 Tesla Dr, Suite B','Bowie','MD',21705,'US','800-487-4723','2010-09-02 11:54:23','0000-00-00 00:00:00'),(272,'TSI','816 Greenbriar Cir  suite 208','Chesapeake','VA',23320,'US','757-424-5793','2010-09-02 11:55:13','0000-00-00 00:00:00'),(273,'Trustin Technology LLC','9231 Irvine Blvd','Irvine','CA',92618,'US','949-305-3019','2010-09-03 11:35:09','0000-00-00 00:00:00'),(274,'Tropics Software Technologies','PO Box 2740','Sarasota','FL',34230,'US','941-955-1234','2010-09-03 11:35:55','0000-00-00 00:00:00'),(275,'Triware','76 Brookfiels Rd','Newfoundland&Labrador','NL',0,'CA','709-579-5000','2010-09-03 11:36:56','0000-00-00 00:00:00'),(276,'Tristar Surveillance Systems','','','TX',0,'US','713-252-3373','2010-09-03 11:37:46','0000-00-00 00:00:00'),(277,'triPractix','1330 Medical Park Dr','Fort Wayne','IN',46825,'US','260-408-7005','2010-09-03 11:38:23','0000-00-00 00:00:00'),(278,'Trinity Computer Systems','10055 Aeronca Lane #100','McKinney','TX',75071,'US','800-314-9493','2010-09-03 11:39:12','0000-00-00 00:00:00'),(279,'TriNet Technology Solutions','26W171 MacArthur Ave','Carol Stream','IL',60188,'US','630-687-1820','2010-09-03 11:40:00','0000-00-00 00:00:00'),(280,'Tri-Delta Resource','15 North St','Canandaigua','NY',14461,'US','585-394-0661','2010-09-03 11:40:57','0000-00-00 00:00:00'),(281,'TransTech Systems','PO Box 2357','Wilsonville','OR',97070,'US','503-427-7160','2010-09-03 11:41:57','0000-00-00 00:00:00'),(282,'Transcription Solutions of Sebring','1570 Lakeview Dr Suite 6','Sebring','FL',33870,'US','863-381-3552','2010-09-03 11:43:14','0000-00-00 00:00:00'),(283,'Touchstone Research Inc','18310 Montgomery Village Ave','Gaithersburg','MD',20879,'US','301-208-9100','2010-09-03 11:44:18','0000-00-00 00:00:00'),(284,'Total Tec Inc','','Westchester','MD',21228,'US','301-318-4890','2010-09-03 11:44:57','0000-00-00 00:00:00'),(285,'Total Resource Management','2820 Camino Del Rio South Suite 210','San Diego','CA',92108,'US','619-688-2059','2010-09-03 11:45:45','0000-00-00 00:00:00'),(286,'TKC Integration Services','','Washington','VA',22747,'US','703-584-4383','2010-09-03 11:47:25','0000-00-00 00:00:00'),(287,'Tiger Direct','7795 W Flafler St','Miami','FL',33144,'US','630-848-4607','2010-09-03 11:48:22','0000-00-00 00:00:00'),(288,'Tiger Controls','611 Hickory Ridge Dr','Greensboro','NC',27409,'US','336-889-6265','2010-09-03 11:49:02','0000-00-00 00:00:00'),(289,'TIG Technology Integration','','Washington','DC',0,'US','703-342-5220','2010-09-07 11:34:04','0000-00-00 00:00:00'),(290,'TIG','','Colorado Springs','CO',0,'US','719-460-4486','2010-09-07 11:34:45','0000-00-00 00:00:00'),(291,'Tiburon Enterprises','2107 N Dectur Rd suite 136','Decatur','GA',30033,'US','404-975-4811','2010-09-07 11:35:38','0000-00-00 00:00:00'),(292,'Think Computer Products','16812 Hale Ave','Irvine','CA',92606,'US','949*833-3222','2010-09-07 11:36:35','0000-00-00 00:00:00'),(293,'ThinIdentity','1001 17th St  suite S-100','Denver','CO',80202,'US','888-484-4643','2010-09-07 11:37:20','0000-00-00 00:00:00'),(294,'The Write Connection','790 Hampshire Rd #A','Westlake Village','CA',91361,'US','805-446-2260','2010-09-07 11:38:07','0000-00-00 00:00:00'),(295,'The Portable Warehouse','4430 E Miraloma Ave bld C','Anaheim','CA',92807,'US','714-701-1830','2010-09-07 11:39:09','0000-00-00 00:00:00'),(296,'Teradyne, Inc','30601 Agoura Rd','Aguoura Hills','CA',91301,'US','818-991-9700','2010-09-07 11:40:38','0000-00-00 00:00:00'),(297,'Teradici Corporation','4715 Laurel Wood Pl','Burnaby','BC',0,'CA','604-628-5395','2010-09-07 11:41:16','0000-00-00 00:00:00'),(298,'Teltek','','Los Altos','CA',94022,'US','888-283-5835','2010-09-07 11:42:03','0000-00-00 00:00:00'),(299,'Telos Corporation','19556 Ashburn Rd','Ashburn','VA',20147,'US','703-724-4675','2010-09-07 11:42:40','0000-00-00 00:00:00'),(300,'Tekserve Mexico','Emiliano Zapata #21-B Bodega 1','Tlalnepantla','MX',54090,'MX','525-528-8120','2010-09-07 11:44:00','0000-00-00 00:00:00'),(301,'Tekno A','','Istanbul','TR',0,'Turkey','902-163-0259','2010-09-07 11:44:32','0000-00-00 00:00:00'),(302,'Tek Source Solutions','1100 Irvine Blvd  suite 602','Tustin','CA',92780,'US','714-730-0731','2010-09-07 11:45:44','0000-00-00 00:00:00'),(303,'Technology Specialists Inc','303 Second St  suite E','Annapolis','MD',21403,'US','410-268-2300','2010-09-07 11:46:45','0000-00-00 00:00:00'),(304,'Technology Integration Group','7810 Trade St','San Diego','CA',92121,'US','858-566-1900','2010-09-07 11:47:17','0000-00-00 00:00:00'),(305,'Technology Express','22122 20th Ave SE  Suite 164','Bothell','WA',98021,'US','425-806-8888','2010-09-07 11:47:59','0000-00-00 00:00:00'),(306,'Technology Expeditors','','','NY',0,'US','866-626-2828','2010-09-07 11:48:30','0000-00-00 00:00:00'),(307,'Technology Distribution Network','1000 Young St Suite 270','Tonawanda','NY',14150,'US','716-743-0195','2010-09-07 11:49:19','0000-00-00 00:00:00'),(308,'Technica Corporation','45245 Business Court #300','Dulles','VA',20166,'US','703-662-2107','2010-09-07 11:50:12','0000-00-00 00:00:00'),(309,'Tech4Tomorrow','10432 Balls Ford Rd  suite 300','Manassas','VA',20109,'US','703-881-7781','2010-09-07 11:50:52','0000-00-00 00:00:00'),(310,'Tech Depot','6 Cambridge','Trumbull','CT',0,'US','203-615-7417','2010-09-07 11:51:37','0000-00-00 00:00:00'),(311,'Tech Data','6911 Creditview Rd','Mississingua','ON',0,'CA','905-286-6800','2010-09-07 11:52:23','0000-00-00 00:00:00'),(312,'Tech Com Supply','','Pampa','TX',79065,'US','806-688-8592','2010-09-07 11:52:53','0000-00-00 00:00:00'),(313,'TDM Communication','','','TX',0,'US','915-778-6949','2010-09-07 11:53:22','0000-00-00 00:00:00'),(314,'TCS Computer, Inc','8500 Leesburg Pike  Suite 102','Vienna','VA',22182,'US','703-556-0400','2010-09-07 11:54:04','0000-00-00 00:00:00'),(315,'Tangent Computer','191 Airport Blvd','Burlingame','CA',94010,'US','800-342-9388','2010-09-07 11:54:55','0000-00-00 00:00:00'),(316,'Talons Traders','1155 E Lebanon Rd','Dover','DE',19901,'US','302-531-0620','2010-09-07 11:55:31','0000-00-00 00:00:00'),(317,'TAG (Technology Advancement Group)','22355 Tag Way','Dulles','VA',20166,'US','703-889-1642','2010-09-07 11:56:10','0000-00-00 00:00:00'),(318,'TAC Computer','7603 First Place, Unit B-10','Oakwood Village','OH',44146,'US','440-232-2555','2010-09-07 11:56:53','0000-00-00 00:00:00'),(319,'T3 Corporation','','Fairmont','WV',26554,'US','304-367-9463','2010-09-07 11:57:26','0000-00-00 00:00:00'),(320,'T and L Sales','3313 12th St NE','Great Falls','MT',56404,'US','406-771-8640','2010-09-07 11:58:03','0000-00-00 00:00:00'),(321,'Sytex Inc','6021 University Blvd  suite 130','Ellicot City','MD',21043,'US','706-791-6799','2010-09-08 08:02:10','0000-00-00 00:00:00'),(322,'System Planning Corporation','46266 Greens Restcourt','Great Mills','MD',20634,'US','301-866-1959','2010-09-08 08:03:34','0000-00-00 00:00:00'),(323,'System Design Advantage','9655 Penn Ave South','Bloomington','MN',55431,'US','952-703-3528','2010-09-08 08:04:23','0000-00-00 00:00:00'),(324,'Systel Ricoh','','','NC',0,'US','919-876-8522','2010-09-08 08:04:52','0000-00-00 00:00:00'),(325,'Sysorex','335 E Middlefield Rd','Mountain View','CA',94043,'US','650-934-6189','2010-09-08 08:05:31','0000-00-00 00:00:00'),(326,'Synergy','73200 El Paseo Dr suite 2G','Palm Desert','CA',92260,'US','760-601-5244','2010-09-08 08:06:45','0000-00-00 00:00:00'),(327,'Synchrotech','3333 Wilsher Blvd  suite 806','Los Angeles','CA',90010,'US','213-368-3760','2010-09-08 08:07:38','0000-00-00 00:00:00'),(329,'Symantec','350 Ellis St','Mountain View','CA',94043,'US','719-339-6951','2010-09-08 08:09:13','0000-00-00 00:00:00'),(330,'Surah.com','44912 Osgood Rd','Fremont','CA',94539,'US','510-651-5101','2010-09-08 08:10:13','0000-00-00 00:00:00'),(331,'Superior Global Solutions','1113 Worshan Green Terrace','Midlothian','VA',23114,'US','804-794-3507','2010-09-08 08:11:13','0000-00-00 00:00:00'),(332,'Superior Communication Solutions','3301 7th St SE','Moultrie','GA',31788,'US','229-891-3636','2010-09-08 08:12:11','0000-00-00 00:00:00'),(333,'Sun Industries','','','CA',0,'US','310-782-1188','2010-09-08 08:12:51','0000-00-00 00:00:00'),(334,'Sun Construction','103 Roy Court','Leesburg','VA',20175,'US','703-772-4046','2010-09-08 08:13:28','0000-00-00 00:00:00'),(335,'STSG, Superior Turnkey Solutions Group','PO Box 262145','Plano','TX',75026,'US','918-307-0440','2010-09-08 08:14:39','0000-00-00 00:00:00'),(336,'Structure Wise, Inc','11124 South Towne Square  suite 301','St Louis','MO',63123,'US','314-815-3044','2010-09-08 08:15:23','0000-00-00 00:00:00'),(337,'Strong Auth','550 Lakeside Dr  suite 10','Sunnyvale','CA',94085,'US','408-331-2001','2010-09-08 08:16:21','0000-00-00 00:00:00'),(338,'Strategic Data Management','14074 Trade Center drive, suite 254','Fishers','IN',46038,'US','317-219-0428','2010-09-08 08:17:08','0000-00-00 00:00:00'),(339,'Sterling Computers','1508 Square Turn Blvd','Norfolk','NE',68701,'US','402-379-1030','2010-09-08 08:18:37','0000-00-00 00:00:00'),(340,'Stellco Inc','PO Box 2866','Wilsonville','OR',97070,'US','800-536-1966','2010-09-08 08:19:26','0000-00-00 00:00:00'),(341,'Stellar Data Inc','7950 Silverton Ave  suite 101','San Diego','CA',92126,'US','858-653-0400','2010-09-08 08:20:08','0000-00-00 00:00:00'),(342,'Steelcloud','13962 Park Center Rd','Herndon','VA',20171,'US','703-674-5607','2010-09-08 08:20:49','0000-00-00 00:00:00'),(343,'STDUSD','','Tucson','AZ',85701,'US','520-661-0199','2010-09-08 08:21:17','0000-00-00 00:00:00'),(344,'Startups Inc','1010 Silver Palm Lane','Maitland','FL',32751,'US','407-312-6278','2010-09-08 08:22:17','0000-00-00 00:00:00'),(345,'Star Computer Group','3600 North West 114th Ave Suite A','Miami','FL',33178,'US','305-471-6101','2010-09-08 08:23:04','0000-00-00 00:00:00'),(346,'STAC Computers','12321 Aster Ave','Brandonton','FL',34212,'US','941-749-1480','2010-09-08 08:24:17','0000-00-00 00:00:00'),(347,'St Net Inc','401 Professional Dr  Suite 110','Gaithersburg','MD',20879,'US','301-840-6933','2010-09-08 08:24:57','0000-00-00 00:00:00'),(348,'SRA International','4300 Failakes Ct','Fairfax','VA',22033,'US','703-803-1500','2010-09-08 08:25:39','0000-00-00 00:00:00'),(349,'Spring Board Tech','','','MA',0,'US','413-272-4084','2010-09-08 08:26:26','0000-00-00 00:00:00'),(350,'Spectrum Systems Inc','11325 Random Hills Rd, suite 600','Fairfax','VA',22030,'US','703-591-7400','2010-09-08 08:27:35','0000-00-00 00:00:00'),(351,'Spectra Impex Inc','20416 E Walnut Dr N  unit #2A','Walnut','CA',91789,'US','909-598-4323','2010-09-08 08:28:25','0000-00-00 00:00:00'),(352,'SPAWAR  San Diego','53560 Hull St','San Diego','CA',92152,'US','','2010-09-08 08:29:17','2010-09-08 08:30:48'),(353,'SPAWAR  Pensecola','130 West Ave Suite D','Pensacola','FL',32508,'US','','2010-09-08 08:30:25','0000-00-00 00:00:00'),(354,'Southern Computer Warehouse','1800 Roswell Rd, Suite 1060','Marietta','GA',30062,'US','877-468-6729','2010-09-08 08:33:02','0000-00-00 00:00:00'),(355,'Solutions, Inc','','','FL',0,'US','305-984-7772','2010-09-08 08:34:11','0000-00-00 00:00:00'),(356,'Solid Networks','5686 Pirrone Rd','Salida','CA',95368,'US','209-338-1488','2010-09-08 08:34:49','0000-00-00 00:00:00'),(357,'Software Center','8334-D Leesburg Pike','Vienna','VA',22182,'US','703-356-3600','2010-09-08 08:35:52','0000-00-00 00:00:00'),(358,'Software Solutions and Designs Inc','1854 Wallace School Rd','Charleston','SC',29407,'US','843-556-4720','2010-09-08 08:37:02','0000-00-00 00:00:00'),(359,'Software Plantation','26087 Bellis Dr','Valencia','CA',91355,'US','661-259-4249','2010-09-08 08:37:48','0000-00-00 00:00:00'),(360,'Software & More','12 Timber Way Court','Reisterstown','MD',21136,'US','410-833-5262','2010-09-08 08:38:37','0000-00-00 00:00:00'),(361,'SOFSA','PO Box 14063','Lexington','KY',40512,'US','859-293-3144','2010-09-08 08:39:32','0000-00-00 00:00:00'),(362,'Smokemaker','513 Stewart St  suite G','Charlottesville','VA',22902,'US','434-977-2700','2010-09-08 08:40:45','0000-00-00 00:00:00'),(363,'SMC ISSW OMI','480 N Aviation Blvd','El Segundo','CA',90245,'US','310-653-4437','2010-09-08 08:41:27','0000-00-00 00:00:00'),(364,'Smartronix','44150 Smartronix Way','Hollywood','MD',20636,'US','301-373-6000','2010-09-08 08:42:08','0000-00-00 00:00:00'),(365,'Smart Tech','','Raleigh','NC',27601,'US','','2010-09-08 08:42:55','0000-00-00 00:00:00'),(366,'Smart Computer Services','3453 N Pan Am Expressway','San Antonio','TX',78219,'US','210-348-9310','2010-09-08 08:43:52','0000-00-00 00:00:00'),(367,'Skyworth TTG USA Inc','239 Kings Highway East','Haddonfied','NJ',8033,'US','609-472-3604','2010-09-08 08:44:40','0000-00-00 00:00:00'),(368,'Sita Business Systems, Inc','14524 H Lee Rd','Chantilly','VA',20151,'US','703-222-7272','2010-09-08 08:45:25','0000-00-00 00:00:00'),(369,'Sinteg Inc','2095 Chain Bridge Rd  Suite 208','Vienna','VA',22185,'US','703-821-1283','2010-09-09 08:38:35','0000-00-00 00:00:00'),(370,'Simply Laptops','13610 N Scottsdale Rd','Scottsdale','AZ',85254,'US','888-417-4675','2010-09-09 08:39:20','0000-00-00 00:00:00'),(371,'Simplex Supply Co Inc','756 Grand Blvd','Deer Park','NY',11729,'US','','2010-09-09 08:42:46','0000-00-00 00:00:00'),(372,'Sim-G Technologies','1100 15th St NW 12th Floor','Washington','DC',2005,'US','','2010-09-09 09:35:58','0000-00-00 00:00:00'),(373,'Silverado Tech','655 N Alvernon Way  suite 216','Tucson','AZ',85711,'US','','2010-09-09 09:36:35','0000-00-00 00:00:00'),(374,'Silicon Graphics','1140 E Arques Ave','Sunnyvale','CA',94085,'US','','2010-09-09 09:37:08','0000-00-00 00:00:00'),(375,'Sil Micro Corp','10441 NW 28th St  unit A105','Miami','FL',33172,'US','','2010-09-09 09:37:45','0000-00-00 00:00:00'),(376,'Sig-Tec','18894 Lake Drive East','Chanhassen','MN',55317,'US','','2010-09-09 09:38:20','0000-00-00 00:00:00'),(377,'Signet Technologies, Inc','12300 Kiln Court suite E','Beltsville','MD',20705,'US','','2010-09-09 09:39:06','0000-00-00 00:00:00'),(378,'Sigma Trade','5247 13th Ave South','Mineapolis','MN',55417,'US','','2010-09-09 09:39:37','0000-00-00 00:00:00'),(379,'Sigma Data Systems Inc','197 Possum Park Rd','Newark','DE',19711,'US','','2010-09-09 09:40:17','0000-00-00 00:00:00'),(380,'Sigalos & Associates','915 Hawthorne Dr','Itasca','IL',60143,'US','','2010-09-09 09:40:51','0000-00-00 00:00:00'),(381,'Siemens Inc','285-A Cahaba Valley Pkwy N','Pelham','AL',35124,'US','','2010-09-09 09:41:36','0000-00-00 00:00:00'),(382,'SHI International Corp','33 Knightsbridge Rd','Piscataway','NJ',8854,'US','','2010-09-09 09:42:34','0000-00-00 00:00:00'),(383,'Seymour Johnson AF','1450 Refueling Plaza  Bldg 4908','Goldsboro','NC',27531,'US','','2010-09-09 09:43:46','0000-00-00 00:00:00'),(384,'Sercom Solutions','M50 Business Park  Ballymount Rd U','Dublin 12','IE',0,'Ireland','','2010-09-09 09:44:53','0000-00-00 00:00:00'),(385,'Sentillion','40 Shattuck Rd  suite 200','Andover','MA',1810,'US','','2010-09-09 09:45:44','0000-00-00 00:00:00'),(386,'Sensor Systems Analyses Corporation','7237 Brekenridge Dr','Fort Worth','TX',76179,'US','','2010-09-09 09:46:34','0000-00-00 00:00:00'),(387,'SEI-CCS','51 Broadway Suite 202','Fargo','ND',58102,'US','','2010-09-09 09:47:33','0000-00-00 00:00:00'),(388,'SEI - System Engineering International','5115 Pegasus Ct  suite Q','Frederick','MD',21704,'US','','2010-09-09 09:48:09','0000-00-00 00:00:00'),(389,'Seertronics','','Payette','ID',83661,'US','','2010-09-09 09:48:29','0000-00-00 00:00:00'),(391,'Secure-Networks-Solutions','6312 SW Capitol Hwy  suite 428','Portland','OR',97239,'US','','2010-09-09 09:50:34','0000-00-00 00:00:00'),(392,'Secure IT','1902 Campus Commons Dr  suite 100','Reston','VA',20191,'US','','2010-09-09 09:51:25','0000-00-00 00:00:00'),(393,'Secure Enterprise Solution','99 Cherry Hill Rd','Parsippnay','NJ',7054,'US','','2010-09-09 09:53:48','0000-00-00 00:00:00'),(394,'Secure Endpoints','255 W 94th St apt 9F','New York','NY',10025,'US','','2010-09-09 09:54:25','0000-00-00 00:00:00'),(395,'SecDef Communications','1155 Defense Pentagon Room 5E314  Szabo 032608','Washington','DC',20301,'US','','2010-09-09 09:55:19','0000-00-00 00:00:00'),(396,'SEA Inc','PO  Box 52','Dowell','MD',20629,'US','','2010-09-09 09:56:13','0000-00-00 00:00:00'),(397,'SDV Solutions','1200 G St, NW','Washington','DC',20005,'US','','2010-09-09 09:56:47','0000-00-00 00:00:00'),(398,'SD Pacific','11 Marconi B','Irvine','CA',92618,'US','','2010-09-09 09:57:16','0000-00-00 00:00:00'),(399,'SchoolDesk','4201 E Modock Dr','Phoenix','AZ',85044,'US','','2010-09-09 09:58:26','0000-00-00 00:00:00'),(400,'SCb Solutions','2732 18th St N','Arlington','VA',22201,'US','','2010-09-09 09:59:26','0000-00-00 00:00:00'),(401,'Scalar Decisions, Inc','36 Toronto St, suite 408','Toronto','ON',0,'CA','','2010-09-09 10:00:01','0000-00-00 00:00:00'),(402,'SBS Security','','Corinth','TX',76210,'US','','2010-09-09 10:00:30','0000-00-00 00:00:00'),(403,'Savrus','5195 Hampsted Village Center Way #185','New Albany','OH',43054,'US','','2010-09-09 10:01:20','0000-00-00 00:00:00'),(404,'Save N Safe','400 Orchard Rd  #02-44 Orchard Towers','Singapore','SG',0,'Singapore','','2010-09-09 10:02:11','2010-09-09 10:02:31'),(405,'Sana Trading and Services','916 E Shobe Dr','Tempe','AZ',85283,'US','','2010-09-09 10:03:47','0000-00-00 00:00:00'),(406,'Sakthi Medical Systems LLC','4115 Gala Ct','Stafford','TX',77477,'US','','2010-09-09 10:04:22','0000-00-00 00:00:00'),(407,'SAI Systems','12 Progress Dr','Shelton','CT',6484,'US','','2010-09-09 10:05:06','0000-00-00 00:00:00'),(408,'SafeNet, Inc','4690 Millennium Dr','Belcamp','MD',21017,'US','','2010-09-09 10:05:40','0000-00-00 00:00:00'),(409,'Sacramento Technology Group','PO Box 7019','Folsom','CA',95763,'US','','2010-09-09 10:06:17','0000-00-00 00:00:00'),(410,'Sabio IT','8200 NW 27th St  suite 115','Miami','FL',33122,'US','','2010-09-09 10:06:52','0000-00-00 00:00:00'),(411,'S4 HHT/3/3 ACR','FOB Marez Iraq','APO','AE',9334,'Germany','','2010-09-09 10:07:39','0000-00-00 00:00:00'),(412,'S&S Technologies','7524 E Angus #2','Scottsdale','AZ',85251,'US','','2010-09-09 10:08:18','0000-00-00 00:00:00'),(413,'S & S Electronics','1854 w Boxwood','Gilbert','AZ',85233,'US','','2010-09-09 10:10:46','0000-00-00 00:00:00'),(414,'RXL Corp','5070 Baywood Dr','Rosewell','GA',30076,'US','','2010-09-13 08:14:59','0000-00-00 00:00:00'),(415,'Ruby-Tech Inc','20 North Main St','Sherborn','MA',1770,'US','','2010-09-13 08:15:39','0000-00-00 00:00:00'),(416,'RT Sales','','','VA',0,'US','','2010-09-13 08:15:57','0000-00-00 00:00:00'),(417,'Royce Digital Systems, Inc','2552 A-White Rd','Irvine','CA',92614,'US','','2010-09-13 08:16:33','0000-00-00 00:00:00'),(418,'Rotrel, Inc','13501 SW 80th St','Miami','FL',33183,'US','','2010-09-13 08:17:23','0000-00-00 00:00:00'),(419,'Roller Traders LLC','','','NY',0,'US','','2010-09-13 08:22:05','0000-00-00 00:00:00'),(420,'RockWest Technology Group','3370 San Fernando Rd #202','Los Angeles','CA',90065,'US','','2010-09-13 08:23:29','0000-00-00 00:00:00'),(421,'RockWest Technology Group','2111 S Industrial Park','Tempe','AZ',85282,'US','','2010-09-13 08:24:04','0000-00-00 00:00:00'),(422,'RNB Technologies','200 12th St S  suite 700','Arlington','VA',22202,'US','','2010-09-13 08:25:12','0000-00-00 00:00:00'),(423,'Ricom Inc','188-G Technology Dr','Irvine','CA',92618,'US','','2010-09-13 08:26:04','0000-00-00 00:00:00'),(424,'Ricoh','5 Dedrick Place','West Caldwell','NJ',7006,'US','','2010-09-13 08:26:55','0000-00-00 00:00:00'),(425,'RHC Group','401 W Main  Suite 1500','Louisville','KY',40202,'US','','2010-09-13 08:27:50','0000-00-00 00:00:00'),(426,'RGS Associates','2121 Crystal Drive  suite 709','Arlington','VA',22202,'US','','2010-09-13 08:28:28','0000-00-00 00:00:00'),(427,'Reynolds & Reynolds','1 Reynolds Way','Dayton','OH',45430,'US','','2010-09-13 08:29:13','0000-00-00 00:00:00'),(428,'Revision Inc','1332 E 22nd Ave','Denver','CO',80205,'US','','2010-09-13 08:29:43','0000-00-00 00:00:00'),(429,'Renesas Technology America','450 Holger Way','San Jose','CA',95134,'US','','2010-09-13 08:30:36','0000-00-00 00:00:00'),(430,'Reliance Network Solutions, Inc.','1 Annapolis St  suite 200','Annapolis','MD',21401,'US','','2010-09-13 08:31:10','0000-00-00 00:00:00'),(431,'Regional Managament, Inc','','Hartford','CT',6001,'US','','2010-09-13 08:31:43','0000-00-00 00:00:00'),(432,'Red Orange North America','7E Jules Lance','New Brunswick','NJ',8901,'US','','2010-09-13 08:32:58','0000-00-00 00:00:00'),(433,'Red Hawk IT','2689 Maple Ridge Dr','Woodbridge','VA',22192,'US','','2010-09-13 08:33:34','0000-00-00 00:00:00'),(434,'RealStar Solutions','4411 Suwanee Dam Rd  suite 440','Suwanee','GA',30024,'US','','2010-09-13 08:34:20','0000-00-00 00:00:00'),(435,'RBTI','112 Krog St suite 1','Atlanta','GA',30307,'US','','2010-09-13 08:35:08','0000-00-00 00:00:00'),(436,'Rbadani Enterprises Inc','1830 S Ocean Dr  apt 1506','Hallandale Beach','FL',33009,'US','','2010-09-13 08:35:45','0000-00-00 00:00:00'),(437,'Rarey Roth','1710 Manor Hill Rd','Findlay','OH',45840,'US','','2010-09-13 08:36:35','0000-00-00 00:00:00'),(438,'Randd Associates','PO Box 236','Dayton','OH',45449,'US','','2010-09-13 08:37:09','0000-00-00 00:00:00'),(439,'Raico','7831 NW 72nd Ave','Miami','FL',33166,'US','','2010-09-13 08:37:46','0000-00-00 00:00:00'),(440,'R&M Enterprises, Inc','912 Sol Court','Ridgecrest','CA',93555,'US','','2010-09-13 08:38:32','0000-00-00 00:00:00'),(441,'QVS','30727 Beverly Rd','Romulus','MI',48174,'US','','2010-09-13 08:39:11','0000-00-00 00:00:00'),(442,'Questronic, Inc','2701 E Chapman Ave  Suite 202E','Fullerton','CA',92831,'US','','2010-09-13 08:40:19','0000-00-00 00:00:00'),(443,'Quantum Data Systems','PO Box 157','Paynesville','MN',56362,'US','','2010-09-13 08:40:58','0000-00-00 00:00:00'),(444,'QSystems Computers','161 High Meadow Blvd','Laffette','LA',70507,'US','','2010-09-13 08:41:42','0000-00-00 00:00:00'),(445,'Qinetiq North America','65 Barrett Heights Rd  suite 201','Stafford','VA',22556,'US','','2010-09-13 08:42:27','0000-00-00 00:00:00'),(446,'Purvis Systems Inc','1272 W Main Rd','Middletown','RI',2842,'','','2010-09-14 07:58:10','0000-00-00 00:00:00'),(447,'Protiviti Government Services','1640 King St  suite400','Alexandria','VA',22314,'','','2010-09-14 07:59:15','0000-00-00 00:00:00'),(448,'Proquire LLC/Accenture','PO Box 64630','Chicago','IL',60664,'','','2010-09-14 08:00:10','0000-00-00 00:00:00'),(449,'Procuretech, Inc','2604B El Camino Real #185','Carlsbad','CA',92008,'','','2010-09-14 08:01:19','0000-00-00 00:00:00'),(450,'Pro Technologies','PO Box 469','Utica','IL',0,'','','2010-09-14 08:02:15','0000-00-00 00:00:00'),(451,'Pro EIS','','','NV',0,'','','2010-09-14 08:02:44','0000-00-00 00:00:00'),(452,'Pro Computer Inc','5344 Freeway Park Dr','Riverdale','UT',84405,'','','2010-09-14 08:03:34','0000-00-00 00:00:00'),(453,'Print Electronics','126 Beverly Hill Rd','Clifton','NJ',7012,'','','2010-09-14 08:04:05','0000-00-00 00:00:00'),(454,'Presidio Network Solutions','5100-J Philadelphia Way','Lanham','MD',20706,'','','2010-09-14 08:05:16','0000-00-00 00:00:00'),(455,'Premio Inc','918 Radecki Court','City of Industry','CA',91748,'','','2010-09-14 08:05:53','0000-00-00 00:00:00'),(456,'Precision Manchine Tools Solutions','2209 Quarry Dr','Reading','PA',19609,'','','2010-09-14 08:06:35','0000-00-00 00:00:00'),(457,'Precise Systems','46591 Epedition Dr  suite 200','Lexington Park','MD',20653,'','','2010-09-14 08:07:17','0000-00-00 00:00:00'),(458,'Pragmatics/Joint Spectrum Center','2004 Turbot Landing','Annapolis','MD',21402,'','','2010-09-14 08:08:07','0000-00-00 00:00:00'),(459,'Poncatec','PO Box 31204','Omaha','NE',68131,'','','2010-09-14 08:08:46','0000-00-00 00:00:00'),(460,'Pomeroy IT Solutions','1020 Petersburg Rd  PO Box 458','Hebron','KY',41048,'','','2010-09-14 08:09:34','0000-00-00 00:00:00'),(461,'Polywell Computers','1461 San Mateo Ave','S San Francisco','CA',94080,'','','2010-09-14 08:10:13','0000-00-00 00:00:00'),(462,'Plasco ID','1501 NW 163rd St','Miami','FL',33169,'','','2010-09-14 08:11:18','0000-00-00 00:00:00'),(463,'PlantCML','PO Box 9007','Temecula','CA',92589,'','','2010-09-14 08:11:46','0000-00-00 00:00:00'),(464,'Planson International','363 Penny Rd','New Gloucester','ME',4260,'','','2010-09-14 08:12:15','0000-00-00 00:00:00'),(465,'Planet CML','42505 Rio Nedo','Temecula','CA',92590,'','','2010-09-14 08:12:53','0000-00-00 00:00:00'),(466,'Petra Group USA','','Tomball','TX',77337,'','','2010-09-14 08:14:06','0000-00-00 00:00:00'),(467,'Performance Systems Integration','7324 SW Durham Rd','Portland','OR',97224,'','','2010-09-14 08:15:17','0000-00-00 00:00:00'),(468,'PCConnection','730 Milford Rd  route 101A','Merrimack','NH',3054,'','','2010-09-14 08:16:56','0000-00-00 00:00:00'),(469,'PC Solutions of New York','21 Orchard Lane','Highland','NY',12528,'','','2010-09-14 08:23:38','0000-00-00 00:00:00'),(470,'PC Quest Inc','1047 NW 116th Ave','Coral Springs','FL',33071,'','','2010-09-14 08:24:12','0000-00-00 00:00:00'),(471,'PC Mart','2916 W Ogden Ave','Naperville','IL',60540,'','','2010-09-14 08:24:44','0000-00-00 00:00:00'),(472,'PC Mall','2555 W 190th St','Torrance','CA',90504,'','','2010-09-14 08:25:24','0000-00-00 00:00:00'),(473,'PC Connection (GovConnection)','Route 101A   730 Milford Rd','Merrimack','NH',3054,'','','2010-09-14 08:26:11','0000-00-00 00:00:00'),(474,'Patriot Training Detachment','BLDG 723 Carter Rd','Fort Bliss','TX',79916,'','','2010-09-14 08:26:57','0000-00-00 00:00:00'),(475,'Patriot PC','7700 Congress Ave suite 1115','Boca Raton','FL',33487,'','','2010-09-14 08:27:37','0000-00-00 00:00:00'),(476,'Paragon Systems, LLC','950 Herndon Parkway  suite 140','Herndon','VA',20170,'','','2010-09-14 08:28:45','0000-00-00 00:00:00'),(477,'Paragon Development Systems, Inc.','PO Box 128','Oconomowoc','WI',53066,'','','2010-09-14 08:29:20','0000-00-00 00:00:00'),(478,'Pante Technology Corporation','','','VA',0,'','','2010-09-14 08:29:52','0000-00-00 00:00:00'),(479,'Pacific Services Inc','1060 Calle Negocio  suite C','San Clemente','CA',92673,'','','2010-09-14 08:31:27','0000-00-00 00:00:00'),(480,'P C & More LLC','130 W Lancaster Ave','Radnor','PA',19087,'','','2010-09-14 08:32:34','0000-00-00 00:00:00');

--
-- Table structure for table `zen_configuration`
--

CREATE TABLE `zen_configuration` (
  `configuration_id` int(11) NOT NULL AUTO_INCREMENT,
  `configuration_title` text NOT NULL,
  `configuration_key` varchar(255) NOT NULL DEFAULT '',
  `configuration_value` text NOT NULL,
  `configuration_description` text NOT NULL,
  `configuration_group_id` int(11) NOT NULL DEFAULT '0',
  `sort_order` int(5) DEFAULT NULL,
  `last_modified` datetime DEFAULT NULL,
  `date_added` datetime NOT NULL DEFAULT '0001-01-01 00:00:00',
  `use_function` text,
  `set_function` text,
  PRIMARY KEY (`configuration_id`),
  UNIQUE KEY `unq_config_key_zen` (`configuration_key`),
  KEY `idx_key_value_zen` (`configuration_key`,`configuration_value`(10)),
  KEY `idx_cfg_grp_id_zen` (`configuration_group_id`)
) ENGINE=MyISAM AUTO_INCREMENT=1336 DEFAULT CHARSET=latin1;

--
-- Dumping data for table `zen_configuration`
--



--
-- Table structure for table `zen_configuration_group`
--

CREATE TABLE `zen_configuration_group` (
  `configuration_group_id` int(11) NOT NULL AUTO_INCREMENT,
  `configuration_group_title` varchar(64) NOT NULL DEFAULT '',
  `configuration_group_description` varchar(255) NOT NULL DEFAULT '',
  `sort_order` int(5) DEFAULT NULL,
  `visible` int(1) DEFAULT '1',
  PRIMARY KEY (`configuration_group_id`),
  KEY `idx_visible_zen` (`visible`)
) ENGINE=MyISAM AUTO_INCREMENT=34 DEFAULT CHARSET=latin1;

--
-- Dumping data for table `zen_configuration_group`
--

INSERT INTO `zen_configuration_group` VALUES (1,'My Store','General information about my store',1,1),(2,'Minimum Values','The minimum values for functions / data',2,1),(3,'Maximum Values','The maximum values for functions / data',3,1),(4,'Images','Image parameters',4,1),(5,'Customer Details','Customer account configuration',5,1),(6,'Module Options','Hidden from configuration',6,0),(7,'Shipping/Packaging','Shipping options available at my store',7,1),(8,'Product Listing','Product Listing configuration options',8,1),(9,'Stock','Stock configuration options',9,1),(10,'Logging','Logging configuration options',10,1),(11,'Regulations','Regulation options',16,1),(12,'E-Mail Options','General settings for E-Mail transport and HTML E-Mails',12,1),(13,'Attribute Settings','Configure products attributes settings',13,1),(14,'GZip Compression','GZip compression options',14,1),(15,'Sessions','Session options',15,1),(16,'GV Coupons','Gift Vouchers and Coupons',16,1),(17,'Credit Cards','Credit Cards Accepted',17,1),(18,'Product Info','Product Info Display Options',18,1),(19,'Layout Settings','Layout Options',19,1),(20,'Website Maintenance','Website Maintenance Options',20,1),(21,'New Listing','New Products Listing',21,1),(22,'Featured Listing','Featured Products Listing',22,1),(23,'All Listing','All Products Listing',23,1),(24,'Index Listing','Index Products Listing',24,1),(25,'Define Page Status','Define Main Pages and HTMLArea Options',25,1),(30,'EZ-Pages Settings','EZ-Pages Settings',30,1),(31,'Easy Populate','Config options for Easy Populate',31,1),(32,'Recover Cart Sales','Recover Cart Sales (RCS) Configuration Values',32,1),(33,'Image Manager','Set Image Manager Options',33,1);

--
-- Table structure for table `zen_counter`
--

CREATE TABLE `zen_counter` (
  `startdate` char(8) DEFAULT NULL,
  `counter` int(12) DEFAULT NULL
) ENGINE=MyISAM DEFAULT CHARSET=latin1;

--
-- Dumping data for table `zen_counter`
--

INSERT INTO `zen_counter` VALUES ('20100428',19434);

--
-- Table structure for table `zen_counter_history`
--

CREATE TABLE `zen_counter_history` (
  `startdate` char(8) NOT NULL DEFAULT '',
  `counter` int(12) DEFAULT NULL,
  `session_counter` int(12) DEFAULT NULL,
  PRIMARY KEY (`startdate`)
) ENGINE=MyISAM DEFAULT CHARSET=latin1;

--
-- Dumping data for table `zen_counter_history`
--

INSERT INTO `zen_counter_history` VALUES ('20100428',19,3),('20100429',20,2),('20100430',19,3),('20100503',1,1),('20100506',3,1),('20100512',11,1),('20100513',37,2),('20100516',42,3),('20100517',14,3),('20100520',26,1),('20100525',25,2),('20100526',1,1),('20100528',27,2),('20100601',4,2),('20100602',1,1),('20100607',6,1),('20100623',93,5),('20100624',17,7),('20100625',5,3),('20100628',3,2),('20100629',21,3),('20100630',6,4),('20100701',33,4),('20100702',32,8),('20100703',203,13),('20100704',1,1),('20100705',74,13),('20100706',84,12),('20100707',135,17),('20100708',106,15),('20100709',106,13),('20100710',71,5),('20100711',6,3),('20100712',76,12),('20100713',1,1),('20100714',29,2),('20100715',52,9),('20100716',192,14),('20100717',154,22),('20100718',2,2),('20100719',140,13),('20100720',259,61),('20100721',85,80),('20100722',53,46),('20100723',249,246),('20100724',1,1),('20100725',1,1),('20100726',60,10),('20100727',424,35),('20100728',185,11),('20100729',60,15),('20100730',30,9),('20100731',91,9),('20100801',146,7),('20100802',155,37),('20100803',250,40),('20100804',70,25),('20100805',156,22),('20100806',249,30),('20100807',228,22),('20100808',4,4),('20100809',353,37),('20100810',155,17),('20100811',90,15),('20100812',111,10),('20100813',194,20),('20100815',173,9),('20100816',44,8),('20100817',272,17),('20100818',550,34),('20100819',715,29),('20100820',267,25),('20100823',270,17),('20100824',397,21),('20100825',475,22),('20100826',226,24),('20100827',1036,26),('20100828',127,4),('20100830',579,14),('20100831',554,22),('20100901',539,21),('20100902',1061,32),('20100903',505,28),('20100904',46,10),('20100905',76,4),('20100906',176,10),('20100907',667,22),('20100908',58,11),('20100909',2062,433),('20100910',881,201),('20100911',4,1),('20100912',129,16),('20100913',105,21),('20100914',261,36),('20101001',43,2),('20101007',1,1),('20101015',2,1),('20101123',3,1),('20101201',1,1),('20101230',5,2),('20110130',84,84),('20110202',8,1),('20110207',4,2),('20110210',2,2),('20110307',2,1),('20110310',2,1),('20110315',1,1),('20110316',2,1),('20110318',1,1),('20110320',1,1),('20110321',1,1),('20110322',1,1),('20110323',6,1),('20110324',2,1),('20110325',13,3),('20110326',2,1),('20110327',1,1),('20110328',23,3),('20110401',4,1),('20110404',4,1),('20110405',2,2),('20110406',1,1),('20110407',58,4),('20110408',11,3),('20110411',164,6),('20110412',31,3),('20110413',72,8),('20110414',43,4),('20110418',1,1),('20110419',1,1),('20110421',6,3),('20110427',3,2),('20110501',1,1),('20110502',5,3),('20110503',4,3),('20110504',9,6),('20110505',3,2),('20110506',9,8),('20110507',3,3),('20110508',3,2),('20110509',4,3),('20110510',8,3),('20110511',5,2),('20110512',7,1),('20110514',3,2),('20110515',1,1),('20110516',7,4),('20110517',3,2),('20110518',6,2),('20110519',10,6),('20110520',1,1),('20110522',2,1),('20110523',4,4),('20110524',6,4),('20110525',4,3),('20110526',12,3),('20110527',58,2),('20110528',4,2),('20110530',12,7),('20110531',11,5),('20110601',1,1),('20110602',7,2),('20110603',17,6),('20110605',7,3),('20110606',5,5),('20110607',6,1),('20110608',15,5),('20110609',5,2),('20110610',8,1),('20110611',2,2),('20110612',3,2),('20110613',7,4),('20110614',20,7),('20110615',4,4),('20110616',3,3),('20110617',5,4),('20110618',5,3),('20110619',4,3),('20110620',2,2),('20110621',8,5),('20110622',6,2),('20110623',9,2),('20110624',4,2),('20110625',3,3),('20110626',4,2),('20110627',4,2),('20110628',22,5),('20110629',15,11),('20110630',22,12),('20110701',13,5),('20110703',9,4),('20110704',4,3),('20110705',18,9),('20110706',19,5),('20110707',5,5),('20110708',15,8),('20110709',1,1),('20110710',1,1),('20110711',19,8),('20110712',29,24),('20110713',40,14),('20110714',22,13),('20110715',11,7),('20110716',4,1),('20110717',1,1),('20110718',28,19),('20110719',28,18),('20110720',19,11),('20110721',22,15),('20110722',20,11),('20110724',5,4),('20110725',21,7),('20110726',6,5),('20110727',31,16),('20110728',1,1),('20110729',27,11),('20110730',5,3),('20110731',8,2),('20110801',14,6),('20110802',12,6),('20110803',17,10),('20110804',32,18),('20110805',13,11),('20110807',4,4),('20110808',4,4),('20110809',12,6),('20110810',12,5),('20110811',36,10);

--
-- Table structure for table `zen_countries`
--

CREATE TABLE `zen_countries` (
  `countries_id` int(11) NOT NULL AUTO_INCREMENT,
  `countries_name` varchar(64) NOT NULL DEFAULT '',
  `countries_iso_code_2` char(2) NOT NULL DEFAULT '',
  `countries_iso_code_3` char(3) NOT NULL DEFAULT '',
  `address_format_id` int(11) NOT NULL DEFAULT '0',
  PRIMARY KEY (`countries_id`),
  KEY `idx_countries_name_zen` (`countries_name`),
  KEY `idx_address_format_id_zen` (`address_format_id`),
  KEY `idx_iso_2_zen` (`countries_iso_code_2`),
  KEY `idx_iso_3_zen` (`countries_iso_code_3`)
) ENGINE=MyISAM AUTO_INCREMENT=241 DEFAULT CHARSET=latin1;

--
-- Dumping data for table `zen_countries`
--

INSERT INTO `zen_countries` VALUES (240,'Aaland Islands','AX','ALA',1),(1,'Afghanistan','AF','AFG',1),(2,'Albania','AL','ALB',1),(3,'Algeria','DZ','DZA',1),(4,'American Samoa','AS','ASM',1),(5,'Andorra','AD','AND',1),(6,'Angola','AO','AGO',1),(7,'Anguilla','AI','AIA',1),(8,'Antarctica','AQ','ATA',1),(9,'Antigua and Barbuda','AG','ATG',1),(10,'Argentina','AR','ARG',1),(11,'Armenia','AM','ARM',1),(12,'Aruba','AW','ABW',1),(13,'Australia','AU','AUS',1),(14,'Austria','AT','AUT',5),(15,'Azerbaijan','AZ','AZE',1),(16,'Bahamas','BS','BHS',1),(17,'Bahrain','BH','BHR',1),(18,'Bangladesh','BD','BGD',1),(19,'Barbados','BB','BRB',1),(20,'Belarus','BY','BLR',1),(21,'Belgium','BE','BEL',1),(22,'Belize','BZ','BLZ',1),(23,'Benin','BJ','BEN',1),(24,'Bermuda','BM','BMU',1),(25,'Bhutan','BT','BTN',1),(26,'Bolivia','BO','BOL',1),(27,'Bosnia and Herzegowina','BA','BIH',1),(28,'Botswana','BW','BWA',1),(29,'Bouvet Island','BV','BVT',1),(30,'Brazil','BR','BRA',1),(31,'British Indian Ocean Territory','IO','IOT',1),(32,'Brunei Darussalam','BN','BRN',1),(33,'Bulgaria','BG','BGR',1),(34,'Burkina Faso','BF','BFA',1),(35,'Burundi','BI','BDI',1),(36,'Cambodia','KH','KHM',1),(37,'Cameroon','CM','CMR',1),(38,'Canada','CA','CAN',2),(39,'Cape Verde','CV','CPV',1),(40,'Cayman Islands','KY','CYM',1),(41,'Central African Republic','CF','CAF',1),(42,'Chad','TD','TCD',1),(43,'Chile','CL','CHL',1),(44,'China','CN','CHN',1),(45,'Christmas Island','CX','CXR',1),(46,'Cocos (Keeling) Islands','CC','CCK',1),(47,'Colombia','CO','COL',1),(48,'Comoros','KM','COM',1),(49,'Congo','CG','COG',1),(50,'Cook Islands','CK','COK',1),(51,'Costa Rica','CR','CRI',1),(52,'Cote D\'Ivoire','CI','CIV',1),(53,'Croatia','HR','HRV',1),(54,'Cuba','CU','CUB',1),(55,'Cyprus','CY','CYP',1),(56,'Czech Republic','CZ','CZE',1),(57,'Denmark','DK','DNK',1),(58,'Djibouti','DJ','DJI',1),(59,'Dominica','DM','DMA',1),(60,'Dominican Republic','DO','DOM',1),(61,'Timor-Leste','TL','TLS',1),(62,'Ecuador','EC','ECU',1),(63,'Egypt','EG','EGY',1),(64,'El Salvador','SV','SLV',1),(65,'Equatorial Guinea','GQ','GNQ',1),(66,'Eritrea','ER','ERI',1),(67,'Estonia','EE','EST',1),(68,'Ethiopia','ET','ETH',1),(69,'Falkland Islands (Malvinas)','FK','FLK',1),(70,'Faroe Islands','FO','FRO',1),(71,'Fiji','FJ','FJI',1),(72,'Finland','FI','FIN',1),(73,'France','FR','FRA',1),(75,'French Guiana','GF','GUF',1),(76,'French Polynesia','PF','PYF',1),(77,'French Southern Territories','TF','ATF',1),(78,'Gabon','GA','GAB',1),(79,'Gambia','GM','GMB',1),(80,'Georgia','GE','GEO',1),(81,'Germany','DE','DEU',5),(82,'Ghana','GH','GHA',1),(83,'Gibraltar','GI','GIB',1),(84,'Greece','GR','GRC',1),(85,'Greenland','GL','GRL',1),(86,'Grenada','GD','GRD',1),(87,'Guadeloupe','GP','GLP',1),(88,'Guam','GU','GUM',1),(89,'Guatemala','GT','GTM',1),(90,'Guinea','GN','GIN',1),(91,'Guinea-bissau','GW','GNB',1),(92,'Guyana','GY','GUY',1),(93,'Haiti','HT','HTI',1),(94,'Heard and Mc Donald Islands','HM','HMD',1),(95,'Honduras','HN','HND',1),(96,'Hong Kong','HK','HKG',1),(97,'Hungary','HU','HUN',1),(98,'Iceland','IS','ISL',1),(99,'India','IN','IND',1),(100,'Indonesia','ID','IDN',1),(101,'Iran (Islamic Republic of)','IR','IRN',1),(102,'Iraq','IQ','IRQ',1),(103,'Ireland','IE','IRL',1),(104,'Israel','IL','ISR',1),(105,'Italy','IT','ITA',1),(106,'Jamaica','JM','JAM',1),(107,'Japan','JP','JPN',1),(108,'Jordan','JO','JOR',1),(109,'Kazakhstan','KZ','KAZ',1),(110,'Kenya','KE','KEN',1),(111,'Kiribati','KI','KIR',1),(112,'Korea, Democratic People\'s Republic of','KP','PRK',1),(113,'Korea, Republic of','KR','KOR',1),(114,'Kuwait','KW','KWT',1),(115,'Kyrgyzstan','KG','KGZ',1),(116,'Lao People\'s Democratic Republic','LA','LAO',1),(117,'Latvia','LV','LVA',1),(118,'Lebanon','LB','LBN',1),(119,'Lesotho','LS','LSO',1),(120,'Liberia','LR','LBR',1),(121,'Libyan Arab Jamahiriya','LY','LBY',1),(122,'Liechtenstein','LI','LIE',1),(123,'Lithuania','LT','LTU',1),(124,'Luxembourg','LU','LUX',1),(125,'Macao','MO','MAC',1),(126,'Macedonia, The Former Yugoslav Republic of','MK','MKD',1),(127,'Madagascar','MG','MDG',1),(128,'Malawi','MW','MWI',1),(129,'Malaysia','MY','MYS',1),(130,'Maldives','MV','MDV',1),(131,'Mali','ML','MLI',1),(132,'Malta','MT','MLT',1),(133,'Marshall Islands','MH','MHL',1),(134,'Martinique','MQ','MTQ',1),(135,'Mauritania','MR','MRT',1),(136,'Mauritius','MU','MUS',1),(137,'Mayotte','YT','MYT',1),(138,'Mexico','MX','MEX',1),(139,'Micronesia, Federated States of','FM','FSM',1),(140,'Moldova','MD','MDA',1),(141,'Monaco','MC','MCO',1),(142,'Mongolia','MN','MNG',1),(143,'Montserrat','MS','MSR',1),(144,'Morocco','MA','MAR',1),(145,'Mozambique','MZ','MOZ',1),(146,'Myanmar','MM','MMR',1),(147,'Namibia','NA','NAM',1),(148,'Nauru','NR','NRU',1),(149,'Nepal','NP','NPL',1),(150,'Netherlands','NL','NLD',1),(151,'Netherlands Antilles','AN','ANT',1),(152,'New Caledonia','NC','NCL',1),(153,'New Zealand','NZ','NZL',1),(154,'Nicaragua','NI','NIC',1),(155,'Niger','NE','NER',1),(156,'Nigeria','NG','NGA',1),(157,'Niue','NU','NIU',1),(158,'Norfolk Island','NF','NFK',1),(159,'Northern Mariana Islands','MP','MNP',1),(160,'Norway','NO','NOR',1),(161,'Oman','OM','OMN',1),(162,'Pakistan','PK','PAK',1),(163,'Palau','PW','PLW',1),(164,'Panama','PA','PAN',1),(165,'Papua New Guinea','PG','PNG',1),(166,'Paraguay','PY','PRY',1),(167,'Peru','PE','PER',1),(168,'Philippines','PH','PHL',1),(169,'Pitcairn','PN','PCN',1),(170,'Poland','PL','POL',1),(171,'Portugal','PT','PRT',1),(172,'Puerto Rico','PR','PRI',1),(173,'Qatar','QA','QAT',1),(174,'Reunion','RE','REU',1),(175,'Romania','RO','ROU',1),(176,'Russian Federation','RU','RUS',1),(177,'Rwanda','RW','RWA',1),(178,'Saint Kitts and Nevis','KN','KNA',1),(179,'Saint Lucia','LC','LCA',1),(180,'Saint Vincent and the Grenadines','VC','VCT',1),(181,'Samoa','WS','WSM',1),(182,'San Marino','SM','SMR',1),(183,'Sao Tome and Principe','ST','STP',1),(184,'Saudi Arabia','SA','SAU',1),(185,'Senegal','SN','SEN',1),(186,'Seychelles','SC','SYC',1),(187,'Sierra Leone','SL','SLE',1),(188,'Singapore','SG','SGP',4),(189,'Slovakia (Slovak Republic)','SK','SVK',1),(190,'Slovenia','SI','SVN',1),(191,'Solomon Islands','SB','SLB',1),(192,'Somalia','SO','SOM',1),(193,'South Africa','ZA','ZAF',1),(194,'South Georgia and the South Sandwich Islands','GS','SGS',1),(195,'Spain','ES','ESP',3),(196,'Sri Lanka','LK','LKA',1),(197,'St. Helena','SH','SHN',1),(198,'St. Pierre and Miquelon','PM','SPM',1),(199,'Sudan','SD','SDN',1),(200,'Suriname','SR','SUR',1),(201,'Svalbard and Jan Mayen Islands','SJ','SJM',1),(202,'Swaziland','SZ','SWZ',1),(203,'Sweden','SE','SWE',1),(204,'Switzerland','CH','CHE',1),(205,'Syrian Arab Republic','SY','SYR',1),(206,'Taiwan','TW','TWN',1),(207,'Tajikistan','TJ','TJK',1),(208,'Tanzania, United Republic of','TZ','TZA',1),(209,'Thailand','TH','THA',1),(210,'Togo','TG','TGO',1),(211,'Tokelau','TK','TKL',1),(212,'Tonga','TO','TON',1),(213,'Trinidad and Tobago','TT','TTO',1),(214,'Tunisia','TN','TUN',1),(215,'Turkey','TR','TUR',1),(216,'Turkmenistan','TM','TKM',1),(217,'Turks and Caicos Islands','TC','TCA',1),(218,'Tuvalu','TV','TUV',1),(219,'Uganda','UG','UGA',1),(220,'Ukraine','UA','UKR',1),(221,'United Arab Emirates','AE','ARE',1),(222,'United Kingdom','GB','GBR',6),(223,'United States','US','USA',2),(224,'United States Minor Outlying Islands','UM','UMI',1),(225,'Uruguay','UY','URY',1),(226,'Uzbekistan','UZ','UZB',1),(227,'Vanuatu','VU','VUT',1),(228,'Vatican City State (Holy See)','VA','VAT',1),(229,'Venezuela','VE','VEN',1),(230,'Viet Nam','VN','VNM',1),(231,'Virgin Islands (British)','VG','VGB',1),(232,'Virgin Islands (U.S.)','VI','VIR',1),(233,'Wallis and Futuna Islands','WF','WLF',1),(234,'Western Sahara','EH','ESH',1),(235,'Yemen','YE','YEM',1),(236,'Serbia','RS','SRB',1),(238,'Zambia','ZM','ZMB',1),(239,'Zimbabwe','ZW','ZWE',1);

--
-- Table structure for table `zen_coupon_email_track`
--

CREATE TABLE `zen_coupon_email_track` (
  `unique_id` int(11) NOT NULL AUTO_INCREMENT,
  `coupon_id` int(11) NOT NULL DEFAULT '0',
  `customer_id_sent` int(11) NOT NULL DEFAULT '0',
  `sent_firstname` varchar(32) DEFAULT NULL,
  `sent_lastname` varchar(32) DEFAULT NULL,
  `emailed_to` varchar(32) DEFAULT NULL,
  `date_sent` datetime NOT NULL DEFAULT '0001-01-01 00:00:00',
  PRIMARY KEY (`unique_id`),
  KEY `idx_coupon_id_zen` (`coupon_id`)
) ENGINE=MyISAM DEFAULT CHARSET=latin1;

--
-- Dumping data for table `zen_coupon_email_track`
--


--
-- Table structure for table `zen_coupon_gv_customer`
--

CREATE TABLE `zen_coupon_gv_customer` (
  `customer_id` int(5) NOT NULL DEFAULT '0',
  `amount` decimal(15,4) NOT NULL DEFAULT '0.0000',
  PRIMARY KEY (`customer_id`)
) ENGINE=MyISAM DEFAULT CHARSET=latin1;

--
-- Dumping data for table `zen_coupon_gv_customer`
--


--
-- Table structure for table `zen_coupon_gv_queue`
--

CREATE TABLE `zen_coupon_gv_queue` (
  `unique_id` int(5) NOT NULL AUTO_INCREMENT,
  `customer_id` int(5) NOT NULL DEFAULT '0',
  `order_id` int(5) NOT NULL DEFAULT '0',
  `amount` decimal(15,4) NOT NULL DEFAULT '0.0000',
  `date_created` datetime NOT NULL DEFAULT '0001-01-01 00:00:00',
  `ipaddr` varchar(32) NOT NULL DEFAULT '',
  `release_flag` char(1) NOT NULL DEFAULT 'N',
  PRIMARY KEY (`unique_id`),
  KEY `idx_cust_id_order_id_zen` (`customer_id`,`order_id`),
  KEY `idx_release_flag_zen` (`release_flag`)
) ENGINE=MyISAM DEFAULT CHARSET=latin1;

--
-- Dumping data for table `zen_coupon_gv_queue`
--


--
-- Table structure for table `zen_coupon_redeem_track`
--

CREATE TABLE `zen_coupon_redeem_track` (
  `unique_id` int(11) NOT NULL AUTO_INCREMENT,
  `coupon_id` int(11) NOT NULL DEFAULT '0',
  `customer_id` int(11) NOT NULL DEFAULT '0',
  `redeem_date` datetime NOT NULL DEFAULT '0001-01-01 00:00:00',
  `redeem_ip` varchar(32) NOT NULL DEFAULT '',
  `order_id` int(11) NOT NULL DEFAULT '0',
  PRIMARY KEY (`unique_id`),
  KEY `idx_coupon_id_zen` (`coupon_id`)
) ENGINE=MyISAM DEFAULT CHARSET=latin1;

--
-- Dumping data for table `zen_coupon_redeem_track`
--


--
-- Table structure for table `zen_coupon_restrict`
--

CREATE TABLE `zen_coupon_restrict` (
  `restrict_id` int(11) NOT NULL AUTO_INCREMENT,
  `coupon_id` int(11) NOT NULL DEFAULT '0',
  `product_id` int(11) NOT NULL DEFAULT '0',
  `category_id` int(11) NOT NULL DEFAULT '0',
  `coupon_restrict` char(1) NOT NULL DEFAULT 'N',
  PRIMARY KEY (`restrict_id`),
  KEY `idx_coup_id_prod_id_zen` (`coupon_id`,`product_id`)
) ENGINE=MyISAM DEFAULT CHARSET=latin1;

--
-- Dumping data for table `zen_coupon_restrict`
--


--
-- Table structure for table `zen_coupons`
--

CREATE TABLE `zen_coupons` (
  `coupon_id` int(11) NOT NULL AUTO_INCREMENT,
  `coupon_type` char(1) NOT NULL DEFAULT 'F',
  `coupon_code` varchar(32) NOT NULL DEFAULT '',
  `coupon_amount` decimal(15,4) NOT NULL DEFAULT '0.0000',
  `coupon_minimum_order` decimal(15,4) NOT NULL DEFAULT '0.0000',
  `coupon_start_date` datetime NOT NULL DEFAULT '0001-01-01 00:00:00',
  `coupon_expire_date` datetime NOT NULL DEFAULT '0001-01-01 00:00:00',
  `uses_per_coupon` int(5) NOT NULL DEFAULT '1',
  `uses_per_user` int(5) NOT NULL DEFAULT '0',
  `restrict_to_products` varchar(255) DEFAULT NULL,
  `restrict_to_categories` varchar(255) DEFAULT NULL,
  `restrict_to_customers` text,
  `coupon_active` char(1) NOT NULL DEFAULT 'Y',
  `date_created` datetime NOT NULL DEFAULT '0001-01-01 00:00:00',
  `date_modified` datetime NOT NULL DEFAULT '0001-01-01 00:00:00',
  `coupon_zone_restriction` int(11) NOT NULL DEFAULT '0',
  PRIMARY KEY (`coupon_id`),
  KEY `idx_active_type_zen` (`coupon_active`,`coupon_type`),
  KEY `idx_coupon_code_zen` (`coupon_code`),
  KEY `idx_coupon_type_zen` (`coupon_type`)
) ENGINE=MyISAM DEFAULT CHARSET=latin1;

--
-- Dumping data for table `zen_coupons`
--


--
-- Table structure for table `zen_coupons_description`
--

CREATE TABLE `zen_coupons_description` (
  `coupon_id` int(11) NOT NULL DEFAULT '0',
  `language_id` int(11) NOT NULL DEFAULT '0',
  `coupon_name` varchar(32) NOT NULL DEFAULT '',
  `coupon_description` text,
  PRIMARY KEY (`coupon_id`,`language_id`)
) ENGINE=MyISAM DEFAULT CHARSET=latin1;

--
-- Dumping data for table `zen_coupons_description`
--


--
-- Table structure for table `zen_currencies`
--

CREATE TABLE `zen_currencies` (
  `currencies_id` int(11) NOT NULL AUTO_INCREMENT,
  `title` varchar(32) NOT NULL DEFAULT '',
  `code` char(3) NOT NULL DEFAULT '',
  `symbol_left` varchar(24) DEFAULT NULL,
  `symbol_right` varchar(24) DEFAULT NULL,
  `decimal_point` char(1) DEFAULT NULL,
  `thousands_point` char(1) DEFAULT NULL,
  `decimal_places` char(1) DEFAULT NULL,
  `value` float(13,8) DEFAULT NULL,
  `last_updated` datetime DEFAULT NULL,
  PRIMARY KEY (`currencies_id`)
) ENGINE=MyISAM AUTO_INCREMENT=6 DEFAULT CHARSET=latin1;

--
-- Dumping data for table `zen_currencies`
--

INSERT INTO `zen_currencies` VALUES (1,'US Dollar','USD','$','','.',',','2',1.00000000,'2010-04-28 01:58:10'),(2,'Euro','EUR','&euro;','','.',',','2',0.77300000,'2010-04-28 01:58:10'),(3,'GB Pound','GBP','&pound;','','.',',','2',0.67259997,'2010-04-28 01:58:10'),(4,'Canadian Dollar','CAD','$','','.',',','2',1.10420001,'2010-04-28 01:58:10'),(5,'Australian Dollar','AUD','$','','.',',','2',1.17890000,'2010-04-28 01:58:10');

--
-- Table structure for table `zen_customers`
--

CREATE TABLE `zen_customers` (
  `customers_id` int(11) NOT NULL AUTO_INCREMENT,
  `customers_gender` char(1) NOT NULL DEFAULT '',
  `customers_firstname` varchar(32) NOT NULL DEFAULT '',
  `customers_lastname` varchar(32) NOT NULL DEFAULT '',
  `customers_dob` datetime NOT NULL DEFAULT '0001-01-01 00:00:00',
  `customers_email_address` varchar(96) NOT NULL DEFAULT '',
  `customers_nick` varchar(96) NOT NULL DEFAULT '',
  `customers_default_address_id` int(11) NOT NULL DEFAULT '0',
  `customers_telephone` varchar(32) NOT NULL DEFAULT '',
  `customers_fax` varchar(32) DEFAULT NULL,
  `customers_password` varchar(40) NOT NULL DEFAULT '',
  `customers_newsletter` char(1) DEFAULT NULL,
  `customers_group_pricing` int(11) NOT NULL DEFAULT '0',
  `customers_email_format` varchar(4) NOT NULL DEFAULT 'TEXT',
  `customers_authorization` int(1) NOT NULL DEFAULT '0',
  `customers_referral` varchar(32) NOT NULL DEFAULT '',
  `customers_paypal_payerid` varchar(20) NOT NULL DEFAULT '',
  `customers_paypal_ec` tinyint(1) unsigned NOT NULL DEFAULT '0',
  `customers_var_number` varchar(9) NOT NULL,
  `customers_company_id` int(9) NOT NULL,
  `customers_receive_update` char(1) NOT NULL,
  `customers_active` char(1) NOT NULL,
  `customers_tax_exempt` varchar(4) DEFAULT NULL,
  PRIMARY KEY (`customers_id`),
  KEY `idx_email_address_zen` (`customers_email_address`),
  KEY `idx_referral_zen` (`customers_referral`(10)),
  KEY `idx_grp_pricing_zen` (`customers_group_pricing`),
  KEY `idx_nick_zen` (`customers_nick`),
  KEY `idx_newsletter_zen` (`customers_newsletter`)
) ENGINE=MyISAM AUTO_INCREMENT=143 DEFAULT CHARSET=latin1;

--
-- Dumping data for table `zen_customers`
--

INSERT INTO `zen_customers` VALUES (2,'m','philtest','tester','1969-04-13 00:00:00','phil@primaryhub.com','',2,'6025695863','','665a8a6b5e932b02728012842652b601:06','0',0,'TEXT',0,'','',0,'12345',0,'','1',NULL),(124,'','Test01','01Test','0001-01-01 00:00:00','bpines@envoydata.com','',0,'480-829-6565',NULL,'','1',0,'TEXT',0,'','',0,'LBSSGEMT0',126,'','1',NULL),(122,'','TESTME','METEST','0001-01-01 00:00:00','marketing@envoydata.com','',0,'480-829-6565',NULL,'','1',0,'TEXT',0,'','',0,'44S2SENTM',20,'1','1',NULL),(102,'','Craig ','Stewart','0001-01-01 00:00:00','cstewart@envoydata.com','',0,'480-829-6971',NULL,'','1',0,'TEXT',0,'','',0,'U20VENVCS',4,'1','1',NULL),(106,'','Frank','Gamble','0001-01-01 00:00:00','fgamble@envoydata.com','',20,'1-800-368-6971','','bcc3a18b84b23e2619509ddef8c58503:58','1',0,'HTML',0,'','',0,'',0,'','1',''),(126,'','Joe','Testerrr','0001-01-01 00:00:00','hostmaster@primaryhub.com','',43,'444-444-4444','','','0',0,'TEXT',0,'','',0,'VQ5QABCJT',123,'1','1','0'),(118,'','Cosmo','Kramer','0001-01-01 00:00:00','support@envoydata.com','',39,'6082554125','','2c53d8554dde796cd2d04263b549ae26:13','1',0,'HTML',0,'','',0,'',0,'','',NULL),(134,'','Megan','Veschio','0001-01-01 00:00:00','mveschio@envoydata.com','',51,'4808296565','','135ac3941d43bb832aee845de37a37b0:dd','1',0,'HTML',0,'','',0,'',0,'','',NULL),(135,'','Carly','Campo','0001-01-01 00:00:00','carlyann.campo@envoydata.com','',53,'2087398988','','389289f2a5361f604ed818f9768ae343:2f','1',0,'HTML',0,'','',0,'',0,'','',NULL),(141,'','John','Paul','0001-01-01 00:00:00','pauljt93555@yahoo.com','',59,'760-375-2365','','b2bcc5efb62feb0b0a02738f0628e1fb:1c','1',0,'HTML',0,'','',0,'',0,'','',NULL),(142,'','David','Wall','0001-01-01 00:00:00','dwall@wgermanequip.com','',60,'7317720551','','3858453f8658caf1e23fdf47a1f0b028:56','1',0,'HTML',0,'','',0,'',0,'','',NULL);

--
-- Table structure for table `zen_customers_assign_sales`
--

CREATE TABLE `zen_customers_assign_sales` (
  `cust_sale_id` int(11) NOT NULL AUTO_INCREMENT,
  `customers_id` int(11) NOT NULL,
  `sales_id` int(11) NOT NULL,
  PRIMARY KEY (`cust_sale_id`)
) ENGINE=MyISAM AUTO_INCREMENT=42 DEFAULT CHARSET=latin1;

--
-- Dumping data for table `zen_customers_assign_sales`
--

INSERT INTO `zen_customers_assign_sales` VALUES (6,86,5),(13,87,3),(9,88,5),(12,89,5),(11,91,3),(15,90,5),(37,102,7),(41,117,9),(40,97,7);

--
-- Table structure for table `zen_customers_basket`
--

CREATE TABLE `zen_customers_basket` (
  `customers_basket_id` int(11) NOT NULL AUTO_INCREMENT,
  `customers_id` int(11) NOT NULL DEFAULT '0',
  `products_id` tinytext NOT NULL,
  `customers_basket_quantity` float NOT NULL DEFAULT '0',
  `final_price` decimal(15,4) NOT NULL DEFAULT '0.0000',
  `customers_basket_date_added` varchar(8) DEFAULT NULL,
  PRIMARY KEY (`customers_basket_id`),
  KEY `idx_customers_id_zen` (`customers_id`)
) ENGINE=MyISAM AUTO_INCREMENT=122 DEFAULT CHARSET=latin1;

--
-- Dumping data for table `zen_customers_basket`
--

INSERT INTO `zen_customers_basket` VALUES (67,117,'263',1,0.0000,'20100909'),(52,98,'504',1,0.0000,'20100906'),(65,119,'296',1,0.0000,'20100909'),(77,122,'356',1,0.0000,'20100910'),(84,122,'355',1,0.0000,'20100910'),(60,117,'375',1,0.0000,'20100907'),(61,117,'385',52352,0.0000,'20100907'),(83,122,'356',1,0.0000,'20100910'),(66,119,'385',1,0.0000,'20100909'),(86,106,'957',1,0.0000,'20100910'),(116,135,'444',1,0.0000,'20110413'),(115,134,'436',1,0.0000,'20110412'),(114,134,'581',1,0.0000,'20110412'),(112,2,'355',1,0.0000,'20110411'),(103,123,'356',1,0.0000,'20100912'),(104,124,'356',1,0.0000,'20100913'),(105,124,'356',1,0.0000,'20100913'),(106,126,'356',3,0.0000,'20100914');

--
-- Table structure for table `zen_customers_basket_attributes`
--

CREATE TABLE `zen_customers_basket_attributes` (
  `customers_basket_attributes_id` int(11) NOT NULL AUTO_INCREMENT,
  `customers_id` int(11) NOT NULL DEFAULT '0',
  `products_id` tinytext NOT NULL,
  `products_options_id` varchar(64) NOT NULL DEFAULT '0',
  `products_options_value_id` int(11) NOT NULL DEFAULT '0',
  `products_options_value_text` blob,
  `products_options_sort_order` text NOT NULL,
  PRIMARY KEY (`customers_basket_attributes_id`),
  KEY `idx_cust_id_prod_id_zen` (`customers_id`,`products_id`(36))
) ENGINE=MyISAM AUTO_INCREMENT=3 DEFAULT CHARSET=latin1;

--
-- Dumping data for table `zen_customers_basket_attributes`
--


--
-- Table structure for table `zen_customers_info`
--

CREATE TABLE `zen_customers_info` (
  `customers_info_id` int(11) NOT NULL DEFAULT '0',
  `customers_info_date_of_last_logon` datetime DEFAULT NULL,
  `customers_info_number_of_logons` int(5) DEFAULT NULL,
  `customers_info_date_account_created` datetime DEFAULT NULL,
  `customers_info_date_account_last_modified` datetime DEFAULT NULL,
  `global_product_notifications` int(1) DEFAULT '0',
  PRIMARY KEY (`customers_info_id`)
) ENGINE=MyISAM DEFAULT CHARSET=latin1;

--
-- Dumping data for table `zen_customers_info`
--

INSERT INTO `zen_customers_info` VALUES (141,'2011-08-04 21:40:07',1,'2011-08-04 21:40:07',NULL,0),(2,'2011-04-11 18:17:06',48,'2010-04-29 22:34:39',NULL,0),(127,NULL,0,'2011-05-27 01:04:01',NULL,0),(134,'2011-04-12 14:04:17',1,'2011-04-12 14:04:17',NULL,0),(67,NULL,0,'2010-07-27 09:58:59',NULL,0),(6,'2010-06-23 04:13:56',1,'2010-06-23 04:13:56','2010-06-23 06:48:33',0),(7,'2010-06-23 06:52:41',1,'2010-06-23 06:52:41',NULL,0),(44,NULL,0,'2010-07-20 11:27:53',NULL,0),(43,NULL,0,'2010-07-20 11:27:53',NULL,0),(42,NULL,0,'2010-07-20 11:27:53',NULL,0),(41,NULL,0,'2010-07-20 11:27:53',NULL,0),(40,NULL,0,'2010-07-20 11:27:53',NULL,0),(39,NULL,0,'2010-07-20 11:27:53',NULL,0),(38,NULL,0,'2010-07-20 11:27:53',NULL,0),(37,NULL,0,'2010-07-20 11:27:53',NULL,0),(36,NULL,0,'2010-07-20 11:27:53',NULL,0),(35,NULL,0,'2010-07-20 11:27:53',NULL,0),(34,NULL,0,'2010-07-20 11:27:53',NULL,0),(33,NULL,0,'2010-07-20 11:27:53',NULL,0),(32,NULL,0,'2010-07-20 11:27:53',NULL,0),(66,NULL,0,'2010-07-26 08:29:34',NULL,0),(80,NULL,0,'2010-07-28 04:16:59',NULL,0),(81,NULL,0,'2010-07-28 05:15:30',NULL,0),(84,NULL,0,'2010-07-28 05:15:30',NULL,0),(85,NULL,0,'2010-07-28 05:15:30',NULL,0),(82,NULL,0,'2010-07-28 05:15:30',NULL,0),(83,NULL,0,'2010-07-28 05:15:30',NULL,0),(86,NULL,0,'2010-07-29 02:08:29',NULL,0),(87,NULL,0,'2010-07-29 04:14:49',NULL,0),(89,NULL,0,'2010-07-30 03:01:19',NULL,0),(88,NULL,0,'2010-07-30 03:01:19',NULL,0),(90,NULL,0,'2010-07-31 06:40:06',NULL,0),(91,NULL,0,'2010-07-31 06:40:06',NULL,0),(92,NULL,0,'2010-08-02 06:27:31',NULL,0),(106,'2010-09-10 17:20:30',12,'2010-08-18 15:58:30','2011-05-27 01:06:56',0),(123,NULL,0,'2011-05-27 01:04:01',NULL,0),(117,NULL,0,'2011-05-27 01:04:01',NULL,0),(93,'2010-09-08 10:58:10',2,'2010-08-19 12:51:25',NULL,0),(102,NULL,0,'2011-05-27 01:04:01',NULL,0),(142,'2011-08-11 13:52:32',1,'2011-08-11 13:52:32',NULL,0),(98,'2010-09-06 03:33:22',1,'2010-09-02 12:23:49',NULL,0),(97,NULL,0,'2010-09-02 12:23:49',NULL,0),(118,'2010-09-03 10:21:33',2,'2010-09-03 10:13:34',NULL,0),(135,'2011-04-13 09:59:30',1,'2011-04-13 09:59:30',NULL,0),(122,NULL,0,'2011-05-27 01:04:01',NULL,0),(124,NULL,0,'2011-05-27 01:04:01',NULL,0),(126,'2011-05-27 01:15:04',1,'2011-05-27 01:04:01','2011-05-27 01:51:13',0);

--
-- Table structure for table `zen_customers_wishlist`
--

CREATE TABLE `zen_customers_wishlist` (
  `products_id` int(13) NOT NULL DEFAULT '0',
  `customers_id` int(13) NOT NULL DEFAULT '0',
  `products_model` varchar(13) DEFAULT NULL,
  `products_name` varchar(64) NOT NULL DEFAULT '',
  `products_price` decimal(8,2) NOT NULL DEFAULT '0.00',
  `final_price` decimal(8,2) NOT NULL DEFAULT '0.00',
  `products_quantity` int(2) NOT NULL DEFAULT '0',
  `wishlist_name` varchar(64) DEFAULT NULL
) ENGINE=MyISAM DEFAULT CHARSET=latin1;

--
-- Dumping data for table `zen_customers_wishlist`
--


--
-- Table structure for table `zen_data`
--

CREATE TABLE `zen_data` (
  `file` varchar(254) COLLATE utf8_bin NOT NULL,
  `time` int(11) unsigned NOT NULL,
  `data` text COLLATE utf8_bin NOT NULL,
  `size` mediumint(9) unsigned NOT NULL,
  UNIQUE KEY `file` (`file`)
) ENGINE=MyISAM DEFAULT CHARSET=utf8 COLLATE=utf8_bin;

--
-- Dumping data for table `zen_data`
--

INSERT INTO `zen_data` VALUES ('in/c38417b/c38417b.lzis',1279355741,'a:8:{s:10:\"s_login_id\";N;s:14:\"s_first_active\";i:1279352163;s:10:\"s_password\";s:32:\"e00cf25ad42683b3df678c61f42c6bda\";s:8:\"s_status\";s:1:\"2\";s:7:\"s_level\";s:1:\"1\";s:4:\"s_ip\";s:14:\"183.182.84.xxx\";s:8:\"s_typing\";s:0:\"\";s:15:\"s_vi_file_sizes\";a:0:{}}',248),('ex/f09f4a4/f09f4a4.lzsi',1280908546,'a:14:{s:4:\"s_ip\";s:13:\"68.231.34.xxx\";s:8:\"s_system\";s:107:\"Mozilla5.0 (Windows; U; Windows NT 5.1; en-US; rv:1.9.2.6) Gecko20100625 Firefox3.6.6 ( .NET CLR 3.5.30729)\";s:10:\"s_language\";s:8:\"en-us,en\";s:12:\"s_resolution\";s:19:\"1440 x 900 (24 Bit)\";s:7:\"s_geotz\";s:6:\"-07:00\";s:9:\"s_geolong\";i:-522;s:8:\"s_geolat\";i:-522;s:9:\"s_geocity\";N;s:12:\"s_geocountry\";N;s:11:\"s_georegion\";N;s:8:\"s_visits\";i:4;s:6:\"s_host\";s:29:\"ip68-231-34-xxx.ph.ph.cox.net\";s:8:\"s_georid\";i:0;s:8:\"s_geoisp\";N;}',488),('ex/32571f1/32571f1.lzsi',1280905662,'a:14:{s:4:\"s_ip\";s:14:\"183.182.84.xxx\";s:8:\"s_system\";s:81:\"Mozilla5.0 (Windows; U; Windows NT 6.1; en-US; rv:1.9.2) Gecko20100115 Firefox3.6\";s:10:\"s_language\";s:8:\"en-us,en\";s:12:\"s_resolution\";s:19:\"1366 x 768 (24 Bit)\";s:7:\"s_geotz\";s:6:\"+05:30\";s:9:\"s_geolong\";i:-522;s:8:\"s_geolat\";i:-522;s:9:\"s_geocity\";N;s:12:\"s_geocountry\";N;s:11:\"s_georegion\";N;s:8:\"s_visits\";i:1;s:6:\"s_host\";s:14:\"183.182.84.xxx\";s:8:\"s_georid\";i:0;s:8:\"s_geoisp\";N;}',447),('in/c38417b.lca',1279353231,'a:1:{s:5:\"s_lca\";i:1279353231;}',31),('ex/32571f1/b/1e720e8/1e720e8.lzvt',1280908911,'a:3:{s:14:\"s_first_active\";i:1280905662;s:9:\"s_history\";a:1:{i:0;a:5:{i:0;i:1280905662;i:1;s:38:\"http://envoy.primaryhub.com/livezilla/\";i:2;s:10:\"SERVERPAGE\";i:3;b:0;i:4;s:28:\"TGl2ZVppbGxhIFNlcnZlciBQYWdl\";}}s:10:\"s_referrer\";s:0:\"\";}',235),('ex/f09f4a4/b/9a5987d/9a5987d.lzvt',1280908896,'a:3:{s:14:\"s_first_active\";i:1280908546;s:9:\"s_history\";a:1:{i:0;a:5:{i:0;i:1280908546;i:1;s:38:\"http://envoy.primaryhub.com/livezilla/\";i:2;s:10:\"SERVERPAGE\";i:3;b:0;i:4;s:28:\"TGl2ZVppbGxhIFNlcnZlciBQYWdl\";}}s:10:\"s_referrer\";s:0:\"\";}',235);

--
-- Table structure for table `zen_db_cache`
--

CREATE TABLE `zen_db_cache` (
  `cache_entry_name` varchar(64) NOT NULL DEFAULT '',
  `cache_data` mediumblob,
  `cache_entry_created` int(15) DEFAULT NULL,
  PRIMARY KEY (`cache_entry_name`)
) ENGINE=MyISAM DEFAULT CHARSET=latin1;

--
-- Dumping data for table `zen_db_cache`
--


--
-- Table structure for table `zen_email_archive`
--

CREATE TABLE `zen_email_archive` (
  `archive_id` int(11) NOT NULL AUTO_INCREMENT,
  `email_to_name` varchar(96) NOT NULL DEFAULT '',
  `email_to_address` varchar(96) NOT NULL DEFAULT '',
  `email_from_name` varchar(96) NOT NULL DEFAULT '',
  `email_from_address` varchar(96) NOT NULL DEFAULT '',
  `email_subject` varchar(255) NOT NULL DEFAULT '',
  `email_html` text NOT NULL,
  `email_text` text NOT NULL,
  `date_sent` datetime NOT NULL DEFAULT '0001-01-01 00:00:00',
  `module` varchar(64) NOT NULL DEFAULT '',
  PRIMARY KEY (`archive_id`),
  KEY `idx_email_to_address_zen` (`email_to_address`),
  KEY `idx_module_zen` (`module`)
) ENGINE=MyISAM AUTO_INCREMENT=11 DEFAULT CHARSET=latin1;

--
-- Dumping data for table `zen_email_archive`
--

INSERT INTO `zen_email_archive` VALUES (1,'niti','niti.bhargava@systematixindia.com','Prasoon','prasoon.sharma@systematixindia.com','VAR Number Request','HTML disabled in admin','','2010-07-20 02:59:35',''),(2,'niti','niti.bhargava@systematixindia.com','Prasoon','prasoon.sharma@systematixindia.com','VAR Number Request','HTML disabled in admin','','2010-07-20 03:00:04',''),(3,'niti','niti.bhargava@systematixindia.com','Prasoon','prasoon.sharma@systematixindia.com','VAR Number Request','HTML disabled in admin','','2010-07-20 03:19:47',''),(4,'niti','niti.bhargava@systematixindia.com','Prasoon','prasoon.sharma@systematixindia.com','VAR Number Request','HTML disabled in admin','','2010-07-20 03:19:55',''),(5,'niti','niti.bhargava@systematixindia.com','Prasoon','prasoon.sharma@systematixindia.com','VAR Number Request','HTML disabled in admin','','2010-07-20 03:20:32',''),(6,'niti','niti.bhargava@systematixindia.com','Prasoon','prasoon.sharma@systematixindia.com','VAR Number Request','HTML disabled in admin','','2010-07-20 03:20:37',''),(10,'niti','niti.bhargava@systematixindia.com','Prasoon','prasoon.sharma@systematixindia.com','VAR Number Request','HTML disabled in admin','','2010-07-20 03:24:41','');

--
-- Table structure for table `zen_ezpages`
--

CREATE TABLE `zen_ezpages` (
  `pages_id` int(11) NOT NULL AUTO_INCREMENT,
  `languages_id` int(11) NOT NULL DEFAULT '1',
  `pages_title` varchar(64) NOT NULL DEFAULT '',
  `alt_url` varchar(255) NOT NULL DEFAULT '',
  `alt_url_external` varchar(255) NOT NULL DEFAULT '',
  `pages_html_text` mediumtext,
  `status_header` int(1) NOT NULL DEFAULT '1',
  `status_sidebox` int(1) NOT NULL DEFAULT '1',
  `status_footer` int(1) NOT NULL DEFAULT '1',
  `status_toc` int(1) NOT NULL DEFAULT '1',
  `header_sort_order` int(3) NOT NULL DEFAULT '0',
  `sidebox_sort_order` int(3) NOT NULL DEFAULT '0',
  `footer_sort_order` int(3) NOT NULL DEFAULT '0',
  `toc_sort_order` int(3) NOT NULL DEFAULT '0',
  `page_open_new_window` int(1) NOT NULL DEFAULT '0',
  `page_is_ssl` int(1) NOT NULL DEFAULT '0',
  `toc_chapter` int(11) NOT NULL DEFAULT '0',
  PRIMARY KEY (`pages_id`),
  KEY `idx_lang_id_zen` (`languages_id`),
  KEY `idx_ezp_status_header_zen` (`status_header`),
  KEY `idx_ezp_status_sidebox_zen` (`status_sidebox`),
  KEY `idx_ezp_status_footer_zen` (`status_footer`),
  KEY `idx_ezp_status_toc_zen` (`status_toc`)
) ENGINE=MyISAM AUTO_INCREMENT=23 DEFAULT CHARSET=latin1;

--
-- Dumping data for table `zen_ezpages`
--

INSERT INTO `zen_ezpages` VALUES (5,1,'Anything','','','The title or link names can be anything that you would like to use.<br /><br />\r\n\r\nYou decide on the content and the link name relative to that content.<br /><br />\r\n\r\nThen, define where you want the link to show: Header, Footer or Sidebox or as a combination of these three locations.<br /><br />\r\n\r\nThe content of the page can be anything you like. Be sure that your content is valid in regard to table and stylesheet rules.<br /><br />\r\n\r\nYou can even set up the links to go to Secure or Non-Secure pages as well as open in the same or a new window.<br /><br />\r\n\r\nLinks can also be setup to use internal or external links vs the HTML Content. See: examples below in the Link URL settings.',0,1,0,0,0,20,0,0,0,0,0),(6,1,'Shared','','','This link is a \"shared\" link between the Header, Footer and Sidebox.<br /><br />\r\n\r\nThe number on the order was set to 50 on all of the settings just for the sake of an easier notation on entering it.<br /><br />\r\n\r\nThe order can be the same or different for the three locations.<br /><br />\r\n\r\nIf you wanted to really get creative, you could also have this as part of a Chapter not related to the link order.<br /><br />',0,1,0,0,50,50,50,0,0,0,0),(7,1,'My Account','index.php?main_page=account','','',0,0,1,0,0,0,10,0,0,1,0),(8,1,'Site Map','index.php?main_page=site_map','','',0,1,1,0,0,40,20,0,0,0,0),(9,1,'Privacy Policy','','','<div id=\"privacy\">\r\n  <div class=\"privacypoint\">\r\n    <p class=\"productprice\"><!--StartFragment-->\r\n\r\n<p class=\"productprice1\" style=\"line-height: 15.75pt; \"><span style=\"font-family: Helvetica; color: rgb(51, 51, 51); \">This is the web site of\r\nEnvoy Data Corporation.<o:p /></span></p>\r\n\r\n<p class=\"productprice1\" style=\"line-height: 15.75pt; \"><span style=\"font-family: Helvetica; color: rgb(51, 51, 51); \">Our postal address is<o:p /></span></p>\r\n\r\n<p class=\"productprice1\" style=\"line-height: 15.75pt; \"><span style=\"font-family: Helvetica; color: rgb(51, 51, 51); \">1310 W Boxwood Ave<o:p /></span></p>\r\n\r\n<p class=\"productprice1\" style=\"line-height: 15.75pt; \"><span style=\"font-family: Helvetica; color: rgb(51, 51, 51); \">Gilbert, AZ 85233<o:p /></span></p>\r\n\r\n<p class=\"productprice1\" style=\"line-height: 15.75pt; \"><span style=\"font-family: Helvetica; color: rgb(51, 51, 51); \">You can reach us by\r\ntelephone at 800-368-6971<o:p /></span></p>\r\n\r\n<p class=\"MsoNormal\" style=\"line-height: 15.75pt; \"><span style=\"font-size: 11.5pt; font-family: Helvetica; color: rgb(51, 51, 51); \"><a href=\"mailto:support@envoydata.com\">support@envoydata.com</a><o:p /></span></p>\r\n\r\n<p class=\"productprice1\" style=\"line-height: 15.75pt; \"><span style=\"font-family: Helvetica; color: rgb(51, 51, 51); \">We collect the domain\r\nname and e-mail address (where possible) of visitors to our Web page, aggregate\r\ninformation on what pages consumers access or visit, user-specific information\r\non what pages consumers access or visit, information volunteered by the\r\nconsumer, such as survey information and/or site registrations, name and\r\naddress, telephone number, fax number, payment information (e.g., credit card\r\nnumber and billing address).<o:p /></span></p>\r\n\r\n<p class=\"productprice1\" style=\"line-height: 15.75pt; \"><span style=\"font-family: Helvetica; color: rgb(51, 51, 51); \">The information we\r\ncollect is used to improve the content of our Web page, used by us to contact\r\nconsumers for marketing purposes, disclosed when legally required to do so, at\r\nthe request of governmental authorities conducting an investigation, to verify\r\nor enforce compliance with the policies governing our Website and applicable\r\nlaws or to protect against misuse or unauthorized use of our Website.<o:p /></span></p>\r\n\r\n<p class=\"productprice1\" style=\"line-height: 15.75pt; \"><span style=\"font-family: Helvetica; color: rgb(51, 51, 51); \">With respect to\r\ncookies: We use cookies to record session information, such as items that\r\nconsumers add to their shopping cart, record user-specific information on what\r\npages users access or visit and record past activity at a site in order to\r\nprovide better service when visitors return to our site.<o:p /></span></p>\r\n\r\n<p class=\"productprice1\" style=\"line-height: 15.75pt; \"><span style=\"font-family: Helvetica; color: rgb(51, 51, 51); \">If you do not want to\r\nreceive e-mails from us in the future, please let us know by sending us an <a href=\"mailto:info@envoydata.com\">e-mail</a> at the above address or by calling\r\nus at the above telephone number.<o:p /></span></p>\r\n\r\n<p class=\"productprice1\" style=\"line-height: 15.75pt; \"><span style=\"font-family: Helvetica; color: rgb(51, 51, 51); \">Persons who supply us\r\nwith their telephone numbers on-line will only receive telephone contact from\r\nus with information regarding orders they have placed on-line.<o:p /></span></p>\r\n\r\n<p class=\"productprice1\" style=\"line-height: 15.75pt; \"><span style=\"font-family: Helvetica; color: rgb(51, 51, 51); \">Please provide us with\r\nyour name and phone number. We will be sure your name is removed from the list\r\nwe share with other organizations.<o:p /></span></p>\r\n\r\n<p class=\"productprice1\" style=\"line-height: 15.75pt; \"><span style=\"font-family: Helvetica; color: rgb(51, 51, 51); \">With respect to Ad\r\nServers: We do not partner with or have special relationships with any ad\r\nserver companies.<o:p /></span></p>\r\n\r\n<p class=\"productprice1\" style=\"line-height: 15.75pt; \"><span style=\"font-family: Helvetica; color: rgb(51, 51, 51); \">From time to time, we\r\nmay use customer information for new, unanticipated uses not previously\r\ndisclosed in our privacy notice. If our information practices change at some\r\ntime in the future, we will post the policy changes to our Web site to notify\r\nyou of these changes and for these new purposes, we will use only data collected\r\nfrom the time of the policy change forward. If you are concerned about how your\r\ninformation is used, check back at our Web site periodically.<o:p /></span></p>\r\n\r\n<p class=\"productprice1\" style=\"line-height: 15.75pt; \"><span style=\"font-family: Helvetica; color: rgb(51, 51, 51); \">Upon request, we\r\nprovide site visitors with access to transaction information (e.g., dates on\r\nwhich customers made purchases, amounts and types of purchases) that we\r\nmaintain about them, communications that the consumer/visitor has directed to\r\nour site (e.g., e-mails, customer inquiries), contact information (e.g., name,\r\naddress, phone number) that we maintain about them.<o:p /></span></p>\r\n\r\n<p class=\"productprice1\" style=\"line-height: 15.75pt; \"><span style=\"font-family: Helvetica; color: rgb(51, 51, 51); \">Consumers can access\r\nthis information by e-mailing us at the above address or by writing to us at\r\nthe above address.<o:p /></span></p>\r\n\r\n<p class=\"productprice1\" style=\"line-height: 15.75pt; \"><span style=\"font-family: Helvetica; color: rgb(51, 51, 51); \">Consumers can have this\r\ninformation corrected by sending us an <a href=\"mailto:info@envoydata.com\">e-mail</a> at the above address, or calling\r\nus at the above telephone number.<o:p /></span></p>\r\n\r\n<p class=\"productprice1\" style=\"line-height: 15.75pt; \"><span style=\"font-family: Helvetica; color: rgb(51, 51, 51); \">With respect to\r\nsecurity: We have appropriate security measures in place in our physical\r\nfacilities to protect against the loss, misuse or alteration of information\r\nthat we have collected from you on our site.<o:p /></span></p>\r\n\r\n<p class=\"productprice1\" style=\"line-height: 15.75pt; \"><span style=\"font-family: Helvetica; color: rgb(51, 51, 51); \">If you feel that this\r\nsite is not following its stated information policy, you may contact us at the\r\nabove address or phone number, state or local chapters of the Better Business\r\nBureau, state or local consumer protection office, The Federal Trade Commission\r\nby phone at 202.FTC-HELP (202.382.4357) or electronically at <span><span class=\"MsoHyperlink\"><a href=\"http://www.ftc.gov/ftc/complaint.htm\">http://www.ftc.gov/ftc/complaint.htm</a>.</span></span><o:p /></span></p>\r\n\r\n<p class=\"MsoNormal\"><o:p>&nbsp;</o:p></p>\r\n\r\n<!--EndFragment-->\r\n\r\n\r\n</p>\r\n  </div>\r\n</div>',0,0,1,0,30,0,40,0,0,0,0),(11,1,'Gift Certificates','index.php?main_page=index&cPath=21','','',0,1,0,0,0,60,0,0,0,0,0),(14,1,'What is EZ-Pages?','','','<table cellspacing=\"4\" cellpadding=\"4\" border=\"3\" align=\"center\" style=\"width: 80%;\"><tbody><tr><td><span style=\"font-style: italic;\">\r\n<span style=\"font-weight: bold;\">Note: This EZ-Page has been written with the help of the HTMLarea Editor.<br /> <br />This means that this EZ-page will not validate correctly based on how HTMLarea or other editors renders the code.</span></span></td></tr></tbody></table><br /><br /><span style=\"font-weight: bold; color: rgb(255, 0, 0);\">Summary</span><br /><br /><span style=\"font-weight: bold;\">EZ-Pages</span> is a fast, easy way of creating links and additional pages.<br /><br />The additional Pages can be for:<br /><ul><li>New Pages</li><li>Internal Links</li><li>External Links</li><li>Secure or Non-Secure pages</li><li>Same or New Window</li></ul>In Addition, there is the ability to create &quot;related&quot; links in the format of a Chapter (group) and its TOC (related pages/links).<br /><br /><span style=\"font-weight: bold; color: rgb(255, 0, 0);\">Link Naming</span><br /><br />Links are named by the Page Title. All Links need a Page Title in order to function.<br /><br />If you forget to add a Page Title, then you will not be able to add the Link.<br /><br />If you do not assign an Order for the Header, Sidebox or Footer, then the Link will not display even if you have a Page Title.<br /><br /><span style=\"font-weight: bold;\"><span style=\"color: rgb(255, 0, 0);\">Link Placement</span><br /><br /></span>While you have the option of adding Additional Links to the Header, Footer and Sidebox with EZ-Pages, you are not limited to these three Link locations. Links can be in one or more locations simply by enabling the Order for the Location(s) where the Link should appear..<br /><br />The Link Location Status for the Header, Footer and Sidebox is controlled simply by setting these to Yes or No for each setting. Then, set the Order in which the Link should appear for each location.<br /><br />This means that if you were to set Header to Yes 30 and Sidebox to Yes 50 then the link would appear in both the Header and Sidebox in the Order of your Links.<br /><br />The Order numbering method is up to you. Numbering using 10, 20, 30, etc. will allow you to sort the Links and add additional Links later.<br /><br />Note: a 0 value for the Order will disable the Link from displaying.<br /><br /><span style=\"font-weight: bold;\"><span style=\"color: rgb(255, 0, 0);\">Open in New Window and Secure Pages</span><br /></span><br />With EZ-Pages, each Link can take you to the same, main window for your shop; or, you can have the Link open a brand new New Window. In addition, there is an option for making the Link open as a Secure Page or a Non-Secure Page.<br /><br /><span style=\"font-weight: bold; color: rgb(255, 0, 0);\">Chapter and TOC</span><br style=\"font-weight: bold; color: rgb(255, 0, 0);\" /><br />The Chapter and TOC, or Table of Contents, are a unique method of building Multiple Links that interact together.<br /><br />While these Links still follow the rules of the Header, Footer and Sidebox placement, the difference is that only one of the Links, the Main Link, needs to be displayed anywhere on the site.<br /><br />If you had, for example, 5 related Links, you could add the first Link as the Main Link by setting its location to the Header, Footer or Sidebox and set its Order, as usual.<br /><br />Next, you need to assign a Chapter or Group number to the Link. This Chapter holds the related Links together.<br /><br />Then, set the TOC or Table of Contents setting. This is a secondary Sort Order for within the Chapter.<br /><br />Again, you can display any of the Links within a Chapter, as well as making any of these Links the Main Link. Whether the Links all show, or just one or more of the Links show, the Chapter is the key to grouping these Links together in the TOC or Previous/Next. <br /><br /><span style=\"font-weight: bold; font-style: italic;\">NOTE: While all Links within a Chapter will display together, you can have the different Links display in the Header, Footer or Sidebox on their own. Or, you can have the additional Links only display when the Main Link or one of the Additional Links within the Chapter has been opened.</span><br style=\"font-weight: bold; font-style: italic;\" /><br />The versitility of EZ-Pages will make adding new Links and Pages extreamly easy for the beginner as well as the advance user.<br /><br />While this page was made in HTMLarea editor, any HTML editor could be used.<br /><br />However, be careful ... HTML editors will often add the opening and closing tags for the &lt;html&gt;, &lt;head&gt; and &lt;body&gt; to the file you are working on.<br /><br />These are already added to the pages via EZ-Pages.<br /><br /><span style=\"color: rgb(255, 0, 0); font-weight: bold;\">External Link URL</span><br /><br />External Link URLs are links to outside pages not within your shop. These can be to any valid URL such as:<br /><br />http://www.sashbox.net<br /><br />You need to include the full URL path to any External Link URL. You may also mark these to open in a New Window or the Same Window.<br /><br /><span style=\"color: rgb(255, 0, 0); font-weight: bold;\">Internal Link URL</span><br /><br />Internal Link URLs are links to internal pages within your shop. These can be to any valid URL, but should be written as relative links such as:<br /><br />index.php?main_page=index&amp;cPath=21<br /><br />The above Link would take you to the Category for categories_id 21<br /><br />While these links can be the Full URL to an Internal Link, it is best to write as a Relative Link so that if you change domains, are work on a temporary domain or an IP Address, the Link will remain valid if moved to another domain, IP Address, etc.<br /><br />Internal Links can also open in a New Window or the Same Window or be for Secure or Non-Secure Pages.<br /><br /><span style=\"font-weight: bold; color: rgb(255, 0, 0);\">EZ-Pages Additional Pages vs Internal Links vs External Links</span><br /><br />The Type of Link that you create is based on an order of precidence, where HTML Content will superceed both the Internal Link and the External Link values.<br /><br />The External Link URL will superceed the Internal Link URL.<br /><br />If you try to set a combination of HTML Content, Internal Link and/or External Link, the Link will be flagged in the listing with a read icon to alert you to your mistake.<br /><br /><span style=\"font-weight: bold; color: rgb(255, 0, 0);\">WARNING ...</span><br /><br />When using Editors such as HTMLarea, if you hit enter in the HTML Content area <br /> will be added. These will be detected as &quot;content&quot; and will override any Internal Link URL or External Link URL.<br /><br /><span style=\"font-weight: bold; color: rgb(255, 0, 0);\">Admin Only Display</span><br /><br />Sometimes, when working on EZ-Pages, you will want to be able to work on a Live Site and see the results of your work, but not allow the Customers to see this until you are done.<br /><br />There are 3 settings in the Configuration ... EZ-Pages Settings for the Header, Footer and Sidebox  Status:<br /><ul><li>OFF</li><li>ON</li><li>Admin Only</li></ul>The Admin Only setting is controlled by the IP Address(es) set in the Website Maintenance.<br /><br />This can be very handy when needing to work on a Live Site but not wanting customers to see the work in progress.<br /><br />',0,0,0,1,0,0,0,20,0,0,10),(15,1,'Partners','','http://envoy.primaryhub.com/content/partners','<br />',1,0,0,0,1,0,0,0,0,0,0),(16,1,'Tech Support','','http://envoy.primaryhub.com/content/tech-support','&nbsp;',1,0,0,0,2,0,0,0,0,0,0),(17,1,'Chat Live!','','http://envoy.primaryhub.com/livezilla/livezilla.php','<br />',1,0,0,0,3,0,0,0,1,0,0),(18,1,'Configurator','','http://envoy.primaryhub.com/store/index.php?main_page=configurator','&nbsp;',1,0,0,0,4,0,0,0,0,0,0),(19,1,'Online Store','','/store/','<br />',1,0,0,0,5,0,0,0,0,0,0),(20,1,'Shopping Cart / Checkout','','/store/index.php?main_page=checkout_shipping','&nbsp;',1,0,0,0,6,0,0,0,0,0,0),(21,1,'Specials','','/store/index.php?main_page=specials','&nbsp;',1,0,0,0,7,0,0,0,0,0,0),(22,1,'Request VAR Number','','http://envoy.primaryhub.com/content/request-var-number','8',0,0,0,0,8,0,0,0,0,0,0);

--
-- Table structure for table `zen_featured`
--

CREATE TABLE `zen_featured` (
  `featured_id` int(11) NOT NULL AUTO_INCREMENT,
  `products_id` int(11) NOT NULL DEFAULT '0',
  `featured_date_added` datetime DEFAULT NULL,
  `featured_last_modified` datetime DEFAULT NULL,
  `expires_date` date NOT NULL DEFAULT '0001-01-01',
  `date_status_change` datetime DEFAULT NULL,
  `status` int(1) NOT NULL DEFAULT '1',
  `featured_date_available` date NOT NULL DEFAULT '0001-01-01',
  PRIMARY KEY (`featured_id`),
  KEY `idx_status_zen` (`status`),
  KEY `idx_products_id_zen` (`products_id`),
  KEY `idx_date_avail_zen` (`featured_date_available`),
  KEY `idx_expires_date_zen` (`expires_date`)
) ENGINE=MyISAM AUTO_INCREMENT=40 DEFAULT CHARSET=latin1;

--
-- Dumping data for table `zen_featured`
--

INSERT INTO `zen_featured` VALUES (39,355,'2010-08-31 15:54:08',NULL,'0001-01-01',NULL,1,'0001-01-01'),(38,356,'2010-08-31 15:53:59',NULL,'0001-01-01',NULL,1,'0001-01-01'),(33,379,'2010-08-31 15:52:39',NULL,'0001-01-01',NULL,1,'0001-01-01'),(31,263,'2010-08-30 08:22:06',NULL,'0001-01-01',NULL,1,'2010-08-30'),(37,385,'2010-08-31 15:53:33',NULL,'0001-01-01',NULL,1,'0001-01-01'),(36,377,'2010-08-31 15:53:10',NULL,'0001-01-01',NULL,1,'0001-01-01'),(32,354,'2010-08-31 15:52:13',NULL,'0001-01-01',NULL,1,'0001-01-01'),(34,375,'2010-08-31 15:52:48',NULL,'0001-01-01',NULL,1,'0001-01-01'),(35,384,'2010-08-31 15:52:56',NULL,'0001-01-01',NULL,1,'0001-01-01');

--
-- Table structure for table `zen_files_uploaded`
--

CREATE TABLE `zen_files_uploaded` (
  `files_uploaded_id` int(11) NOT NULL AUTO_INCREMENT,
  `sesskey` varchar(32) DEFAULT NULL,
  `customers_id` int(11) DEFAULT NULL,
  `files_uploaded_name` varchar(64) NOT NULL DEFAULT '',
  PRIMARY KEY (`files_uploaded_id`),
  KEY `idx_customers_id_zen` (`customers_id`)
) ENGINE=MyISAM DEFAULT CHARSET=latin1 COMMENT='Must always have either a sesskey or customers_id';

--
-- Dumping data for table `zen_files_uploaded`
--


--
-- Table structure for table `zen_geo_zones`
--

CREATE TABLE `zen_geo_zones` (
  `geo_zone_id` int(11) NOT NULL AUTO_INCREMENT,
  `geo_zone_name` varchar(32) NOT NULL DEFAULT '',
  `geo_zone_description` varchar(255) NOT NULL DEFAULT '',
  `last_modified` datetime DEFAULT NULL,
  `date_added` datetime NOT NULL DEFAULT '0001-01-01 00:00:00',
  PRIMARY KEY (`geo_zone_id`)
) ENGINE=MyISAM AUTO_INCREMENT=4 DEFAULT CHARSET=latin1;

--
-- Dumping data for table `zen_geo_zones`
--

INSERT INTO `zen_geo_zones` VALUES (1,'Arizona','Arizona State sales tax zone','2010-04-30 13:03:52','2010-04-28 01:58:10'),(2,'HI-AK','Hawaii & Alaska','2010-08-18 21:04:39','2010-08-18 16:28:42'),(3,'Contiguous US States','Contiguous US States',NULL,'2010-08-18 21:17:53');

--
-- Table structure for table `zen_get_terms_to_filter`
--

CREATE TABLE `zen_get_terms_to_filter` (
  `get_term_name` varchar(255) NOT NULL DEFAULT '',
  `get_term_table` varchar(64) NOT NULL,
  `get_term_name_field` varchar(64) NOT NULL,
  PRIMARY KEY (`get_term_name`)
) ENGINE=MyISAM DEFAULT CHARSET=latin1;

--
-- Dumping data for table `zen_get_terms_to_filter`
--

INSERT INTO `zen_get_terms_to_filter` VALUES ('manufacturers_id','TABLE_MANUFACTURERS','manufacturers_name'),('music_genre_id','TABLE_MUSIC_GENRE','music_genre_name'),('record_company_id','TABLE_RECORD_COMPANY','record_company_name');

--
-- Table structure for table `zen_group_pricing`
--

CREATE TABLE `zen_group_pricing` (
  `group_id` int(11) NOT NULL AUTO_INCREMENT,
  `group_name` varchar(32) NOT NULL DEFAULT '',
  `group_percentage` decimal(5,2) NOT NULL DEFAULT '0.00',
  `last_modified` datetime DEFAULT NULL,
  `date_added` datetime NOT NULL DEFAULT '0001-01-01 00:00:00',
  PRIMARY KEY (`group_id`)
) ENGINE=MyISAM AUTO_INCREMENT=3 DEFAULT CHARSET=latin1;

--
-- Dumping data for table `zen_group_pricing`
--

INSERT INTO `zen_group_pricing` VALUES (1,'Group 10',10.00,NULL,'2004-04-29 00:21:04'),(2,'Group 20',20.00,NULL,'2010-04-29 22:23:10');

--
-- Table structure for table `zen_info`
--

CREATE TABLE `zen_info` (
  `version` varchar(15) COLLATE utf8_bin NOT NULL,
  `chat_id` int(11) unsigned NOT NULL DEFAULT '11700',
  `ticket_id` int(11) unsigned NOT NULL DEFAULT '11700',
  PRIMARY KEY (`version`)
) ENGINE=MyISAM DEFAULT CHARSET=utf8 COLLATE=utf8_bin;

--
-- Dumping data for table `zen_info`
--

INSERT INTO `zen_info` VALUES ('3.1.8.6',11701,11701);

--
-- Table structure for table `zen_internal`
--

CREATE TABLE `zen_internal` (
  `id` bigint(20) unsigned NOT NULL AUTO_INCREMENT,
  `time` int(11) unsigned NOT NULL,
  `time_confirmed` int(11) unsigned NOT NULL,
  `internal_id` varchar(15) COLLATE utf8_bin NOT NULL,
  `status` tinyint(1) unsigned NOT NULL,
  PRIMARY KEY (`id`)
) ENGINE=MyISAM AUTO_INCREMENT=987217 DEFAULT CHARSET=utf8 COLLATE=utf8_bin;

--
-- Dumping data for table `zen_internal`
--


--
-- Table structure for table `zen_languages`
--

CREATE TABLE `zen_languages` (
  `languages_id` int(11) NOT NULL AUTO_INCREMENT,
  `name` varchar(32) NOT NULL DEFAULT '',
  `code` char(2) NOT NULL DEFAULT '',
  `image` varchar(64) DEFAULT NULL,
  `directory` varchar(32) DEFAULT NULL,
  `sort_order` int(3) DEFAULT NULL,
  PRIMARY KEY (`languages_id`),
  KEY `idx_languages_name_zen` (`name`)
) ENGINE=MyISAM AUTO_INCREMENT=2 DEFAULT CHARSET=latin1;

--
-- Dumping data for table `zen_languages`
--

INSERT INTO `zen_languages` VALUES (1,'English','en','icon.gif','english',1);

--
-- Table structure for table `zen_layout_boxes`
--

CREATE TABLE `zen_layout_boxes` (
  `layout_id` int(11) NOT NULL AUTO_INCREMENT,
  `layout_template` varchar(64) NOT NULL DEFAULT '',
  `layout_box_name` varchar(64) NOT NULL DEFAULT '',
  `layout_box_status` tinyint(1) NOT NULL DEFAULT '0',
  `layout_box_location` tinyint(1) NOT NULL DEFAULT '0',
  `layout_box_sort_order` int(11) NOT NULL DEFAULT '0',
  `layout_box_sort_order_single` int(11) NOT NULL DEFAULT '0',
  `layout_box_status_single` tinyint(4) NOT NULL DEFAULT '0',
  PRIMARY KEY (`layout_id`),
  KEY `idx_name_template_zen` (`layout_template`,`layout_box_name`),
  KEY `idx_layout_box_status_zen` (`layout_box_status`),
  KEY `idx_layout_box_sort_order_zen` (`layout_box_sort_order`)
) ENGINE=MyISAM AUTO_INCREMENT=104 DEFAULT CHARSET=latin1;

--
-- Dumping data for table `zen_layout_boxes`
--

INSERT INTO `zen_layout_boxes` VALUES (1,'default_template_settings','banner_box_all.php',1,1,5,0,0),(2,'default_template_settings','banner_box.php',1,0,300,1,127),(3,'default_template_settings','banner_box2.php',1,1,15,1,15),(4,'default_template_settings','best_sellers.php',1,1,30,70,1),(5,'default_template_settings','categories.php',1,0,10,10,1),(6,'default_template_settings','currencies.php',1,1,80,60,1),(7,'default_template_settings','document_categories.php',1,0,0,0,0),(8,'default_template_settings','ezpages.php',1,1,-1,2,1),(9,'default_template_settings','featured.php',1,0,45,0,0),(10,'default_template_settings','information.php',1,0,50,40,1),(11,'default_template_settings','languages.php',1,1,70,50,1),(12,'default_template_settings','manufacturers.php',1,0,30,20,1),(13,'default_template_settings','manufacturer_info.php',1,1,35,95,1),(14,'default_template_settings','more_information.php',1,0,200,200,1),(15,'default_template_settings','music_genres.php',1,1,0,0,0),(16,'default_template_settings','order_history.php',1,1,0,0,0),(17,'default_template_settings','product_notifications.php',1,1,55,85,1),(18,'default_template_settings','record_companies.php',1,1,0,0,0),(19,'default_template_settings','reviews.php',1,0,40,0,0),(20,'default_template_settings','search.php',1,1,10,0,0),(21,'default_template_settings','search_header.php',0,0,0,0,1),(22,'default_template_settings','shopping_cart.php',1,1,20,30,1),(23,'default_template_settings','specials.php',1,1,45,0,0),(24,'default_template_settings','tell_a_friend.php',1,1,65,0,0),(25,'default_template_settings','whats_new.php',1,0,20,0,0),(26,'default_template_settings','whos_online.php',1,1,200,200,1),(27,'template_default','banner_box_all.php',1,1,5,0,0),(28,'template_default','banner_box.php',1,0,300,1,127),(29,'template_default','banner_box2.php',1,1,15,1,15),(30,'template_default','best_sellers.php',1,1,30,70,1),(31,'template_default','categories.php',1,0,10,10,1),(32,'template_default','currencies.php',1,1,80,60,1),(33,'template_default','ezpages.php',1,1,-1,2,1),(34,'template_default','featured.php',1,0,45,0,0),(35,'template_default','information.php',1,0,50,40,1),(36,'template_default','languages.php',1,1,70,50,1),(37,'template_default','manufacturers.php',1,0,30,20,1),(38,'template_default','manufacturer_info.php',1,1,35,95,1),(39,'template_default','more_information.php',1,0,200,200,1),(40,'template_default','my_broken_box.php',1,0,0,0,0),(41,'template_default','order_history.php',1,1,0,0,0),(42,'template_default','product_notifications.php',1,1,55,85,1),(43,'template_default','reviews.php',1,0,40,0,0),(44,'template_default','search.php',1,1,10,0,0),(45,'template_default','search_header.php',0,0,0,0,1),(46,'template_default','shopping_cart.php',1,1,20,30,1),(47,'template_default','specials.php',1,1,45,0,0),(48,'template_default','tell_a_friend.php',1,1,65,0,0),(49,'template_default','whats_new.php',1,0,20,0,0),(50,'template_default','whos_online.php',1,1,200,200,1),(51,'classic','banner_box.php',1,0,300,1,127),(52,'classic','banner_box2.php',1,1,15,1,15),(53,'classic','banner_box_all.php',1,1,5,0,0),(54,'classic','best_sellers.php',1,1,30,70,1),(55,'classic','categories.php',1,0,10,10,1),(56,'classic','currencies.php',0,1,80,60,1),(57,'classic','document_categories.php',1,0,0,0,0),(58,'classic','ezpages.php',1,1,-1,2,1),(59,'classic','featured.php',1,0,45,0,0),(60,'classic','information.php',1,0,50,40,1),(61,'classic','languages.php',0,1,70,50,1),(62,'classic','manufacturers.php',1,0,30,20,1),(63,'classic','manufacturer_info.php',1,1,35,95,1),(64,'classic','more_information.php',0,0,200,200,1),(65,'classic','music_genres.php',0,1,0,0,0),(66,'classic','order_history.php',0,1,0,0,0),(67,'classic','product_notifications.php',1,1,55,85,1),(68,'classic','record_companies.php',0,1,0,0,0),(69,'classic','reviews.php',1,0,40,0,0),(70,'classic','search.php',1,1,10,0,0),(71,'classic','search_header.php',0,0,0,0,1),(72,'classic','shopping_cart.php',1,1,20,30,1),(73,'classic','specials.php',1,1,45,0,0),(74,'classic','tell_a_friend.php',1,1,65,0,0),(75,'classic','whats_new.php',1,0,20,0,0),(76,'classic','whos_online.php',0,1,200,200,1),(77,'Slovak_Classic','banner_box.php',0,0,0,0,0),(78,'Slovak_Classic','banner_box2.php',0,0,0,0,0),(79,'Slovak_Classic','banner_box_all.php',0,0,0,0,0),(80,'Slovak_Classic','best_sellers.php',0,0,0,0,0),(81,'Slovak_Classic','categories.php',1,0,0,0,0),(82,'Slovak_Classic','currencies.php',0,0,0,0,0),(83,'Slovak_Classic','document_categories.php',0,0,0,0,0),(84,'Slovak_Classic','ezpages.php',0,0,0,0,0),(85,'Slovak_Classic','featured.php',1,0,0,0,0),(86,'Slovak_Classic','information.php',0,0,0,0,0),(87,'Slovak_Classic','languages.php',0,0,0,0,0),(88,'Slovak_Classic','manufacturer_info.php',0,0,0,0,0),(89,'Slovak_Classic','manufacturers.php',0,0,0,0,0),(90,'Slovak_Classic','more_information.php',0,0,0,0,0),(91,'Slovak_Classic','music_genres.php',0,0,0,0,0),(92,'Slovak_Classic','order_history.php',0,0,0,0,0),(93,'Slovak_Classic','product_notifications.php',0,0,0,0,0),(94,'Slovak_Classic','record_companies.php',0,0,0,0,0),(95,'Slovak_Classic','reviews.php',0,0,0,0,0),(96,'Slovak_Classic','search.php',0,0,0,0,0),(97,'Slovak_Classic','search_header.php',0,0,0,0,0),(98,'Slovak_Classic','shopping_cart.php',0,0,0,0,0),(99,'Slovak_Classic','specials.php',0,0,0,0,0),(100,'Slovak_Classic','tell_a_friend.php',0,0,0,0,0),(101,'Slovak_Classic','whats_new.php',0,0,0,0,0),(102,'Slovak_Classic','whos_online.php',0,0,0,0,0),(103,'Slovak_Classic','ceon_manual_card_cards_accepted.php',0,0,0,0,0);

--
-- Table structure for table `zen_manufacturers`
--

CREATE TABLE `zen_manufacturers` (
  `manufacturers_id` int(11) NOT NULL AUTO_INCREMENT,
  `manufacturers_name` varchar(32) NOT NULL DEFAULT '',
  `manufacturers_image` varchar(64) DEFAULT NULL,
  `date_added` datetime DEFAULT NULL,
  `last_modified` datetime DEFAULT NULL,
  PRIMARY KEY (`manufacturers_id`),
  KEY `idx_mfg_name_zen` (`manufacturers_name`)
) ENGINE=MyISAM AUTO_INCREMENT=32 DEFAULT CHARSET=latin1;

--
-- Dumping data for table `zen_manufacturers`
--

INSERT INTO `zen_manufacturers` VALUES (10,'Envoy Data',NULL,'2010-07-01 06:50:21',NULL),(11,'OpenTrust',NULL,'2010-07-08 02:06:39',NULL),(12,'Seagate',NULL,'2010-07-08 02:12:19',NULL),(13,'Litronic',NULL,'2010-07-08 02:12:30',NULL),(14,'Actividentity','large/ActivIdentity_2C_CMYK_300_PC.jpg','2010-07-08 02:12:48','2010-08-30 12:16:38'),(15,'MXI Security',NULL,'2010-07-08 02:12:57','2010-07-08 02:55:11'),(16,'SafeNet',NULL,'2010-07-08 02:13:05',NULL),(17,'Gemalto',NULL,'2010-07-08 02:13:18',NULL),(18,'Credant',NULL,'2010-07-08 02:13:28',NULL),(19,'Noble Locks',NULL,'2010-07-08 02:13:42',NULL),(20,'DigitalPersona',NULL,'2010-07-08 02:14:09',NULL),(21,'HID Global',NULL,'2010-07-08 03:17:35',NULL),(23,'Goldtouch',NULL,'2010-07-08 03:18:01',NULL),(24,'Precise Biometrics',NULL,'2010-07-08 03:18:20',NULL),(25,'SCM',NULL,'2010-07-08 03:18:29',NULL),(26,'Fargo Electronics Inc.',NULL,'2010-07-08 03:18:43',NULL),(27,'MorphoTrak',NULL,'2010-07-08 03:19:08','2010-08-27 11:16:19'),(28,'KSI',NULL,'2010-07-08 03:19:24',NULL),(29,'AXWAY',NULL,'2010-07-08 03:19:37',NULL),(30,'Thales',NULL,'2010-07-08 03:19:45',NULL),(31,'RFIDeas',NULL,'2010-07-08 03:20:07',NULL);

--
-- Table structure for table `zen_manufacturers_info`
--

CREATE TABLE `zen_manufacturers_info` (
  `manufacturers_id` int(11) NOT NULL DEFAULT '0',
  `languages_id` int(11) NOT NULL DEFAULT '0',
  `manufacturers_url` varchar(255) NOT NULL DEFAULT '',
  `url_clicked` int(5) NOT NULL DEFAULT '0',
  `date_last_click` datetime DEFAULT NULL,
  PRIMARY KEY (`manufacturers_id`,`languages_id`)
) ENGINE=MyISAM DEFAULT CHARSET=latin1;

--
-- Dumping data for table `zen_manufacturers_info`
--

INSERT INTO `zen_manufacturers_info` VALUES (10,1,'',0,NULL),(11,1,'',0,NULL),(12,1,'',0,NULL),(13,1,'',0,NULL),(14,1,'',0,NULL),(15,1,'',0,NULL),(16,1,'',0,NULL),(17,1,'',0,NULL),(18,1,'',0,NULL),(19,1,'',0,NULL),(20,1,'',0,NULL),(21,1,'',0,NULL),(23,1,'',0,NULL),(24,1,'',0,NULL),(25,1,'',0,NULL),(26,1,'',0,NULL),(27,1,'',0,NULL),(28,1,'',0,NULL),(29,1,'',0,NULL),(30,1,'',0,NULL),(31,1,'',0,NULL);

--
-- Table structure for table `zen_media_clips`
--

CREATE TABLE `zen_media_clips` (
  `clip_id` int(11) NOT NULL AUTO_INCREMENT,
  `media_id` int(11) NOT NULL DEFAULT '0',
  `clip_type` smallint(6) NOT NULL DEFAULT '0',
  `clip_filename` text NOT NULL,
  `date_added` datetime NOT NULL DEFAULT '0001-01-01 00:00:00',
  `last_modified` datetime NOT NULL DEFAULT '0001-01-01 00:00:00',
  PRIMARY KEY (`clip_id`),
  KEY `idx_media_id_zen` (`media_id`),
  KEY `idx_clip_type_zen` (`clip_type`)
) ENGINE=MyISAM DEFAULT CHARSET=latin1;

--
-- Dumping data for table `zen_media_clips`
--


--
-- Table structure for table `zen_media_manager`
--

CREATE TABLE `zen_media_manager` (
  `media_id` int(11) NOT NULL AUTO_INCREMENT,
  `media_name` varchar(255) NOT NULL DEFAULT '',
  `last_modified` datetime NOT NULL DEFAULT '0001-01-01 00:00:00',
  `date_added` datetime NOT NULL DEFAULT '0001-01-01 00:00:00',
  PRIMARY KEY (`media_id`),
  KEY `idx_media_name_zen` (`media_name`)
) ENGINE=MyISAM DEFAULT CHARSET=latin1;

--
-- Dumping data for table `zen_media_manager`
--


--
-- Table structure for table `zen_media_to_products`
--

CREATE TABLE `zen_media_to_products` (
  `media_id` int(11) NOT NULL DEFAULT '0',
  `product_id` int(11) NOT NULL DEFAULT '0',
  KEY `idx_media_product_zen` (`media_id`,`product_id`)
) ENGINE=MyISAM DEFAULT CHARSET=latin1;

--
-- Dumping data for table `zen_media_to_products`
--


--
-- Table structure for table `zen_media_types`
--

CREATE TABLE `zen_media_types` (
  `type_id` int(11) NOT NULL AUTO_INCREMENT,
  `type_name` varchar(64) NOT NULL DEFAULT '',
  `type_ext` varchar(8) NOT NULL DEFAULT '',
  PRIMARY KEY (`type_id`),
  KEY `idx_type_name_zen` (`type_name`)
) ENGINE=MyISAM AUTO_INCREMENT=2 DEFAULT CHARSET=latin1;

--
-- Dumping data for table `zen_media_types`
--

INSERT INTO `zen_media_types` VALUES (1,'MP3','.mp3');

--
-- Table structure for table `zen_meta_tags_categories_description`
--

CREATE TABLE `zen_meta_tags_categories_description` (
  `categories_id` int(11) NOT NULL,
  `language_id` int(11) NOT NULL DEFAULT '1',
  `metatags_title` varchar(255) NOT NULL DEFAULT '',
  `metatags_keywords` text,
  `metatags_description` text,
  PRIMARY KEY (`categories_id`,`language_id`)
) ENGINE=MyISAM DEFAULT CHARSET=latin1;

--
-- Dumping data for table `zen_meta_tags_categories_description`
--


--
-- Table structure for table `zen_meta_tags_products_description`
--

CREATE TABLE `zen_meta_tags_products_description` (
  `products_id` int(11) NOT NULL,
  `language_id` int(11) NOT NULL DEFAULT '1',
  `metatags_title` varchar(255) NOT NULL DEFAULT '',
  `metatags_keywords` text,
  `metatags_description` text,
  PRIMARY KEY (`products_id`,`language_id`)
) ENGINE=MyISAM DEFAULT CHARSET=latin1;

--
-- Dumping data for table `zen_meta_tags_products_description`
--


--
-- Table structure for table `zen_music_genre`
--

CREATE TABLE `zen_music_genre` (
  `music_genre_id` int(11) NOT NULL AUTO_INCREMENT,
  `music_genre_name` varchar(32) NOT NULL DEFAULT '',
  `date_added` datetime DEFAULT NULL,
  `last_modified` datetime DEFAULT NULL,
  PRIMARY KEY (`music_genre_id`),
  KEY `idx_music_genre_name_zen` (`music_genre_name`)
) ENGINE=MyISAM DEFAULT CHARSET=latin1;

--
-- Dumping data for table `zen_music_genre`
--


--
-- Table structure for table `zen_newsletters`
--

CREATE TABLE `zen_newsletters` (
  `newsletters_id` int(11) NOT NULL AUTO_INCREMENT,
  `title` varchar(255) NOT NULL DEFAULT '',
  `content` text NOT NULL,
  `content_html` text NOT NULL,
  `module` varchar(255) NOT NULL DEFAULT '',
  `date_added` datetime NOT NULL DEFAULT '0001-01-01 00:00:00',
  `date_sent` datetime DEFAULT NULL,
  `status` int(1) DEFAULT NULL,
  `locked` int(1) DEFAULT '0',
  PRIMARY KEY (`newsletters_id`)
) ENGINE=MyISAM DEFAULT CHARSET=latin1;

--
-- Dumping data for table `zen_newsletters`
--


--
-- Table structure for table `zen_orders`
--

CREATE TABLE `zen_orders` (
  `orders_id` int(11) NOT NULL AUTO_INCREMENT,
  `customers_id` int(11) NOT NULL DEFAULT '0',
  `customers_name` varchar(64) NOT NULL DEFAULT '',
  `customers_company` varchar(64) DEFAULT NULL,
  `customers_street_address` varchar(64) NOT NULL DEFAULT '',
  `customers_suburb` varchar(32) DEFAULT NULL,
  `customers_city` varchar(32) NOT NULL DEFAULT '',
  `customers_postcode` varchar(10) NOT NULL DEFAULT '',
  `customers_state` varchar(32) DEFAULT NULL,
  `customers_country` varchar(32) NOT NULL DEFAULT '',
  `customers_telephone` varchar(32) NOT NULL DEFAULT '',
  `customers_email_address` varchar(96) NOT NULL DEFAULT '',
  `customers_address_format_id` int(5) NOT NULL DEFAULT '0',
  `delivery_name` varchar(64) NOT NULL DEFAULT '',
  `delivery_company` varchar(64) DEFAULT NULL,
  `delivery_street_address` varchar(64) NOT NULL DEFAULT '',
  `delivery_suburb` varchar(32) DEFAULT NULL,
  `delivery_city` varchar(32) NOT NULL DEFAULT '',
  `delivery_postcode` varchar(10) NOT NULL DEFAULT '',
  `delivery_state` varchar(32) DEFAULT NULL,
  `delivery_country` varchar(32) NOT NULL DEFAULT '',
  `delivery_address_format_id` int(5) NOT NULL DEFAULT '0',
  `billing_name` varchar(64) NOT NULL DEFAULT '',
  `billing_company` varchar(64) DEFAULT NULL,
  `billing_street_address` varchar(64) NOT NULL DEFAULT '',
  `billing_suburb` varchar(32) DEFAULT NULL,
  `billing_city` varchar(32) NOT NULL DEFAULT '',
  `billing_postcode` varchar(10) NOT NULL DEFAULT '',
  `billing_state` varchar(32) DEFAULT NULL,
  `billing_country` varchar(32) NOT NULL DEFAULT '',
  `billing_address_format_id` int(5) NOT NULL DEFAULT '0',
  `payment_method` varchar(128) NOT NULL DEFAULT '',
  `payment_module_code` varchar(32) NOT NULL DEFAULT '',
  `shipping_method` varchar(128) NOT NULL DEFAULT '',
  `shipping_module_code` varchar(32) NOT NULL DEFAULT '',
  `coupon_code` varchar(32) NOT NULL DEFAULT '',
  `cc_type` varchar(20) DEFAULT NULL,
  `cc_owner` varchar(64) DEFAULT NULL,
  `cc_number` varchar(32) DEFAULT NULL,
  `cc_expires` varchar(4) DEFAULT NULL,
  `cc_cvv` blob,
  `last_modified` datetime DEFAULT NULL,
  `date_purchased` datetime DEFAULT NULL,
  `orders_status` int(5) NOT NULL DEFAULT '0',
  `orders_date_finished` datetime DEFAULT NULL,
  `currency` char(3) DEFAULT NULL,
  `currency_value` decimal(14,6) DEFAULT NULL,
  `order_total` decimal(14,2) DEFAULT NULL,
  `order_tax` decimal(14,2) DEFAULT NULL,
  `paypal_ipn_id` int(11) NOT NULL DEFAULT '0',
  `ip_address` varchar(96) NOT NULL DEFAULT '',
  PRIMARY KEY (`orders_id`),
  KEY `idx_status_orders_cust_zen` (`orders_status`,`orders_id`,`customers_id`),
  KEY `idx_date_purchased_zen` (`date_purchased`),
  KEY `idx_cust_id_orders_id_zen` (`customers_id`,`orders_id`)
) ENGINE=MyISAM AUTO_INCREMENT=20 DEFAULT CHARSET=latin1;

--
-- Dumping data for table `zen_orders`
--

INSERT INTO `zen_orders` VALUES (17,137,'test testr','sadfdsa','asdfsfad asdf asfd','','Phx','83242','Utah','United States','444-444-4444','webman@apexhosting.com',2,'test testr','sadfdsa','asdfsfad asdf asfd','','Phx','83242','Utah','United States',2,'test testr','sadfdsa','asdfsfad asdf asfd','','Phx','83242','Utah','United States',2,'Credit/Debit Card','ceon_manual_card','Ship by Qty (UPS Ground)','qtyship','','Visa','test testr','4111XXXXXXXX1111','0112',NULL,NULL,'2011-04-13 16:26:13',1,NULL,'USD',1.000000,99.01,8.01,0,'98.174.202.204 - 98.174.202.204'),(18,141,'John Paul','','425 Dewalt Ave','','Ridgecrest','93555','California','United States','760-375-2365','pauljt93555@yahoo.com',2,'John Paul','','425 Dewalt Ave','','Ridgecrest','93555','California','United States',2,'John Paul','','425 Dewalt Ave','','Ridgecrest','93555','California','United States',2,'Credit/Debit Card','ceon_manual_card','Ship by Qty (UPS Ground)','qtyship','','Visa','John Paul','4388XXXXXXXX1693','0913',NULL,NULL,'2011-08-04 21:42:36',1,NULL,'USD',1.000000,76.00,0.00,0,'64.75.218.2 - 64.75.218.2'),(19,142,'David Wall','','17760 Hwy. 64 E.','','somerville','38068','Tennessee','United States','7317720551','dwall@wgermanequip.com',2,'David Wall','Willie German Equipment','1341 S. Dupree Ave','','Brownsville','38012','Tennessee','United States',2,'David Wall','Willie German Equipment','17760 Hwy. 64 E.','','somerville','38068','Tennessee','United States',2,'Credit/Debit Card','ceon_manual_card','Ship by Qty (UPS Ground)','qtyship','','Visa','David Wall','4336XXXXXXXX0300','1012',NULL,NULL,'2011-08-11 13:56:16',1,NULL,'USD',1.000000,232.00,0.00,0,'65.81.105.242 - 65.81.105.242'),(14,2,'philtest tester','tester','4656 E. Annette dr','','Phoenix','85032','Arizona','United States','6025695863','phil@primaryhub.com',2,'philtest tester','tester','4656 E. Annette dr','','Phoenix','85032','Arizona','United States',2,'philtest tester','tester','4656 E. Annette dr','','Phoenix','85032','Arizona','United States',2,'Credit/Debit Card','ceon_manual_card','Ship by Qty (UPS Ground)','qtyship','','Visa','philtest tester','4111XXXXXXXX1111','0112',NULL,NULL,'2010-10-01 18:32:43',1,NULL,'USD',1.000000,342.65,27.71,0,'68.228.218.196 - 68.228.218.196'),(15,128,'Fred Frederickson','TestCo','55 E. Elm','','Phoenix','85032','Arizona','United States','444-444-5555','webman@apexhosting.com',2,'Fred Frederickson','TestCo','55 E. Elm','','Phoenix','85032','Arizona','United States',2,'Fred Frederickson','TestCo','55 E. Elm','','Phoenix','85032','Arizona','United States',2,'Credit/Debit Card','ceon_manual_card','Ship by Qty (UPS Ground)','qtyship','','Visa','Fred Frederickson','4111XXXXXXXX1111','0212',NULL,NULL,'2010-10-01 19:37:34',1,NULL,'USD',1.000000,56.47,4.57,0,'68.228.218.196 - 68.228.218.196'),(16,136,'test tester','test','test sdaf sadfasfd','','Tester','23423','Arizona','United States','444-444-4444','webman@apexhosting.com',2,'test tester','test','test sdaf sadfasfd','','Tester','23423','Arizona','United States',2,'test tester','test','test sdaf sadfasfd','','Tester','23423','Arizona','United States',2,'Credit/Debit Card','ceon_manual_card','Ship by Qty (UPS Ground)','qtyship','','Visa','test tester','4111XXXXXXXX1111','0212',NULL,NULL,'2011-04-13 16:03:42',1,NULL,'USD',1.000000,99.01,8.01,0,'98.174.202.204 - 98.174.202.204');

--
-- Table structure for table `zen_orders_products`
--

CREATE TABLE `zen_orders_products` (
  `orders_products_id` int(11) NOT NULL AUTO_INCREMENT,
  `orders_id` int(11) NOT NULL DEFAULT '0',
  `products_id` int(11) NOT NULL DEFAULT '0',
  `products_model` varchar(32) DEFAULT NULL,
  `products_model2` varchar(30) DEFAULT NULL,
  `products_name` varchar(64) NOT NULL DEFAULT '',
  `products_price` decimal(15,4) NOT NULL DEFAULT '0.0000',
  `final_price` decimal(15,4) NOT NULL DEFAULT '0.0000',
  `products_tax` decimal(7,4) NOT NULL DEFAULT '0.0000',
  `products_quantity` float NOT NULL DEFAULT '0',
  `onetime_charges` decimal(15,4) NOT NULL DEFAULT '0.0000',
  `products_priced_by_attribute` tinyint(1) NOT NULL DEFAULT '0',
  `product_is_free` tinyint(1) NOT NULL DEFAULT '0',
  `products_discount_type` tinyint(1) NOT NULL DEFAULT '0',
  `products_discount_type_from` tinyint(1) NOT NULL DEFAULT '0',
  `products_prid` tinytext NOT NULL,
  PRIMARY KEY (`orders_products_id`),
  KEY `idx_orders_id_prod_id_zen` (`orders_id`,`products_id`),
  KEY `idx_prod_id_orders_id_zen` (`products_id`,`orders_id`)
) ENGINE=MyISAM AUTO_INCREMENT=28 DEFAULT CHARSET=latin1;

--
-- Dumping data for table `zen_orders_products`
--

INSERT INTO `zen_orders_products` VALUES (23,15,391,'GT7-0017',NULL,'Goldtouch Black Gel Filled Palm Supports',19.9500,19.9500,8.8000,2,0.0000,0,0,0,0,'391'),(19,14,356,'GBUR300 ','12345','ActivIdentity GBUR300',33.0000,33.0000,8.8000,1,0.0000,0,0,0,0,'356'),(20,14,355,'BRP102 ',NULL,'ActivIdentity BRP102',79.0000,79.0000,8.8000,1,0.0000,0,0,0,0,'355'),(21,14,420,'HWP110628E',NULL,'Gemalto GemPC Card',41.9400,41.9400,8.8000,1,0.0000,0,0,0,0,'420'),(22,14,388,'GTS-0077',NULL,'Goldtouch ErgoSecure 2.0 with Smart Card Reader Keyboard',149.0000,149.0000,8.8000,1,0.0000,0,0,0,0,'388'),(24,16,355,'BRP102 ',NULL,'ActivIdentity BRP102',79.0000,79.0000,8.8000,1,0.0000,0,0,0,0,'355'),(25,17,355,'BRP102 ',NULL,'ActivIdentity BRP102',79.0000,79.0000,8.8000,1,0.0000,0,0,0,0,'355'),(26,18,263,'SCR3500  (905141)',NULL,'SCM SCR3500',16.0000,16.0000,0.0000,4,0.0000,0,0,0,0,'263'),(27,19,525,'SR04M-15-11194 ',NULL,'Envoy Data 4MB SRAM Card - Commercial',220.0000,220.0000,0.0000,1,0.0000,0,0,0,0,'525');

--
-- Table structure for table `zen_orders_products_attributes`
--

CREATE TABLE `zen_orders_products_attributes` (
  `orders_products_attributes_id` int(11) NOT NULL AUTO_INCREMENT,
  `orders_id` int(11) NOT NULL DEFAULT '0',
  `orders_products_id` int(11) NOT NULL DEFAULT '0',
  `products_options` varchar(32) NOT NULL DEFAULT '',
  `products_options_values` text NOT NULL,
  `options_values_price` decimal(15,4) NOT NULL DEFAULT '0.0000',
  `price_prefix` char(1) NOT NULL DEFAULT '',
  `product_attribute_is_free` tinyint(1) NOT NULL DEFAULT '0',
  `products_attributes_weight` float NOT NULL DEFAULT '0',
  `products_attributes_weight_prefix` char(1) NOT NULL DEFAULT '',
  `attributes_discounted` tinyint(1) NOT NULL DEFAULT '1',
  `attributes_price_base_included` tinyint(1) NOT NULL DEFAULT '1',
  `attributes_price_onetime` decimal(15,4) NOT NULL DEFAULT '0.0000',
  `attributes_price_factor` decimal(15,4) NOT NULL DEFAULT '0.0000',
  `attributes_price_factor_offset` decimal(15,4) NOT NULL DEFAULT '0.0000',
  `attributes_price_factor_onetime` decimal(15,4) NOT NULL DEFAULT '0.0000',
  `attributes_price_factor_onetime_offset` decimal(15,4) NOT NULL DEFAULT '0.0000',
  `attributes_qty_prices` text,
  `attributes_qty_prices_onetime` text,
  `attributes_price_words` decimal(15,4) NOT NULL DEFAULT '0.0000',
  `attributes_price_words_free` int(4) NOT NULL DEFAULT '0',
  `attributes_price_letters` decimal(15,4) NOT NULL DEFAULT '0.0000',
  `attributes_price_letters_free` int(4) NOT NULL DEFAULT '0',
  `products_options_id` int(11) NOT NULL DEFAULT '0',
  `products_options_values_id` int(11) NOT NULL DEFAULT '0',
  `products_prid` tinytext NOT NULL,
  PRIMARY KEY (`orders_products_attributes_id`),
  KEY `idx_orders_id_prod_id_zen` (`orders_id`,`orders_products_id`)
) ENGINE=MyISAM DEFAULT CHARSET=latin1;

--
-- Dumping data for table `zen_orders_products_attributes`
--


--
-- Table structure for table `zen_orders_products_download`
--

CREATE TABLE `zen_orders_products_download` (
  `orders_products_download_id` int(11) NOT NULL AUTO_INCREMENT,
  `orders_id` int(11) NOT NULL DEFAULT '0',
  `orders_products_id` int(11) NOT NULL DEFAULT '0',
  `orders_products_filename` varchar(255) NOT NULL DEFAULT '',
  `download_maxdays` int(2) NOT NULL DEFAULT '0',
  `download_count` int(2) NOT NULL DEFAULT '0',
  `products_prid` tinytext NOT NULL,
  PRIMARY KEY (`orders_products_download_id`),
  KEY `idx_orders_id_zen` (`orders_id`),
  KEY `idx_orders_products_id_zen` (`orders_products_id`)
) ENGINE=MyISAM DEFAULT CHARSET=latin1;

--
-- Dumping data for table `zen_orders_products_download`
--


--
-- Table structure for table `zen_orders_status`
--

CREATE TABLE `zen_orders_status` (
  `orders_status_id` int(11) NOT NULL DEFAULT '0',
  `language_id` int(11) NOT NULL DEFAULT '1',
  `orders_status_name` varchar(32) NOT NULL DEFAULT '',
  PRIMARY KEY (`orders_status_id`,`language_id`),
  KEY `idx_orders_status_name_zen` (`orders_status_name`)
) ENGINE=MyISAM DEFAULT CHARSET=latin1;

--
-- Dumping data for table `zen_orders_status`
--

INSERT INTO `zen_orders_status` VALUES (1,1,'Pending'),(2,1,'Processing'),(3,1,'Delivered'),(4,1,'Update');

--
-- Table structure for table `zen_orders_status_history`
--

CREATE TABLE `zen_orders_status_history` (
  `orders_status_history_id` int(11) NOT NULL AUTO_INCREMENT,
  `orders_id` int(11) NOT NULL DEFAULT '0',
  `orders_status_id` int(5) NOT NULL DEFAULT '0',
  `date_added` datetime NOT NULL DEFAULT '0001-01-01 00:00:00',
  `customer_notified` int(1) DEFAULT '0',
  `comments` text,
  PRIMARY KEY (`orders_status_history_id`),
  KEY `idx_orders_id_status_id_zen` (`orders_id`,`orders_status_id`)
) ENGINE=MyISAM AUTO_INCREMENT=35 DEFAULT CHARSET=latin1;

--
-- Dumping data for table `zen_orders_status_history`
--

INSERT INTO `zen_orders_status_history` VALUES (34,19,1,'2011-08-11 13:56:16',1,'For Danny Ungerecht'),(33,18,1,'2011-08-04 21:42:36',1,'Please let me know when the item ships. If not in stock, please cancel order and inform me ASAP of the same. Thank you very much.'),(29,14,1,'2010-10-01 18:32:43',1,''),(30,15,1,'2010-10-01 19:37:34',1,''),(31,16,1,'2011-04-13 16:03:42',1,''),(32,17,1,'2011-04-13 16:26:13',1,'');

--
-- Table structure for table `zen_orders_total`
--

CREATE TABLE `zen_orders_total` (
  `orders_total_id` int(10) unsigned NOT NULL AUTO_INCREMENT,
  `orders_id` int(11) NOT NULL DEFAULT '0',
  `title` varchar(255) NOT NULL DEFAULT '',
  `text` varchar(255) NOT NULL DEFAULT '',
  `value` decimal(15,4) NOT NULL DEFAULT '0.0000',
  `class` varchar(32) NOT NULL DEFAULT '',
  `sort_order` int(11) NOT NULL DEFAULT '0',
  PRIMARY KEY (`orders_total_id`),
  KEY `idx_ot_orders_id_zen` (`orders_id`),
  KEY `idx_ot_class_zen` (`class`)
) ENGINE=MyISAM AUTO_INCREMENT=70 DEFAULT CHARSET=latin1;

--
-- Dumping data for table `zen_orders_total`
--

INSERT INTO `zen_orders_total` VALUES (64,18,'Sub-Total:','$64.00',64.0000,'ot_subtotal',100),(65,18,'Ship by Qty (UPS Ground):','$12.00',12.0000,'ot_shipping',200),(61,17,'Ship by Qty (UPS Ground):','$12.00',12.0000,'ot_shipping',200),(62,17,'AZ TAX 8.8%:','$8.01',8.0080,'ot_tax',300),(63,17,'Total:','$99.01',99.0080,'ot_total',999),(54,15,'AZ TAX 8.8%:','$4.57',4.5672,'ot_tax',300),(55,15,'Total:','$56.47',56.4672,'ot_total',999),(56,16,'Sub-Total:','$79.00',79.0000,'ot_subtotal',100),(57,16,'Ship by Qty (UPS Ground):','$12.00',12.0000,'ot_shipping',200),(58,16,'AZ TAX 8.8%:','$8.01',8.0080,'ot_tax',300),(59,16,'Total:','$99.01',99.0080,'ot_total',999),(60,17,'Sub-Total:','$79.00',79.0000,'ot_subtotal',100),(53,15,'Ship by Qty (UPS Ground):','$12.00',12.0000,'ot_shipping',200),(48,14,'Sub-Total:','$302.94',302.9400,'ot_subtotal',100),(49,14,'Ship by Qty (UPS Ground):','$12.00',12.0000,'ot_shipping',200),(50,14,'AZ TAX 8.8%:','$27.71',27.7147,'ot_tax',300),(51,14,'Total:','$342.65',342.6547,'ot_total',999),(52,15,'Sub-Total:','$39.90',39.9000,'ot_subtotal',100),(66,18,'Total:','$76.00',76.0000,'ot_total',999),(67,19,'Sub-Total:','$220.00',220.0000,'ot_subtotal',100),(68,19,'Ship by Qty (UPS Ground):','$12.00',12.0000,'ot_shipping',200),(69,19,'Total:','$232.00',232.0000,'ot_total',999);

--
-- Table structure for table `zen_paypal`
--

CREATE TABLE `zen_paypal` (
  `paypal_ipn_id` int(11) unsigned NOT NULL AUTO_INCREMENT,
  `order_id` int(11) unsigned NOT NULL DEFAULT '0',
  `txn_type` varchar(40) NOT NULL DEFAULT '',
  `module_name` varchar(40) NOT NULL DEFAULT '',
  `module_mode` varchar(40) NOT NULL DEFAULT '',
  `reason_code` varchar(40) DEFAULT NULL,
  `payment_type` varchar(40) NOT NULL DEFAULT '',
  `payment_status` varchar(32) NOT NULL DEFAULT '',
  `pending_reason` varchar(32) DEFAULT NULL,
  `invoice` varchar(128) DEFAULT NULL,
  `mc_currency` char(3) NOT NULL DEFAULT '',
  `first_name` varchar(32) NOT NULL DEFAULT '',
  `last_name` varchar(32) NOT NULL DEFAULT '',
  `payer_business_name` varchar(128) DEFAULT NULL,
  `address_name` varchar(64) DEFAULT NULL,
  `address_street` varchar(254) DEFAULT NULL,
  `address_city` varchar(120) DEFAULT NULL,
  `address_state` varchar(120) DEFAULT NULL,
  `address_zip` varchar(10) DEFAULT NULL,
  `address_country` varchar(64) DEFAULT NULL,
  `address_status` varchar(11) DEFAULT NULL,
  `payer_email` varchar(128) NOT NULL DEFAULT '',
  `payer_id` varchar(32) NOT NULL DEFAULT '',
  `payer_status` varchar(10) NOT NULL DEFAULT '',
  `payment_date` datetime NOT NULL DEFAULT '0001-01-01 00:00:00',
  `business` varchar(128) NOT NULL DEFAULT '',
  `receiver_email` varchar(128) NOT NULL DEFAULT '',
  `receiver_id` varchar(32) NOT NULL DEFAULT '',
  `txn_id` varchar(20) NOT NULL DEFAULT '',
  `parent_txn_id` varchar(20) DEFAULT NULL,
  `num_cart_items` tinyint(4) unsigned NOT NULL DEFAULT '1',
  `mc_gross` decimal(7,2) NOT NULL DEFAULT '0.00',
  `mc_fee` decimal(7,2) NOT NULL DEFAULT '0.00',
  `payment_gross` decimal(7,2) DEFAULT NULL,
  `payment_fee` decimal(7,2) DEFAULT NULL,
  `settle_amount` decimal(7,2) DEFAULT NULL,
  `settle_currency` char(3) DEFAULT NULL,
  `exchange_rate` decimal(4,2) DEFAULT NULL,
  `notify_version` varchar(6) NOT NULL DEFAULT '',
  `verify_sign` varchar(128) NOT NULL DEFAULT '',
  `last_modified` datetime NOT NULL DEFAULT '0001-01-01 00:00:00',
  `date_added` datetime NOT NULL DEFAULT '0001-01-01 00:00:00',
  `memo` text,
  PRIMARY KEY (`paypal_ipn_id`,`txn_id`),
  KEY `idx_order_id_zen` (`order_id`)
) ENGINE=MyISAM DEFAULT CHARSET=latin1;

--
-- Dumping data for table `zen_paypal`
--


--
-- Table structure for table `zen_paypal_payment_status`
--

CREATE TABLE `zen_paypal_payment_status` (
  `payment_status_id` int(11) NOT NULL AUTO_INCREMENT,
  `payment_status_name` varchar(64) NOT NULL DEFAULT '',
  PRIMARY KEY (`payment_status_id`)
) ENGINE=MyISAM AUTO_INCREMENT=8 DEFAULT CHARSET=latin1;

--
-- Dumping data for table `zen_paypal_payment_status`
--

INSERT INTO `zen_paypal_payment_status` VALUES (1,'Completed'),(2,'Pending'),(3,'Failed'),(4,'Denied'),(5,'Refunded'),(6,'Canceled_Reversal'),(7,'Reversed');

--
-- Table structure for table `zen_paypal_payment_status_history`
--

CREATE TABLE `zen_paypal_payment_status_history` (
  `payment_status_history_id` int(11) NOT NULL AUTO_INCREMENT,
  `paypal_ipn_id` int(11) NOT NULL DEFAULT '0',
  `txn_id` varchar(64) NOT NULL DEFAULT '',
  `parent_txn_id` varchar(64) NOT NULL DEFAULT '',
  `payment_status` varchar(17) NOT NULL DEFAULT '',
  `pending_reason` varchar(14) DEFAULT NULL,
  `date_added` datetime NOT NULL DEFAULT '0001-01-01 00:00:00',
  PRIMARY KEY (`payment_status_history_id`),
  KEY `idx_paypal_ipn_id_zen` (`paypal_ipn_id`)
) ENGINE=MyISAM DEFAULT CHARSET=latin1;

--
-- Dumping data for table `zen_paypal_payment_status_history`
--


--
-- Table structure for table `zen_paypal_session`
--

CREATE TABLE `zen_paypal_session` (
  `unique_id` int(11) NOT NULL AUTO_INCREMENT,
  `session_id` text NOT NULL,
  `saved_session` mediumblob NOT NULL,
  `expiry` int(17) NOT NULL DEFAULT '0',
  PRIMARY KEY (`unique_id`),
  KEY `idx_session_id_zen` (`session_id`(36))
) ENGINE=MyISAM AUTO_INCREMENT=2 DEFAULT CHARSET=latin1;

--
-- Dumping data for table `zen_paypal_session`
--

INSERT INTO `zen_paypal_session` VALUES (1,'5de0b5b33d1a0c0d2f885dfb80a9d94b','YTozMjp7czoxMzoic2VjdXJpdHlUb2tlbiI7czozMjoiOGZkNjA0YzZkOTlkMTlhM2E3ZTRkOWEzZTc3ODVmNGEiO3M6MjI6ImN1c3RvbWVyc19ob3N0X2FkZHJlc3MiO3M6MTM6IjE4My4xODIuODQuMjciO3M6NjoiY2FydElEIjtzOjU6Ijc5NzYyIjtzOjQ6ImNhcnQiO086MTI6InNob3BwaW5nQ2FydCI6ODp7czo4OiJjb250ZW50cyI7YToxOntpOjIyO2E6MTp7czozOiJxdHkiO2Q6Mjt9fXM6NToidG90YWwiO2Q6MTc5Ljk3OTk5OTk5OTk5OTk4OTc2ODE4NDYwNTA1NDU1NzMyMzQ1NTgxMDU0Njg3NTtzOjY6IndlaWdodCI7ZDoxNDtzOjY6ImNhcnRJRCI7czo1OiI3OTc2MiI7czoxMjoiY29udGVudF90eXBlIjtzOjg6InBoeXNpY2FsIjtzOjE4OiJmcmVlX3NoaXBwaW5nX2l0ZW0iO2k6MDtzOjIwOiJmcmVlX3NoaXBwaW5nX3dlaWdodCI7aTowO3M6MTk6ImZyZWVfc2hpcHBpbmdfcHJpY2UiO2k6MDt9czoxMDoibmF2aWdhdGlvbiI7TzoxNzoibmF2aWdhdGlvbkhpc3RvcnkiOjI6e3M6NDoicGF0aCI7YTo2OntpOjA7YTo0OntzOjQ6InBhZ2UiO3M6NToiaW5kZXgiO3M6NDoibW9kZSI7czo2OiJOT05TU0wiO3M6MzoiZ2V0IjthOjE6e3M6NToiY1BhdGgiO3M6NDoiMl8xOSI7fXM6NDoicG9zdCI7YTowOnt9fWk6MTthOjQ6e3M6NDoicGFnZSI7czoxMjoicHJvZHVjdF9pbmZvIjtzOjQ6Im1vZGUiO3M6NjoiTk9OU1NMIjtzOjM6ImdldCI7YTozOntzOjU6ImNQYXRoIjtzOjQ6IjJfMTkiO3M6MTE6InByb2R1Y3RzX2lkIjtzOjI6IjIyIjtzOjY6ImFjdGlvbiI7czoxMToiYWRkX3Byb2R1Y3QiO31zOjQ6InBvc3QiO2E6MDp7fX1pOjI7YTo0OntzOjQ6InBhZ2UiO3M6MTM6InNob3BwaW5nX2NhcnQiO3M6NDoibW9kZSI7czo2OiJOT05TU0wiO3M6MzoiZ2V0IjtzOjA6IiI7czo0OiJwb3N0IjthOjA6e319aTozO2E6NDp7czo0OiJwYWdlIjtzOjE3OiJjaGVja291dF9zaGlwcGluZyI7czo0OiJtb2RlIjtzOjY6Ik5PTlNTTCI7czozOiJnZXQiO3M6MDoiIjtzOjQ6InBvc3QiO2E6MDp7fX1pOjQ7YTo0OntzOjQ6InBhZ2UiO3M6MTY6ImNoZWNrb3V0X3BheW1lbnQiO3M6NDoibW9kZSI7czo2OiJOT05TU0wiO3M6MzoiZ2V0IjtzOjA6IiI7czo0OiJwb3N0IjthOjA6e319aTo1O2E6NDp7czo0OiJwYWdlIjtzOjIxOiJjaGVja291dF9jb25maXJtYXRpb24iO3M6NDoibW9kZSI7czo2OiJOT05TU0wiO3M6MzoiZ2V0IjtzOjA6IiI7czo0OiJwb3N0IjthOjA6e319fXM6ODoic25hcHNob3QiO2E6MDp7fX1zOjExOiJjaGVja192YWxpZCI7czo0OiJ0cnVlIjtzOjg6Imxhbmd1YWdlIjtzOjc6ImVuZ2xpc2giO3M6MTI6Imxhbmd1YWdlc19pZCI7czoxOiIxIjtzOjE0OiJsYW5ndWFnZXNfY29kZSI7czoyOiJlbiI7czo4OiJjdXJyZW5jeSI7czozOiJVU0QiO3M6ODoidG9kYXlfaXMiO3M6MTA6IjIwMTAtMDYtMjMiO3M6MTc6InVwZGF0ZUV4cGlyYXRpb25zIjtiOjE7czoxNToic2Vzc2lvbl9jb3VudGVyIjtiOjE7czoyMDoiY3VzdG9tZXJzX2lwX2FkZHJlc3MiO3M6MTM6IjE4My4xODIuODQuMjciO3M6MjM6Im5ld19wcm9kdWN0c19pZF9pbl9jYXJ0IjtzOjI6IjIyIjtzOjE3OiJ2YWxpZF90b19jaGVja291dCI7YjoxO3M6MTE6ImNhcnRfZXJyb3JzIjtzOjA6IiI7czoxMToiY3VzdG9tZXJfaWQiO2k6NjtzOjE5OiJjdXN0b21lcl9maXJzdF9uYW1lIjtzOjI6ImFiIjtzOjI3OiJjdXN0b21lcl9kZWZhdWx0X2FkZHJlc3NfaWQiO2k6NztzOjE5OiJjdXN0b21lcl9jb3VudHJ5X2lkIjtzOjM6IjIyMyI7czoxNjoiY3VzdG9tZXJfem9uZV9pZCI7czoxOiIyIjtzOjIzOiJjdXN0b21lcnNfYXV0aG9yaXphdGlvbiI7czoxOiIwIjtzOjY6InNlbmR0byI7aTo3O3M6NzoicGF5bWVudCI7czo2OiJwYXlwYWwiO3M6ODoic2hpcHBpbmciO2E6Mzp7czoyOiJpZCI7czoyMToic3RhdGV6b25lc19zdGF0ZXpvbmVzIjtzOjU6InRpdGxlIjtzOjcwOiJTdGF0ZSBab25lIFJhdGVzIChUaGUgc2hpcHBpbmcgcmF0ZSBjYW5ub3QgYmUgZGV0ZXJtaW5lZCBhdCB0aGlzIHRpbWUpIjtzOjQ6ImNvc3QiO2k6MDt9czo2OiJiaWxsdG8iO2k6MTA7czo2OiJjb3RfZ3YiO2Q6MDtzOjg6ImNvbW1lbnRzIjtzOjA6IiI7czoxNToicGF5bWVudF9hdHRlbXB0IjtpOjE7czoxNDoibWVzc2FnZVRvU3RhY2siO3M6MDoiIjtzOjE5OiJwcGlwbl9rZXlfdG9fcmVtb3ZlIjtzOjMyOiI1ZGUwYjViMzNkMWEwYzBkMmY4ODVkZmI4MGE5ZDk0YiI7fQ==',1277468981);

--
-- Table structure for table `zen_paypal_testing`
--

CREATE TABLE `zen_paypal_testing` (
  `paypal_ipn_id` int(11) unsigned NOT NULL AUTO_INCREMENT,
  `order_id` int(11) unsigned NOT NULL DEFAULT '0',
  `custom` varchar(255) NOT NULL DEFAULT '',
  `txn_type` varchar(40) NOT NULL DEFAULT '',
  `module_name` varchar(40) NOT NULL DEFAULT '',
  `module_mode` varchar(40) NOT NULL DEFAULT '',
  `reason_code` varchar(40) DEFAULT NULL,
  `payment_type` varchar(40) NOT NULL DEFAULT '',
  `payment_status` varchar(32) NOT NULL DEFAULT '',
  `pending_reason` varchar(32) DEFAULT NULL,
  `invoice` varchar(128) DEFAULT NULL,
  `mc_currency` char(3) NOT NULL DEFAULT '',
  `first_name` varchar(32) NOT NULL DEFAULT '',
  `last_name` varchar(32) NOT NULL DEFAULT '',
  `payer_business_name` varchar(128) DEFAULT NULL,
  `address_name` varchar(64) DEFAULT NULL,
  `address_street` varchar(254) DEFAULT NULL,
  `address_city` varchar(120) DEFAULT NULL,
  `address_state` varchar(120) DEFAULT NULL,
  `address_zip` varchar(10) DEFAULT NULL,
  `address_country` varchar(64) DEFAULT NULL,
  `address_status` varchar(11) DEFAULT NULL,
  `payer_email` varchar(128) NOT NULL DEFAULT '',
  `payer_id` varchar(32) NOT NULL DEFAULT '',
  `payer_status` varchar(10) NOT NULL DEFAULT '',
  `payment_date` datetime NOT NULL DEFAULT '0001-01-01 00:00:00',
  `business` varchar(128) NOT NULL DEFAULT '',
  `receiver_email` varchar(128) NOT NULL DEFAULT '',
  `receiver_id` varchar(32) NOT NULL DEFAULT '',
  `txn_id` varchar(20) NOT NULL DEFAULT '',
  `parent_txn_id` varchar(20) DEFAULT NULL,
  `num_cart_items` tinyint(4) unsigned NOT NULL DEFAULT '1',
  `mc_gross` decimal(7,2) NOT NULL DEFAULT '0.00',
  `mc_fee` decimal(7,2) NOT NULL DEFAULT '0.00',
  `payment_gross` decimal(7,2) DEFAULT NULL,
  `payment_fee` decimal(7,2) DEFAULT NULL,
  `settle_amount` decimal(7,2) DEFAULT NULL,
  `settle_currency` char(3) DEFAULT NULL,
  `exchange_rate` decimal(4,2) DEFAULT NULL,
  `notify_version` decimal(2,1) NOT NULL DEFAULT '0.0',
  `verify_sign` varchar(128) NOT NULL DEFAULT '',
  `last_modified` datetime NOT NULL DEFAULT '0001-01-01 00:00:00',
  `date_added` datetime NOT NULL DEFAULT '0001-01-01 00:00:00',
  `memo` text,
  PRIMARY KEY (`paypal_ipn_id`,`txn_id`),
  KEY `idx_order_id_zen` (`order_id`)
) ENGINE=MyISAM DEFAULT CHARSET=latin1;

--
-- Dumping data for table `zen_paypal_testing`
--


--
-- Table structure for table `zen_posts`
--

CREATE TABLE `zen_posts` (
  `id` varchar(32) COLLATE utf8_bin NOT NULL,
  `time` int(11) unsigned NOT NULL DEFAULT '0',
  `micro` int(11) unsigned NOT NULL DEFAULT '0',
  `sender` varchar(32) COLLATE utf8_bin NOT NULL,
  `receiver` varchar(32) COLLATE utf8_bin NOT NULL,
  `receiver_group` varchar(32) COLLATE utf8_bin NOT NULL,
  `text` mediumtext COLLATE utf8_bin NOT NULL,
  `received` tinyint(1) unsigned NOT NULL DEFAULT '0',
  `persistent` tinyint(1) unsigned NOT NULL DEFAULT '0',
  PRIMARY KEY (`id`)
) ENGINE=MyISAM DEFAULT CHARSET=utf8 COLLATE=utf8_bin;

--
-- Dumping data for table `zen_posts`
--


--
-- Table structure for table `zen_predefined`
--

CREATE TABLE `zen_predefined` (
  `id` int(11) unsigned NOT NULL,
  `internal_id` varchar(32) COLLATE utf8_bin NOT NULL,
  `group_id` varchar(32) COLLATE utf8_bin NOT NULL,
  `lang_iso` varchar(2) COLLATE utf8_bin NOT NULL,
  `invitation` mediumtext COLLATE utf8_bin NOT NULL,
  `welcome` mediumtext COLLATE utf8_bin NOT NULL,
  `website_push` mediumtext COLLATE utf8_bin NOT NULL,
  `browser_ident` tinyint(1) unsigned NOT NULL DEFAULT '0',
  `is_default` tinyint(1) unsigned NOT NULL DEFAULT '0',
  `auto_welcome` tinyint(1) unsigned NOT NULL DEFAULT '0',
  PRIMARY KEY (`id`)
) ENGINE=MyISAM DEFAULT CHARSET=utf8 COLLATE=utf8_bin;

--
-- Dumping data for table `zen_predefined`
--

INSERT INTO `zen_predefined` VALUES (0,'','Support','EN','Hello, my name is %name%. Do you need help? Start Live-Chat now to get assistance.','Hello %external_name%, my name is %name%, how may I help you?','Website Operator %name% would like to redirect you to this URL:\r\n\r\n%url%',1,1,1),(1,'','Support','DE','Guten Tag, meine Name ist %name%. Benötigen Sie Hilfe? Gerne berate ich Sie in einem Live Chat.','Guten Tag %external_name%, mein Name ist %name% wie kann ich Ihnen helfen?','Ein Betreuer dieser Webseite (%name%) möchte Sie auf einen anderen Bereich weiterleiten:\r\n\r\n%url%',1,0,1);

--
-- Table structure for table `zen_product_music_extra`
--

CREATE TABLE `zen_product_music_extra` (
  `products_id` int(11) NOT NULL DEFAULT '0',
  `artists_id` int(11) NOT NULL DEFAULT '0',
  `record_company_id` int(11) NOT NULL DEFAULT '0',
  `music_genre_id` int(11) NOT NULL DEFAULT '0',
  PRIMARY KEY (`products_id`),
  KEY `idx_music_genre_id_zen` (`music_genre_id`),
  KEY `idx_artists_id_zen` (`artists_id`),
  KEY `idx_record_company_id_zen` (`record_company_id`)
) ENGINE=MyISAM DEFAULT CHARSET=latin1;

--
-- Dumping data for table `zen_product_music_extra`
--


--
-- Table structure for table `zen_product_type_layout`
--

CREATE TABLE `zen_product_type_layout` (
  `configuration_id` int(11) NOT NULL AUTO_INCREMENT,
  `configuration_title` text NOT NULL,
  `configuration_key` varchar(255) NOT NULL DEFAULT '',
  `configuration_value` text NOT NULL,
  `configuration_description` text NOT NULL,
  `product_type_id` int(11) NOT NULL DEFAULT '0',
  `sort_order` int(5) DEFAULT NULL,
  `last_modified` datetime DEFAULT NULL,
  `date_added` datetime NOT NULL DEFAULT '0001-01-01 00:00:00',
  `use_function` text,
  `set_function` text,
  PRIMARY KEY (`configuration_id`),
  UNIQUE KEY `unq_config_key_zen` (`configuration_key`),
  KEY `idx_key_value_zen` (`configuration_key`,`configuration_value`(10)),
  KEY `idx_type_id_sort_order_zen` (`product_type_id`,`sort_order`)
) ENGINE=MyISAM AUTO_INCREMENT=144 DEFAULT CHARSET=latin1;

--
-- Dumping data for table `zen_product_type_layout`
--

INSERT INTO `zen_product_type_layout` VALUES (1,'Show Model Number','SHOW_PRODUCT_INFO_MODEL','1','Display Model Number on Product Info 0= off 1= on',1,1,NULL,'2010-04-28 01:58:10',NULL,'zen_cfg_select_drop_down(array(array(\'id\'=>\'1\', \'text\'=>\'True\'), array(\'id\'=>\'0\', \'text\'=>\'False\')), '),(2,'Show Weight','SHOW_PRODUCT_INFO_WEIGHT','1','Display Weight on Product Info 0= off 1= on',1,2,NULL,'2010-04-28 01:58:10',NULL,'zen_cfg_select_drop_down(array(array(\'id\'=>\'1\', \'text\'=>\'True\'), array(\'id\'=>\'0\', \'text\'=>\'False\')), '),(3,'Show Attribute Weight','SHOW_PRODUCT_INFO_WEIGHT_ATTRIBUTES','1','Display Attribute Weight on Product Info 0= off 1= on',1,3,NULL,'2010-04-28 01:58:10',NULL,'zen_cfg_select_drop_down(array(array(\'id\'=>\'1\', \'text\'=>\'True\'), array(\'id\'=>\'0\', \'text\'=>\'False\')), '),(4,'Show Manufacturer','SHOW_PRODUCT_INFO_MANUFACTURER','1','Display Manufacturer Name on Product Info 0= off 1= on',1,4,NULL,'2010-04-28 01:58:10',NULL,'zen_cfg_select_drop_down(array(array(\'id\'=>\'1\', \'text\'=>\'True\'), array(\'id\'=>\'0\', \'text\'=>\'False\')), '),(5,'Show Quantity in Shopping Cart','SHOW_PRODUCT_INFO_IN_CART_QTY','1','Display Quantity in Current Shopping Cart on Product Info 0= off 1= on',1,5,NULL,'2010-04-28 01:58:10',NULL,'zen_cfg_select_drop_down(array(array(\'id\'=>\'1\', \'text\'=>\'True\'), array(\'id\'=>\'0\', \'text\'=>\'False\')), '),(6,'Show Quantity in Stock','SHOW_PRODUCT_INFO_QUANTITY','1','Display Quantity in Stock on Product Info 0= off 1= on',1,6,NULL,'2010-04-28 01:58:10',NULL,'zen_cfg_select_drop_down(array(array(\'id\'=>\'1\', \'text\'=>\'True\'), array(\'id\'=>\'0\', \'text\'=>\'False\')), '),(7,'Show Product Reviews Count','SHOW_PRODUCT_INFO_REVIEWS_COUNT','1','Display Product Reviews Count on Product Info 0= off 1= on',1,7,NULL,'2010-04-28 01:58:10',NULL,'zen_cfg_select_drop_down(array(array(\'id\'=>\'1\', \'text\'=>\'True\'), array(\'id\'=>\'0\', \'text\'=>\'False\')), '),(8,'Show Product Reviews Button','SHOW_PRODUCT_INFO_REVIEWS','1','Display Product Reviews Button on Product Info 0= off 1= on',1,8,NULL,'2010-04-28 01:58:10',NULL,'zen_cfg_select_drop_down(array(array(\'id\'=>\'1\', \'text\'=>\'True\'), array(\'id\'=>\'0\', \'text\'=>\'False\')), '),(9,'Show Date Available','SHOW_PRODUCT_INFO_DATE_AVAILABLE','1','Display Date Available on Product Info 0= off 1= on',1,9,NULL,'2010-04-28 01:58:10',NULL,'zen_cfg_select_drop_down(array(array(\'id\'=>\'1\', \'text\'=>\'True\'), array(\'id\'=>\'0\', \'text\'=>\'False\')), '),(10,'Show Date Added','SHOW_PRODUCT_INFO_DATE_ADDED','1','Display Date Added on Product Info 0= off 1= on',1,10,NULL,'2010-04-28 01:58:10',NULL,'zen_cfg_select_drop_down(array(array(\'id\'=>\'1\', \'text\'=>\'True\'), array(\'id\'=>\'0\', \'text\'=>\'False\')), '),(11,'Show Product URL','SHOW_PRODUCT_INFO_URL','1','Display URL on Product Info 0= off 1= on',1,11,NULL,'2010-04-28 01:58:10',NULL,'zen_cfg_select_drop_down(array(array(\'id\'=>\'1\', \'text\'=>\'True\'), array(\'id\'=>\'0\', \'text\'=>\'False\')), '),(12,'Show Product Additional Images','SHOW_PRODUCT_INFO_ADDITIONAL_IMAGES','1','Display Additional Images on Product Info 0= off 1= on',1,13,NULL,'2010-04-28 01:58:10',NULL,'zen_cfg_select_drop_down(array(array(\'id\'=>\'1\', \'text\'=>\'True\'), array(\'id\'=>\'0\', \'text\'=>\'False\')), '),(13,'Show Starting At text on Price','SHOW_PRODUCT_INFO_STARTING_AT','1','Display Starting At text on products with attributes Product Info 0= off 1= on',1,12,NULL,'2010-04-28 01:58:10',NULL,'zen_cfg_select_drop_down(array(array(\'id\'=>\'1\', \'text\'=>\'True\'), array(\'id\'=>\'0\', \'text\'=>\'False\')), '),(14,'Show Product Tell a Friend button','SHOW_PRODUCT_INFO_TELL_A_FRIEND','1','Display the Tell a Friend button on Product Info<br /><br />Note: Turning this setting off does not affect the Tell a Friend box in the columns and turning off the Tell a Friend box does not affect the button<br />0= off 1= on',1,15,NULL,'2010-04-28 01:58:10',NULL,'zen_cfg_select_drop_down(array(array(\'id\'=>\'1\', \'text\'=>\'True\'), array(\'id\'=>\'0\', \'text\'=>\'False\')), '),(15,'Product Free Shipping Image Status - Catalog','SHOW_PRODUCT_INFO_ALWAYS_FREE_SHIPPING_IMAGE_SWITCH','0','Show the Free Shipping image/text in the catalog?',1,16,NULL,'2010-04-28 01:58:10',NULL,'zen_cfg_select_drop_down(array(array(\'id\'=>\'1\', \'text\'=>\'Yes\'), array(\'id\'=>\'0\', \'text\'=>\'No\')), '),(16,'Product Price Tax Class Default - When adding new products?','DEFAULT_PRODUCT_TAX_CLASS_ID','0','What should the Product Price Tax Class Default ID be when adding new products?',1,100,NULL,'2010-04-28 01:58:10','',''),(17,'Product Virtual Default Status - Skip Shipping Address - When adding new products?','DEFAULT_PRODUCT_PRODUCTS_VIRTUAL','0','Default Virtual Product status to be ON when adding new products?',1,101,NULL,'2010-04-28 01:58:10',NULL,'zen_cfg_select_drop_down(array(array(\'id\'=>\'1\', \'text\'=>\'True\'), array(\'id\'=>\'0\', \'text\'=>\'False\')), '),(18,'Product Free Shipping Default Status - Normal Shipping Rules - When adding new products?','DEFAULT_PRODUCT_PRODUCTS_IS_ALWAYS_FREE_SHIPPING','0','What should the Default Free Shipping status be when adding new products?<br />Yes, Always Free Shipping ON<br />No, Always Free Shipping OFF<br />Special, Product/Download Requires Shipping',1,102,NULL,'2010-04-28 01:58:10',NULL,'zen_cfg_select_drop_down(array(array(\'id\'=>\'1\', \'text\'=>\'Yes, Always ON\'), array(\'id\'=>\'0\', \'text\'=>\'No, Always OFF\'), array(\'id\'=>\'2\', \'text\'=>\'Special\')), '),(19,'Show Model Number','SHOW_PRODUCT_MUSIC_INFO_MODEL','1','Display Model Number on Product Info 0= off 1= on',2,1,NULL,'2010-04-28 01:58:10',NULL,'zen_cfg_select_drop_down(array(array(\'id\'=>\'1\', \'text\'=>\'True\'), array(\'id\'=>\'0\', \'text\'=>\'False\')), '),(20,'Show Weight','SHOW_PRODUCT_MUSIC_INFO_WEIGHT','0','Display Weight on Product Info 0= off 1= on',2,2,NULL,'2010-04-28 01:58:10',NULL,'zen_cfg_select_drop_down(array(array(\'id\'=>\'1\', \'text\'=>\'True\'), array(\'id\'=>\'0\', \'text\'=>\'False\')), '),(21,'Show Attribute Weight','SHOW_PRODUCT_MUSIC_INFO_WEIGHT_ATTRIBUTES','1','Display Attribute Weight on Product Info 0= off 1= on',2,3,NULL,'2010-04-28 01:58:10',NULL,'zen_cfg_select_drop_down(array(array(\'id\'=>\'1\', \'text\'=>\'True\'), array(\'id\'=>\'0\', \'text\'=>\'False\')), '),(22,'Show Artist','SHOW_PRODUCT_MUSIC_INFO_ARTIST','1','Display Artists Name on Product Info 0= off 1= on',2,4,NULL,'2010-04-28 01:58:10',NULL,'zen_cfg_select_drop_down(array(array(\'id\'=>\'1\', \'text\'=>\'True\'), array(\'id\'=>\'0\', \'text\'=>\'False\')), '),(23,'Show Music Genre','SHOW_PRODUCT_MUSIC_INFO_GENRE','1','Display Music Genre on Product Info 0= off 1= on',2,4,NULL,'2010-04-28 01:58:10',NULL,'zen_cfg_select_drop_down(array(array(\'id\'=>\'1\', \'text\'=>\'True\'), array(\'id\'=>\'0\', \'text\'=>\'False\')), '),(24,'Show Record Company','SHOW_PRODUCT_MUSIC_INFO_RECORD_COMPANY','1','Display Record Company on Product Info 0= off 1= on',2,4,NULL,'2010-04-28 01:58:10',NULL,'zen_cfg_select_drop_down(array(array(\'id\'=>\'1\', \'text\'=>\'True\'), array(\'id\'=>\'0\', \'text\'=>\'False\')), '),(25,'Show Quantity in Shopping Cart','SHOW_PRODUCT_MUSIC_INFO_IN_CART_QTY','1','Display Quantity in Current Shopping Cart on Product Info 0= off 1= on',2,5,NULL,'2010-04-28 01:58:10',NULL,'zen_cfg_select_drop_down(array(array(\'id\'=>\'1\', \'text\'=>\'True\'), array(\'id\'=>\'0\', \'text\'=>\'False\')), '),(26,'Show Quantity in Stock','SHOW_PRODUCT_MUSIC_INFO_QUANTITY','0','Display Quantity in Stock on Product Info 0= off 1= on',2,6,NULL,'2010-04-28 01:58:10',NULL,'zen_cfg_select_drop_down(array(array(\'id\'=>\'1\', \'text\'=>\'True\'), array(\'id\'=>\'0\', \'text\'=>\'False\')), '),(27,'Show Product Reviews Count','SHOW_PRODUCT_MUSIC_INFO_REVIEWS_COUNT','1','Display Product Reviews Count on Product Info 0= off 1= on',2,7,NULL,'2010-04-28 01:58:10',NULL,'zen_cfg_select_drop_down(array(array(\'id\'=>\'1\', \'text\'=>\'True\'), array(\'id\'=>\'0\', \'text\'=>\'False\')), '),(28,'Show Product Reviews Button','SHOW_PRODUCT_MUSIC_INFO_REVIEWS','1','Display Product Reviews Button on Product Info 0= off 1= on',2,8,NULL,'2010-04-28 01:58:10',NULL,'zen_cfg_select_drop_down(array(array(\'id\'=>\'1\', \'text\'=>\'True\'), array(\'id\'=>\'0\', \'text\'=>\'False\')), '),(29,'Show Date Available','SHOW_PRODUCT_MUSIC_INFO_DATE_AVAILABLE','1','Display Date Available on Product Info 0= off 1= on',2,9,NULL,'2010-04-28 01:58:10',NULL,'zen_cfg_select_drop_down(array(array(\'id\'=>\'1\', \'text\'=>\'True\'), array(\'id\'=>\'0\', \'text\'=>\'False\')), '),(30,'Show Date Added','SHOW_PRODUCT_MUSIC_INFO_DATE_ADDED','1','Display Date Added on Product Info 0= off 1= on',2,10,NULL,'2010-04-28 01:58:10',NULL,'zen_cfg_select_drop_down(array(array(\'id\'=>\'1\', \'text\'=>\'True\'), array(\'id\'=>\'0\', \'text\'=>\'False\')), '),(31,'Show Starting At text on Price','SHOW_PRODUCT_MUSIC_INFO_STARTING_AT','1','Display Starting At text on products with attributes Product Info 0= off 1= on',2,12,NULL,'2010-04-28 01:58:10',NULL,'zen_cfg_select_drop_down(array(array(\'id\'=>\'1\', \'text\'=>\'True\'), array(\'id\'=>\'0\', \'text\'=>\'False\')), '),(32,'Show Product Additional Images','SHOW_PRODUCT_MUSIC_INFO_ADDITIONAL_IMAGES','1','Display Additional Images on Product Info 0= off 1= on',2,13,NULL,'2010-04-28 01:58:10',NULL,'zen_cfg_select_drop_down(array(array(\'id\'=>\'1\', \'text\'=>\'True\'), array(\'id\'=>\'0\', \'text\'=>\'False\')), '),(33,'Show Product Tell a Friend button','SHOW_PRODUCT_MUSIC_INFO_TELL_A_FRIEND','1','Display the Tell a Friend button on Product Info<br /><br />Note: Turning this setting off does not affect the Tell a Friend box in the columns and turning off the Tell a Friend box does not affect the button<br />0= off 1= on',2,15,NULL,'2010-04-28 01:58:10',NULL,'zen_cfg_select_drop_down(array(array(\'id\'=>\'1\', \'text\'=>\'True\'), array(\'id\'=>\'0\', \'text\'=>\'False\')), '),(34,'Product Free Shipping Image Status - Catalog','SHOW_PRODUCT_MUSIC_INFO_ALWAYS_FREE_SHIPPING_IMAGE_SWITCH','0','Show the Free Shipping image/text in the catalog?',2,16,NULL,'2010-04-28 01:58:10',NULL,'zen_cfg_select_drop_down(array(array(\'id\'=>\'1\', \'text\'=>\'Yes\'), array(\'id\'=>\'0\', \'text\'=>\'No\')), '),(35,'Product Price Tax Class Default - When adding new products?','DEFAULT_PRODUCT_MUSIC_TAX_CLASS_ID','0','What should the Product Price Tax Class Default ID be when adding new products?',2,100,NULL,'2010-04-28 01:58:10','',''),(36,'Product Virtual Default Status - Skip Shipping Address - When adding new products?','DEFAULT_PRODUCT_MUSIC_PRODUCTS_VIRTUAL','0','Default Virtual Product status to be ON when adding new products?',2,101,NULL,'2010-04-28 01:58:10',NULL,'zen_cfg_select_drop_down(array(array(\'id\'=>\'1\', \'text\'=>\'True\'), array(\'id\'=>\'0\', \'text\'=>\'False\')), '),(37,'Product Free Shipping Default Status - Normal Shipping Rules - When adding new products?','DEFAULT_PRODUCT_MUSIC_PRODUCTS_IS_ALWAYS_FREE_SHIPPING','0','What should the Default Free Shipping status be when adding new products?<br />Yes, Always Free Shipping ON<br />No, Always Free Shipping OFF<br />Special, Product/Download Requires Shipping',2,102,NULL,'2010-04-28 01:58:10',NULL,'zen_cfg_select_drop_down(array(array(\'id\'=>\'1\', \'text\'=>\'Yes, Always ON\'), array(\'id\'=>\'0\', \'text\'=>\'No, Always OFF\'), array(\'id\'=>\'2\', \'text\'=>\'Special\')), '),(38,'Show Product Reviews Count','SHOW_DOCUMENT_GENERAL_INFO_REVIEWS_COUNT','1','Display Product Reviews Count on Product Info 0= off 1= on',3,7,NULL,'2010-04-28 01:58:10',NULL,'zen_cfg_select_drop_down(array(array(\'id\'=>\'1\', \'text\'=>\'True\'), array(\'id\'=>\'0\', \'text\'=>\'False\')), '),(39,'Show Product Reviews Button','SHOW_DOCUMENT_GENERAL_INFO_REVIEWS','1','Display Product Reviews Button on Product Info 0= off 1= on',3,8,NULL,'2010-04-28 01:58:10',NULL,'zen_cfg_select_drop_down(array(array(\'id\'=>\'1\', \'text\'=>\'True\'), array(\'id\'=>\'0\', \'text\'=>\'False\')), '),(40,'Show Date Available','SHOW_DOCUMENT_GENERAL_INFO_DATE_AVAILABLE','1','Display Date Available on Product Info 0= off 1= on',3,9,NULL,'2010-04-28 01:58:10',NULL,'zen_cfg_select_drop_down(array(array(\'id\'=>\'1\', \'text\'=>\'True\'), array(\'id\'=>\'0\', \'text\'=>\'False\')), '),(41,'Show Date Added','SHOW_DOCUMENT_GENERAL_INFO_DATE_ADDED','1','Display Date Added on Product Info 0= off 1= on',3,10,NULL,'2010-04-28 01:58:10',NULL,'zen_cfg_select_drop_down(array(array(\'id\'=>\'1\', \'text\'=>\'True\'), array(\'id\'=>\'0\', \'text\'=>\'False\')), '),(42,'Show Product Tell a Friend button','SHOW_DOCUMENT_GENERAL_INFO_TELL_A_FRIEND','1','Display the Tell a Friend button on Product Info<br /><br />Note: Turning this setting off does not affect the Tell a Friend box in the columns and turning off the Tell a Friend box does not affect the button<br />0= off 1= on',3,15,NULL,'2010-04-28 01:58:10',NULL,'zen_cfg_select_drop_down(array(array(\'id\'=>\'1\', \'text\'=>\'True\'), array(\'id\'=>\'0\', \'text\'=>\'False\')), '),(43,'Show Product URL','SHOW_DOCUMENT_GENERAL_INFO_URL','1','Display URL on Product Info 0= off 1= on',3,11,NULL,'2010-04-28 01:58:10',NULL,'zen_cfg_select_drop_down(array(array(\'id\'=>\'1\', \'text\'=>\'True\'), array(\'id\'=>\'0\', \'text\'=>\'False\')), '),(44,'Show Product Additional Images','SHOW_DOCUMENT_GENERAL_INFO_ADDITIONAL_IMAGES','1','Display Additional Images on Product Info 0= off 1= on',3,13,NULL,'2010-04-28 01:58:10',NULL,'zen_cfg_select_drop_down(array(array(\'id\'=>\'1\', \'text\'=>\'True\'), array(\'id\'=>\'0\', \'text\'=>\'False\')), '),(45,'Show Model Number','SHOW_DOCUMENT_PRODUCT_INFO_MODEL','1','Display Model Number on Product Info 0= off 1= on',4,1,NULL,'2010-04-28 01:58:10',NULL,'zen_cfg_select_drop_down(array(array(\'id\'=>\'1\', \'text\'=>\'True\'), array(\'id\'=>\'0\', \'text\'=>\'False\')), '),(46,'Show Weight','SHOW_DOCUMENT_PRODUCT_INFO_WEIGHT','0','Display Weight on Product Info 0= off 1= on',4,2,NULL,'2010-04-28 01:58:10',NULL,'zen_cfg_select_drop_down(array(array(\'id\'=>\'1\', \'text\'=>\'True\'), array(\'id\'=>\'0\', \'text\'=>\'False\')), '),(47,'Show Attribute Weight','SHOW_DOCUMENT_PRODUCT_INFO_WEIGHT_ATTRIBUTES','1','Display Attribute Weight on Product Info 0= off 1= on',4,3,NULL,'2010-04-28 01:58:10',NULL,'zen_cfg_select_drop_down(array(array(\'id\'=>\'1\', \'text\'=>\'True\'), array(\'id\'=>\'0\', \'text\'=>\'False\')), '),(48,'Show Manufacturer','SHOW_DOCUMENT_PRODUCT_INFO_MANUFACTURER','1','Display Manufacturer Name on Product Info 0= off 1= on',4,4,NULL,'2010-04-28 01:58:10',NULL,'zen_cfg_select_drop_down(array(array(\'id\'=>\'1\', \'text\'=>\'True\'), array(\'id\'=>\'0\', \'text\'=>\'False\')), '),(49,'Show Quantity in Shopping Cart','SHOW_DOCUMENT_PRODUCT_INFO_IN_CART_QTY','1','Display Quantity in Current Shopping Cart on Product Info 0= off 1= on',4,5,NULL,'2010-04-28 01:58:10',NULL,'zen_cfg_select_drop_down(array(array(\'id\'=>\'1\', \'text\'=>\'True\'), array(\'id\'=>\'0\', \'text\'=>\'False\')), '),(50,'Show Quantity in Stock','SHOW_DOCUMENT_PRODUCT_INFO_QUANTITY','0','Display Quantity in Stock on Product Info 0= off 1= on',4,6,NULL,'2010-04-28 01:58:10',NULL,'zen_cfg_select_drop_down(array(array(\'id\'=>\'1\', \'text\'=>\'True\'), array(\'id\'=>\'0\', \'text\'=>\'False\')), '),(51,'Show Product Reviews Count','SHOW_DOCUMENT_PRODUCT_INFO_REVIEWS_COUNT','1','Display Product Reviews Count on Product Info 0= off 1= on',4,7,NULL,'2010-04-28 01:58:10',NULL,'zen_cfg_select_drop_down(array(array(\'id\'=>\'1\', \'text\'=>\'True\'), array(\'id\'=>\'0\', \'text\'=>\'False\')), '),(52,'Show Product Reviews Button','SHOW_DOCUMENT_PRODUCT_INFO_REVIEWS','1','Display Product Reviews Button on Product Info 0= off 1= on',4,8,NULL,'2010-04-28 01:58:10',NULL,'zen_cfg_select_drop_down(array(array(\'id\'=>\'1\', \'text\'=>\'True\'), array(\'id\'=>\'0\', \'text\'=>\'False\')), '),(53,'Show Date Available','SHOW_DOCUMENT_PRODUCT_INFO_DATE_AVAILABLE','1','Display Date Available on Product Info 0= off 1= on',4,9,NULL,'2010-04-28 01:58:10',NULL,'zen_cfg_select_drop_down(array(array(\'id\'=>\'1\', \'text\'=>\'True\'), array(\'id\'=>\'0\', \'text\'=>\'False\')), '),(54,'Show Date Added','SHOW_DOCUMENT_PRODUCT_INFO_DATE_ADDED','1','Display Date Added on Product Info 0= off 1= on',4,10,NULL,'2010-04-28 01:58:10',NULL,'zen_cfg_select_drop_down(array(array(\'id\'=>\'1\', \'text\'=>\'True\'), array(\'id\'=>\'0\', \'text\'=>\'False\')), '),(55,'Show Product URL','SHOW_DOCUMENT_PRODUCT_INFO_URL','1','Display URL on Product Info 0= off 1= on',4,11,NULL,'2010-04-28 01:58:10',NULL,'zen_cfg_select_drop_down(array(array(\'id\'=>\'1\', \'text\'=>\'True\'), array(\'id\'=>\'0\', \'text\'=>\'False\')), '),(56,'Show Product Additional Images','SHOW_DOCUMENT_PRODUCT_INFO_ADDITIONAL_IMAGES','1','Display Additional Images on Product Info 0= off 1= on',4,13,NULL,'2010-04-28 01:58:10',NULL,'zen_cfg_select_drop_down(array(array(\'id\'=>\'1\', \'text\'=>\'True\'), array(\'id\'=>\'0\', \'text\'=>\'False\')), '),(57,'Show Starting At text on Price','SHOW_DOCUMENT_PRODUCT_INFO_STARTING_AT','1','Display Starting At text on products with attributes Product Info 0= off 1= on',4,12,NULL,'2010-04-28 01:58:10',NULL,'zen_cfg_select_drop_down(array(array(\'id\'=>\'1\', \'text\'=>\'True\'), array(\'id\'=>\'0\', \'text\'=>\'False\')), '),(58,'Show Product Tell a Friend button','SHOW_DOCUMENT_PRODUCT_INFO_TELL_A_FRIEND','1','Display the Tell a Friend button on Product Info<br /><br />Note: Turning this setting off does not affect the Tell a Friend box in the columns and turning off the Tell a Friend box does not affect the button<br />0= off 1= on',4,15,NULL,'2010-04-28 01:58:10',NULL,'zen_cfg_select_drop_down(array(array(\'id\'=>\'1\', \'text\'=>\'True\'), array(\'id\'=>\'0\', \'text\'=>\'False\')), '),(59,'Product Free Shipping Image Status - Catalog','SHOW_DOCUMENT_PRODUCT_INFO_ALWAYS_FREE_SHIPPING_IMAGE_SWITCH','0','Show the Free Shipping image/text in the catalog?',4,16,NULL,'2010-04-28 01:58:10',NULL,'zen_cfg_select_drop_down(array(array(\'id\'=>\'1\', \'text\'=>\'Yes\'), array(\'id\'=>\'0\', \'text\'=>\'No\')), '),(60,'Product Price Tax Class Default - When adding new products?','DEFAULT_DOCUMENT_PRODUCT_TAX_CLASS_ID','0','What should the Product Price Tax Class Default ID be when adding new products?',4,100,NULL,'2010-04-28 01:58:10','',''),(61,'Product Virtual Default Status - Skip Shipping Address - When adding new products?','DEFAULT_DOCUMENT_PRODUCT_PRODUCTS_VIRTUAL','0','Default Virtual Product status to be ON when adding new products?',4,101,NULL,'2010-04-28 01:58:10',NULL,'zen_cfg_select_drop_down(array(array(\'id\'=>\'1\', \'text\'=>\'True\'), array(\'id\'=>\'0\', \'text\'=>\'False\')), '),(62,'Product Free Shipping Default Status - Normal Shipping Rules - When adding new products?','DEFAULT_DOCUMENT_PRODUCT_PRODUCTS_IS_ALWAYS_FREE_SHIPPING','0','What should the Default Free Shipping status be when adding new products?<br />Yes, Always Free Shipping ON<br />No, Always Free Shipping OFF<br />Special, Product/Download Requires Shipping',4,102,NULL,'2010-04-28 01:58:10',NULL,'zen_cfg_select_drop_down(array(array(\'id\'=>\'1\', \'text\'=>\'Yes, Always ON\'), array(\'id\'=>\'0\', \'text\'=>\'No, Always OFF\'), array(\'id\'=>\'2\', \'text\'=>\'Special\')), '),(63,'Show Model Number','SHOW_PRODUCT_FREE_SHIPPING_INFO_MODEL','1','Display Model Number on Product Info 0= off 1= on',5,1,NULL,'2010-04-28 01:58:10',NULL,'zen_cfg_select_drop_down(array(array(\'id\'=>\'1\', \'text\'=>\'True\'), array(\'id\'=>\'0\', \'text\'=>\'False\')), '),(64,'Show Weight','SHOW_PRODUCT_FREE_SHIPPING_INFO_WEIGHT','0','Display Weight on Product Info 0= off 1= on',5,2,NULL,'2010-04-28 01:58:10',NULL,'zen_cfg_select_drop_down(array(array(\'id\'=>\'1\', \'text\'=>\'True\'), array(\'id\'=>\'0\', \'text\'=>\'False\')), '),(65,'Show Attribute Weight','SHOW_PRODUCT_FREE_SHIPPING_INFO_WEIGHT_ATTRIBUTES','1','Display Attribute Weight on Product Info 0= off 1= on',5,3,NULL,'2010-04-28 01:58:10',NULL,'zen_cfg_select_drop_down(array(array(\'id\'=>\'1\', \'text\'=>\'True\'), array(\'id\'=>\'0\', \'text\'=>\'False\')), '),(66,'Show Manufacturer','SHOW_PRODUCT_FREE_SHIPPING_INFO_MANUFACTURER','1','Display Manufacturer Name on Product Info 0= off 1= on',5,4,NULL,'2010-04-28 01:58:10',NULL,'zen_cfg_select_drop_down(array(array(\'id\'=>\'1\', \'text\'=>\'True\'), array(\'id\'=>\'0\', \'text\'=>\'False\')), '),(67,'Show Quantity in Shopping Cart','SHOW_PRODUCT_FREE_SHIPPING_INFO_IN_CART_QTY','1','Display Quantity in Current Shopping Cart on Product Info 0= off 1= on',5,5,NULL,'2010-04-28 01:58:10',NULL,'zen_cfg_select_drop_down(array(array(\'id\'=>\'1\', \'text\'=>\'True\'), array(\'id\'=>\'0\', \'text\'=>\'False\')), '),(68,'Show Quantity in Stock','SHOW_PRODUCT_FREE_SHIPPING_INFO_QUANTITY','1','Display Quantity in Stock on Product Info 0= off 1= on',5,6,NULL,'2010-04-28 01:58:10',NULL,'zen_cfg_select_drop_down(array(array(\'id\'=>\'1\', \'text\'=>\'True\'), array(\'id\'=>\'0\', \'text\'=>\'False\')), '),(69,'Show Product Reviews Count','SHOW_PRODUCT_FREE_SHIPPING_INFO_REVIEWS_COUNT','1','Display Product Reviews Count on Product Info 0= off 1= on',5,7,NULL,'2010-04-28 01:58:10',NULL,'zen_cfg_select_drop_down(array(array(\'id\'=>\'1\', \'text\'=>\'True\'), array(\'id\'=>\'0\', \'text\'=>\'False\')), '),(70,'Show Product Reviews Button','SHOW_PRODUCT_FREE_SHIPPING_INFO_REVIEWS','1','Display Product Reviews Button on Product Info 0= off 1= on',5,8,NULL,'2010-04-28 01:58:10',NULL,'zen_cfg_select_drop_down(array(array(\'id\'=>\'1\', \'text\'=>\'True\'), array(\'id\'=>\'0\', \'text\'=>\'False\')), '),(71,'Show Date Available','SHOW_PRODUCT_FREE_SHIPPING_INFO_DATE_AVAILABLE','0','Display Date Available on Product Info 0= off 1= on',5,9,NULL,'2010-04-28 01:58:10',NULL,'zen_cfg_select_drop_down(array(array(\'id\'=>\'1\', \'text\'=>\'True\'), array(\'id\'=>\'0\', \'text\'=>\'False\')), '),(72,'Show Date Added','SHOW_PRODUCT_FREE_SHIPPING_INFO_DATE_ADDED','1','Display Date Added on Product Info 0= off 1= on',5,10,NULL,'2010-04-28 01:58:10',NULL,'zen_cfg_select_drop_down(array(array(\'id\'=>\'1\', \'text\'=>\'True\'), array(\'id\'=>\'0\', \'text\'=>\'False\')), '),(73,'Show Product URL','SHOW_PRODUCT_FREE_SHIPPING_INFO_URL','1','Display URL on Product Info 0= off 1= on',5,11,NULL,'2010-04-28 01:58:10',NULL,'zen_cfg_select_drop_down(array(array(\'id\'=>\'1\', \'text\'=>\'True\'), array(\'id\'=>\'0\', \'text\'=>\'False\')), '),(74,'Show Product Additional Images','SHOW_PRODUCT_FREE_SHIPPING_INFO_ADDITIONAL_IMAGES','1','Display Additional Images on Product Info 0= off 1= on',5,13,NULL,'2010-04-28 01:58:10',NULL,'zen_cfg_select_drop_down(array(array(\'id\'=>\'1\', \'text\'=>\'True\'), array(\'id\'=>\'0\', \'text\'=>\'False\')), '),(75,'Show Starting At text on Price','SHOW_PRODUCT_FREE_SHIPPING_INFO_STARTING_AT','1','Display Starting At text on products with attributes Product Info 0= off 1= on',5,12,NULL,'2010-04-28 01:58:10',NULL,'zen_cfg_select_drop_down(array(array(\'id\'=>\'1\', \'text\'=>\'True\'), array(\'id\'=>\'0\', \'text\'=>\'False\')), '),(76,'Show Product Tell a Friend button','SHOW_PRODUCT_FREE_SHIPPING_INFO_TELL_A_FRIEND','1','Display the Tell a Friend button on Product Info<br /><br />Note: Turning this setting off does not affect the Tell a Friend box in the columns and turning off the Tell a Friend box does not affect the button<br />0= off 1= on',5,15,NULL,'2010-04-28 01:58:10',NULL,'zen_cfg_select_drop_down(array(array(\'id\'=>\'1\', \'text\'=>\'True\'), array(\'id\'=>\'0\', \'text\'=>\'False\')), '),(77,'Product Free Shipping Image Status - Catalog','SHOW_PRODUCT_FREE_SHIPPING_INFO_ALWAYS_FREE_SHIPPING_IMAGE_SWITCH','1','Show the Free Shipping image/text in the catalog?',5,16,NULL,'2010-04-28 01:58:10',NULL,'zen_cfg_select_drop_down(array(array(\'id\'=>\'1\', \'text\'=>\'Yes\'), array(\'id\'=>\'0\', \'text\'=>\'No\')), '),(78,'Product Price Tax Class Default - When adding new products?','DEFAULT_PRODUCT_FREE_SHIPPING_TAX_CLASS_ID','0','What should the Product Price Tax Class Default ID be when adding new products?',5,100,NULL,'2010-04-28 01:58:10','',''),(79,'Product Virtual Default Status - Skip Shipping Address - When adding new products?','DEFAULT_PRODUCT_FREE_SHIPPING_PRODUCTS_VIRTUAL','0','Default Virtual Product status to be ON when adding new products?',5,101,NULL,'2010-04-28 01:58:10',NULL,'zen_cfg_select_drop_down(array(array(\'id\'=>\'1\', \'text\'=>\'True\'), array(\'id\'=>\'0\', \'text\'=>\'False\')), '),(80,'Product Free Shipping Default Status - Normal Shipping Rules - When adding new products?','DEFAULT_PRODUCT_FREE_SHIPPING_PRODUCTS_IS_ALWAYS_FREE_SHIPPING','1','What should the Default Free Shipping status be when adding new products?<br />Yes, Always Free Shipping ON<br />No, Always Free Shipping OFF<br />Special, Product/Download Requires Shipping',5,102,NULL,'2010-04-28 01:58:10',NULL,'zen_cfg_select_drop_down(array(array(\'id\'=>\'1\', \'text\'=>\'Yes, Always ON\'), array(\'id\'=>\'0\', \'text\'=>\'No, Always OFF\'), array(\'id\'=>\'2\', \'text\'=>\'Special\')), '),(81,'Show Metatags Title Default - Product Title','SHOW_PRODUCT_INFO_METATAGS_TITLE_STATUS','1','Display Product Title in Meta Tags Title 0= off 1= on',1,50,NULL,'2010-04-28 01:58:10',NULL,'zen_cfg_select_drop_down(array(array(\'id\'=>\'1\', \'text\'=>\'True\'), array(\'id\'=>\'0\', \'text\'=>\'False\')), '),(82,'Show Metatags Title Default - Product Name','SHOW_PRODUCT_INFO_METATAGS_PRODUCTS_NAME_STATUS','1','Display Product Name in Meta Tags Title 0= off 1= on',1,51,NULL,'2010-04-28 01:58:10',NULL,'zen_cfg_select_drop_down(array(array(\'id\'=>\'1\', \'text\'=>\'True\'), array(\'id\'=>\'0\', \'text\'=>\'False\')), '),(83,'Show Metatags Title Default - Product Model','SHOW_PRODUCT_INFO_METATAGS_MODEL_STATUS','1','Display Product Model in Meta Tags Title 0= off 1= on',1,52,NULL,'2010-04-28 01:58:10',NULL,'zen_cfg_select_drop_down(array(array(\'id\'=>\'1\', \'text\'=>\'True\'), array(\'id\'=>\'0\', \'text\'=>\'False\')), '),(84,'Show Metatags Title Default - Product Price','SHOW_PRODUCT_INFO_METATAGS_PRICE_STATUS','1','Display Product Price in Meta Tags Title 0= off 1= on',1,53,NULL,'2010-04-28 01:58:10',NULL,'zen_cfg_select_drop_down(array(array(\'id\'=>\'1\', \'text\'=>\'True\'), array(\'id\'=>\'0\', \'text\'=>\'False\')), '),(85,'Show Metatags Title Default - Product Tagline','SHOW_PRODUCT_INFO_METATAGS_TITLE_TAGLINE_STATUS','1','Display Product Tagline in Meta Tags Title 0= off 1= on',1,54,NULL,'2010-04-28 01:58:10',NULL,'zen_cfg_select_drop_down(array(array(\'id\'=>\'1\', \'text\'=>\'True\'), array(\'id\'=>\'0\', \'text\'=>\'False\')), '),(86,'Show Metatags Title Default - Product Title','SHOW_PRODUCT_MUSIC_INFO_METATAGS_TITLE_STATUS','1','Display Product Title in Meta Tags Title 0= off 1= on',2,50,NULL,'2010-04-28 01:58:10',NULL,'zen_cfg_select_drop_down(array(array(\'id\'=>\'1\', \'text\'=>\'True\'), array(\'id\'=>\'0\', \'text\'=>\'False\')), '),(87,'Show Metatags Title Default - Product Name','SHOW_PRODUCT_MUSIC_INFO_METATAGS_PRODUCTS_NAME_STATUS','1','Display Product Name in Meta Tags Title 0= off 1= on',2,51,NULL,'2010-04-28 01:58:10',NULL,'zen_cfg_select_drop_down(array(array(\'id\'=>\'1\', \'text\'=>\'True\'), array(\'id\'=>\'0\', \'text\'=>\'False\')), '),(88,'Show Metatags Title Default - Product Model','SHOW_PRODUCT_MUSIC_INFO_METATAGS_MODEL_STATUS','1','Display Product Model in Meta Tags Title 0= off 1= on',2,52,NULL,'2010-04-28 01:58:10',NULL,'zen_cfg_select_drop_down(array(array(\'id\'=>\'1\', \'text\'=>\'True\'), array(\'id\'=>\'0\', \'text\'=>\'False\')), '),(89,'Show Metatags Title Default - Product Price','SHOW_PRODUCT_MUSIC_INFO_METATAGS_PRICE_STATUS','1','Display Product Price in Meta Tags Title 0= off 1= on',2,53,NULL,'2010-04-28 01:58:10',NULL,'zen_cfg_select_drop_down(array(array(\'id\'=>\'1\', \'text\'=>\'True\'), array(\'id\'=>\'0\', \'text\'=>\'False\')), '),(90,'Show Metatags Title Default - Product Tagline','SHOW_PRODUCT_MUSIC_INFO_METATAGS_TITLE_TAGLINE_STATUS','1','Display Product Tagline in Meta Tags Title 0= off 1= on',2,54,NULL,'2010-04-28 01:58:10',NULL,'zen_cfg_select_drop_down(array(array(\'id\'=>\'1\', \'text\'=>\'True\'), array(\'id\'=>\'0\', \'text\'=>\'False\')), '),(91,'Show Metatags Title Default - Document Title','SHOW_DOCUMENT_GENERAL_INFO_METATAGS_TITLE_STATUS','1','Display Document Title in Meta Tags Title 0= off 1= on',3,50,NULL,'2010-04-28 01:58:10',NULL,'zen_cfg_select_drop_down(array(array(\'id\'=>\'1\', \'text\'=>\'True\'), array(\'id\'=>\'0\', \'text\'=>\'False\')), '),(92,'Show Metatags Title Default - Document Name','SHOW_DOCUMENT_GENERAL_INFO_METATAGS_PRODUCTS_NAME_STATUS','1','Display Document Name in Meta Tags Title 0= off 1= on',3,51,NULL,'2010-04-28 01:58:10',NULL,'zen_cfg_select_drop_down(array(array(\'id\'=>\'1\', \'text\'=>\'True\'), array(\'id\'=>\'0\', \'text\'=>\'False\')), '),(93,'Show Metatags Title Default - Document Tagline','SHOW_DOCUMENT_GENERAL_INFO_METATAGS_TITLE_TAGLINE_STATUS','1','Display Document Tagline in Meta Tags Title 0= off 1= on',3,54,NULL,'2010-04-28 01:58:10',NULL,'zen_cfg_select_drop_down(array(array(\'id\'=>\'1\', \'text\'=>\'True\'), array(\'id\'=>\'0\', \'text\'=>\'False\')), '),(94,'Show Metatags Title Default - Document Title','SHOW_DOCUMENT_PRODUCT_INFO_METATAGS_TITLE_STATUS','1','Display Document Title in Meta Tags Title 0= off 1= on',4,50,NULL,'2010-04-28 01:58:10',NULL,'zen_cfg_select_drop_down(array(array(\'id\'=>\'1\', \'text\'=>\'True\'), array(\'id\'=>\'0\', \'text\'=>\'False\')), '),(95,'Show Metatags Title Default - Document Name','SHOW_DOCUMENT_PRODUCT_INFO_METATAGS_PRODUCTS_NAME_STATUS','1','Display Document Name in Meta Tags Title 0= off 1= on',4,51,NULL,'2010-04-28 01:58:10',NULL,'zen_cfg_select_drop_down(array(array(\'id\'=>\'1\', \'text\'=>\'True\'), array(\'id\'=>\'0\', \'text\'=>\'False\')), '),(96,'Show Metatags Title Default - Document Model','SHOW_DOCUMENT_PRODUCT_INFO_METATAGS_MODEL_STATUS','1','Display Document Model in Meta Tags Title 0= off 1= on',4,52,NULL,'2010-04-28 01:58:10',NULL,'zen_cfg_select_drop_down(array(array(\'id\'=>\'1\', \'text\'=>\'True\'), array(\'id\'=>\'0\', \'text\'=>\'False\')), '),(97,'Show Metatags Title Default - Document Price','SHOW_DOCUMENT_PRODUCT_INFO_METATAGS_PRICE_STATUS','1','Display Document Price in Meta Tags Title 0= off 1= on',4,53,NULL,'2010-04-28 01:58:10',NULL,'zen_cfg_select_drop_down(array(array(\'id\'=>\'1\', \'text\'=>\'True\'), array(\'id\'=>\'0\', \'text\'=>\'False\')), '),(98,'Show Metatags Title Default - Document Tagline','SHOW_DOCUMENT_PRODUCT_INFO_METATAGS_TITLE_TAGLINE_STATUS','1','Display Document Tagline in Meta Tags Title 0= off 1= on',4,54,NULL,'2010-04-28 01:58:10',NULL,'zen_cfg_select_drop_down(array(array(\'id\'=>\'1\', \'text\'=>\'True\'), array(\'id\'=>\'0\', \'text\'=>\'False\')), '),(99,'Show Metatags Title Default - Product Title','SHOW_PRODUCT_FREE_SHIPPING_INFO_METATAGS_TITLE_STATUS','1','Display Product Title in Meta Tags Title 0= off 1= on',5,50,NULL,'2010-04-28 01:58:10',NULL,'zen_cfg_select_drop_down(array(array(\'id\'=>\'1\', \'text\'=>\'True\'), array(\'id\'=>\'0\', \'text\'=>\'False\')), '),(100,'Show Metatags Title Default - Product Name','SHOW_PRODUCT_FREE_SHIPPING_INFO_METATAGS_PRODUCTS_NAME_STATUS','1','Display Product Name in Meta Tags Title 0= off 1= on',5,51,NULL,'2010-04-28 01:58:10',NULL,'zen_cfg_select_drop_down(array(array(\'id\'=>\'1\', \'text\'=>\'True\'), array(\'id\'=>\'0\', \'text\'=>\'False\')), '),(101,'Show Metatags Title Default - Product Model','SHOW_PRODUCT_FREE_SHIPPING_INFO_METATAGS_MODEL_STATUS','1','Display Product Model in Meta Tags Title 0= off 1= on',5,52,NULL,'2010-04-28 01:58:10',NULL,'zen_cfg_select_drop_down(array(array(\'id\'=>\'1\', \'text\'=>\'True\'), array(\'id\'=>\'0\', \'text\'=>\'False\')), '),(102,'Show Metatags Title Default - Product Price','SHOW_PRODUCT_FREE_SHIPPING_INFO_METATAGS_PRICE_STATUS','1','Display Product Price in Meta Tags Title 0= off 1= on',5,53,NULL,'2010-04-28 01:58:10',NULL,'zen_cfg_select_drop_down(array(array(\'id\'=>\'1\', \'text\'=>\'True\'), array(\'id\'=>\'0\', \'text\'=>\'False\')), '),(103,'Show Metatags Title Default - Product Tagline','SHOW_PRODUCT_FREE_SHIPPING_INFO_METATAGS_TITLE_TAGLINE_STATUS','1','Display Product Tagline in Meta Tags Title 0= off 1= on',5,54,NULL,'2010-04-28 01:58:10',NULL,'zen_cfg_select_drop_down(array(array(\'id\'=>\'1\', \'text\'=>\'True\'), array(\'id\'=>\'0\', \'text\'=>\'False\')), '),(104,'PRODUCT Attribute is Display Only - Default','DEFAULT_PRODUCT_ATTRIBUTES_DISPLAY_ONLY','0','PRODUCT Attribute is Display Only<br />Used For Display Purposes Only<br />0= No 1= Yes',1,200,NULL,'2010-04-28 01:58:10',NULL,'zen_cfg_select_drop_down(array(array(\'id\'=>\'1\', \'text\'=>\'Yes\'), array(\'id\'=>\'0\', \'text\'=>\'No\')), '),(105,'PRODUCT Attribute is Free - Default','DEFAULT_PRODUCT_ATTRIBUTE_IS_FREE','1','PRODUCT Attribute is Free<br />Attribute is Free When Product is Free<br />0= No 1= Yes',1,201,NULL,'2010-04-28 01:58:10',NULL,'zen_cfg_select_drop_down(array(array(\'id\'=>\'1\', \'text\'=>\'Yes\'), array(\'id\'=>\'0\', \'text\'=>\'No\')), '),(106,'PRODUCT Attribute is Default - Default','DEFAULT_PRODUCT_ATTRIBUTES_DEFAULT','0','PRODUCT Attribute is Default<br />Default Attribute to be Marked Selected<br />0= No 1= Yes',1,202,NULL,'2010-04-28 01:58:10',NULL,'zen_cfg_select_drop_down(array(array(\'id\'=>\'1\', \'text\'=>\'Yes\'), array(\'id\'=>\'0\', \'text\'=>\'No\')), '),(107,'PRODUCT Attribute is Discounted - Default','DEFAULT_PRODUCT_ATTRIBUTES_DISCOUNTED','1','PRODUCT Attribute is Discounted<br />Apply Discounts Used by Product Special/Sale<br />0= No 1= Yes',1,203,NULL,'2010-04-28 01:58:10',NULL,'zen_cfg_select_drop_down(array(array(\'id\'=>\'1\', \'text\'=>\'Yes\'), array(\'id\'=>\'0\', \'text\'=>\'No\')), '),(108,'PRODUCT Attribute is Included in Base Price - Default','DEFAULT_PRODUCT_ATTRIBUTES_PRICE_BASE_INCLUDED','1','PRODUCT Attribute is Included in Base Price<br />Include in Base Price When Priced by Attributes<br />0= No 1= Yes',1,204,NULL,'2010-04-28 01:58:10',NULL,'zen_cfg_select_drop_down(array(array(\'id\'=>\'1\', \'text\'=>\'Yes\'), array(\'id\'=>\'0\', \'text\'=>\'No\')), '),(109,'PRODUCT Attribute is Required - Default','DEFAULT_PRODUCT_ATTRIBUTES_REQUIRED','0','PRODUCT Attribute is Required<br />Attribute Required for Text<br />0= No 1= Yes',1,205,NULL,'2010-04-28 01:58:10',NULL,'zen_cfg_select_drop_down(array(array(\'id\'=>\'1\', \'text\'=>\'Yes\'), array(\'id\'=>\'0\', \'text\'=>\'No\')), '),(110,'PRODUCT Attribute Price Prefix - Default','DEFAULT_PRODUCT_PRICE_PREFIX','1','PRODUCT Attribute Price Prefix<br />Default Attribute Price Prefix for Adding<br />Blank, + or -',1,206,NULL,'2010-04-28 01:58:10',NULL,'zen_cfg_select_drop_down(array(array(\'id\'=>\'0\', \'text\'=>\'Blank\'), array(\'id\'=>\'1\', \'text\'=>\'+\'), array(\'id\'=>\'2\', \'text\'=>\'-\')), '),(111,'PRODUCT Attribute Weight Prefix - Default','DEFAULT_PRODUCT_PRODUCTS_ATTRIBUTES_WEIGHT_PREFIX','1','PRODUCT Attribute Weight Prefix<br />Default Attribute Weight Prefix<br />Blank, + or -',1,207,NULL,'2010-04-28 01:58:10',NULL,'zen_cfg_select_drop_down(array(array(\'id\'=>\'0\', \'text\'=>\'Blank\'), array(\'id\'=>\'1\', \'text\'=>\'+\'), array(\'id\'=>\'2\', \'text\'=>\'-\')), '),(112,'MUSIC Attribute is Display Only - Default','DEFAULT_PRODUCT_MUSIC_ATTRIBUTES_DISPLAY_ONLY','0','MUSIC Attribute is Display Only<br />Used For Display Purposes Only<br />0= No 1= Yes',2,200,NULL,'2010-04-28 01:58:10',NULL,'zen_cfg_select_drop_down(array(array(\'id\'=>\'1\', \'text\'=>\'Yes\'), array(\'id\'=>\'0\', \'text\'=>\'No\')), '),(113,'MUSIC Attribute is Free - Default','DEFAULT_PRODUCT_MUSIC_ATTRIBUTE_IS_FREE','1','MUSIC Attribute is Free<br />Attribute is Free When Product is Free<br />0= No 1= Yes',2,201,NULL,'2010-04-28 01:58:10',NULL,'zen_cfg_select_drop_down(array(array(\'id\'=>\'1\', \'text\'=>\'Yes\'), array(\'id\'=>\'0\', \'text\'=>\'No\')), '),(114,'MUSIC Attribute is Default - Default','DEFAULT_PRODUCT_MUSIC_ATTRIBUTES_DEFAULT','0','MUSIC Attribute is Default<br />Default Attribute to be Marked Selected<br />0= No 1= Yes',2,202,NULL,'2010-04-28 01:58:10',NULL,'zen_cfg_select_drop_down(array(array(\'id\'=>\'1\', \'text\'=>\'Yes\'), array(\'id\'=>\'0\', \'text\'=>\'No\')), '),(115,'MUSIC Attribute is Discounted - Default','DEFAULT_PRODUCT_MUSIC_ATTRIBUTES_DISCOUNTED','1','MUSIC Attribute is Discounted<br />Apply Discounts Used by Product Special/Sale<br />0= No 1= Yes',2,203,NULL,'2010-04-28 01:58:10',NULL,'zen_cfg_select_drop_down(array(array(\'id\'=>\'1\', \'text\'=>\'Yes\'), array(\'id\'=>\'0\', \'text\'=>\'No\')), '),(116,'MUSIC Attribute is Included in Base Price - Default','DEFAULT_PRODUCT_MUSIC_ATTRIBUTES_PRICE_BASE_INCLUDED','1','MUSIC Attribute is Included in Base Price<br />Include in Base Price When Priced by Attributes<br />0= No 1= Yes',2,204,NULL,'2010-04-28 01:58:10',NULL,'zen_cfg_select_drop_down(array(array(\'id\'=>\'1\', \'text\'=>\'Yes\'), array(\'id\'=>\'0\', \'text\'=>\'No\')), '),(117,'MUSIC Attribute is Required - Default','DEFAULT_PRODUCT_MUSIC_ATTRIBUTES_REQUIRED','0','MUSIC Attribute is Required<br />Attribute Required for Text<br />0= No 1= Yes',2,205,NULL,'2010-04-28 01:58:10',NULL,'zen_cfg_select_drop_down(array(array(\'id\'=>\'1\', \'text\'=>\'Yes\'), array(\'id\'=>\'0\', \'text\'=>\'No\')), '),(118,'MUSIC Attribute Price Prefix - Default','DEFAULT_PRODUCT_MUSIC_PRICE_PREFIX','1','MUSIC Attribute Price Prefix<br />Default Attribute Price Prefix for Adding<br />Blank, + or -',2,206,NULL,'2010-04-28 01:58:10',NULL,'zen_cfg_select_drop_down(array(array(\'id\'=>\'0\', \'text\'=>\'Blank\'), array(\'id\'=>\'1\', \'text\'=>\'+\'), array(\'id\'=>\'2\', \'text\'=>\'-\')), '),(119,'MUSIC Attribute Weight Prefix - Default','DEFAULT_PRODUCT_MUSIC_PRODUCTS_ATTRIBUTES_WEIGHT_PREFIX','1','MUSIC Attribute Weight Prefix<br />Default Attribute Weight Prefix<br />Blank, + or -',2,207,NULL,'2010-04-28 01:58:10',NULL,'zen_cfg_select_drop_down(array(array(\'id\'=>\'0\', \'text\'=>\'Blank\'), array(\'id\'=>\'1\', \'text\'=>\'+\'), array(\'id\'=>\'2\', \'text\'=>\'-\')), '),(120,'DOCUMENT GENERAL Attribute is Display Only - Default','DEFAULT_DOCUMENT_GENERAL_ATTRIBUTES_DISPLAY_ONLY','0','DOCUMENT GENERAL Attribute is Display Only<br />Used For Display Purposes Only<br />0= No 1= Yes',3,200,NULL,'2010-04-28 01:58:10',NULL,'zen_cfg_select_drop_down(array(array(\'id\'=>\'1\', \'text\'=>\'Yes\'), array(\'id\'=>\'0\', \'text\'=>\'No\')), '),(121,'DOCUMENT GENERAL Attribute is Free - Default','DEFAULT_DOCUMENT_GENERAL_ATTRIBUTE_IS_FREE','1','DOCUMENT GENERAL Attribute is Free<br />Attribute is Free When Product is Free<br />0= No 1= Yes',3,201,NULL,'2010-04-28 01:58:10',NULL,'zen_cfg_select_drop_down(array(array(\'id\'=>\'1\', \'text\'=>\'Yes\'), array(\'id\'=>\'0\', \'text\'=>\'No\')), '),(122,'DOCUMENT GENERAL Attribute is Default - Default','DEFAULT_DOCUMENT_GENERAL_ATTRIBUTES_DEFAULT','0','DOCUMENT GENERAL Attribute is Default<br />Default Attribute to be Marked Selected<br />0= No 1= Yes',3,202,NULL,'2010-04-28 01:58:10',NULL,'zen_cfg_select_drop_down(array(array(\'id\'=>\'1\', \'text\'=>\'Yes\'), array(\'id\'=>\'0\', \'text\'=>\'No\')), '),(123,'DOCUMENT GENERAL Attribute is Discounted - Default','DEFAULT_DOCUMENT_GENERAL_ATTRIBUTES_DISCOUNTED','1','DOCUMENT GENERAL Attribute is Discounted<br />Apply Discounts Used by Product Special/Sale<br />0= No 1= Yes',3,203,NULL,'2010-04-28 01:58:10',NULL,'zen_cfg_select_drop_down(array(array(\'id\'=>\'1\', \'text\'=>\'Yes\'), array(\'id\'=>\'0\', \'text\'=>\'No\')), '),(124,'DOCUMENT GENERAL Attribute is Included in Base Price - Default','DEFAULT_DOCUMENT_GENERAL_ATTRIBUTES_PRICE_BASE_INCLUDED','1','DOCUMENT GENERAL Attribute is Included in Base Price<br />Include in Base Price When Priced by Attributes<br />0= No 1= Yes',3,204,NULL,'2010-04-28 01:58:10',NULL,'zen_cfg_select_drop_down(array(array(\'id\'=>\'1\', \'text\'=>\'Yes\'), array(\'id\'=>\'0\', \'text\'=>\'No\')), '),(125,'DOCUMENT GENERAL Attribute is Required - Default','DEFAULT_DOCUMENT_GENERAL_ATTRIBUTES_REQUIRED','0','DOCUMENT GENERAL Attribute is Required<br />Attribute Required for Text<br />0= No 1= Yes',3,205,NULL,'2010-04-28 01:58:10',NULL,'zen_cfg_select_drop_down(array(array(\'id\'=>\'1\', \'text\'=>\'Yes\'), array(\'id\'=>\'0\', \'text\'=>\'No\')), '),(126,'DOCUMENT GENERAL Attribute Price Prefix - Default','DEFAULT_DOCUMENT_GENERAL_PRICE_PREFIX','1','DOCUMENT GENERAL Attribute Price Prefix<br />Default Attribute Price Prefix for Adding<br />Blank, + or -',3,206,NULL,'2010-04-28 01:58:10',NULL,'zen_cfg_select_drop_down(array(array(\'id\'=>\'0\', \'text\'=>\'Blank\'), array(\'id\'=>\'1\', \'text\'=>\'+\'), array(\'id\'=>\'2\', \'text\'=>\'-\')), '),(127,'DOCUMENT GENERAL Attribute Weight Prefix - Default','DEFAULT_DOCUMENT_GENERAL_PRODUCTS_ATTRIBUTES_WEIGHT_PREFIX','1','DOCUMENT GENERAL Attribute Weight Prefix<br />Default Attribute Weight Prefix<br />Blank, + or -',3,207,NULL,'2010-04-28 01:58:10',NULL,'zen_cfg_select_drop_down(array(array(\'id\'=>\'0\', \'text\'=>\'Blank\'), array(\'id\'=>\'1\', \'text\'=>\'+\'), array(\'id\'=>\'2\', \'text\'=>\'-\')), '),(128,'DOCUMENT PRODUCT Attribute is Display Only - Default','DEFAULT_DOCUMENT_PRODUCT_ATTRIBUTES_DISPLAY_ONLY','0','DOCUMENT PRODUCT Attribute is Display Only<br />Used For Display Purposes Only<br />0= No 1= Yes',4,200,NULL,'2010-04-28 01:58:10',NULL,'zen_cfg_select_drop_down(array(array(\'id\'=>\'1\', \'text\'=>\'Yes\'), array(\'id\'=>\'0\', \'text\'=>\'No\')), '),(129,'DOCUMENT PRODUCT Attribute is Free - Default','DEFAULT_DOCUMENT_PRODUCT_ATTRIBUTE_IS_FREE','1','DOCUMENT PRODUCT Attribute is Free<br />Attribute is Free When Product is Free<br />0= No 1= Yes',4,201,NULL,'2010-04-28 01:58:10',NULL,'zen_cfg_select_drop_down(array(array(\'id\'=>\'1\', \'text\'=>\'Yes\'), array(\'id\'=>\'0\', \'text\'=>\'No\')), '),(130,'DOCUMENT PRODUCT Attribute is Default - Default','DEFAULT_DOCUMENT_PRODUCT_ATTRIBUTES_DEFAULT','0','DOCUMENT PRODUCT Attribute is Default<br />Default Attribute to be Marked Selected<br />0= No 1= Yes',4,202,NULL,'2010-04-28 01:58:10',NULL,'zen_cfg_select_drop_down(array(array(\'id\'=>\'1\', \'text\'=>\'Yes\'), array(\'id\'=>\'0\', \'text\'=>\'No\')), '),(131,'DOCUMENT PRODUCT Attribute is Discounted - Default','DEFAULT_DOCUMENT_PRODUCT_ATTRIBUTES_DISCOUNTED','1','DOCUMENT PRODUCT Attribute is Discounted<br />Apply Discounts Used by Product Special/Sale<br />0= No 1= Yes',4,203,NULL,'2010-04-28 01:58:10',NULL,'zen_cfg_select_drop_down(array(array(\'id\'=>\'1\', \'text\'=>\'Yes\'), array(\'id\'=>\'0\', \'text\'=>\'No\')), '),(132,'DOCUMENT PRODUCT Attribute is Included in Base Price - Default','DEFAULT_DOCUMENT_PRODUCT_ATTRIBUTES_PRICE_BASE_INCLUDED','1','DOCUMENT PRODUCT Attribute is Included in Base Price<br />Include in Base Price When Priced by Attributes<br />0= No 1= Yes',4,204,NULL,'2010-04-28 01:58:10',NULL,'zen_cfg_select_drop_down(array(array(\'id\'=>\'1\', \'text\'=>\'Yes\'), array(\'id\'=>\'0\', \'text\'=>\'No\')), '),(133,'DOCUMENT PRODUCT Attribute is Required - Default','DEFAULT_DOCUMENT_PRODUCT_ATTRIBUTES_REQUIRED','0','DOCUMENT PRODUCT Attribute is Required<br />Attribute Required for Text<br />0= No 1= Yes',4,205,NULL,'2010-04-28 01:58:10',NULL,'zen_cfg_select_drop_down(array(array(\'id\'=>\'1\', \'text\'=>\'Yes\'), array(\'id\'=>\'0\', \'text\'=>\'No\')), '),(134,'DOCUMENT PRODUCT Attribute Price Prefix - Default','DEFAULT_DOCUMENT_PRODUCT_PRICE_PREFIX','1','DOCUMENT PRODUCT Attribute Price Prefix<br />Default Attribute Price Prefix for Adding<br />Blank, + or -',4,206,NULL,'2010-04-28 01:58:10',NULL,'zen_cfg_select_drop_down(array(array(\'id\'=>\'0\', \'text\'=>\'Blank\'), array(\'id\'=>\'1\', \'text\'=>\'+\'), array(\'id\'=>\'2\', \'text\'=>\'-\')), '),(135,'DOCUMENT PRODUCT Attribute Weight Prefix - Default','DEFAULT_DOCUMENT_PRODUCT_PRODUCTS_ATTRIBUTES_WEIGHT_PREFIX','1','DOCUMENT PRODUCT Attribute Weight Prefix<br />Default Attribute Weight Prefix<br />Blank, + or -',4,207,NULL,'2010-04-28 01:58:10',NULL,'zen_cfg_select_drop_down(array(array(\'id\'=>\'0\', \'text\'=>\'Blank\'), array(\'id\'=>\'1\', \'text\'=>\'+\'), array(\'id\'=>\'2\', \'text\'=>\'-\')), '),(136,'PRODUCT FREE SHIPPING Attribute is Display Only - Default','DEFAULT_PRODUCT_FREE_SHIPPING_ATTRIBUTES_DISPLAY_ONLY','0','PRODUCT FREE SHIPPING Attribute is Display Only<br />Used For Display Purposes Only<br />0= No 1= Yes',5,201,NULL,'2010-04-28 01:58:10',NULL,'zen_cfg_select_drop_down(array(array(\'id\'=>\'1\', \'text\'=>\'Yes\'), array(\'id\'=>\'0\', \'text\'=>\'No\')), '),(137,'PRODUCT FREE SHIPPING Attribute is Free - Default','DEFAULT_PRODUCT_FREE_SHIPPING_ATTRIBUTE_IS_FREE','1','PRODUCT FREE SHIPPING Attribute is Free<br />Attribute is Free When Product is Free<br />0= No 1= Yes',5,201,NULL,'2010-04-28 01:58:10',NULL,'zen_cfg_select_drop_down(array(array(\'id\'=>\'1\', \'text\'=>\'Yes\'), array(\'id\'=>\'0\', \'text\'=>\'No\')), '),(138,'PRODUCT FREE SHIPPING Attribute is Default - Default','DEFAULT_PRODUCT_FREE_SHIPPING_ATTRIBUTES_DEFAULT','0','PRODUCT FREE SHIPPING Attribute is Default<br />Default Attribute to be Marked Selected<br />0= No 1= Yes',5,202,NULL,'2010-04-28 01:58:10',NULL,'zen_cfg_select_drop_down(array(array(\'id\'=>\'1\', \'text\'=>\'Yes\'), array(\'id\'=>\'0\', \'text\'=>\'No\')), '),(139,'PRODUCT FREE SHIPPING Attribute is Discounted - Default','DEFAULT_PRODUCT_FREE_SHIPPING_ATTRIBUTES_DISCOUNTED','1','PRODUCT FREE SHIPPING Attribute is Discounted<br />Apply Discounts Used by Product Special/Sale<br />0= No 1= Yes',5,203,NULL,'2010-04-28 01:58:10',NULL,'zen_cfg_select_drop_down(array(array(\'id\'=>\'1\', \'text\'=>\'Yes\'), array(\'id\'=>\'0\', \'text\'=>\'No\')), '),(140,'PRODUCT FREE SHIPPING Attribute is Included in Base Price - Default','DEFAULT_PRODUCT_FREE_SHIPPING_ATTRIBUTES_PRICE_BASE_INCLUDED','1','PRODUCT FREE SHIPPING Attribute is Included in Base Price<br />Include in Base Price When Priced by Attributes<br />0= No 1= Yes',5,204,NULL,'2010-04-28 01:58:10',NULL,'zen_cfg_select_drop_down(array(array(\'id\'=>\'1\', \'text\'=>\'Yes\'), array(\'id\'=>\'0\', \'text\'=>\'No\')), '),(141,'PRODUCT FREE SHIPPING Attribute is Required - Default','DEFAULT_PRODUCT_FREE_SHIPPING_ATTRIBUTES_REQUIRED','0','PRODUCT FREE SHIPPING Attribute is Required<br />Attribute Required for Text<br />0= No 1= Yes',5,205,NULL,'2010-04-28 01:58:10',NULL,'zen_cfg_select_drop_down(array(array(\'id\'=>\'1\', \'text\'=>\'Yes\'), array(\'id\'=>\'0\', \'text\'=>\'No\')), '),(142,'PRODUCT FREE SHIPPING Attribute Price Prefix - Default','DEFAULT_PRODUCT_FREE_SHIPPING_PRICE_PREFIX','1','PRODUCT FREE SHIPPING Attribute Price Prefix<br />Default Attribute Price Prefix for Adding<br />Blank, + or -',5,206,NULL,'2010-04-28 01:58:10',NULL,'zen_cfg_select_drop_down(array(array(\'id\'=>\'0\', \'text\'=>\'Blank\'), array(\'id\'=>\'1\', \'text\'=>\'+\'), array(\'id\'=>\'2\', \'text\'=>\'-\')), '),(143,'PRODUCT FREE SHIPPING Attribute Weight Prefix - Default','DEFAULT_PRODUCT_FREE_SHIPPING_PRODUCTS_ATTRIBUTES_WEIGHT_PREFIX','1','PRODUCT FREE SHIPPING Attribute Weight Prefix<br />Default Attribute Weight Prefix<br />Blank, + or -',5,207,NULL,'2010-04-28 01:58:10',NULL,'zen_cfg_select_drop_down(array(array(\'id\'=>\'0\', \'text\'=>\'Blank\'), array(\'id\'=>\'1\', \'text\'=>\'+\'), array(\'id\'=>\'2\', \'text\'=>\'-\')), ');

--
