-- Table structure for table `zen_configuration_group`
--

CREATE TABLE `zen_configuration_group` (
  `configuration_group_id` int(11) NOT NULL AUTO_INCREMENT,
  `configuration_group_title` varchar(64) NOT NULL DEFAULT '',
  `configuration_group_description` varchar(255) NOT NULL DEFAULT '',
  `sort_order` int(5) DEFAULT NULL,
  `visible` int(1) DEFAULT '1',
  PRIMARY KEY (`configuration_group_id`),
  KEY `idx_visible_zen` (`visible`)
) ENGINE=MyISAM AUTO_INCREMENT=34 DEFAULT CHARSET=latin1;

--
-- Dumping data for table `zen_configuration_group`
--

INSERT INTO `zen_configuration_group` VALUES (1,'My Store','General information about my store',1,1),(2,'Minimum Values','The minimum values for functions / data',2,1),(3,'Maximum Values','The maximum values for functions / data',3,1),(4,'Images','Image parameters',4,1),(5,'Customer Details','Customer account configuration',5,1),(6,'Module Options','Hidden from configuration',6,0),(7,'Shipping/Packaging','Shipping options available at my store',7,1),(8,'Product Listing','Product Listing configuration options',8,1),(9,'Stock','Stock configuration options',9,1),(10,'Logging','Logging configuration options',10,1),(11,'Regulations','Regulation options',16,1),(12,'E-Mail Options','General settings for E-Mail transport and HTML E-Mails',12,1),(13,'Attribute Settings','Configure products attributes settings',13,1),(14,'GZip Compression','GZip compression options',14,1),(15,'Sessions','Session options',15,1),(16,'GV Coupons','Gift Vouchers and Coupons',16,1),(17,'Credit Cards','Credit Cards Accepted',17,1),(18,'Product Info','Product Info Display Options',18,1),(19,'Layout Settings','Layout Options',19,1),(20,'Website Maintenance','Website Maintenance Options',20,1),(21,'New Listing','New Products Listing',21,1),(22,'Featured Listing','Featured Products Listing',22,1),(23,'All Listing','All Products Listing',23,1),(24,'Index Listing','Index Products Listing',24,1),(25,'Define Page Status','Define Main Pages and HTMLArea Options',25,1),(30,'EZ-Pages Settings','EZ-Pages Settings',30,1),(31,'Easy Populate','Config options for Easy Populate',31,1),(32,'Recover Cart Sales','Recover Cart Sales (RCS) Configuration Values',32,1),(33,'Image Manager','Set Image Manager Options',33,1);

--
-- Table structure for table `zen_counter`
--

CREATE TABLE `zen_counter` (
  `startdate` char(8) DEFAULT NULL,
  `counter` int(12) DEFAULT NULL
) ENGINE=MyISAM DEFAULT CHARSET=latin1;

--
-- Dumping data for table `zen_counter`
--

INSERT INTO `zen_counter` VALUES ('20100428',19434);

--
-- Table structure for table `zen_counter_history`
--

CREATE TABLE `zen_counter_history` (
  `startdate` char(8) NOT NULL DEFAULT '',
  `counter` int(12) DEFAULT NULL,
  `session_counter` int(12) DEFAULT NULL,
  PRIMARY KEY (`startdate`)
) ENGINE=MyISAM DEFAULT CHARSET=latin1;

--
-- Dumping data for table `zen_counter_history`
--

INSERT INTO `zen_counter_history` VALUES ('20100428',19,3),('20100429',20,2),('20100430',19,3),('20100503',1,1),('20100506',3,1),('20100512',11,1),('20100513',37,2),('20100516',42,3),('20100517',14,3),('20100520',26,1),('20100525',25,2),('20100526',1,1),('20100528',27,2),('20100601',4,2),('20100602',1,1),('20100607',6,1),('20100623',93,5),('20100624',17,7),('20100625',5,3),('20100628',3,2),('20100629',21,3),('20100630',6,4),('20100701',33,4),('20100702',32,8),('20100703',203,13),('20100704',1,1),('20100705',74,13),('20100706',84,12),('20100707',135,17),('20100708',106,15),('20100709',106,13),('20100710',71,5),('20100711',6,3),('20100712',76,12),('20100713',1,1),('20100714',29,2),('20100715',52,9),('20100716',192,14),('20100717',154,22),('20100718',2,2),('20100719',140,13),('20100720',259,61),('20100721',85,80),('20100722',53,46),('20100723',249,246),('20100724',1,1),('20100725',1,1),('20100726',60,10),('20100727',424,35),('20100728',185,11),('20100729',60,15),('20100730',30,9),('20100731',91,9),('20100801',146,7),('20100802',155,37),('20100803',250,40),('20100804',70,25),('20100805',156,22),('20100806',249,30),('20100807',228,22),('20100808',4,4),('20100809',353,37),('20100810',155,17),('20100811',90,15),('20100812',111,10),('20100813',194,20),('20100815',173,9),('20100816',44,8),('20100817',272,17),('20100818',550,34),('20100819',715,29),('20100820',267,25),('20100823',270,17),('20100824',397,21),('20100825',475,22),('20100826',226,24),('20100827',1036,26),('20100828',127,4),('20100830',579,14),('20100831',554,22),('20100901',539,21),('20100902',1061,32),('20100903',505,28),('20100904',46,10),('20100905',76,4),('20100906',176,10),('20100907',667,22),('20100908',58,11),('20100909',2062,433),('20100910',881,201),('20100911',4,1),('20100912',129,16),('20100913',105,21),('20100914',261,36),('20101001',43,2),('20101007',1,1),('20101015',2,1),('20101123',3,1),('20101201',1,1),('20101230',5,2),('20110130',84,84),('20110202',8,1),('20110207',4,2),('20110210',2,2),('20110307',2,1),('20110310',2,1),('20110315',1,1),('20110316',2,1),('20110318',1,1),('20110320',1,1),('20110321',1,1),('20110322',1,1),('20110323',6,1),('20110324',2,1),('20110325',13,3),('20110326',2,1),('20110327',1,1),('20110328',23,3),('20110401',4,1),('20110404',4,1),('20110405',2,2),('20110406',1,1),('20110407',58,4),('20110408',11,3),('20110411',164,6),('20110412',31,3),('20110413',72,8),('20110414',43,4),('20110418',1,1),('20110419',1,1),('20110421',6,3),('20110427',3,2),('20110501',1,1),('20110502',5,3),('20110503',4,3),('20110504',9,6),('20110505',3,2),('20110506',9,8),('20110507',3,3),('20110508',3,2),('20110509',4,3),('20110510',8,3),('20110511',5,2),('20110512',7,1),('20110514',3,2),('20110515',1,1),('20110516',7,4),('20110517',3,2),('20110518',6,2),('20110519',10,6),('20110520',1,1),('20110522',2,1),('20110523',4,4),('20110524',6,4),('20110525',4,3),('20110526',12,3),('20110527',58,2),('20110528',4,2),('20110530',12,7),('20110531',11,5),('20110601',1,1),('20110602',7,2),('20110603',17,6),('20110605',7,3),('20110606',5,5),('20110607',6,1),('20110608',15,5),('20110609',5,2),('20110610',8,1),('20110611',2,2),('20110612',3,2),('20110613',7,4),('20110614',20,7),('20110615',4,4),('20110616',3,3),('20110617',5,4),('20110618',5,3),('20110619',4,3),('20110620',2,2),('20110621',8,5),('20110622',6,2),('20110623',9,2),('20110624',4,2),('20110625',3,3),('20110626',4,2),('20110627',4,2),('20110628',22,5),('20110629',15,11),('20110630',22,12),('20110701',13,5),('20110703',9,4),('20110704',4,3),('20110705',18,9),('20110706',19,5),('20110707',5,5),('20110708',15,8),('20110709',1,1),('20110710',1,1),('20110711',19,8),('20110712',29,24),('20110713',40,14),('20110714',22,13),('20110715',11,7),('20110716',4,1),('20110717',1,1),('20110718',28,19),('20110719',28,18),('20110720',19,11),('20110721',22,15),('20110722',20,11),('20110724',5,4),('20110725',21,7),('20110726',6,5),('20110727',31,16),('20110728',1,1),('20110729',27,11),('20110730',5,3),('20110731',8,2),('20110801',14,6),('20110802',12,6),('20110803',17,10),('20110804',32,18),('20110805',13,11),('20110807',4,4),('20110808',4,4),('20110809',12,6),('20110810',12,5),('20110811',36,10);

--
-- Table structure for table `zen_countries`
--

CREATE TABLE `zen_countries` (
  `countries_id` int(11) NOT NULL AUTO_INCREMENT,
  `countries_name` varchar(64) NOT NULL DEFAULT '',
  `countries_iso_code_2` char(2) NOT NULL DEFAULT '',
  `countries_iso_code_3` char(3) NOT NULL DEFAULT '',
  `address_format_id` int(11) NOT NULL DEFAULT '0',
  PRIMARY KEY (`countries_id`),
  KEY `idx_countries_name_zen` (`countries_name`),
  KEY `idx_address_format_id_zen` (`address_format_id`),
  KEY `idx_iso_2_zen` (`countries_iso_code_2`),
  KEY `idx_iso_3_zen` (`countries_iso_code_3`)
) ENGINE=MyISAM AUTO_INCREMENT=241 DEFAULT CHARSET=latin1;

--
-- Dumping data for table `zen_countries`
--

INSERT INTO `zen_countries` VALUES (240,'Aaland Islands','AX','ALA',1),(1,'Afghanistan','AF','AFG',1),(2,'Albania','AL','ALB',1),(3,'Algeria','DZ','DZA',1),(4,'American Samoa','AS','ASM',1),(5,'Andorra','AD','AND',1),(6,'Angola','AO','AGO',1),(7,'Anguilla','AI','AIA',1),(8,'Antarctica','AQ','ATA',1),(9,'Antigua and Barbuda','AG','ATG',1),(10,'Argentina','AR','ARG',1),(11,'Armenia','AM','ARM',1),(12,'Aruba','AW','ABW',1),(13,'Australia','AU','AUS',1),(14,'Austria','AT','AUT',5),(15,'Azerbaijan','AZ','AZE',1),(16,'Bahamas','BS','BHS',1),(17,'Bahrain','BH','BHR',1),(18,'Bangladesh','BD','BGD',1),(19,'Barbados','BB','BRB',1),(20,'Belarus','BY','BLR',1),(21,'Belgium','BE','BEL',1),(22,'Belize','BZ','BLZ',1),(23,'Benin','BJ','BEN',1),(24,'Bermuda','BM','BMU',1),(25,'Bhutan','BT','BTN',1),(26,'Bolivia','BO','BOL',1),(27,'Bosnia and Herzegowina','BA','BIH',1),(28,'Botswana','BW','BWA',1),(29,'Bouvet Island','BV','BVT',1),(30,'Brazil','BR','BRA',1),(31,'British Indian Ocean Territory','IO','IOT',1),(32,'Brunei Darussalam','BN','BRN',1),(33,'Bulgaria','BG','BGR',1),(34,'Burkina Faso','BF','BFA',1),(35,'Burundi','BI','BDI',1),(36,'Cambodia','KH','KHM',1),(37,'Cameroon','CM','CMR',1),(38,'Canada','CA','CAN',2),(39,'Cape Verde','CV','CPV',1),(40,'Cayman Islands','KY','CYM',1),(41,'Central African Republic','CF','CAF',1),(42,'Chad','TD','TCD',1),(43,'Chile','CL','CHL',1),(44,'China','CN','CHN',1),(45,'Christmas Island','CX','CXR',1),(46,'Cocos (Keeling) Islands','CC','CCK',1),(47,'Colombia','CO','COL',1),(48,'Comoros','KM','COM',1),(49,'Congo','CG','COG',1),(50,'Cook Islands','CK','COK',1),(51,'Costa Rica','CR','CRI',1),(52,'Cote D\'Ivoire','CI','CIV',1),(53,'Croatia','HR','HRV',1),(54,'Cuba','CU','CUB',1),(55,'Cyprus','CY','CYP',1),(56,'Czech Republic','CZ','CZE',1),(57,'Denmark','DK','DNK',1),(58,'Djibouti','DJ','DJI',1),(59,'Dominica','DM','DMA',1),(60,'Dominican Republic','DO','DOM',1),(61,'Timor-Leste','TL','TLS',1),(62,'Ecuador','EC','ECU',1),(63,'Egypt','EG','EGY',1),(64,'El Salvador','SV','SLV',1),(65,'Equatorial Guinea','GQ','GNQ',1),(66,'Eritrea','ER','ERI',1),(67,'Estonia','EE','EST',1),(68,'Ethiopia','ET','ETH',1),(69,'Falkland Islands (Malvinas)','FK','FLK',1),(70,'Faroe Islands','FO','FRO',1),(71,'Fiji','FJ','FJI',1),(72,'Finland','FI','FIN',1),(73,'France','FR','FRA',1),(75,'French Guiana','GF','GUF',1),(76,'French Polynesia','PF','PYF',1),(77,'French Southern Territories','TF','ATF',1),(78,'Gabon','GA','GAB',1),(79,'Gambia','GM','GMB',1),(80,'Georgia','GE','GEO',1),(81,'Germany','DE','DEU',5),(82,'Ghana','GH','GHA',1),(83,'Gibraltar','GI','GIB',1),(84,'Greece','GR','GRC',1),(85,'Greenland','GL','GRL',1),(86,'Grenada','GD','GRD',1),(87,'Guadeloupe','GP','GLP',1),(88,'Guam','GU','GUM',1),(89,'Guatemala','GT','GTM',1),(90,'Guinea','GN','GIN',1),(91,'Guinea-bissau','GW','GNB',1),(92,'Guyana','GY','GUY',1),(93,'Haiti','HT','HTI',1),(94,'Heard and Mc Donald Islands','HM','HMD',1),(95,'Honduras','HN','HND',1),(96,'Hong Kong','HK','HKG',1),(97,'Hungary','HU','HUN',1),(98,'Iceland','IS','ISL',1),(99,'India','IN','IND',1),(100,'Indonesia','ID','IDN',1),(101,'Iran (Islamic Republic of)','IR','IRN',1),(102,'Iraq','IQ','IRQ',1),(103,'Ireland','IE','IRL',1),(104,'Israel','IL','ISR',1),(105,'Italy','IT','ITA',1),(106,'Jamaica','JM','JAM',1),(107,'Japan','JP','JPN',1),(108,'Jordan','JO','JOR',1),(109,'Kazakhstan','KZ','KAZ',1),(110,'Kenya','KE','KEN',1),(111,'Kiribati','KI','KIR',1),(112,'Korea, Democratic People\'s Republic of','KP','PRK',1),(113,'Korea, Republic of','KR','KOR',1),(114,'Kuwait','KW','KWT',1),(115,'Kyrgyzstan','KG','KGZ',1),(116,'Lao People\'s Democratic Republic','LA','LAO',1),(117,'Latvia','LV','LVA',1),(118,'Lebanon','LB','LBN',1),(119,'Lesotho','LS','LSO',1),(120,'Liberia','LR','LBR',1),(121,'Libyan Arab Jamahiriya','LY','LBY',1),(122,'Liechtenstein','LI','LIE',1),(123,'Lithuania','LT','LTU',1),(124,'Luxembourg','LU','LUX',1),(125,'Macao','MO','MAC',1),(126,'Macedonia, The Former Yugoslav Republic of','MK','MKD',1),(127,'Madagascar','MG','MDG',1),(128,'Malawi','MW','MWI',1),(129,'Malaysia','MY','MYS',1),(130,'Maldives','MV','MDV',1),(131,'Mali','ML','MLI',1),(132,'Malta','MT','MLT',1),(133,'Marshall Islands','MH','MHL',1),(134,'Martinique','MQ','MTQ',1),(135,'Mauritania','MR','MRT',1),(136,'Mauritius','MU','MUS',1),(137,'Mayotte','YT','MYT',1),(138,'Mexico','MX','MEX',1),(139,'Micronesia, Federated States of','FM','FSM',1),(140,'Moldova','MD','MDA',1),(141,'Monaco','MC','MCO',1),(142,'Mongolia','MN','MNG',1),(143,'Montserrat','MS','MSR',1),(144,'Morocco','MA','MAR',1),(145,'Mozambique','MZ','MOZ',1),(146,'Myanmar','MM','MMR',1),(147,'Namibia','NA','NAM',1),(148,'Nauru','NR','NRU',1),(149,'Nepal','NP','NPL',1),(150,'Netherlands','NL','NLD',1),(151,'Netherlands Antilles','AN','ANT',1),(152,'New Caledonia','NC','NCL',1),(153,'New Zealand','NZ','NZL',1),(154,'Nicaragua','NI','NIC',1),(155,'Niger','NE','NER',1),(156,'Nigeria','NG','NGA',1),(157,'Niue','NU','NIU',1),(158,'Norfolk Island','NF','NFK',1),(159,'Northern Mariana Islands','MP','MNP',1),(160,'Norway','NO','NOR',1),(161,'Oman','OM','OMN',1),(162,'Pakistan','PK','PAK',1),(163,'Palau','PW','PLW',1),(164,'Panama','PA','PAN',1),(165,'Papua New Guinea','PG','PNG',1),(166,'Paraguay','PY','PRY',1),(167,'Peru','PE','PER',1),(168,'Philippines','PH','PHL',1),(169,'Pitcairn','PN','PCN',1),(170,'Poland','PL','POL',1),(171,'Portugal','PT','PRT',1),(172,'Puerto Rico','PR','PRI',1),(173,'Qatar','QA','QAT',1),(174,'Reunion','RE','REU',1),(175,'Romania','RO','ROU',1),(176,'Russian Federation','RU','RUS',1),(177,'Rwanda','RW','RWA',1),(178,'Saint Kitts and Nevis','KN','KNA',1),(179,'Saint Lucia','LC','LCA',1),(180,'Saint Vincent and the Grenadines','VC','VCT',1),(181,'Samoa','WS','WSM',1),(182,'San Marino','SM','SMR',1),(183,'Sao Tome and Principe','ST','STP',1),(184,'Saudi Arabia','SA','SAU',1),(185,'Senegal','SN','SEN',1),(186,'Seychelles','SC','SYC',1),(187,'Sierra Leone','SL','SLE',1),(188,'Singapore','SG','SGP',4),(189,'Slovakia (Slovak Republic)','SK','SVK',1),(190,'Slovenia','SI','SVN',1),(191,'Solomon Islands','SB','SLB',1),(192,'Somalia','SO','SOM',1),(193,'South Africa','ZA','ZAF',1),(194,'South Georgia and the South Sandwich Islands','GS','SGS',1),(195,'Spain','ES','ESP',3),(196,'Sri Lanka','LK','LKA',1),(197,'St. Helena','SH','SHN',1),(198,'St. Pierre and Miquelon','PM','SPM',1),(199,'Sudan','SD','SDN',1),(200,'Suriname','SR','SUR',1),(201,'Svalbard and Jan Mayen Islands','SJ','SJM',1),(202,'Swaziland','SZ','SWZ',1),(203,'Sweden','SE','SWE',1),(204,'Switzerland','CH','CHE',1),(205,'Syrian Arab Republic','SY','SYR',1),(206,'Taiwan','TW','TWN',1),(207,'Tajikistan','TJ','TJK',1),(208,'Tanzania, United Republic of','TZ','TZA',1),(209,'Thailand','TH','THA',1),(210,'Togo','TG','TGO',1),(211,'Tokelau','TK','TKL',1),(212,'Tonga','TO','TON',1),(213,'Trinidad and Tobago','TT','TTO',1),(214,'Tunisia','TN','TUN',1),(215,'Turkey','TR','TUR',1),(216,'Turkmenistan','TM','TKM',1),(217,'Turks and Caicos Islands','TC','TCA',1),(218,'Tuvalu','TV','TUV',1),(219,'Uganda','UG','UGA',1),(220,'Ukraine','UA','UKR',1),(221,'United Arab Emirates','AE','ARE',1),(222,'United Kingdom','GB','GBR',6),(223,'United States','US','USA',2),(224,'United States Minor Outlying Islands','UM','UMI',1),(225,'Uruguay','UY','URY',1),(226,'Uzbekistan','UZ','UZB',1),(227,'Vanuatu','VU','VUT',1),(228,'Vatican City State (Holy See)','VA','VAT',1),(229,'Venezuela','VE','VEN',1),(230,'Viet Nam','VN','VNM',1),(231,'Virgin Islands (British)','VG','VGB',1),(232,'Virgin Islands (U.S.)','VI','VIR',1),(233,'Wallis and Futuna Islands','WF','WLF',1),(234,'Western Sahara','EH','ESH',1),(235,'Yemen','YE','YEM',1),(236,'Serbia','RS','SRB',1),(238,'Zambia','ZM','ZMB',1),(239,'Zimbabwe','ZW','ZWE',1);

--
-- Table structure for table `zen_coupon_email_track`
--

CREATE TABLE `zen_coupon_email_track` (
  `unique_id` int(11) NOT NULL AUTO_INCREMENT,
  `coupon_id` int(11) NOT NULL DEFAULT '0',
  `customer_id_sent` int(11) NOT NULL DEFAULT '0',
  `sent_firstname` varchar(32) DEFAULT NULL,
  `sent_lastname` varchar(32) DEFAULT NULL,
  `emailed_to` varchar(32) DEFAULT NULL,
  `date_sent` datetime NOT NULL DEFAULT '0001-01-01 00:00:00',
  PRIMARY KEY (`unique_id`),
  KEY `idx_coupon_id_zen` (`coupon_id`)
) ENGINE=MyISAM DEFAULT CHARSET=latin1;

--
-- Dumping data for table `zen_coupon_email_track`
--


--
-- Table structure for table `zen_coupon_gv_customer`
--

CREATE TABLE `zen_coupon_gv_customer` (
  `customer_id` int(5) NOT NULL DEFAULT '0',
  `amount` decimal(15,4) NOT NULL DEFAULT '0.0000',
  PRIMARY KEY (`customer_id`)
) ENGINE=MyISAM DEFAULT CHARSET=latin1;

--
-- Dumping data for table `zen_coupon_gv_customer`
--


--
-- Table structure for table `zen_coupon_gv_queue`
--

CREATE TABLE `zen_coupon_gv_queue` (
  `unique_id` int(5) NOT NULL AUTO_INCREMENT,
  `customer_id` int(5) NOT NULL DEFAULT '0',
  `order_id` int(5) NOT NULL DEFAULT '0',
  `amount` decimal(15,4) NOT NULL DEFAULT '0.0000',
  `date_created` datetime NOT NULL DEFAULT '0001-01-01 00:00:00',
  `ipaddr` varchar(32) NOT NULL DEFAULT '',
  `release_flag` char(1) NOT NULL DEFAULT 'N',
  PRIMARY KEY (`unique_id`),
  KEY `idx_cust_id_order_id_zen` (`customer_id`,`order_id`),
  KEY `idx_release_flag_zen` (`release_flag`)
) ENGINE=MyISAM DEFAULT CHARSET=latin1;

--
-- Dumping data for table `zen_coupon_gv_queue`
--


--
-- Table structure for table `zen_coupon_redeem_track`
--

CREATE TABLE `zen_coupon_redeem_track` (
  `unique_id` int(11) NOT NULL AUTO_INCREMENT,
  `coupon_id` int(11) NOT NULL DEFAULT '0',
  `customer_id` int(11) NOT NULL DEFAULT '0',
  `redeem_date` datetime NOT NULL DEFAULT '0001-01-01 00:00:00',
  `redeem_ip` varchar(32) NOT NULL DEFAULT '',
  `order_id` int(11) NOT NULL DEFAULT '0',
  PRIMARY KEY (`unique_id`),
  KEY `idx_coupon_id_zen` (`coupon_id`)
) ENGINE=MyISAM DEFAULT CHARSET=latin1;

--
-- Dumping data for table `zen_coupon_redeem_track`
--


--
-- Table structure for table `zen_coupon_restrict`
--

CREATE TABLE `zen_coupon_restrict` (
  `restrict_id` int(11) NOT NULL AUTO_INCREMENT,
  `coupon_id` int(11) NOT NULL DEFAULT '0',
  `product_id` int(11) NOT NULL DEFAULT '0',
  `category_id` int(11) NOT NULL DEFAULT '0',
  `coupon_restrict` char(1) NOT NULL DEFAULT 'N',
  PRIMARY KEY (`restrict_id`),
  KEY `idx_coup_id_prod_id_zen` (`coupon_id`,`product_id`)
) ENGINE=MyISAM DEFAULT CHARSET=latin1;

--
-- Dumping data for table `zen_coupon_restrict`
--


--
-- Table structure for table `zen_coupons`
--

CREATE TABLE `zen_coupons` (
  `coupon_id` int(11) NOT NULL AUTO_INCREMENT,
  `coupon_type` char(1) NOT NULL DEFAULT 'F',
  `coupon_code` varchar(32) NOT NULL DEFAULT '',
  `coupon_amount` decimal(15,4) NOT NULL DEFAULT '0.0000',
  `coupon_minimum_order` decimal(15,4) NOT NULL DEFAULT '0.0000',
  `coupon_start_date` datetime NOT NULL DEFAULT '0001-01-01 00:00:00',
  `coupon_expire_date` datetime NOT NULL DEFAULT '0001-01-01 00:00:00',
  `uses_per_coupon` int(5) NOT NULL DEFAULT '1',
  `uses_per_user` int(5) NOT NULL DEFAULT '0',
  `restrict_to_products` varchar(255) DEFAULT NULL,
  `restrict_to_categories` varchar(255) DEFAULT NULL,
  `restrict_to_customers` text,
  `coupon_active` char(1) NOT NULL DEFAULT 'Y',
  `date_created` datetime NOT NULL DEFAULT '0001-01-01 00:00:00',
  `date_modified` datetime NOT NULL DEFAULT '0001-01-01 00:00:00',
  `coupon_zone_restriction` int(11) NOT NULL DEFAULT '0',
  PRIMARY KEY (`coupon_id`),
  KEY `idx_active_type_zen` (`coupon_active`,`coupon_type`),
  KEY `idx_coupon_code_zen` (`coupon_code`),
  KEY `idx_coupon_type_zen` (`coupon_type`)
) ENGINE=MyISAM DEFAULT CHARSET=latin1;

--
-- Dumping data for table `zen_coupons`
--


--
-- Table structure for table `zen_coupons_description`
--

CREATE TABLE `zen_coupons_description` (
  `coupon_id` int(11) NOT NULL DEFAULT '0',
  `language_id` int(11) NOT NULL DEFAULT '0',
  `coupon_name` varchar(32) NOT NULL DEFAULT '',
  `coupon_description` text,
  PRIMARY KEY (`coupon_id`,`language_id`)
) ENGINE=MyISAM DEFAULT CHARSET=latin1;

--
-- Dumping data for table `zen_coupons_description`
--


--
-- Table structure for table `zen_currencies`
--

CREATE TABLE `zen_currencies` (
  `currencies_id` int(11) NOT NULL AUTO_INCREMENT,
  `title` varchar(32) NOT NULL DEFAULT '',
  `code` char(3) NOT NULL DEFAULT '',
  `symbol_left` varchar(24) DEFAULT NULL,
  `symbol_right` varchar(24) DEFAULT NULL,
  `decimal_point` char(1) DEFAULT NULL,
  `thousands_point` char(1) DEFAULT NULL,
  `decimal_places` char(1) DEFAULT NULL,
  `value` float(13,8) DEFAULT NULL,
  `last_updated` datetime DEFAULT NULL,
  PRIMARY KEY (`currencies_id`)
) ENGINE=MyISAM AUTO_INCREMENT=6 DEFAULT CHARSET=latin1;

--
-- Dumping data for table `zen_currencies`
--

INSERT INTO `zen_currencies` VALUES (1,'US Dollar','USD','$','','.',',','2',1.00000000,'2010-04-28 01:58:10'),(2,'Euro','EUR','&euro;','','.',',','2',0.77300000,'2010-04-28 01:58:10'),(3,'GB Pound','GBP','&pound;','','.',',','2',0.67259997,'2010-04-28 01:58:10'),(4,'Canadian Dollar','CAD','$','','.',',','2',1.10420001,'2010-04-28 01:58:10'),(5,'Australian Dollar','AUD','$','','.',',','2',1.17890000,'2010-04-28 01:58:10');

--
-- Table structure for table `zen_customers`
--

CREATE TABLE `zen_customers` (
  `customers_id` int(11) NOT NULL AUTO_INCREMENT,
  `customers_gender` char(1) NOT NULL DEFAULT '',
  `customers_firstname` varchar(32) NOT NULL DEFAULT '',
  `customers_lastname` varchar(32) NOT NULL DEFAULT '',
  `customers_dob` datetime NOT NULL DEFAULT '0001-01-01 00:00:00',
  `customers_email_address` varchar(96) NOT NULL DEFAULT '',
  `customers_nick` varchar(96) NOT NULL DEFAULT '',
  `customers_default_address_id` int(11) NOT NULL DEFAULT '0',
  `customers_telephone` varchar(32) NOT NULL DEFAULT '',
  `customers_fax` varchar(32) DEFAULT NULL,
  `customers_password` varchar(40) NOT NULL DEFAULT '',
  `customers_newsletter` char(1) DEFAULT NULL,
  `customers_group_pricing` int(11) NOT NULL DEFAULT '0',
  `customers_email_format` varchar(4) NOT NULL DEFAULT 'TEXT',
  `customers_authorization` int(1) NOT NULL DEFAULT '0',
  `customers_referral` varchar(32) NOT NULL DEFAULT '',
  `customers_paypal_payerid` varchar(20) NOT NULL DEFAULT '',
  `customers_paypal_ec` tinyint(1) unsigned NOT NULL DEFAULT '0',
  `customers_var_number` varchar(9) NOT NULL,
  `customers_company_id` int(9) NOT NULL,
  `customers_receive_update` char(1) NOT NULL,
  `customers_active` char(1) NOT NULL,
  `customers_tax_exempt` varchar(4) DEFAULT NULL,
  PRIMARY KEY (`customers_id`),
  KEY `idx_email_address_zen` (`customers_email_address`),
  KEY `idx_referral_zen` (`customers_referral`(10)),
  KEY `idx_grp_pricing_zen` (`customers_group_pricing`),
  KEY `idx_nick_zen` (`customers_nick`),
  KEY `idx_newsletter_zen` (`customers_newsletter`)
) ENGINE=MyISAM AUTO_INCREMENT=143 DEFAULT CHARSET=latin1;

--
-- Dumping data for table `zen_customers`
--

INSERT INTO `zen_customers` VALUES (2,'m','philtest','tester','1969-04-13 00:00:00','phil@primaryhub.com','',2,'6025695863','','665a8a6b5e932b02728012842652b601:06','0',0,'TEXT',0,'','',0,'12345',0,'','1',NULL),(124,'','Test01','01Test','0001-01-01 00:00:00','bpines@envoydata.com','',0,'480-829-6565',NULL,'','1',0,'TEXT',0,'','',0,'LBSSGEMT0',126,'','1',NULL),(122,'','TESTME','METEST','0001-01-01 00:00:00','marketing@envoydata.com','',0,'480-829-6565',NULL,'','1',0,'TEXT',0,'','',0,'44S2SENTM',20,'1','1',NULL),(102,'','Craig ','Stewart','0001-01-01 00:00:00','cstewart@envoydata.com','',0,'480-829-6971',NULL,'','1',0,'TEXT',0,'','',0,'U20VENVCS',4,'1','1',NULL),(106,'','Frank','Gamble','0001-01-01 00:00:00','fgamble@envoydata.com','',20,'1-800-368-6971','','bcc3a18b84b23e2619509ddef8c58503:58','1',0,'HTML',0,'','',0,'',0,'','1',''),(126,'','Joe','Testerrr','0001-01-01 00:00:00','hostmaster@primaryhub.com','',43,'444-444-4444','','','0',0,'TEXT',0,'','',0,'VQ5QABCJT',123,'1','1','0'),(118,'','Cosmo','Kramer','0001-01-01 00:00:00','support@envoydata.com','',39,'6082554125','','2c53d8554dde796cd2d04263b549ae26:13','1',0,'HTML',0,'','',0,'',0,'','',NULL),(134,'','Megan','Veschio','0001-01-01 00:00:00','mveschio@envoydata.com','',51,'4808296565','','135ac3941d43bb832aee845de37a37b0:dd','1',0,'HTML',0,'','',0,'',0,'','',NULL),(135,'','Carly','Campo','0001-01-01 00:00:00','carlyann.campo@envoydata.com','',53,'2087398988','','389289f2a5361f604ed818f9768ae343:2f','1',0,'HTML',0,'','',0,'',0,'','',NULL),(141,'','John','Paul','0001-01-01 00:00:00','pauljt93555@yahoo.com','',59,'760-375-2365','','b2bcc5efb62feb0b0a02738f0628e1fb:1c','1',0,'HTML',0,'','',0,'',0,'','',NULL),(142,'','David','Wall','0001-01-01 00:00:00','dwall@wgermanequip.com','',60,'7317720551','','3858453f8658caf1e23fdf47a1f0b028:56','1',0,'HTML',0,'','',0,'',0,'','',NULL);

--
-- Table structure for table `zen_customers_assign_sales`
--

CREATE TABLE `zen_customers_assign_sales` (
  `cust_sale_id` int(11) NOT NULL AUTO_INCREMENT,
  `customers_id` int(11) NOT NULL,
  `sales_id` int(11) NOT NULL,
  PRIMARY KEY (`cust_sale_id`)
) ENGINE=MyISAM AUTO_INCREMENT=42 DEFAULT CHARSET=latin1;

--
-- Dumping data for table `zen_customers_assign_sales`
--

INSERT INTO `zen_customers_assign_sales` VALUES (6,86,5),(13,87,3),(9,88,5),(12,89,5),(11,91,3),(15,90,5),(37,102,7),(41,117,9),(40,97,7);

--
-- Table structure for table `zen_customers_basket`
--

CREATE TABLE `zen_customers_basket` (
  `customers_basket_id` int(11) NOT NULL AUTO_INCREMENT,
  `customers_id` int(11) NOT NULL DEFAULT '0',
  `products_id` tinytext NOT NULL,
  `customers_basket_quantity` float NOT NULL DEFAULT '0',
  `final_price` decimal(15,4) NOT NULL DEFAULT '0.0000',
  `customers_basket_date_added` varchar(8) DEFAULT NULL,
  PRIMARY KEY (`customers_basket_id`),
  KEY `idx_customers_id_zen` (`customers_id`)
) ENGINE=MyISAM AUTO_INCREMENT=122 DEFAULT CHARSET=latin1;

--
-- Dumping data for table `zen_customers_basket`
--

INSERT INTO `zen_customers_basket` VALUES (67,117,'263',1,0.0000,'20100909'),(52,98,'504',1,0.0000,'20100906'),(65,119,'296',1,0.0000,'20100909'),(77,122,'356',1,0.0000,'20100910'),(84,122,'355',1,0.0000,'20100910'),(60,117,'375',1,0.0000,'20100907'),(61,117,'385',52352,0.0000,'20100907'),(83,122,'356',1,0.0000,'20100910'),(66,119,'385',1,0.0000,'20100909'),(86,106,'957',1,0.0000,'20100910'),(116,135,'444',1,0.0000,'20110413'),(115,134,'436',1,0.0000,'20110412'),(114,134,'581',1,0.0000,'20110412'),(112,2,'355',1,0.0000,'20110411'),(103,123,'356',1,0.0000,'20100912'),(104,124,'356',1,0.0000,'20100913'),(105,124,'356',1,0.0000,'20100913'),(106,126,'356',3,0.0000,'20100914');

--
-- Table structure for table `zen_customers_basket_attributes`
--

CREATE TABLE `zen_customers_basket_attributes` (
  `customers_basket_attributes_id` int(11) NOT NULL AUTO_INCREMENT,
  `customers_id` int(11) NOT NULL DEFAULT '0',
  `products_id` tinytext NOT NULL,
  `products_options_id` varchar(64) NOT NULL DEFAULT '0',
  `products_options_value_id` int(11) NOT NULL DEFAULT '0',
  `products_options_value_text` blob,
  `products_options_sort_order` text NOT NULL,
  PRIMARY KEY (`customers_basket_attributes_id`),
  KEY `idx_cust_id_prod_id_zen` (`customers_id`,`products_id`(36))
) ENGINE=MyISAM AUTO_INCREMENT=3 DEFAULT CHARSET=latin1;

--
-- Dumping data for table `zen_customers_basket_attributes`
--


--
-- Table structure for table `zen_customers_info`
--

CREATE TABLE `zen_customers_info` (
  `customers_info_id` int(11) NOT NULL DEFAULT '0',
  `customers_info_date_of_last_logon` datetime DEFAULT NULL,
  `customers_info_number_of_logons` int(5) DEFAULT NULL,
  `customers_info_date_account_created` datetime DEFAULT NULL,
  `customers_info_date_account_last_modified` datetime DEFAULT NULL,
  `global_product_notifications` int(1) DEFAULT '0',
  PRIMARY KEY (`customers_info_id`)
) ENGINE=MyISAM DEFAULT CHARSET=latin1;

--
-- Dumping data for table `zen_customers_info`
--

INSERT INTO `zen_customers_info` VALUES (141,'2011-08-04 21:40:07',1,'2011-08-04 21:40:07',NULL,0),(2,'2011-04-11 18:17:06',48,'2010-04-29 22:34:39',NULL,0),(127,NULL,0,'2011-05-27 01:04:01',NULL,0),(134,'2011-04-12 14:04:17',1,'2011-04-12 14:04:17',NULL,0),(67,NULL,0,'2010-07-27 09:58:59',NULL,0),(6,'2010-06-23 04:13:56',1,'2010-06-23 04:13:56','2010-06-23 06:48:33',0),(7,'2010-06-23 06:52:41',1,'2010-06-23 06:52:41',NULL,0),(44,NULL,0,'2010-07-20 11:27:53',NULL,0),(43,NULL,0,'2010-07-20 11:27:53',NULL,0),(42,NULL,0,'2010-07-20 11:27:53',NULL,0),(41,NULL,0,'2010-07-20 11:27:53',NULL,0),(40,NULL,0,'2010-07-20 11:27:53',NULL,0),(39,NULL,0,'2010-07-20 11:27:53',NULL,0),(38,NULL,0,'2010-07-20 11:27:53',NULL,0),(37,NULL,0,'2010-07-20 11:27:53',NULL,0),(36,NULL,0,'2010-07-20 11:27:53',NULL,0),(35,NULL,0,'2010-07-20 11:27:53',NULL,0),(34,NULL,0,'2010-07-20 11:27:53',NULL,0),(33,NULL,0,'2010-07-20 11:27:53',NULL,0),(32,NULL,0,'2010-07-20 11:27:53',NULL,0),(66,NULL,0,'2010-07-26 08:29:34',NULL,0),(80,NULL,0,'2010-07-28 04:16:59',NULL,0),(81,NULL,0,'2010-07-28 05:15:30',NULL,0),(84,NULL,0,'2010-07-28 05:15:30',NULL,0),(85,NULL,0,'2010-07-28 05:15:30',NULL,0),(82,NULL,0,'2010-07-28 05:15:30',NULL,0),(83,NULL,0,'2010-07-28 05:15:30',NULL,0),(86,NULL,0,'2010-07-29 02:08:29',NULL,0),(87,NULL,0,'2010-07-29 04:14:49',NULL,0),(89,NULL,0,'2010-07-30 03:01:19',NULL,0),(88,NULL,0,'2010-07-30 03:01:19',NULL,0),(90,NULL,0,'2010-07-31 06:40:06',NULL,0),(91,NULL,0,'2010-07-31 06:40:06',NULL,0),(92,NULL,0,'2010-08-02 06:27:31',NULL,0),(106,'2010-09-10 17:20:30',12,'2010-08-18 15:58:30','2011-05-27 01:06:56',0),(123,NULL,0,'2011-05-27 01:04:01',NULL,0),(117,NULL,0,'2011-05-27 01:04:01',NULL,0),(93,'2010-09-08 10:58:10',2,'2010-08-19 12:51:25',NULL,0),(102,NULL,0,'2011-05-27 01:04:01',NULL,0),(142,'2011-08-11 13:52:32',1,'2011-08-11 13:52:32',NULL,0),(98,'2010-09-06 03:33:22',1,'2010-09-02 12:23:49',NULL,0),(97,NULL,0,'2010-09-02 12:23:49',NULL,0),(118,'2010-09-03 10:21:33',2,'2010-09-03 10:13:34',NULL,0),(135,'2011-04-13 09:59:30',1,'2011-04-13 09:59:30',NULL,0),(122,NULL,0,'2011-05-27 01:04:01',NULL,0),(124,NULL,0,'2011-05-27 01:04:01',NULL,0),(126,'2011-05-27 01:15:04',1,'2011-05-27 01:04:01','2011-05-27 01:51:13',0);

--
-- Table structure for table `zen_customers_wishlist`
--

CREATE TABLE `zen_customers_wishlist` (
  `products_id` int(13) NOT NULL DEFAULT '0',
  `customers_id` int(13) NOT NULL DEFAULT '0',
  `products_model` varchar(13) DEFAULT NULL,
  `products_name` varchar(64) NOT NULL DEFAULT '',
  `products_price` decimal(8,2) NOT NULL DEFAULT '0.00',
  `final_price` decimal(8,2) NOT NULL DEFAULT '0.00',
  `products_quantity` int(2) NOT NULL DEFAULT '0',
  `wishlist_name` varchar(64) DEFAULT NULL
) ENGINE=MyISAM DEFAULT CHARSET=latin1;

--
-- Dumping data for table `zen_customers_wishlist`
--


--
-- Table structure for table `zen_data`
--

CREATE TABLE `zen_data` (
  `file` varchar(254) COLLATE utf8_bin NOT NULL,
  `time` int(11) unsigned NOT NULL,
  `data` text COLLATE utf8_bin NOT NULL,
  `size` mediumint(9) unsigned NOT NULL,
  UNIQUE KEY `file` (`file`)
) ENGINE=MyISAM DEFAULT CHARSET=utf8 COLLATE=utf8_bin;

--
-- Dumping data for table `zen_data`
--

INSERT INTO `zen_data` VALUES ('in/c38417b/c38417b.lzis',1279355741,'a:8:{s:10:\"s_login_id\";N;s:14:\"s_first_active\";i:1279352163;s:10:\"s_password\";s:32:\"e00cf25ad42683b3df678c61f42c6bda\";s:8:\"s_status\";s:1:\"2\";s:7:\"s_level\";s:1:\"1\";s:4:\"s_ip\";s:14:\"183.182.84.xxx\";s:8:\"s_typing\";s:0:\"\";s:15:\"s_vi_file_sizes\";a:0:{}}',248),('ex/f09f4a4/f09f4a4.lzsi',1280908546,'a:14:{s:4:\"s_ip\";s:13:\"68.231.34.xxx\";s:8:\"s_system\";s:107:\"Mozilla5.0 (Windows; U; Windows NT 5.1; en-US; rv:1.9.2.6) Gecko20100625 Firefox3.6.6 ( .NET CLR 3.5.30729)\";s:10:\"s_language\";s:8:\"en-us,en\";s:12:\"s_resolution\";s:19:\"1440 x 900 (24 Bit)\";s:7:\"s_geotz\";s:6:\"-07:00\";s:9:\"s_geolong\";i:-522;s:8:\"s_geolat\";i:-522;s:9:\"s_geocity\";N;s:12:\"s_geocountry\";N;s:11:\"s_georegion\";N;s:8:\"s_visits\";i:4;s:6:\"s_host\";s:29:\"ip68-231-34-xxx.ph.ph.cox.net\";s:8:\"s_georid\";i:0;s:8:\"s_geoisp\";N;}',488),('ex/32571f1/32571f1.lzsi',1280905662,'a:14:{s:4:\"s_ip\";s:14:\"183.182.84.xxx\";s:8:\"s_system\";s:81:\"Mozilla5.0 (Windows; U; Windows NT 6.1; en-US; rv:1.9.2) Gecko20100115 Firefox3.6\";s:10:\"s_language\";s:8:\"en-us,en\";s:12:\"s_resolution\";s:19:\"1366 x 768 (24 Bit)\";s:7:\"s_geotz\";s:6:\"+05:30\";s:9:\"s_geolong\";i:-522;s:8:\"s_geolat\";i:-522;s:9:\"s_geocity\";N;s:12:\"s_geocountry\";N;s:11:\"s_georegion\";N;s:8:\"s_visits\";i:1;s:6:\"s_host\";s:14:\"183.182.84.xxx\";s:8:\"s_georid\";i:0;s:8:\"s_geoisp\";N;}',447),('in/c38417b.lca',1279353231,'a:1:{s:5:\"s_lca\";i:1279353231;}',31),('ex/32571f1/b/1e720e8/1e720e8.lzvt',1280908911,'a:3:{s:14:\"s_first_active\";i:1280905662;s:9:\"s_history\";a:1:{i:0;a:5:{i:0;i:1280905662;i:1;s:38:\"http://envoy.primaryhub.com/livezilla/\";i:2;s:10:\"SERVERPAGE\";i:3;b:0;i:4;s:28:\"TGl2ZVppbGxhIFNlcnZlciBQYWdl\";}}s:10:\"s_referrer\";s:0:\"\";}',235),('ex/f09f4a4/b/9a5987d/9a5987d.lzvt',1280908896,'a:3:{s:14:\"s_first_active\";i:1280908546;s:9:\"s_history\";a:1:{i:0;a:5:{i:0;i:1280908546;i:1;s:38:\"http://envoy.primaryhub.com/livezilla/\";i:2;s:10:\"SERVERPAGE\";i:3;b:0;i:4;s:28:\"TGl2ZVppbGxhIFNlcnZlciBQYWdl\";}}s:10:\"s_referrer\";s:0:\"\";}',235);

--
-- Table structure for table `zen_db_cache`
--

CREATE TABLE `zen_db_cache` (
  `cache_entry_name` varchar(64) NOT NULL DEFAULT '',
  `cache_data` mediumblob,
  `cache_entry_created` int(15) DEFAULT NULL,
  PRIMARY KEY (`cache_entry_name`)
) ENGINE=MyISAM DEFAULT CHARSET=latin1;

--
-- Dumping data for table `zen_db_cache`
--


--
-- Table structure for table `zen_email_archive`
--

CREATE TABLE `zen_email_archive` (
  `archive_id` int(11) NOT NULL AUTO_INCREMENT,
  `email_to_name` varchar(96) NOT NULL DEFAULT '',
  `email_to_address` varchar(96) NOT NULL DEFAULT '',
  `email_from_name` varchar(96) NOT NULL DEFAULT '',
  `email_from_address` varchar(96) NOT NULL DEFAULT '',
  `email_subject` varchar(255) NOT NULL DEFAULT '',
  `email_html` text NOT NULL,
  `email_text` text NOT NULL,
  `date_sent` datetime NOT NULL DEFAULT '0001-01-01 00:00:00',
  `module` varchar(64) NOT NULL DEFAULT '',
  PRIMARY KEY (`archive_id`),
  KEY `idx_email_to_address_zen` (`email_to_address`),
  KEY `idx_module_zen` (`module`)
) ENGINE=MyISAM AUTO_INCREMENT=11 DEFAULT CHARSET=latin1;

--
-- Dumping data for table `zen_email_archive`
--

INSERT INTO `zen_email_archive` VALUES (1,'niti','niti.bhargava@systematixindia.com','Prasoon','prasoon.sharma@systematixindia.com','VAR Number Request','HTML disabled in admin','','2010-07-20 02:59:35',''),(2,'niti','niti.bhargava@systematixindia.com','Prasoon','prasoon.sharma@systematixindia.com','VAR Number Request','HTML disabled in admin','','2010-07-20 03:00:04',''),(3,'niti','niti.bhargava@systematixindia.com','Prasoon','prasoon.sharma@systematixindia.com','VAR Number Request','HTML disabled in admin','','2010-07-20 03:19:47',''),(4,'niti','niti.bhargava@systematixindia.com','Prasoon','prasoon.sharma@systematixindia.com','VAR Number Request','HTML disabled in admin','','2010-07-20 03:19:55',''),(5,'niti','niti.bhargava@systematixindia.com','Prasoon','prasoon.sharma@systematixindia.com','VAR Number Request','HTML disabled in admin','','2010-07-20 03:20:32',''),(6,'niti','niti.bhargava@systematixindia.com','Prasoon','prasoon.sharma@systematixindia.com','VAR Number Request','HTML disabled in admin','','2010-07-20 03:20:37',''),(10,'niti','niti.bhargava@systematixindia.com','Prasoon','prasoon.sharma@systematixindia.com','VAR Number Request','HTML disabled in admin','','2010-07-20 03:24:41','');

--
-- Table structure for table `zen_ezpages`
--

CREATE TABLE `zen_ezpages` (
  `pages_id` int(11) NOT NULL AUTO_INCREMENT,
  `languages_id` int(11) NOT NULL DEFAULT '1',
  `pages_title` varchar(64) NOT NULL DEFAULT '',
  `alt_url` varchar(255) NOT NULL DEFAULT '',
  `alt_url_external` varchar(255) NOT NULL DEFAULT '',
  `pages_html_text` mediumtext,
  `status_header` int(1) NOT NULL DEFAULT '1',
  `status_sidebox` int(1) NOT NULL DEFAULT '1',
  `status_footer` int(1) NOT NULL DEFAULT '1',
  `status_toc` int(1) NOT NULL DEFAULT '1',
  `header_sort_order` int(3) NOT NULL DEFAULT '0',
  `sidebox_sort_order` int(3) NOT NULL DEFAULT '0',
  `footer_sort_order` int(3) NOT NULL DEFAULT '0',
  `toc_sort_order` int(3) NOT NULL DEFAULT '0',
  `page_open_new_window` int(1) NOT NULL DEFAULT '0',
  `page_is_ssl` int(1) NOT NULL DEFAULT '0',
  `toc_chapter` int(11) NOT NULL DEFAULT '0',
  PRIMARY KEY (`pages_id`),
  KEY `idx_lang_id_zen` (`languages_id`),
  KEY `idx_ezp_status_header_zen` (`status_header`),
  KEY `idx_ezp_status_sidebox_zen` (`status_sidebox`),
  KEY `idx_ezp_status_footer_zen` (`status_footer`),
  KEY `idx_ezp_status_toc_zen` (`status_toc`)
) ENGINE=MyISAM AUTO_INCREMENT=23 DEFAULT CHARSET=latin1;

--
-- Dumping data for table `zen_ezpages`
--

INSERT INTO `zen_ezpages` VALUES (5,1,'Anything','','','The title or link names can be anything that you would like to use.<br /><br />\r\n\r\nYou decide on the content and the link name relative to that content.<br /><br />\r\n\r\nThen, define where you want the link to show: Header, Footer or Sidebox or as a combination of these three locations.<br /><br />\r\n\r\nThe content of the page can be anything you like. Be sure that your content is valid in regard to table and stylesheet rules.<br /><br />\r\n\r\nYou can even set up the links to go to Secure or Non-Secure pages as well as open in the same or a new window.<br /><br />\r\n\r\nLinks can also be setup to use internal or external links vs the HTML Content. See: examples below in the Link URL settings.',0,1,0,0,0,20,0,0,0,0,0),(6,1,'Shared','','','This link is a \"shared\" link between the Header, Footer and Sidebox.<br /><br />\r\n\r\nThe number on the order was set to 50 on all of the settings just for the sake of an easier notation on entering it.<br /><br />\r\n\r\nThe order can be the same or different for the three locations.<br /><br />\r\n\r\nIf you wanted to really get creative, you could also have this as part of a Chapter not related to the link order.<br /><br />',0,1,0,0,50,50,50,0,0,0,0),(7,1,'My Account','index.php?main_page=account','','',0,0,1,0,0,0,10,0,0,1,0),(8,1,'Site Map','index.php?main_page=site_map','','',0,1,1,0,0,40,20,0,0,0,0),(9,1,'Privacy Policy','','','<div id=\"privacy\">\r\n  <div class=\"privacypoint\">\r\n    <p class=\"productprice\"><!--StartFragment-->\r\n\r\n<p class=\"productprice1\" style=\"line-height: 15.75pt; \"><span style=\"font-family: Helvetica; color: rgb(51, 51, 51); \">This is the web site of\r\nEnvoy Data Corporation.<o:p /></span></p>\r\n\r\n<p class=\"productprice1\" style=\"line-height: 15.75pt; \"><span style=\"font-family: Helvetica; color: rgb(51, 51, 51); \">Our postal address is<o:p /></span></p>\r\n\r\n<p class=\"productprice1\" style=\"line-height: 15.75pt; \"><span style=\"font-family: Helvetica; color: rgb(51, 51, 51); \">1310 W Boxwood Ave<o:p /></span></p>\r\n\r\n<p class=\"productprice1\" style=\"line-height: 15.75pt; \"><span style=\"font-family: Helvetica; color: rgb(51, 51, 51); \">Gilbert, AZ 85233<o:p /></span></p>\r\n\r\n<p class=\"productprice1\" style=\"line-height: 15.75pt; \"><span style=\"font-family: Helvetica; color: rgb(51, 51, 51); \">You can reach us by\r\ntelephone at 800-368-6971<o:p /></span></p>\r\n\r\n<p class=\"MsoNormal\" style=\"line-height: 15.75pt; \"><span style=\"font-size: 11.5pt; font-family: Helvetica; color: rgb(51, 51, 51); \"><a href=\"mailto:support@envoydata.com\">support@envoydata.com</a><o:p /></span></p>\r\n\r\n<p class=\"productprice1\" style=\"line-height: 15.75pt; \"><span style=\"font-family: Helvetica; color: rgb(51, 51, 51); \">We collect the domain\r\nname and e-mail address (where possible) of visitors to our Web page, aggregate\r\ninformation on what pages consumers access or visit, user-specific information\r\non what pages consumers access or visit, information volunteered by the\r\nconsumer, such as survey information and/or site registrations, name and\r\naddress, telephone number, fax number, payment information (e.g., credit card\r\nnumber and billing address).<o:p /></span></p>\r\n\r\n<p class=\"productprice1\" style=\"line-height: 15.75pt; \"><span style=\"font-family: Helvetica; color: rgb(51, 51, 51); \">The information we\r\ncollect is used to improve the content of our Web page, used by us to contact\r\nconsumers for marketing purposes, disclosed when legally required to do so, at\r\nthe request of governmental authorities conducting an investigation, to verify\r\nor enforce compliance with the policies governing our Website and applicable\r\nlaws or to protect against misuse or unauthorized use of our Website.<o:p /></span></p>\r\n\r\n<p class=\"productprice1\" style=\"line-height: 15.75pt; \"><span style=\"font-family: Helvetica; color: rgb(51, 51, 51); \">With respect to\r\ncookies: We use cookies to record session information, such as items that\r\nconsumers add to their shopping cart, record user-specific information on what\r\npages users access or visit and record past activity at a site in order to\r\nprovide better service when visitors return to our site.<o:p /></span></p>\r\n\r\n<p class=\"productprice1\" style=\"line-height: 15.75pt; \"><span style=\"font-family: Helvetica; color: rgb(51, 51, 51); \">If you do not want to\r\nreceive e-mails from us in the future, please let us know by sending us an <a href=\"mailto:info@envoydata.com\">e-mail</a> at the above address or by calling\r\nus at the above telephone number.<o:p /></span></p>\r\n\r\n<p class=\"productprice1\" style=\"line-height: 15.75pt; \"><span style=\"font-family: Helvetica; color: rgb(51, 51, 51); \">Persons who supply us\r\nwith their telephone numbers on-line will only receive telephone contact from\r\nus with information regarding orders they have placed on-line.<o:p /></span></p>\r\n\r\n<p class=\"productprice1\" style=\"line-height: 15.75pt; \"><span style=\"font-family: Helvetica; color: rgb(51, 51, 51); \">Please provide us with\r\nyour name and phone number. We will be sure your name is removed from the list\r\nwe share with other organizations.<o:p /></span></p>\r\n\r\n<p class=\"productprice1\" style=\"line-height: 15.75pt; \"><span style=\"font-family: Helvetica; color: rgb(51, 51, 51); \">With respect to Ad\r\nServers: We do not partner with or have special relationships with any ad\r\nserver companies.<o:p /></span></p>\r\n\r\n<p class=\"productprice1\" style=\"line-height: 15.75pt; \"><span style=\"font-family: Helvetica; color: rgb(51, 51, 51); \">From time to time, we\r\nmay use customer information for new, unanticipated uses not previously\r\ndisclosed in our privacy notice. If our information practices change at some\r\ntime in the future, we will post the policy changes to our Web site to notify\r\nyou of these changes and for these new purposes, we will use only data collected\r\nfrom the time of the policy change forward. If you are concerned about how your\r\ninformation is used, check back at our Web site periodically.<o:p /></span></p>\r\n\r\n<p class=\"productprice1\" style=\"line-height: 15.75pt; \"><span style=\"font-family: Helvetica; color: rgb(51, 51, 51); \">Upon request, we\r\nprovide site visitors with access to transaction information (e.g., dates on\r\nwhich customers made purchases, amounts and types of purchases) that we\r\nmaintain about them, communications that the consumer/visitor has directed to\r\nour site (e.g., e-mails, customer inquiries), contact information (e.g., name,\r\naddress, phone number) that we maintain about them.<o:p /></span></p>\r\n\r\n<p class=\"productprice1\" style=\"line-height: 15.75pt; \"><span style=\"font-family: Helvetica; color: rgb(51, 51, 51); \">Consumers can access\r\nthis information by e-mailing us at the above address or by writing to us at\r\nthe above address.<o:p /></span></p>\r\n\r\n<p class=\"productprice1\" style=\"line-height: 15.75pt; \"><span style=\"font-family: Helvetica; color: rgb(51, 51, 51); \">Consumers can have this\r\ninformation corrected by sending us an <a href=\"mailto:info@envoydata.com\">e-mail</a> at the above address, or calling\r\nus at the above telephone number.<o:p /></span></p>\r\n\r\n<p class=\"productprice1\" style=\"line-height: 15.75pt; \"><span style=\"font-family: Helvetica; color: rgb(51, 51, 51); \">With respect to\r\nsecurity: We have appropriate security measures in place in our physical\r\nfacilities to protect against the loss, misuse or alteration of information\r\nthat we have collected from you on our site.<o:p /></span></p>\r\n\r\n<p class=\"productprice1\" style=\"line-height: 15.75pt; \"><span style=\"font-family: Helvetica; color: rgb(51, 51, 51); \">If you feel that this\r\nsite is not following its stated information policy, you may contact us at the\r\nabove address or phone number, state or local chapters of the Better Business\r\nBureau, state or local consumer protection office, The Federal Trade Commission\r\nby phone at 202.FTC-HELP (202.382.4357) or electronically at <span><span class=\"MsoHyperlink\"><a href=\"http://www.ftc.gov/ftc/complaint.htm\">http://www.ftc.gov/ftc/complaint.htm</a>.</span></span><o:p /></span></p>\r\n\r\n<p class=\"MsoNormal\"><o:p>&nbsp;</o:p></p>\r\n\r\n<!--EndFragment-->\r\n\r\n\r\n</p>\r\n  </div>\r\n</div>',0,0,1,0,30,0,40,0,0,0,0),(11,1,'Gift Certificates','index.php?main_page=index&cPath=21','','',0,1,0,0,0,60,0,0,0,0,0),(14,1,'What is EZ-Pages?','','','<table cellspacing=\"4\" cellpadding=\"4\" border=\"3\" align=\"center\" style=\"width: 80%;\"><tbody><tr><td><span style=\"font-style: italic;\">\r\n<span style=\"font-weight: bold;\">Note: This EZ-Page has been written with the help of the HTMLarea Editor.<br /> <br />This means that this EZ-page will not validate correctly based on how HTMLarea or other editors renders the code.</span></span></td></tr></tbody></table><br /><br /><span style=\"font-weight: bold; color: rgb(255, 0, 0);\">Summary</span><br /><br /><span style=\"font-weight: bold;\">EZ-Pages</span> is a fast, easy way of creating links and additional pages.<br /><br />The additional Pages can be for:<br /><ul><li>New Pages</li><li>Internal Links</li><li>External Links</li><li>Secure or Non-Secure pages</li><li>Same or New Window</li></ul>In Addition, there is the ability to create &quot;related&quot; links in the format of a Chapter (group) and its TOC (related pages/links).<br /><br /><span style=\"font-weight: bold; color: rgb(255, 0, 0);\">Link Naming</span><br /><br />Links are named by the Page Title. All Links need a Page Title in order to function.<br /><br />If you forget to add a Page Title, then you will not be able to add the Link.<br /><br />If you do not assign an Order for the Header, Sidebox or Footer, then the Link will not display even if you have a Page Title.<br /><br /><span style=\"font-weight: bold;\"><span style=\"color: rgb(255, 0, 0);\">Link Placement</span><br /><br /></span>While you have the option of adding Additional Links to the Header, Footer and Sidebox with EZ-Pages, you are not limited to these three Link locations. Links can be in one or more locations simply by enabling the Order for the Location(s) where the Link should appear..<br /><br />The Link Location Status for the Header, Footer and Sidebox is controlled simply by setting these to Yes or No for each setting. Then, set the Order in which the Link should appear for each location.<br /><br />This means that if you were to set Header to Yes 30 and Sidebox to Yes 50 then the link would appear in both the Header and Sidebox in the Order of your Links.<br /><br />The Order numbering method is up to you. Numbering using 10, 20, 30, etc. will allow you to sort the Links and add additional Links later.<br /><br />Note: a 0 value for the Order will disable the Link from displaying.<br /><br /><span style=\"font-weight: bold;\"><span style=\"color: rgb(255, 0, 0);\">Open in New Window and Secure Pages</span><br /></span><br />With EZ-Pages, each Link can take you to the same, main window for your shop; or, you can have the Link open a brand new New Window. In addition, there is an option for making the Link open as a Secure Page or a Non-Secure Page.<br /><br /><span style=\"font-weight: bold; color: rgb(255, 0, 0);\">Chapter and TOC</span><br style=\"font-weight: bold; color: rgb(255, 0, 0);\" /><br />The Chapter and TOC, or Table of Contents, are a unique method of building Multiple Links that interact together.<br /><br />While these Links still follow the rules of the Header, Footer and Sidebox placement, the difference is that only one of the Links, the Main Link, needs to be displayed anywhere on the site.<br /><br />If you had, for example, 5 related Links, you could add the first Link as the Main Link by setting its location to the Header, Footer or Sidebox and set its Order, as usual.<br /><br />Next, you need to assign a Chapter or Group number to the Link. This Chapter holds the related Links together.<br /><br />Then, set the TOC or Table of Contents setting. This is a secondary Sort Order for within the Chapter.<br /><br />Again, you can display any of the Links within a Chapter, as well as making any of these Links the Main Link. Whether the Links all show, or just one or more of the Links show, the Chapter is the key to grouping these Links together in the TOC or Previous/Next. <br /><br /><span style=\"font-weight: bold; font-style: italic;\">NOTE: While all Links within a Chapter will display together, you can have the different Links display in the Header, Footer or Sidebox on their own. Or, you can have the additional Links only display when the Main Link or one of the Additional Links within the Chapter has been opened.</span><br style=\"font-weight: bold; font-style: italic;\" /><br />The versitility of EZ-Pages will make adding new Links and Pages extreamly easy for the beginner as well as the advance user.<br /><br />While this page was made in HTMLarea editor, any HTML editor could be used.<br /><br />However, be careful ... HTML editors will often add the opening and closing tags for the &lt;html&gt;, &lt;head&gt; and &lt;body&gt; to the file you are working on.<br /><br />These are already added to the pages via EZ-Pages.<br /><br /><span style=\"color: rgb(255, 0, 0); font-weight: bold;\">External Link URL</span><br /><br />External Link URLs are links to outside pages not within your shop. These can be to any valid URL such as:<br /><br />http://www.sashbox.net<br /><br />You need to include the full URL path to any External Link URL. You may also mark these to open in a New Window or the Same Window.<br /><br /><span style=\"color: rgb(255, 0, 0); font-weight: bold;\">Internal Link URL</span><br /><br />Internal Link URLs are links to internal pages within your shop. These can be to any valid URL, but should be written as relative links such as:<br /><br />index.php?main_page=index&amp;cPath=21<br /><br />The above Link would take you to the Category for categories_id 21<br /><br />While these links can be the Full URL to an Internal Link, it is best to write as a Relative Link so that if you change domains, are work on a temporary domain or an IP Address, the Link will remain valid if moved to another domain, IP Address, etc.<br /><br />Internal Links can also open in a New Window or the Same Window or be for Secure or Non-Secure Pages.<br /><br /><span style=\"font-weight: bold; color: rgb(255, 0, 0);\">EZ-Pages Additional Pages vs Internal Links vs External Links</span><br /><br />The Type of Link that you create is based on an order of precidence, where HTML Content will superceed both the Internal Link and the External Link values.<br /><br />The External Link URL will superceed the Internal Link URL.<br /><br />If you try to set a combination of HTML Content, Internal Link and/or External Link, the Link will be flagged in the listing with a read icon to alert you to your mistake.<br /><br /><span style=\"font-weight: bold; color: rgb(255, 0, 0);\">WARNING ...</span><br /><br />When using Editors such as HTMLarea, if you hit enter in the HTML Content area <br /> will be added. These will be detected as &quot;content&quot; and will override any Internal Link URL or External Link URL.<br /><br /><span style=\"font-weight: bold; color: rgb(255, 0, 0);\">Admin Only Display</span><br /><br />Sometimes, when working on EZ-Pages, you will want to be able to work on a Live Site and see the results of your work, but not allow the Customers to see this until you are done.<br /><br />There are 3 settings in the Configuration ... EZ-Pages Settings for the Header, Footer and Sidebox  Status:<br /><ul><li>OFF</li><li>ON</li><li>Admin Only</li></ul>The Admin Only setting is controlled by the IP Address(es) set in the Website Maintenance.<br /><br />This can be very handy when needing to work on a Live Site but not wanting customers to see the work in progress.<br /><br />',0,0,0,1,0,0,0,20,0,0,10),(15,1,'Partners','','http://envoy.primaryhub.com/content/partners','<br />',1,0,0,0,1,0,0,0,0,0,0),(16,1,'Tech Support','','http://envoy.primaryhub.com/content/tech-support','&nbsp;',1,0,0,0,2,0,0,0,0,0,0),(17,1,'Chat Live!','','http://envoy.primaryhub.com/livezilla/livezilla.php','<br />',1,0,0,0,3,0,0,0,1,0,0),(18,1,'Configurator','','http://envoy.primaryhub.com/store/index.php?main_page=configurator','&nbsp;',1,0,0,0,4,0,0,0,0,0,0),(19,1,'Online Store','','/store/','<br />',1,0,0,0,5,0,0,0,0,0,0),(20,1,'Shopping Cart / Checkout','','/store/index.php?main_page=checkout_shipping','&nbsp;',1,0,0,0,6,0,0,0,0,0,0),(21,1,'Specials','','/store/index.php?main_page=specials','&nbsp;',1,0,0,0,7,0,0,0,0,0,0),(22,1,'Request VAR Number','','http://envoy.primaryhub.com/content/request-var-number','8',0,0,0,0,8,0,0,0,0,0,0);

--
-- Table structure for table `zen_featured`
--

CREATE TABLE `zen_featured` (
  `featured_id` int(11) NOT NULL AUTO_INCREMENT,
  `products_id` int(11) NOT NULL DEFAULT '0',
  `featured_date_added` datetime DEFAULT NULL,
  `featured_last_modified` datetime DEFAULT NULL,
  `expires_date` date NOT NULL DEFAULT '0001-01-01',
  `date_status_change` datetime DEFAULT NULL,
  `status` int(1) NOT NULL DEFAULT '1',
  `featured_date_available` date NOT NULL DEFAULT '0001-01-01',
  PRIMARY KEY (`featured_id`),
  KEY `idx_status_zen` (`status`),
  KEY `idx_products_id_zen` (`products_id`),
  KEY `idx_date_avail_zen` (`featured_date_available`),
  KEY `idx_expires_date_zen` (`expires_date`)
) ENGINE=MyISAM AUTO_INCREMENT=40 DEFAULT CHARSET=latin1;

--
-- Dumping data for table `zen_featured`
--

INSERT INTO `zen_featured` VALUES (39,355,'2010-08-31 15:54:08',NULL,'0001-01-01',NULL,1,'0001-01-01'),(38,356,'2010-08-31 15:53:59',NULL,'0001-01-01',NULL,1,'0001-01-01'),(33,379,'2010-08-31 15:52:39',NULL,'0001-01-01',NULL,1,'0001-01-01'),(31,263,'2010-08-30 08:22:06',NULL,'0001-01-01',NULL,1,'2010-08-30'),(37,385,'2010-08-31 15:53:33',NULL,'0001-01-01',NULL,1,'0001-01-01'),(36,377,'2010-08-31 15:53:10',NULL,'0001-01-01',NULL,1,'0001-01-01'),(32,354,'2010-08-31 15:52:13',NULL,'0001-01-01',NULL,1,'0001-01-01'),(34,375,'2010-08-31 15:52:48',NULL,'0001-01-01',NULL,1,'0001-01-01'),(35,384,'2010-08-31 15:52:56',NULL,'0001-01-01',NULL,1,'0001-01-01');

--
-- Table structure for table `zen_files_uploaded`
--

CREATE TABLE `zen_files_uploaded` (
  `files_uploaded_id` int(11) NOT NULL AUTO_INCREMENT,
  `sesskey` varchar(32) DEFAULT NULL,
  `customers_id` int(11) DEFAULT NULL,
  `files_uploaded_name` varchar(64) NOT NULL DEFAULT '',
  PRIMARY KEY (`files_uploaded_id`),
  KEY `idx_customers_id_zen` (`customers_id`)
) ENGINE=MyISAM DEFAULT CHARSET=latin1 COMMENT='Must always have either a sesskey or customers_id';

--
-- Dumping data for table `zen_files_uploaded`
--


--
-- Table structure for table `zen_geo_zones`
--

CREATE TABLE `zen_geo_zones` (
  `geo_zone_id` int(11) NOT NULL AUTO_INCREMENT,
  `geo_zone_name` varchar(32) NOT NULL DEFAULT '',
  `geo_zone_description` varchar(255) NOT NULL DEFAULT '',
  `last_modified` datetime DEFAULT NULL,
  `date_added` datetime NOT NULL DEFAULT '0001-01-01 00:00:00',
  PRIMARY KEY (`geo_zone_id`)
) ENGINE=MyISAM AUTO_INCREMENT=4 DEFAULT CHARSET=latin1;

--
-- Dumping data for table `zen_geo_zones`
--

INSERT INTO `zen_geo_zones` VALUES (1,'Arizona','Arizona State sales tax zone','2010-04-30 13:03:52','2010-04-28 01:58:10'),(2,'HI-AK','Hawaii & Alaska','2010-08-18 21:04:39','2010-08-18 16:28:42'),(3,'Contiguous US States','Contiguous US States',NULL,'2010-08-18 21:17:53');

--
-- Table structure for table `zen_get_terms_to_filter`
--

CREATE TABLE `zen_get_terms_to_filter` (
  `get_term_name` varchar(255) NOT NULL DEFAULT '',
  `get_term_table` varchar(64) NOT NULL,
  `get_term_name_field` varchar(64) NOT NULL,
  PRIMARY KEY (`get_term_name`)
) ENGINE=MyISAM DEFAULT CHARSET=latin1;

--
-- Dumping data for table `zen_get_terms_to_filter`
--

INSERT INTO `zen_get_terms_to_filter` VALUES ('manufacturers_id','TABLE_MANUFACTURERS','manufacturers_name'),('music_genre_id','TABLE_MUSIC_GENRE','music_genre_name'),('record_company_id','TABLE_RECORD_COMPANY','record_company_name');

--
-- Table structure for table `zen_group_pricing`
--

CREATE TABLE `zen_group_pricing` (
  `group_id` int(11) NOT NULL AUTO_INCREMENT,
  `group_name` varchar(32) NOT NULL DEFAULT '',
  `group_percentage` decimal(5,2) NOT NULL DEFAULT '0.00',
  `last_modified` datetime DEFAULT NULL,
  `date_added` datetime NOT NULL DEFAULT '0001-01-01 00:00:00',
  PRIMARY KEY (`group_id`)
) ENGINE=MyISAM AUTO_INCREMENT=3 DEFAULT CHARSET=latin1;

--
-- Dumping data for table `zen_group_pricing`
--

INSERT INTO `zen_group_pricing` VALUES (1,'Group 10',10.00,NULL,'2004-04-29 00:21:04'),(2,'Group 20',20.00,NULL,'2010-04-29 22:23:10');

--
-- Table structure for table `zen_info`
--

CREATE TABLE `zen_info` (
  `version` varchar(15) COLLATE utf8_bin NOT NULL,
  `chat_id` int(11) unsigned NOT NULL DEFAULT '11700',
  `ticket_id` int(11) unsigned NOT NULL DEFAULT '11700',
  PRIMARY KEY (`version`)
) ENGINE=MyISAM DEFAULT CHARSET=utf8 COLLATE=utf8_bin;

--
-- Dumping data for table `zen_info`
--

INSERT INTO `zen_info` VALUES ('3.1.8.6',11701,11701);

--
-- Table structure for table `zen_internal`
--

CREATE TABLE `zen_internal` (
  `id` bigint(20) unsigned NOT NULL AUTO_INCREMENT,
  `time` int(11) unsigned NOT NULL,
  `time_confirmed` int(11) unsigned NOT NULL,
  `internal_id` varchar(15) COLLATE utf8_bin NOT NULL,
  `status` tinyint(1) unsigned NOT NULL,
  PRIMARY KEY (`id`)
) ENGINE=MyISAM AUTO_INCREMENT=987217 DEFAULT CHARSET=utf8 COLLATE=utf8_bin;

--
-- Dumping data for table `zen_internal`
--


--
-- Table structure for table `zen_languages`
--

CREATE TABLE `zen_languages` (
  `languages_id` int(11) NOT NULL AUTO_INCREMENT,
  `name` varchar(32) NOT NULL DEFAULT '',
  `code` char(2) NOT NULL DEFAULT '',
  `image` varchar(64) DEFAULT NULL,
  `directory` varchar(32) DEFAULT NULL,
  `sort_order` int(3) DEFAULT NULL,
  PRIMARY KEY (`languages_id`),
  KEY `idx_languages_name_zen` (`name`)
) ENGINE=MyISAM AUTO_INCREMENT=2 DEFAULT CHARSET=latin1;

--
-- Dumping data for table `zen_languages`
--

INSERT INTO `zen_languages` VALUES (1,'English','en','icon.gif','english',1);

--
-- Table structure for table `zen_layout_boxes`
--

CREATE TABLE `zen_layout_boxes` (
  `layout_id` int(11) NOT NULL AUTO_INCREMENT,
  `layout_template` varchar(64) NOT NULL DEFAULT '',
  `layout_box_name` varchar(64) NOT NULL DEFAULT '',
  `layout_box_status` tinyint(1) NOT NULL DEFAULT '0',
  `layout_box_location` tinyint(1) NOT NULL DEFAULT '0',
  `layout_box_sort_order` int(11) NOT NULL DEFAULT '0',
  `layout_box_sort_order_single` int(11) NOT NULL DEFAULT '0',
  `layout_box_status_single` tinyint(4) NOT NULL DEFAULT '0',
  PRIMARY KEY (`layout_id`),
  KEY `idx_name_template_zen` (`layout_template`,`layout_box_name`),
  KEY `idx_layout_box_status_zen` (`layout_box_status`),
  KEY `idx_layout_box_sort_order_zen` (`layout_box_sort_order`)
) ENGINE=MyISAM AUTO_INCREMENT=104 DEFAULT CHARSET=latin1;

--
-- Dumping data for table `zen_layout_boxes`
--

INSERT INTO `zen_layout_boxes` VALUES (1,'default_template_settings','banner_box_all.php',1,1,5,0,0),(2,'default_template_settings','banner_box.php',1,0,300,1,127),(3,'default_template_settings','banner_box2.php',1,1,15,1,15),(4,'default_template_settings','best_sellers.php',1,1,30,70,1),(5,'default_template_settings','categories.php',1,0,10,10,1),(6,'default_template_settings','currencies.php',1,1,80,60,1),(7,'default_template_settings','document_categories.php',1,0,0,0,0),(8,'default_template_settings','ezpages.php',1,1,-1,2,1),(9,'default_template_settings','featured.php',1,0,45,0,0),(10,'default_template_settings','information.php',1,0,50,40,1),(11,'default_template_settings','languages.php',1,1,70,50,1),(12,'default_template_settings','manufacturers.php',1,0,30,20,1),(13,'default_template_settings','manufacturer_info.php',1,1,35,95,1),(14,'default_template_settings','more_information.php',1,0,200,200,1),(15,'default_template_settings','music_genres.php',1,1,0,0,0),(16,'default_template_settings','order_history.php',1,1,0,0,0),(17,'default_template_settings','product_notifications.php',1,1,55,85,1),(18,'default_template_settings','record_companies.php',1,1,0,0,0),(19,'default_template_settings','reviews.php',1,0,40,0,0),(20,'default_template_settings','search.php',1,1,10,0,0),(21,'default_template_settings','search_header.php',0,0,0,0,1),(22,'default_template_settings','shopping_cart.php',1,1,20,30,1),(23,'default_template_settings','specials.php',1,1,45,0,0),(24,'default_template_settings','tell_a_friend.php',1,1,65,0,0),(25,'default_template_settings','whats_new.php',1,0,20,0,0),(26,'default_template_settings','whos_online.php',1,1,200,200,1),(27,'template_default','banner_box_all.php',1,1,5,0,0),(28,'template_default','banner_box.php',1,0,300,1,127),(29,'template_default','banner_box2.php',1,1,15,1,15),(30,'template_default','best_sellers.php',1,1,30,70,1),(31,'template_default','categories.php',1,0,10,10,1),(32,'template_default','currencies.php',1,1,80,60,1),(33,'template_default','ezpages.php',1,1,-1,2,1),(34,'template_default','featured.php',1,0,45,0,0),(35,'template_default','information.php',1,0,50,40,1),(36,'template_default','languages.php',1,1,70,50,1),(37,'template_default','manufacturers.php',1,0,30,20,1),(38,'template_default','manufacturer_info.php',1,1,35,95,1),(39,'template_default','more_information.php',1,0,200,200,1),(40,'template_default','my_broken_box.php',1,0,0,0,0),(41,'template_default','order_history.php',1,1,0,0,0),(42,'template_default','product_notifications.php',1,1,55,85,1),(43,'template_default','reviews.php',1,0,40,0,0),(44,'template_default','search.php',1,1,10,0,0),(45,'template_default','search_header.php',0,0,0,0,1),(46,'template_default','shopping_cart.php',1,1,20,30,1),(47,'template_default','specials.php',1,1,45,0,0),(48,'template_default','tell_a_friend.php',1,1,65,0,0),(49,'template_default','whats_new.php',1,0,20,0,0),(50,'template_default','whos_online.php',1,1,200,200,1),(51,'classic','banner_box.php',1,0,300,1,127),(52,'classic','banner_box2.php',1,1,15,1,15),(53,'classic','banner_box_all.php',1,1,5,0,0),(54,'classic','best_sellers.php',1,1,30,70,1),(55,'classic','categories.php',1,0,10,10,1),(56,'classic','currencies.php',0,1,80,60,1),(57,'classic','document_categories.php',1,0,0,0,0),(58,'classic','ezpages.php',1,1,-1,2,1),(59,'classic','featured.php',1,0,45,0,0),(60,'classic','information.php',1,0,50,40,1),(61,'classic','languages.php',0,1,70,50,1),(62,'classic','manufacturers.php',1,0,30,20,1),(63,'classic','manufacturer_info.php',1,1,35,95,1),(64,'classic','more_information.php',0,0,200,200,1),(65,'classic','music_genres.php',0,1,0,0,0),(66,'classic','order_history.php',0,1,0,0,0),(67,'classic','product_notifications.php',1,1,55,85,1),(68,'classic','record_companies.php',0,1,0,0,0),(69,'classic','reviews.php',1,0,40,0,0),(70,'classic','search.php',1,1,10,0,0),(71,'classic','search_header.php',0,0,0,0,1),(72,'classic','shopping_cart.php',1,1,20,30,1),(73,'classic','specials.php',1,1,45,0,0),(74,'classic','tell_a_friend.php',1,1,65,0,0),(75,'classic','whats_new.php',1,0,20,0,0),(76,'classic','whos_online.php',0,1,200,200,1),(77,'Slovak_Classic','banner_box.php',0,0,0,0,0),(78,'Slovak_Classic','banner_box2.php',0,0,0,0,0),(79,'Slovak_Classic','banner_box_all.php',0,0,0,0,0),(80,'Slovak_Classic','best_sellers.php',0,0,0,0,0),(81,'Slovak_Classic','categories.php',1,0,0,0,0),(82,'Slovak_Classic','currencies.php',0,0,0,0,0),(83,'Slovak_Classic','document_categories.php',0,0,0,0,0),(84,'Slovak_Classic','ezpages.php',0,0,0,0,0),(85,'Slovak_Classic','featured.php',1,0,0,0,0),(86,'Slovak_Classic','information.php',0,0,0,0,0),(87,'Slovak_Classic','languages.php',0,0,0,0,0),(88,'Slovak_Classic','manufacturer_info.php',0,0,0,0,0),(89,'Slovak_Classic','manufacturers.php',0,0,0,0,0),(90,'Slovak_Classic','more_information.php',0,0,0,0,0),(91,'Slovak_Classic','music_genres.php',0,0,0,0,0),(92,'Slovak_Classic','order_history.php',0,0,0,0,0),(93,'Slovak_Classic','product_notifications.php',0,0,0,0,0),(94,'Slovak_Classic','record_companies.php',0,0,0,0,0),(95,'Slovak_Classic','reviews.php',0,0,0,0,0),(96,'Slovak_Classic','search.php',0,0,0,0,0),(97,'Slovak_Classic','search_header.php',0,0,0,0,0),(98,'Slovak_Classic','shopping_cart.php',0,0,0,0,0),(99,'Slovak_Classic','specials.php',0,0,0,0,0),(100,'Slovak_Classic','tell_a_friend.php',0,0,0,0,0),(101,'Slovak_Classic','whats_new.php',0,0,0,0,0),(102,'Slovak_Classic','whos_online.php',0,0,0,0,0),(103,'Slovak_Classic','ceon_manual_card_cards_accepted.php',0,0,0,0,0);

--
-- Table structure for table `zen_manufacturers`
--

CREATE TABLE `zen_manufacturers` (
  `manufacturers_id` int(11) NOT NULL AUTO_INCREMENT,
  `manufacturers_name` varchar(32) NOT NULL DEFAULT '',
  `manufacturers_image` varchar(64) DEFAULT NULL,
  `date_added` datetime DEFAULT NULL,
  `last_modified` datetime DEFAULT NULL,
  PRIMARY KEY (`manufacturers_id`),
  KEY `idx_mfg_name_zen` (`manufacturers_name`)
) ENGINE=MyISAM AUTO_INCREMENT=32 DEFAULT CHARSET=latin1;

--
-- Dumping data for table `zen_manufacturers`
--

INSERT INTO `zen_manufacturers` VALUES (10,'Envoy Data',NULL,'2010-07-01 06:50:21',NULL),(11,'OpenTrust',NULL,'2010-07-08 02:06:39',NULL),(12,'Seagate',NULL,'2010-07-08 02:12:19',NULL),(13,'Litronic',NULL,'2010-07-08 02:12:30',NULL),(14,'Actividentity','large/ActivIdentity_2C_CMYK_300_PC.jpg','2010-07-08 02:12:48','2010-08-30 12:16:38'),(15,'MXI Security',NULL,'2010-07-08 02:12:57','2010-07-08 02:55:11'),(16,'SafeNet',NULL,'2010-07-08 02:13:05',NULL),(17,'Gemalto',NULL,'2010-07-08 02:13:18',NULL),(18,'Credant',NULL,'2010-07-08 02:13:28',NULL),(19,'Noble Locks',NULL,'2010-07-08 02:13:42',NULL),(20,'DigitalPersona',NULL,'2010-07-08 02:14:09',NULL),(21,'HID Global',NULL,'2010-07-08 03:17:35',NULL),(23,'Goldtouch',NULL,'2010-07-08 03:18:01',NULL),(24,'Precise Biometrics',NULL,'2010-07-08 03:18:20',NULL),(25,'SCM',NULL,'2010-07-08 03:18:29',NULL),(26,'Fargo Electronics Inc.',NULL,'2010-07-08 03:18:43',NULL),(27,'MorphoTrak',NULL,'2010-07-08 03:19:08','2010-08-27 11:16:19'),(28,'KSI',NULL,'2010-07-08 03:19:24',NULL),(29,'AXWAY',NULL,'2010-07-08 03:19:37',NULL),(30,'Thales',NULL,'2010-07-08 03:19:45',NULL),(31,'RFIDeas',NULL,'2010-07-08 03:20:07',NULL);

--
-- Table structure for table `zen_manufacturers_info`
--

CREATE TABLE `zen_manufacturers_info` (
  `manufacturers_id` int(11) NOT NULL DEFAULT '0',
  `languages_id` int(11) NOT NULL DEFAULT '0',
  `manufacturers_url` varchar(255) NOT NULL DEFAULT '',
  `url_clicked` int(5) NOT NULL DEFAULT '0',
  `date_last_click` datetime DEFAULT NULL,
  PRIMARY KEY (`manufacturers_id`,`languages_id`)
) ENGINE=MyISAM DEFAULT CHARSET=latin1;

--
-- Dumping data for table `zen_manufacturers_info`
--

INSERT INTO `zen_manufacturers_info` VALUES (10,1,'',0,NULL),(11,1,'',0,NULL),(12,1,'',0,NULL),(13,1,'',0,NULL),(14,1,'',0,NULL),(15,1,'',0,NULL),(16,1,'',0,NULL),(17,1,'',0,NULL),(18,1,'',0,NULL),(19,1,'',0,NULL),(20,1,'',0,NULL),(21,1,'',0,NULL),(23,1,'',0,NULL),(24,1,'',0,NULL),(25,1,'',0,NULL),(26,1,'',0,NULL),(27,1,'',0,NULL),(28,1,'',0,NULL),(29,1,'',0,NULL),(30,1,'',0,NULL),(31,1,'',0,NULL);

--
-- Table structure for table `zen_media_clips`
--

CREATE TABLE `zen_media_clips` (
  `clip_id` int(11) NOT NULL AUTO_INCREMENT,
  `media_id` int(11) NOT NULL DEFAULT '0',
  `clip_type` smallint(6) NOT NULL DEFAULT '0',
  `clip_filename` text NOT NULL,
  `date_added` datetime NOT NULL DEFAULT '0001-01-01 00:00:00',
  `last_modified` datetime NOT NULL DEFAULT '0001-01-01 00:00:00',
  PRIMARY KEY (`clip_id`),
  KEY `idx_media_id_zen` (`media_id`),
  KEY `idx_clip_type_zen` (`clip_type`)
) ENGINE=MyISAM DEFAULT CHARSET=latin1;

--
-- Dumping data for table `zen_media_clips`
--


--
-- Table structure for table `zen_media_manager`
--

CREATE TABLE `zen_media_manager` (
  `media_id` int(11) NOT NULL AUTO_INCREMENT,
  `media_name` varchar(255) NOT NULL DEFAULT '',
  `last_modified` datetime NOT NULL DEFAULT '0001-01-01 00:00:00',
  `date_added` datetime NOT NULL DEFAULT '0001-01-01 00:00:00',
  PRIMARY KEY (`media_id`),
  KEY `idx_media_name_zen` (`media_name`)
) ENGINE=MyISAM DEFAULT CHARSET=latin1;

--
-- Dumping data for table `zen_media_manager`
--


--
-- Table structure for table `zen_media_to_products`
--

CREATE TABLE `zen_media_to_products` (
  `media_id` int(11) NOT NULL DEFAULT '0',
  `product_id` int(11) NOT NULL DEFAULT '0',
  KEY `idx_media_product_zen` (`media_id`,`product_id`)
) ENGINE=MyISAM DEFAULT CHARSET=latin1;

--
-- Dumping data for table `zen_media_to_products`
--


--
-- Table structure for table `zen_media_types`
--

CREATE TABLE `zen_media_types` (
  `type_id` int(11) NOT NULL AUTO_INCREMENT,
  `type_name` varchar(64) NOT NULL DEFAULT '',
  `type_ext` varchar(8) NOT NULL DEFAULT '',
  PRIMARY KEY (`type_id`),
  KEY `idx_type_name_zen` (`type_name`)
) ENGINE=MyISAM AUTO_INCREMENT=2 DEFAULT CHARSET=latin1;

--
-- Dumping data for table `zen_media_types`
--

INSERT INTO `zen_media_types` VALUES (1,'MP3','.mp3');

--
-- Table structure for table `zen_meta_tags_categories_description`
--

CREATE TABLE `zen_meta_tags_categories_description` (
  `categories_id` int(11) NOT NULL,
  `language_id` int(11) NOT NULL DEFAULT '1',
  `metatags_title` varchar(255) NOT NULL DEFAULT '',
  `metatags_keywords` text,
  `metatags_description` text,
  PRIMARY KEY (`categories_id`,`language_id`)
) ENGINE=MyISAM DEFAULT CHARSET=latin1;

--
-- Dumping data for table `zen_meta_tags_categories_description`
--


--
-- Table structure for table `zen_meta_tags_products_description`
--

CREATE TABLE `zen_meta_tags_products_description` (
  `products_id` int(11) NOT NULL,
  `language_id` int(11) NOT NULL DEFAULT '1',
  `metatags_title` varchar(255) NOT NULL DEFAULT '',
  `metatags_keywords` text,
  `metatags_description` text,
  PRIMARY KEY (`products_id`,`language_id`)
) ENGINE=MyISAM DEFAULT CHARSET=latin1;

--
-- Dumping data for table `zen_meta_tags_products_description`
--


--
-- Table structure for table `zen_music_genre`
--

CREATE TABLE `zen_music_genre` (
  `music_genre_id` int(11) NOT NULL AUTO_INCREMENT,
  `music_genre_name` varchar(32) NOT NULL DEFAULT '',
  `date_added` datetime DEFAULT NULL,
  `last_modified` datetime DEFAULT NULL,
  PRIMARY KEY (`music_genre_id`),
  KEY `idx_music_genre_name_zen` (`music_genre_name`)
) ENGINE=MyISAM DEFAULT CHARSET=latin1;

--
-- Dumping data for table `zen_music_genre`
--


--
-- Table structure for table `zen_newsletters`
--

CREATE TABLE `zen_newsletters` (
  `newsletters_id` int(11) NOT NULL AUTO_INCREMENT,
  `title` varchar(255) NOT NULL DEFAULT '',
  `content` text NOT NULL,
  `content_html` text NOT NULL,
  `module` varchar(255) NOT NULL DEFAULT '',
  `date_added` datetime NOT NULL DEFAULT '0001-01-01 00:00:00',
  `date_sent` datetime DEFAULT NULL,
  `status` int(1) DEFAULT NULL,
  `locked` int(1) DEFAULT '0',
  PRIMARY KEY (`newsletters_id`)
) ENGINE=MyISAM DEFAULT CHARSET=latin1;

--
-- Dumping data for table `zen_newsletters`
--


--
-- Table structure for table `zen_orders`
--

CREATE TABLE `zen_orders` (
  `orders_id` int(11) NOT NULL AUTO_INCREMENT,
  `customers_id` int(11) NOT NULL DEFAULT '0',
  `customers_name` varchar(64) NOT NULL DEFAULT '',
  `customers_company` varchar(64) DEFAULT NULL,
  `customers_street_address` varchar(64) NOT NULL DEFAULT '',
  `customers_suburb` varchar(32) DEFAULT NULL,
  `customers_city` varchar(32) NOT NULL DEFAULT '',
  `customers_postcode` varchar(10) NOT NULL DEFAULT '',
  `customers_state` varchar(32) DEFAULT NULL,
  `customers_country` varchar(32) NOT NULL DEFAULT '',
  `customers_telephone` varchar(32) NOT NULL DEFAULT '',
  `customers_email_address` varchar(96) NOT NULL DEFAULT '',
  `customers_address_format_id` int(5) NOT NULL DEFAULT '0',
  `delivery_name` varchar(64) NOT NULL DEFAULT '',
  `delivery_company` varchar(64) DEFAULT NULL,
  `delivery_street_address` varchar(64) NOT NULL DEFAULT '',
  `delivery_suburb` varchar(32) DEFAULT NULL,
  `delivery_city` varchar(32) NOT NULL DEFAULT '',
  `delivery_postcode` varchar(10) NOT NULL DEFAULT '',
  `delivery_state` varchar(32) DEFAULT NULL,
  `delivery_country` varchar(32) NOT NULL DEFAULT '',
  `delivery_address_format_id` int(5) NOT NULL DEFAULT '0',
  `billing_name` varchar(64) NOT NULL DEFAULT '',
  `billing_company` varchar(64) DEFAULT NULL,
  `billing_street_address` varchar(64) NOT NULL DEFAULT '',
  `billing_suburb` varchar(32) DEFAULT NULL,
  `billing_city` varchar(32) NOT NULL DEFAULT '',
  `billing_postcode` varchar(10) NOT NULL DEFAULT '',
  `billing_state` varchar(32) DEFAULT NULL,
  `billing_country` varchar(32) NOT NULL DEFAULT '',
  `billing_address_format_id` int(5) NOT NULL DEFAULT '0',
  `payment_method` varchar(128) NOT NULL DEFAULT '',
  `payment_module_code` varchar(32) NOT NULL DEFAULT '',
  `shipping_method` varchar(128) NOT NULL DEFAULT '',
  `shipping_module_code` varchar(32) NOT NULL DEFAULT '',
  `coupon_code` varchar(32) NOT NULL DEFAULT '',
  `cc_type` varchar(20) DEFAULT NULL,
  `cc_owner` varchar(64) DEFAULT NULL,
  `cc_number` varchar(32) DEFAULT NULL,
  `cc_expires` varchar(4) DEFAULT NULL,
  `cc_cvv` blob,
  `last_modified` datetime DEFAULT NULL,
  `date_purchased` datetime DEFAULT NULL,
  `orders_status` int(5) NOT NULL DEFAULT '0',
  `orders_date_finished` datetime DEFAULT NULL,
  `currency` char(3) DEFAULT NULL,
  `currency_value` decimal(14,6) DEFAULT NULL,
  `order_total` decimal(14,2) DEFAULT NULL,
  `order_tax` decimal(14,2) DEFAULT NULL,
  `paypal_ipn_id` int(11) NOT NULL DEFAULT '0',
  `ip_address` varchar(96) NOT NULL DEFAULT '',
  PRIMARY KEY (`orders_id`),
  KEY `idx_status_orders_cust_zen` (`orders_status`,`orders_id`,`customers_id`),
  KEY `idx_date_purchased_zen` (`date_purchased`),
  KEY `idx_cust_id_orders_id_zen` (`customers_id`,`orders_id`)
) ENGINE=MyISAM AUTO_INCREMENT=20 DEFAULT CHARSET=latin1;

--
-- Dumping data for table `zen_orders`
--

INSERT INTO `zen_orders` VALUES (17,137,'test testr','sadfdsa','asdfsfad asdf asfd','','Phx','83242','Utah','United States','444-444-4444','webman@apexhosting.com',2,'test testr','sadfdsa','asdfsfad asdf asfd','','Phx','83242','Utah','United States',2,'test testr','sadfdsa','asdfsfad asdf asfd','','Phx','83242','Utah','United States',2,'Credit/Debit Card','ceon_manual_card','Ship by Qty (UPS Ground)','qtyship','','Visa','test testr','4111XXXXXXXX1111','0112',NULL,NULL,'2011-04-13 16:26:13',1,NULL,'USD',1.000000,99.01,8.01,0,'98.174.202.204 - 98.174.202.204'),(18,141,'John Paul','','425 Dewalt Ave','','Ridgecrest','93555','California','United States','760-375-2365','pauljt93555@yahoo.com',2,'John Paul','','425 Dewalt Ave','','Ridgecrest','93555','California','United States',2,'John Paul','','425 Dewalt Ave','','Ridgecrest','93555','California','United States',2,'Credit/Debit Card','ceon_manual_card','Ship by Qty (UPS Ground)','qtyship','','Visa','John Paul','4388XXXXXXXX1693','0913',NULL,NULL,'2011-08-04 21:42:36',1,NULL,'USD',1.000000,76.00,0.00,0,'64.75.218.2 - 64.75.218.2'),(19,142,'David Wall','','17760 Hwy. 64 E.','','somerville','38068','Tennessee','United States','7317720551','dwall@wgermanequip.com',2,'David Wall','Willie German Equipment','1341 S. Dupree Ave','','Brownsville','38012','Tennessee','United States',2,'David Wall','Willie German Equipment','17760 Hwy. 64 E.','','somerville','38068','Tennessee','United States',2,'Credit/Debit Card','ceon_manual_card','Ship by Qty (UPS Ground)','qtyship','','Visa','David Wall','4336XXXXXXXX0300','1012',NULL,NULL,'2011-08-11 13:56:16',1,NULL,'USD',1.000000,232.00,0.00,0,'65.81.105.242 - 65.81.105.242'),(14,2,'philtest tester','tester','4656 E. Annette dr','','Phoenix','85032','Arizona','United States','6025695863','phil@primaryhub.com',2,'philtest tester','tester','4656 E. Annette dr','','Phoenix','85032','Arizona','United States',2,'philtest tester','tester','4656 E. Annette dr','','Phoenix','85032','Arizona','United States',2,'Credit/Debit Card','ceon_manual_card','Ship by Qty (UPS Ground)','qtyship','','Visa','philtest tester','4111XXXXXXXX1111','0112',NULL,NULL,'2010-10-01 18:32:43',1,NULL,'USD',1.000000,342.65,27.71,0,'68.228.218.196 - 68.228.218.196'),(15,128,'Fred Frederickson','TestCo','55 E. Elm','','Phoenix','85032','Arizona','United States','444-444-5555','webman@apexhosting.com',2,'Fred Frederickson','TestCo','55 E. Elm','','Phoenix','85032','Arizona','United States',2,'Fred Frederickson','TestCo','55 E. Elm','','Phoenix','85032','Arizona','United States',2,'Credit/Debit Card','ceon_manual_card','Ship by Qty (UPS Ground)','qtyship','','Visa','Fred Frederickson','4111XXXXXXXX1111','0212',NULL,NULL,'2010-10-01 19:37:34',1,NULL,'USD',1.000000,56.47,4.57,0,'68.228.218.196 - 68.228.218.196'),(16,136,'test tester','test','test sdaf sadfasfd','','Tester','23423','Arizona','United States','444-444-4444','webman@apexhosting.com',2,'test tester','test','test sdaf sadfasfd','','Tester','23423','Arizona','United States',2,'test tester','test','test sdaf sadfasfd','','Tester','23423','Arizona','United States',2,'Credit/Debit Card','ceon_manual_card','Ship by Qty (UPS Ground)','qtyship','','Visa','test tester','4111XXXXXXXX1111','0212',NULL,NULL,'2011-04-13 16:03:42',1,NULL,'USD',1.000000,99.01,8.01,0,'98.174.202.204 - 98.174.202.204');

--
-- Table structure for table `zen_orders_products`
--

CREATE TABLE `zen_orders_products` (
  `orders_products_id` int(11) NOT NULL AUTO_INCREMENT,
  `orders_id` int(11) NOT NULL DEFAULT '0',
  `products_id` int(11) NOT NULL DEFAULT '0',
  `products_model` varchar(32) DEFAULT NULL,
  `products_model2` varchar(30) DEFAULT NULL,
  `products_name` varchar(64) NOT NULL DEFAULT '',
  `products_price` decimal(15,4) NOT NULL DEFAULT '0.0000',
  `final_price` decimal(15,4) NOT NULL DEFAULT '0.0000',
  `products_tax` decimal(7,4) NOT NULL DEFAULT '0.0000',
  `products_quantity` float NOT NULL DEFAULT '0',
  `onetime_charges` decimal(15,4) NOT NULL DEFAULT '0.0000',
  `products_priced_by_attribute` tinyint(1) NOT NULL DEFAULT '0',
  `product_is_free` tinyint(1) NOT NULL DEFAULT '0',
  `products_discount_type` tinyint(1) NOT NULL DEFAULT '0',
  `products_discount_type_from` tinyint(1) NOT NULL DEFAULT '0',
  `products_prid` tinytext NOT NULL,
  PRIMARY KEY (`orders_products_id`),
  KEY `idx_orders_id_prod_id_zen` (`orders_id`,`products_id`),
  KEY `idx_prod_id_orders_id_zen` (`products_id`,`orders_id`)
) ENGINE=MyISAM AUTO_INCREMENT=28 DEFAULT CHARSET=latin1;

--
-- Dumping data for table `zen_orders_products`
--

INSERT INTO `zen_orders_products` VALUES (23,15,391,'GT7-0017',NULL,'Goldtouch Black Gel Filled Palm Supports',19.9500,19.9500,8.8000,2,0.0000,0,0,0,0,'391'),(19,14,356,'GBUR300 ','12345','ActivIdentity GBUR300',33.0000,33.0000,8.8000,1,0.0000,0,0,0,0,'356'),(20,14,355,'BRP102 ',NULL,'ActivIdentity BRP102',79.0000,79.0000,8.8000,1,0.0000,0,0,0,0,'355'),(21,14,420,'HWP110628E',NULL,'Gemalto GemPC Card',41.9400,41.9400,8.8000,1,0.0000,0,0,0,0,'420'),(22,14,388,'GTS-0077',NULL,'Goldtouch ErgoSecure 2.0 with Smart Card Reader Keyboard',149.0000,149.0000,8.8000,1,0.0000,0,0,0,0,'388'),(24,16,355,'BRP102 ',NULL,'ActivIdentity BRP102',79.0000,79.0000,8.8000,1,0.0000,0,0,0,0,'355'),(25,17,355,'BRP102 ',NULL,'ActivIdentity BRP102',79.0000,79.0000,8.8000,1,0.0000,0,0,0,0,'355'),(26,18,263,'SCR3500  (905141)',NULL,'SCM SCR3500',16.0000,16.0000,0.0000,4,0.0000,0,0,0,0,'263'),(27,19,525,'SR04M-15-11194 ',NULL,'Envoy Data 4MB SRAM Card - Commercial',220.0000,220.0000,0.0000,1,0.0000,0,0,0,0,'525');

--
-- Table structure for table `zen_orders_products_attributes`
--

CREATE TABLE `zen_orders_products_attributes` (
  `orders_products_attributes_id` int(11) NOT NULL AUTO_INCREMENT,
  `orders_id` int(11) NOT NULL DEFAULT '0',
  `orders_products_id` int(11) NOT NULL DEFAULT '0',
  `products_options` varchar(32) NOT NULL DEFAULT '',
  `products_options_values` text NOT NULL,
  `options_values_price` decimal(15,4) NOT NULL DEFAULT '0.0000',
  `price_prefix` char(1) NOT NULL DEFAULT '',
  `product_attribute_is_free` tinyint(1) NOT NULL DEFAULT '0',
  `products_attributes_weight` float NOT NULL DEFAULT '0',
  `products_attributes_weight_prefix` char(1) NOT NULL DEFAULT '',
  `attributes_discounted` tinyint(1) NOT NULL DEFAULT '1',
  `attributes_price_base_included` tinyint(1) NOT NULL DEFAULT '1',
  `attributes_price_onetime` decimal(15,4) NOT NULL DEFAULT '0.0000',
  `attributes_price_factor` decimal(15,4) NOT NULL DEFAULT '0.0000',
  `attributes_price_factor_offset` decimal(15,4) NOT NULL DEFAULT '0.0000',
  `attributes_price_factor_onetime` decimal(15,4) NOT NULL DEFAULT '0.0000',
  `attributes_price_factor_onetime_offset` decimal(15,4) NOT NULL DEFAULT '0.0000',
  `attributes_qty_prices` text,
  `attributes_qty_prices_onetime` text,
  `attributes_price_words` decimal(15,4) NOT NULL DEFAULT '0.0000',
  `attributes_price_words_free` int(4) NOT NULL DEFAULT '0',
  `attributes_price_letters` decimal(15,4) NOT NULL DEFAULT '0.0000',
  `attributes_price_letters_free` int(4) NOT NULL DEFAULT '0',
  `products_options_id` int(11) NOT NULL DEFAULT '0',
  `products_options_values_id` int(11) NOT NULL DEFAULT '0',
  `products_prid` tinytext NOT NULL,
  PRIMARY KEY (`orders_products_attributes_id`),
  KEY `idx_orders_id_prod_id_zen` (`orders_id`,`orders_products_id`)
) ENGINE=MyISAM DEFAULT CHARSET=latin1;

--
-- Dumping data for table `zen_orders_products_attributes`
--


--
-- Table structure for table `zen_orders_products_download`
--

CREATE TABLE `zen_orders_products_download` (
  `orders_products_download_id` int(11) NOT NULL AUTO_INCREMENT,
  `orders_id` int(11) NOT NULL DEFAULT '0',
  `orders_products_id` int(11) NOT NULL DEFAULT '0',
  `orders_products_filename` varchar(255) NOT NULL DEFAULT '',
  `download_maxdays` int(2) NOT NULL DEFAULT '0',
  `download_count` int(2) NOT NULL DEFAULT '0',
  `products_prid` tinytext NOT NULL,
  PRIMARY KEY (`orders_products_download_id`),
  KEY `idx_orders_id_zen` (`orders_id`),
  KEY `idx_orders_products_id_zen` (`orders_products_id`)
) ENGINE=MyISAM DEFAULT CHARSET=latin1;

--
-- Dumping data for table `zen_orders_products_download`
--


--
-- Table structure for table `zen_orders_status`
--

CREATE TABLE `zen_orders_status` (
  `orders_status_id` int(11) NOT NULL DEFAULT '0',
  `language_id` int(11) NOT NULL DEFAULT '1',
  `orders_status_name` varchar(32) NOT NULL DEFAULT '',
  PRIMARY KEY (`orders_status_id`,`language_id`),
  KEY `idx_orders_status_name_zen` (`orders_status_name`)
) ENGINE=MyISAM DEFAULT CHARSET=latin1;

--
-- Dumping data for table `zen_orders_status`
--

INSERT INTO `zen_orders_status` VALUES (1,1,'Pending'),(2,1,'Processing'),(3,1,'Delivered'),(4,1,'Update');

--
-- Table structure for table `zen_orders_status_history`
--

CREATE TABLE `zen_orders_status_history` (
  `orders_status_history_id` int(11) NOT NULL AUTO_INCREMENT,
  `orders_id` int(11) NOT NULL DEFAULT '0',
  `orders_status_id` int(5) NOT NULL DEFAULT '0',
  `date_added` datetime NOT NULL DEFAULT '0001-01-01 00:00:00',
  `customer_notified` int(1) DEFAULT '0',
  `comments` text,
  PRIMARY KEY (`orders_status_history_id`),
  KEY `idx_orders_id_status_id_zen` (`orders_id`,`orders_status_id`)
) ENGINE=MyISAM AUTO_INCREMENT=35 DEFAULT CHARSET=latin1;

--
-- Dumping data for table `zen_orders_status_history`
--

INSERT INTO `zen_orders_status_history` VALUES (34,19,1,'2011-08-11 13:56:16',1,'For Danny Ungerecht'),(33,18,1,'2011-08-04 21:42:36',1,'Please let me know when the item ships. If not in stock, please cancel order and inform me ASAP of the same. Thank you very much.'),(29,14,1,'2010-10-01 18:32:43',1,''),(30,15,1,'2010-10-01 19:37:34',1,''),(31,16,1,'2011-04-13 16:03:42',1,''),(32,17,1,'2011-04-13 16:26:13',1,'');

--
-- Table structure for table `zen_orders_total`
--

CREATE TABLE `zen_orders_total` (
  `orders_total_id` int(10) unsigned NOT NULL AUTO_INCREMENT,
  `orders_id` int(11) NOT NULL DEFAULT '0',
  `title` varchar(255) NOT NULL DEFAULT '',
  `text` varchar(255) NOT NULL DEFAULT '',
  `value` decimal(15,4) NOT NULL DEFAULT '0.0000',
  `class` varchar(32) NOT NULL DEFAULT '',
  `sort_order` int(11) NOT NULL DEFAULT '0',
  PRIMARY KEY (`orders_total_id`),
  KEY `idx_ot_orders_id_zen` (`orders_id`),
  KEY `idx_ot_class_zen` (`class`)
) ENGINE=MyISAM AUTO_INCREMENT=70 DEFAULT CHARSET=latin1;

--
-- Dumping data for table `zen_orders_total`
--

INSERT INTO `zen_orders_total` VALUES (64,18,'Sub-Total:','$64.00',64.0000,'ot_subtotal',100),(65,18,'Ship by Qty (UPS Ground):','$12.00',12.0000,'ot_shipping',200),(61,17,'Ship by Qty (UPS Ground):','$12.00',12.0000,'ot_shipping',200),(62,17,'AZ TAX 8.8%:','$8.01',8.0080,'ot_tax',300),(63,17,'Total:','$99.01',99.0080,'ot_total',999),(54,15,'AZ TAX 8.8%:','$4.57',4.5672,'ot_tax',300),(55,15,'Total:','$56.47',56.4672,'ot_total',999),(56,16,'Sub-Total:','$79.00',79.0000,'ot_subtotal',100),(57,16,'Ship by Qty (UPS Ground):','$12.00',12.0000,'ot_shipping',200),(58,16,'AZ TAX 8.8%:','$8.01',8.0080,'ot_tax',300),(59,16,'Total:','$99.01',99.0080,'ot_total',999),(60,17,'Sub-Total:','$79.00',79.0000,'ot_subtotal',100),(53,15,'Ship by Qty (UPS Ground):','$12.00',12.0000,'ot_shipping',200),(48,14,'Sub-Total:','$302.94',302.9400,'ot_subtotal',100),(49,14,'Ship by Qty (UPS Ground):','$12.00',12.0000,'ot_shipping',200),(50,14,'AZ TAX 8.8%:','$27.71',27.7147,'ot_tax',300),(51,14,'Total:','$342.65',342.6547,'ot_total',999),(52,15,'Sub-Total:','$39.90',39.9000,'ot_subtotal',100),(66,18,'Total:','$76.00',76.0000,'ot_total',999),(67,19,'Sub-Total:','$220.00',220.0000,'ot_subtotal',100),(68,19,'Ship by Qty (UPS Ground):','$12.00',12.0000,'ot_shipping',200),(69,19,'Total:','$232.00',232.0000,'ot_total',999);

--
-- Table structure for table `zen_paypal`
--

CREATE TABLE `zen_paypal` (
  `paypal_ipn_id` int(11) unsigned NOT NULL AUTO_INCREMENT,
  `order_id` int(11) unsigned NOT NULL DEFAULT '0',
  `txn_type` varchar(40) NOT NULL DEFAULT '',
  `module_name` varchar(40) NOT NULL DEFAULT '',
  `module_mode` varchar(40) NOT NULL DEFAULT '',
  `reason_code` varchar(40) DEFAULT NULL,
  `payment_type` varchar(40) NOT NULL DEFAULT '',
  `payment_status` varchar(32) NOT NULL DEFAULT '',
  `pending_reason` varchar(32) DEFAULT NULL,
  `invoice` varchar(128) DEFAULT NULL,
  `mc_currency` char(3) NOT NULL DEFAULT '',
  `first_name` varchar(32) NOT NULL DEFAULT '',
  `last_name` varchar(32) NOT NULL DEFAULT '',
  `payer_business_name` varchar(128) DEFAULT NULL,
  `address_name` varchar(64) DEFAULT NULL,
  `address_street` varchar(254) DEFAULT NULL,
  `address_city` varchar(120) DEFAULT NULL,
  `address_state` varchar(120) DEFAULT NULL,
  `address_zip` varchar(10) DEFAULT NULL,
  `address_country` varchar(64) DEFAULT NULL,
  `address_status` varchar(11) DEFAULT NULL,
  `payer_email` varchar(128) NOT NULL DEFAULT '',
  `payer_id` varchar(32) NOT NULL DEFAULT '',
  `payer_status` varchar(10) NOT NULL DEFAULT '',
  `payment_date` datetime NOT NULL DEFAULT '0001-01-01 00:00:00',
  `business` varchar(128) NOT NULL DEFAULT '',
  `receiver_email` varchar(128) NOT NULL DEFAULT '',
  `receiver_id` varchar(32) NOT NULL DEFAULT '',
  `txn_id` varchar(20) NOT NULL DEFAULT '',
  `parent_txn_id` varchar(20) DEFAULT NULL,
  `num_cart_items` tinyint(4) unsigned NOT NULL DEFAULT '1',
  `mc_gross` decimal(7,2) NOT NULL DEFAULT '0.00',
  `mc_fee` decimal(7,2) NOT NULL DEFAULT '0.00',
  `payment_gross` decimal(7,2) DEFAULT NULL,
  `payment_fee` decimal(7,2) DEFAULT NULL,
  `settle_amount` decimal(7,2) DEFAULT NULL,
  `settle_currency` char(3) DEFAULT NULL,
  `exchange_rate` decimal(4,2) DEFAULT NULL,
  `notify_version` varchar(6) NOT NULL DEFAULT '',
  `verify_sign` varchar(128) NOT NULL DEFAULT '',
  `last_modified` datetime NOT NULL DEFAULT '0001-01-01 00:00:00',
  `date_added` datetime NOT NULL DEFAULT '0001-01-01 00:00:00',
  `memo` text,
  PRIMARY KEY (`paypal_ipn_id`,`txn_id`),
  KEY `idx_order_id_zen` (`order_id`)
) ENGINE=MyISAM DEFAULT CHARSET=latin1;

--
-- Dumping data for table `zen_paypal`
--


--
-- Table structure for table `zen_paypal_payment_status`
--

CREATE TABLE `zen_paypal_payment_status` (
  `payment_status_id` int(11) NOT NULL AUTO_INCREMENT,
  `payment_status_name` varchar(64) NOT NULL DEFAULT '',
  PRIMARY KEY (`payment_status_id`)
) ENGINE=MyISAM AUTO_INCREMENT=8 DEFAULT CHARSET=latin1;

--
-- Dumping data for table `zen_paypal_payment_status`
--

INSERT INTO `zen_paypal_payment_status` VALUES (1,'Completed'),(2,'Pending'),(3,'Failed'),(4,'Denied'),(5,'Refunded'),(6,'Canceled_Reversal'),(7,'Reversed');

--
-- Table structure for table `zen_paypal_payment_status_history`
--

CREATE TABLE `zen_paypal_payment_status_history` (
  `payment_status_history_id` int(11) NOT NULL AUTO_INCREMENT,
  `paypal_ipn_id` int(11) NOT NULL DEFAULT '0',
  `txn_id` varchar(64) NOT NULL DEFAULT '',
  `parent_txn_id` varchar(64) NOT NULL DEFAULT '',
  `payment_status` varchar(17) NOT NULL DEFAULT '',
  `pending_reason` varchar(14) DEFAULT NULL,
  `date_added` datetime NOT NULL DEFAULT '0001-01-01 00:00:00',
  PRIMARY KEY (`payment_status_history_id`),
  KEY `idx_paypal_ipn_id_zen` (`paypal_ipn_id`)
) ENGINE=MyISAM DEFAULT CHARSET=latin1;

--
-- Dumping data for table `zen_paypal_payment_status_history`
--


--
-- Table structure for table `zen_paypal_session`
--

CREATE TABLE `zen_paypal_session` (
  `unique_id` int(11) NOT NULL AUTO_INCREMENT,
  `session_id` text NOT NULL,
  `saved_session` mediumblob NOT NULL,
  `expiry` int(17) NOT NULL DEFAULT '0',
  PRIMARY KEY (`unique_id`),
  KEY `idx_session_id_zen` (`session_id`(36))
) ENGINE=MyISAM AUTO_INCREMENT=2 DEFAULT CHARSET=latin1;

--
-- Dumping data for table `zen_paypal_session`
--

INSERT INTO `zen_paypal_session` VALUES (1,'5de0b5b33d1a0c0d2f885dfb80a9d94b','YTozMjp7czoxMzoic2VjdXJpdHlUb2tlbiI7czozMjoiOGZkNjA0YzZkOTlkMTlhM2E3ZTRkOWEzZTc3ODVmNGEiO3M6MjI6ImN1c3RvbWVyc19ob3N0X2FkZHJlc3MiO3M6MTM6IjE4My4xODIuODQuMjciO3M6NjoiY2FydElEIjtzOjU6Ijc5NzYyIjtzOjQ6ImNhcnQiO086MTI6InNob3BwaW5nQ2FydCI6ODp7czo4OiJjb250ZW50cyI7YToxOntpOjIyO2E6MTp7czozOiJxdHkiO2Q6Mjt9fXM6NToidG90YWwiO2Q6MTc5Ljk3OTk5OTk5OTk5OTk4OTc2ODE4NDYwNTA1NDU1NzMyMzQ1NTgxMDU0Njg3NTtzOjY6IndlaWdodCI7ZDoxNDtzOjY6ImNhcnRJRCI7czo1OiI3OTc2MiI7czoxMjoiY29udGVudF90eXBlIjtzOjg6InBoeXNpY2FsIjtzOjE4OiJmcmVlX3NoaXBwaW5nX2l0ZW0iO2k6MDtzOjIwOiJmcmVlX3NoaXBwaW5nX3dlaWdodCI7aTowO3M6MTk6ImZyZWVfc2hpcHBpbmdfcHJpY2UiO2k6MDt9czoxMDoibmF2aWdhdGlvbiI7TzoxNzoibmF2aWdhdGlvbkhpc3RvcnkiOjI6e3M6NDoicGF0aCI7YTo2OntpOjA7YTo0OntzOjQ6InBhZ2UiO3M6NToiaW5kZXgiO3M6NDoibW9kZSI7czo2OiJOT05TU0wiO3M6MzoiZ2V0IjthOjE6e3M6NToiY1BhdGgiO3M6NDoiMl8xOSI7fXM6NDoicG9zdCI7YTowOnt9fWk6MTthOjQ6e3M6NDoicGFnZSI7czoxMjoicHJvZHVjdF9pbmZvIjtzOjQ6Im1vZGUiO3M6NjoiTk9OU1NMIjtzOjM6ImdldCI7YTozOntzOjU6ImNQYXRoIjtzOjQ6IjJfMTkiO3M6MTE6InByb2R1Y3RzX2lkIjtzOjI6IjIyIjtzOjY6ImFjdGlvbiI7czoxMToiYWRkX3Byb2R1Y3QiO31zOjQ6InBvc3QiO2E6MDp7fX1pOjI7YTo0OntzOjQ6InBhZ2UiO3M6MTM6InNob3BwaW5nX2NhcnQiO3M6NDoibW9kZSI7czo2OiJOT05TU0wiO3M6MzoiZ2V0IjtzOjA6IiI7czo0OiJwb3N0IjthOjA6e319aTozO2E6NDp7czo0OiJwYWdlIjtzOjE3OiJjaGVja291dF9zaGlwcGluZyI7czo0OiJtb2RlIjtzOjY6Ik5PTlNTTCI7czozOiJnZXQiO3M6MDoiIjtzOjQ6InBvc3QiO2E6MDp7fX1pOjQ7YTo0OntzOjQ6InBhZ2UiO3M6MTY6ImNoZWNrb3V0X3BheW1lbnQiO3M6NDoibW9kZSI7czo2OiJOT05TU0wiO3M6MzoiZ2V0IjtzOjA6IiI7czo0OiJwb3N0IjthOjA6e319aTo1O2E6NDp7czo0OiJwYWdlIjtzOjIxOiJjaGVja291dF9jb25maXJtYXRpb24iO3M6NDoibW9kZSI7czo2OiJOT05TU0wiO3M6MzoiZ2V0IjtzOjA6IiI7czo0OiJwb3N0IjthOjA6e319fXM6ODoic25hcHNob3QiO2E6MDp7fX1zOjExOiJjaGVja192YWxpZCI7czo0OiJ0cnVlIjtzOjg6Imxhbmd1YWdlIjtzOjc6ImVuZ2xpc2giO3M6MTI6Imxhbmd1YWdlc19pZCI7czoxOiIxIjtzOjE0OiJsYW5ndWFnZXNfY29kZSI7czoyOiJlbiI7czo4OiJjdXJyZW5jeSI7czozOiJVU0QiO3M6ODoidG9kYXlfaXMiO3M6MTA6IjIwMTAtMDYtMjMiO3M6MTc6InVwZGF0ZUV4cGlyYXRpb25zIjtiOjE7czoxNToic2Vzc2lvbl9jb3VudGVyIjtiOjE7czoyMDoiY3VzdG9tZXJzX2lwX2FkZHJlc3MiO3M6MTM6IjE4My4xODIuODQuMjciO3M6MjM6Im5ld19wcm9kdWN0c19pZF9pbl9jYXJ0IjtzOjI6IjIyIjtzOjE3OiJ2YWxpZF90b19jaGVja291dCI7YjoxO3M6MTE6ImNhcnRfZXJyb3JzIjtzOjA6IiI7czoxMToiY3VzdG9tZXJfaWQiO2k6NjtzOjE5OiJjdXN0b21lcl9maXJzdF9uYW1lIjtzOjI6ImFiIjtzOjI3OiJjdXN0b21lcl9kZWZhdWx0X2FkZHJlc3NfaWQiO2k6NztzOjE5OiJjdXN0b21lcl9jb3VudHJ5X2lkIjtzOjM6IjIyMyI7czoxNjoiY3VzdG9tZXJfem9uZV9pZCI7czoxOiIyIjtzOjIzOiJjdXN0b21lcnNfYXV0aG9yaXphdGlvbiI7czoxOiIwIjtzOjY6InNlbmR0byI7aTo3O3M6NzoicGF5bWVudCI7czo2OiJwYXlwYWwiO3M6ODoic2hpcHBpbmciO2E6Mzp7czoyOiJpZCI7czoyMToic3RhdGV6b25lc19zdGF0ZXpvbmVzIjtzOjU6InRpdGxlIjtzOjcwOiJTdGF0ZSBab25lIFJhdGVzIChUaGUgc2hpcHBpbmcgcmF0ZSBjYW5ub3QgYmUgZGV0ZXJtaW5lZCBhdCB0aGlzIHRpbWUpIjtzOjQ6ImNvc3QiO2k6MDt9czo2OiJiaWxsdG8iO2k6MTA7czo2OiJjb3RfZ3YiO2Q6MDtzOjg6ImNvbW1lbnRzIjtzOjA6IiI7czoxNToicGF5bWVudF9hdHRlbXB0IjtpOjE7czoxNDoibWVzc2FnZVRvU3RhY2siO3M6MDoiIjtzOjE5OiJwcGlwbl9rZXlfdG9fcmVtb3ZlIjtzOjMyOiI1ZGUwYjViMzNkMWEwYzBkMmY4ODVkZmI4MGE5ZDk0YiI7fQ==',1277468981);

--
-- Table structure for table `zen_paypal_testing`
--

CREATE TABLE `zen_paypal_testing` (
  `paypal_ipn_id` int(11) unsigned NOT NULL AUTO_INCREMENT,
  `order_id` int(11) unsigned NOT NULL DEFAULT '0',
  `custom` varchar(255) NOT NULL DEFAULT '',
  `txn_type` varchar(40) NOT NULL DEFAULT '',
  `module_name` varchar(40) NOT NULL DEFAULT '',
  `module_mode` varchar(40) NOT NULL DEFAULT '',
  `reason_code` varchar(40) DEFAULT NULL,
  `payment_type` varchar(40) NOT NULL DEFAULT '',
  `payment_status` varchar(32) NOT NULL DEFAULT '',
  `pending_reason` varchar(32) DEFAULT NULL,
  `invoice` varchar(128) DEFAULT NULL,
  `mc_currency` char(3) NOT NULL DEFAULT '',
  `first_name` varchar(32) NOT NULL DEFAULT '',
  `last_name` varchar(32) NOT NULL DEFAULT '',
  `payer_business_name` varchar(128) DEFAULT NULL,
  `address_name` varchar(64) DEFAULT NULL,
  `address_street` varchar(254) DEFAULT NULL,
  `address_city` varchar(120) DEFAULT NULL,
  `address_state` varchar(120) DEFAULT NULL,
  `address_zip` varchar(10) DEFAULT NULL,
  `address_country` varchar(64) DEFAULT NULL,
  `address_status` varchar(11) DEFAULT NULL,
  `payer_email` varchar(128) NOT NULL DEFAULT '',
  `payer_id` varchar(32) NOT NULL DEFAULT '',
  `payer_status` varchar(10) NOT NULL DEFAULT '',
  `payment_date` datetime NOT NULL DEFAULT '0001-01-01 00:00:00',
  `business` varchar(128) NOT NULL DEFAULT '',
  `receiver_email` varchar(128) NOT NULL DEFAULT '',
  `receiver_id` varchar(32) NOT NULL DEFAULT '',
  `txn_id` varchar(20) NOT NULL DEFAULT '',
  `parent_txn_id` varchar(20) DEFAULT NULL,
  `num_cart_items` tinyint(4) unsigned NOT NULL DEFAULT '1',
  `mc_gross` decimal(7,2) NOT NULL DEFAULT '0.00',
  `mc_fee` decimal(7,2) NOT NULL DEFAULT '0.00',
  `payment_gross` decimal(7,2) DEFAULT NULL,
  `payment_fee` decimal(7,2) DEFAULT NULL,
  `settle_amount` decimal(7,2) DEFAULT NULL,
  `settle_currency` char(3) DEFAULT NULL,
  `exchange_rate` decimal(4,2) DEFAULT NULL,
  `notify_version` decimal(2,1) NOT NULL DEFAULT '0.0',
  `verify_sign` varchar(128) NOT NULL DEFAULT '',
  `last_modified` datetime NOT NULL DEFAULT '0001-01-01 00:00:00',
  `date_added` datetime NOT NULL DEFAULT '0001-01-01 00:00:00',
  `memo` text,
  PRIMARY KEY (`paypal_ipn_id`,`txn_id`),
  KEY `idx_order_id_zen` (`order_id`)
) ENGINE=MyISAM DEFAULT CHARSET=latin1;

--
-- Dumping data for table `zen_paypal_testing`
--


--
-- Table structure for table `zen_posts`
--

CREATE TABLE `zen_posts` (
  `id` varchar(32) COLLATE utf8_bin NOT NULL,
  `time` int(11) unsigned NOT NULL DEFAULT '0',
  `micro` int(11) unsigned NOT NULL DEFAULT '0',
  `sender` varchar(32) COLLATE utf8_bin NOT NULL,
  `receiver` varchar(32) COLLATE utf8_bin NOT NULL,
  `receiver_group` varchar(32) COLLATE utf8_bin NOT NULL,
  `text` mediumtext COLLATE utf8_bin NOT NULL,
  `received` tinyint(1) unsigned NOT NULL DEFAULT '0',
  `persistent` tinyint(1) unsigned NOT NULL DEFAULT '0',
  PRIMARY KEY (`id`)
) ENGINE=MyISAM DEFAULT CHARSET=utf8 COLLATE=utf8_bin;

--
-- Dumping data for table `zen_posts`
--


--
-- Table structure for table `zen_predefined`
--

CREATE TABLE `zen_predefined` (
  `id` int(11) unsigned NOT NULL,
  `internal_id` varchar(32) COLLATE utf8_bin NOT NULL,
  `group_id` varchar(32) COLLATE utf8_bin NOT NULL,
  `lang_iso` varchar(2) COLLATE utf8_bin NOT NULL,
  `invitation` mediumtext COLLATE utf8_bin NOT NULL,
  `welcome` mediumtext COLLATE utf8_bin NOT NULL,
  `website_push` mediumtext COLLATE utf8_bin NOT NULL,
  `browser_ident` tinyint(1) unsigned NOT NULL DEFAULT '0',
  `is_default` tinyint(1) unsigned NOT NULL DEFAULT '0',
  `auto_welcome` tinyint(1) unsigned NOT NULL DEFAULT '0',
  PRIMARY KEY (`id`)
) ENGINE=MyISAM DEFAULT CHARSET=utf8 COLLATE=utf8_bin;

--
-- Dumping data for table `zen_predefined`
--

INSERT INTO `zen_predefined` VALUES (0,'','Support','EN','Hello, my name is %name%. Do you need help? Start Live-Chat now to get assistance.','Hello %external_name%, my name is %name%, how may I help you?','Website Operator %name% would like to redirect you to this URL:\r\n\r\n%url%',1,1,1),(1,'','Support','DE','Guten Tag, meine Name ist %name%. Benötigen Sie Hilfe? Gerne berate ich Sie in einem Live Chat.','Guten Tag %external_name%, mein Name ist %name% wie kann ich Ihnen helfen?','Ein Betreuer dieser Webseite (%name%) möchte Sie auf einen anderen Bereich weiterleiten:\r\n\r\n%url%',1,0,1);

--
-- Table structure for table `zen_product_music_extra`
--

CREATE TABLE `zen_product_music_extra` (
  `products_id` int(11) NOT NULL DEFAULT '0',
  `artists_id` int(11) NOT NULL DEFAULT '0',
  `record_company_id` int(11) NOT NULL DEFAULT '0',
  `music_genre_id` int(11) NOT NULL DEFAULT '0',
  PRIMARY KEY (`products_id`),
  KEY `idx_music_genre_id_zen` (`music_genre_id`),
  KEY `idx_artists_id_zen` (`artists_id`),
  KEY `idx_record_company_id_zen` (`record_company_id`)
) ENGINE=MyISAM DEFAULT CHARSET=latin1;

--
-- Dumping data for table `zen_product_music_extra`
--


--
-- Table structure for table `zen_product_type_layout`
--

CREATE TABLE `zen_product_type_layout` (
  `configuration_id` int(11) NOT NULL AUTO_INCREMENT,
  `configuration_title` text NOT NULL,
  `configuration_key` varchar(255) NOT NULL DEFAULT '',
  `configuration_value` text NOT NULL,
  `configuration_description` text NOT NULL,
  `product_type_id` int(11) NOT NULL DEFAULT '0',
  `sort_order` int(5) DEFAULT NULL,
  `last_modified` datetime DEFAULT NULL,
  `date_added` datetime NOT NULL DEFAULT '0001-01-01 00:00:00',
  `use_function` text,
  `set_function` text,
  PRIMARY KEY (`configuration_id`),
  UNIQUE KEY `unq_config_key_zen` (`configuration_key`),
  KEY `idx_key_value_zen` (`configuration_key`,`configuration_value`(10)),
  KEY `idx_type_id_sort_order_zen` (`product_type_id`,`sort_order`)
) ENGINE=MyISAM AUTO_INCREMENT=144 DEFAULT CHARSET=latin1;

--
-- Dumping data for table `zen_product_type_layout`
--

INSERT INTO `zen_product_type_layout` VALUES (1,'Show Model Number','SHOW_PRODUCT_INFO_MODEL','1','Display Model Number on Product Info 0= off 1= on',1,1,NULL,'2010-04-28 01:58:10',NULL,'zen_cfg_select_drop_down(array(array(\'id\'=>\'1\', \'text\'=>\'True\'), array(\'id\'=>\'0\', \'text\'=>\'False\')), '),(2,'Show Weight','SHOW_PRODUCT_INFO_WEIGHT','1','Display Weight on Product Info 0= off 1= on',1,2,NULL,'2010-04-28 01:58:10',NULL,'zen_cfg_select_drop_down(array(array(\'id\'=>\'1\', \'text\'=>\'True\'), array(\'id\'=>\'0\', \'text\'=>\'False\')), '),(3,'Show Attribute Weight','SHOW_PRODUCT_INFO_WEIGHT_ATTRIBUTES','1','Display Attribute Weight on Product Info 0= off 1= on',1,3,NULL,'2010-04-28 01:58:10',NULL,'zen_cfg_select_drop_down(array(array(\'id\'=>\'1\', \'text\'=>\'True\'), array(\'id\'=>\'0\', \'text\'=>\'False\')), '),(4,'Show Manufacturer','SHOW_PRODUCT_INFO_MANUFACTURER','1','Display Manufacturer Name on Product Info 0= off 1= on',1,4,NULL,'2010-04-28 01:58:10',NULL,'zen_cfg_select_drop_down(array(array(\'id\'=>\'1\', \'text\'=>\'True\'), array(\'id\'=>\'0\', \'text\'=>\'False\')), '),(5,'Show Quantity in Shopping Cart','SHOW_PRODUCT_INFO_IN_CART_QTY','1','Display Quantity in Current Shopping Cart on Product Info 0= off 1= on',1,5,NULL,'2010-04-28 01:58:10',NULL,'zen_cfg_select_drop_down(array(array(\'id\'=>\'1\', \'text\'=>\'True\'), array(\'id\'=>\'0\', \'text\'=>\'False\')), '),(6,'Show Quantity in Stock','SHOW_PRODUCT_INFO_QUANTITY','1','Display Quantity in Stock on Product Info 0= off 1= on',1,6,NULL,'2010-04-28 01:58:10',NULL,'zen_cfg_select_drop_down(array(array(\'id\'=>\'1\', \'text\'=>\'True\'), array(\'id\'=>\'0\', \'text\'=>\'False\')), '),(7,'Show Product Reviews Count','SHOW_PRODUCT_INFO_REVIEWS_COUNT','1','Display Product Reviews Count on Product Info 0= off 1= on',1,7,NULL,'2010-04-28 01:58:10',NULL,'zen_cfg_select_drop_down(array(array(\'id\'=>\'1\', \'text\'=>\'True\'), array(\'id\'=>\'0\', \'text\'=>\'False\')), '),(8,'Show Product Reviews Button','SHOW_PRODUCT_INFO_REVIEWS','1','Display Product Reviews Button on Product Info 0= off 1= on',1,8,NULL,'2010-04-28 01:58:10',NULL,'zen_cfg_select_drop_down(array(array(\'id\'=>\'1\', \'text\'=>\'True\'), array(\'id\'=>\'0\', \'text\'=>\'False\')), '),(9,'Show Date Available','SHOW_PRODUCT_INFO_DATE_AVAILABLE','1','Display Date Available on Product Info 0= off 1= on',1,9,NULL,'2010-04-28 01:58:10',NULL,'zen_cfg_select_drop_down(array(array(\'id\'=>\'1\', \'text\'=>\'True\'), array(\'id\'=>\'0\', \'text\'=>\'False\')), '),(10,'Show Date Added','SHOW_PRODUCT_INFO_DATE_ADDED','1','Display Date Added on Product Info 0= off 1= on',1,10,NULL,'2010-04-28 01:58:10',NULL,'zen_cfg_select_drop_down(array(array(\'id\'=>\'1\', \'text\'=>\'True\'), array(\'id\'=>\'0\', \'text\'=>\'False\')), '),(11,'Show Product URL','SHOW_PRODUCT_INFO_URL','1','Display URL on Product Info 0= off 1= on',1,11,NULL,'2010-04-28 01:58:10',NULL,'zen_cfg_select_drop_down(array(array(\'id\'=>\'1\', \'text\'=>\'True\'), array(\'id\'=>\'0\', \'text\'=>\'False\')), '),(12,'Show Product Additional Images','SHOW_PRODUCT_INFO_ADDITIONAL_IMAGES','1','Display Additional Images on Product Info 0= off 1= on',1,13,NULL,'2010-04-28 01:58:10',NULL,'zen_cfg_select_drop_down(array(array(\'id\'=>\'1\', \'text\'=>\'True\'), array(\'id\'=>\'0\', \'text\'=>\'False\')), '),(13,'Show Starting At text on Price','SHOW_PRODUCT_INFO_STARTING_AT','1','Display Starting At text on products with attributes Product Info 0= off 1= on',1,12,NULL,'2010-04-28 01:58:10',NULL,'zen_cfg_select_drop_down(array(array(\'id\'=>\'1\', \'text\'=>\'True\'), array(\'id\'=>\'0\', \'text\'=>\'False\')), '),(14,'Show Product Tell a Friend button','SHOW_PRODUCT_INFO_TELL_A_FRIEND','1','Display the Tell a Friend button on Product Info<br /><br />Note: Turning this setting off does not affect the Tell a Friend box in the columns and turning off the Tell a Friend box does not affect the button<br />0= off 1= on',1,15,NULL,'2010-04-28 01:58:10',NULL,'zen_cfg_select_drop_down(array(array(\'id\'=>\'1\', \'text\'=>\'True\'), array(\'id\'=>\'0\', \'text\'=>\'False\')), '),(15,'Product Free Shipping Image Status - Catalog','SHOW_PRODUCT_INFO_ALWAYS_FREE_SHIPPING_IMAGE_SWITCH','0','Show the Free Shipping image/text in the catalog?',1,16,NULL,'2010-04-28 01:58:10',NULL,'zen_cfg_select_drop_down(array(array(\'id\'=>\'1\', \'text\'=>\'Yes\'), array(\'id\'=>\'0\', \'text\'=>\'No\')), '),(16,'Product Price Tax Class Default - When adding new products?','DEFAULT_PRODUCT_TAX_CLASS_ID','0','What should the Product Price Tax Class Default ID be when adding new products?',1,100,NULL,'2010-04-28 01:58:10','',''),(17,'Product Virtual Default Status - Skip Shipping Address - When adding new products?','DEFAULT_PRODUCT_PRODUCTS_VIRTUAL','0','Default Virtual Product status to be ON when adding new products?',1,101,NULL,'2010-04-28 01:58:10',NULL,'zen_cfg_select_drop_down(array(array(\'id\'=>\'1\', \'text\'=>\'True\'), array(\'id\'=>\'0\', \'text\'=>\'False\')), '),(18,'Product Free Shipping Default Status - Normal Shipping Rules - When adding new products?','DEFAULT_PRODUCT_PRODUCTS_IS_ALWAYS_FREE_SHIPPING','0','What should the Default Free Shipping status be when adding new products?<br />Yes, Always Free Shipping ON<br />No, Always Free Shipping OFF<br />Special, Product/Download Requires Shipping',1,102,NULL,'2010-04-28 01:58:10',NULL,'zen_cfg_select_drop_down(array(array(\'id\'=>\'1\', \'text\'=>\'Yes, Always ON\'), array(\'id\'=>\'0\', \'text\'=>\'No, Always OFF\'), array(\'id\'=>\'2\', \'text\'=>\'Special\')), '),(19,'Show Model Number','SHOW_PRODUCT_MUSIC_INFO_MODEL','1','Display Model Number on Product Info 0= off 1= on',2,1,NULL,'2010-04-28 01:58:10',NULL,'zen_cfg_select_drop_down(array(array(\'id\'=>\'1\', \'text\'=>\'True\'), array(\'id\'=>\'0\', \'text\'=>\'False\')), '),(20,'Show Weight','SHOW_PRODUCT_MUSIC_INFO_WEIGHT','0','Display Weight on Product Info 0= off 1= on',2,2,NULL,'2010-04-28 01:58:10',NULL,'zen_cfg_select_drop_down(array(array(\'id\'=>\'1\', \'text\'=>\'True\'), array(\'id\'=>\'0\', \'text\'=>\'False\')), '),(21,'Show Attribute Weight','SHOW_PRODUCT_MUSIC_INFO_WEIGHT_ATTRIBUTES','1','Display Attribute Weight on Product Info 0= off 1= on',2,3,NULL,'2010-04-28 01:58:10',NULL,'zen_cfg_select_drop_down(array(array(\'id\'=>\'1\', \'text\'=>\'True\'), array(\'id\'=>\'0\', \'text\'=>\'False\')), '),(22,'Show Artist','SHOW_PRODUCT_MUSIC_INFO_ARTIST','1','Display Artists Name on Product Info 0= off 1= on',2,4,NULL,'2010-04-28 01:58:10',NULL,'zen_cfg_select_drop_down(array(array(\'id\'=>\'1\', \'text\'=>\'True\'), array(\'id\'=>\'0\', \'text\'=>\'False\')), '),(23,'Show Music Genre','SHOW_PRODUCT_MUSIC_INFO_GENRE','1','Display Music Genre on Product Info 0= off 1= on',2,4,NULL,'2010-04-28 01:58:10',NULL,'zen_cfg_select_drop_down(array(array(\'id\'=>\'1\', \'text\'=>\'True\'), array(\'id\'=>\'0\', \'text\'=>\'False\')), '),(24,'Show Record Company','SHOW_PRODUCT_MUSIC_INFO_RECORD_COMPANY','1','Display Record Company on Product Info 0= off 1= on',2,4,NULL,'2010-04-28 01:58:10',NULL,'zen_cfg_select_drop_down(array(array(\'id\'=>\'1\', \'text\'=>\'True\'), array(\'id\'=>\'0\', \'text\'=>\'False\')), '),(25,'Show Quantity in Shopping Cart','SHOW_PRODUCT_MUSIC_INFO_IN_CART_QTY','1','Display Quantity in Current Shopping Cart on Product Info 0= off 1= on',2,5,NULL,'2010-04-28 01:58:10',NULL,'zen_cfg_select_drop_down(array(array(\'id\'=>\'1\', \'text\'=>\'True\'), array(\'id\'=>\'0\', \'text\'=>\'False\')), '),(26,'Show Quantity in Stock','SHOW_PRODUCT_MUSIC_INFO_QUANTITY','0','Display Quantity in Stock on Product Info 0= off 1= on',2,6,NULL,'2010-04-28 01:58:10',NULL,'zen_cfg_select_drop_down(array(array(\'id\'=>\'1\', \'text\'=>\'True\'), array(\'id\'=>\'0\', \'text\'=>\'False\')), '),(27,'Show Product Reviews Count','SHOW_PRODUCT_MUSIC_INFO_REVIEWS_COUNT','1','Display Product Reviews Count on Product Info 0= off 1= on',2,7,NULL,'2010-04-28 01:58:10',NULL,'zen_cfg_select_drop_down(array(array(\'id\'=>\'1\', \'text\'=>\'True\'), array(\'id\'=>\'0\', \'text\'=>\'False\')), '),(28,'Show Product Reviews Button','SHOW_PRODUCT_MUSIC_INFO_REVIEWS','1','Display Product Reviews Button on Product Info 0= off 1= on',2,8,NULL,'2010-04-28 01:58:10',NULL,'zen_cfg_select_drop_down(array(array(\'id\'=>\'1\', \'text\'=>\'True\'), array(\'id\'=>\'0\', \'text\'=>\'False\')), '),(29,'Show Date Available','SHOW_PRODUCT_MUSIC_INFO_DATE_AVAILABLE','1','Display Date Available on Product Info 0= off 1= on',2,9,NULL,'2010-04-28 01:58:10',NULL,'zen_cfg_select_drop_down(array(array(\'id\'=>\'1\', \'text\'=>\'True\'), array(\'id\'=>\'0\', \'text\'=>\'False\')), '),(30,'Show Date Added','SHOW_PRODUCT_MUSIC_INFO_DATE_ADDED','1','Display Date Added on Product Info 0= off 1= on',2,10,NULL,'2010-04-28 01:58:10',NULL,'zen_cfg_select_drop_down(array(array(\'id\'=>\'1\', \'text\'=>\'True\'), array(\'id\'=>\'0\', \'text\'=>\'False\')), '),(31,'Show Starting At text on Price','SHOW_PRODUCT_MUSIC_INFO_STARTING_AT','1','Display Starting At text on products with attributes Product Info 0= off 1= on',2,12,NULL,'2010-04-28 01:58:10',NULL,'zen_cfg_select_drop_down(array(array(\'id\'=>\'1\', \'text\'=>\'True\'), array(\'id\'=>\'0\', \'text\'=>\'False\')), '),(32,'Show Product Additional Images','SHOW_PRODUCT_MUSIC_INFO_ADDITIONAL_IMAGES','1','Display Additional Images on Product Info 0= off 1= on',2,13,NULL,'2010-04-28 01:58:10',NULL,'zen_cfg_select_drop_down(array(array(\'id\'=>\'1\', \'text\'=>\'True\'), array(\'id\'=>\'0\', \'text\'=>\'False\')), '),(33,'Show Product Tell a Friend button','SHOW_PRODUCT_MUSIC_INFO_TELL_A_FRIEND','1','Display the Tell a Friend button on Product Info<br /><br />Note: Turning this setting off does not affect the Tell a Friend box in the columns and turning off the Tell a Friend box does not affect the button<br />0= off 1= on',2,15,NULL,'2010-04-28 01:58:10',NULL,'zen_cfg_select_drop_down(array(array(\'id\'=>\'1\', \'text\'=>\'True\'), array(\'id\'=>\'0\', \'text\'=>\'False\')), '),(34,'Product Free Shipping Image Status - Catalog','SHOW_PRODUCT_MUSIC_INFO_ALWAYS_FREE_SHIPPING_IMAGE_SWITCH','0','Show the Free Shipping image/text in the catalog?',2,16,NULL,'2010-04-28 01:58:10',NULL,'zen_cfg_select_drop_down(array(array(\'id\'=>\'1\', \'text\'=>\'Yes\'), array(\'id\'=>\'0\', \'text\'=>\'No\')), '),(35,'Product Price Tax Class Default - When adding new products?','DEFAULT_PRODUCT_MUSIC_TAX_CLASS_ID','0','What should the Product Price Tax Class Default ID be when adding new products?',2,100,NULL,'2010-04-28 01:58:10','',''),(36,'Product Virtual Default Status - Skip Shipping Address - When adding new products?','DEFAULT_PRODUCT_MUSIC_PRODUCTS_VIRTUAL','0','Default Virtual Product status to be ON when adding new products?',2,101,NULL,'2010-04-28 01:58:10',NULL,'zen_cfg_select_drop_down(array(array(\'id\'=>\'1\', \'text\'=>\'True\'), array(\'id\'=>\'0\', \'text\'=>\'False\')), '),(37,'Product Free Shipping Default Status - Normal Shipping Rules - When adding new products?','DEFAULT_PRODUCT_MUSIC_PRODUCTS_IS_ALWAYS_FREE_SHIPPING','0','What should the Default Free Shipping status be when adding new products?<br />Yes, Always Free Shipping ON<br />No, Always Free Shipping OFF<br />Special, Product/Download Requires Shipping',2,102,NULL,'2010-04-28 01:58:10',NULL,'zen_cfg_select_drop_down(array(array(\'id\'=>\'1\', \'text\'=>\'Yes, Always ON\'), array(\'id\'=>\'0\', \'text\'=>\'No, Always OFF\'), array(\'id\'=>\'2\', \'text\'=>\'Special\')), '),(38,'Show Product Reviews Count','SHOW_DOCUMENT_GENERAL_INFO_REVIEWS_COUNT','1','Display Product Reviews Count on Product Info 0= off 1= on',3,7,NULL,'2010-04-28 01:58:10',NULL,'zen_cfg_select_drop_down(array(array(\'id\'=>\'1\', \'text\'=>\'True\'), array(\'id\'=>\'0\', \'text\'=>\'False\')), '),(39,'Show Product Reviews Button','SHOW_DOCUMENT_GENERAL_INFO_REVIEWS','1','Display Product Reviews Button on Product Info 0= off 1= on',3,8,NULL,'2010-04-28 01:58:10',NULL,'zen_cfg_select_drop_down(array(array(\'id\'=>\'1\', \'text\'=>\'True\'), array(\'id\'=>\'0\', \'text\'=>\'False\')), '),(40,'Show Date Available','SHOW_DOCUMENT_GENERAL_INFO_DATE_AVAILABLE','1','Display Date Available on Product Info 0= off 1= on',3,9,NULL,'2010-04-28 01:58:10',NULL,'zen_cfg_select_drop_down(array(array(\'id\'=>\'1\', \'text\'=>\'True\'), array(\'id\'=>\'0\', \'text\'=>\'False\')), '),(41,'Show Date Added','SHOW_DOCUMENT_GENERAL_INFO_DATE_ADDED','1','Display Date Added on Product Info 0= off 1= on',3,10,NULL,'2010-04-28 01:58:10',NULL,'zen_cfg_select_drop_down(array(array(\'id\'=>\'1\', \'text\'=>\'True\'), array(\'id\'=>\'0\', \'text\'=>\'False\')), '),(42,'Show Product Tell a Friend button','SHOW_DOCUMENT_GENERAL_INFO_TELL_A_FRIEND','1','Display the Tell a Friend button on Product Info<br /><br />Note: Turning this setting off does not affect the Tell a Friend box in the columns and turning off the Tell a Friend box does not affect the button<br />0= off 1= on',3,15,NULL,'2010-04-28 01:58:10',NULL,'zen_cfg_select_drop_down(array(array(\'id\'=>\'1\', \'text\'=>\'True\'), array(\'id\'=>\'0\', \'text\'=>\'False\')), '),(43,'Show Product URL','SHOW_DOCUMENT_GENERAL_INFO_URL','1','Display URL on Product Info 0= off 1= on',3,11,NULL,'2010-04-28 01:58:10',NULL,'zen_cfg_select_drop_down(array(array(\'id\'=>\'1\', \'text\'=>\'True\'), array(\'id\'=>\'0\', \'text\'=>\'False\')), '),(44,'Show Product Additional Images','SHOW_DOCUMENT_GENERAL_INFO_ADDITIONAL_IMAGES','1','Display Additional Images on Product Info 0= off 1= on',3,13,NULL,'2010-04-28 01:58:10',NULL,'zen_cfg_select_drop_down(array(array(\'id\'=>\'1\', \'text\'=>\'True\'), array(\'id\'=>\'0\', \'text\'=>\'False\')), '),(45,'Show Model Number','SHOW_DOCUMENT_PRODUCT_INFO_MODEL','1','Display Model Number on Product Info 0= off 1= on',4,1,NULL,'2010-04-28 01:58:10',NULL,'zen_cfg_select_drop_down(array(array(\'id\'=>\'1\', \'text\'=>\'True\'), array(\'id\'=>\'0\', \'text\'=>\'False\')), '),(46,'Show Weight','SHOW_DOCUMENT_PRODUCT_INFO_WEIGHT','0','Display Weight on Product Info 0= off 1= on',4,2,NULL,'2010-04-28 01:58:10',NULL,'zen_cfg_select_drop_down(array(array(\'id\'=>\'1\', \'text\'=>\'True\'), array(\'id\'=>\'0\', \'text\'=>\'False\')), '),(47,'Show Attribute Weight','SHOW_DOCUMENT_PRODUCT_INFO_WEIGHT_ATTRIBUTES','1','Display Attribute Weight on Product Info 0= off 1= on',4,3,NULL,'2010-04-28 01:58:10',NULL,'zen_cfg_select_drop_down(array(array(\'id\'=>\'1\', \'text\'=>\'True\'), array(\'id\'=>\'0\', \'text\'=>\'False\')), '),(48,'Show Manufacturer','SHOW_DOCUMENT_PRODUCT_INFO_MANUFACTURER','1','Display Manufacturer Name on Product Info 0= off 1= on',4,4,NULL,'2010-04-28 01:58:10',NULL,'zen_cfg_select_drop_down(array(array(\'id\'=>\'1\', \'text\'=>\'True\'), array(\'id\'=>\'0\', \'text\'=>\'False\')), '),(49,'Show Quantity in Shopping Cart','SHOW_DOCUMENT_PRODUCT_INFO_IN_CART_QTY','1','Display Quantity in Current Shopping Cart on Product Info 0= off 1= on',4,5,NULL,'2010-04-28 01:58:10',NULL,'zen_cfg_select_drop_down(array(array(\'id\'=>\'1\', \'text\'=>\'True\'), array(\'id\'=>\'0\', \'text\'=>\'False\')), '),(50,'Show Quantity in Stock','SHOW_DOCUMENT_PRODUCT_INFO_QUANTITY','0','Display Quantity in Stock on Product Info 0= off 1= on',4,6,NULL,'2010-04-28 01:58:10',NULL,'zen_cfg_select_drop_down(array(array(\'id\'=>\'1\', \'text\'=>\'True\'), array(\'id\'=>\'0\', \'text\'=>\'False\')), '),(51,'Show Product Reviews Count','SHOW_DOCUMENT_PRODUCT_INFO_REVIEWS_COUNT','1','Display Product Reviews Count on Product Info 0= off 1= on',4,7,NULL,'2010-04-28 01:58:10',NULL,'zen_cfg_select_drop_down(array(array(\'id\'=>\'1\', \'text\'=>\'True\'), array(\'id\'=>\'0\', \'text\'=>\'False\')), '),(52,'Show Product Reviews Button','SHOW_DOCUMENT_PRODUCT_INFO_REVIEWS','1','Display Product Reviews Button on Product Info 0= off 1= on',4,8,NULL,'2010-04-28 01:58:10',NULL,'zen_cfg_select_drop_down(array(array(\'id\'=>\'1\', \'text\'=>\'True\'), array(\'id\'=>\'0\', \'text\'=>\'False\')), '),(53,'Show Date Available','SHOW_DOCUMENT_PRODUCT_INFO_DATE_AVAILABLE','1','Display Date Available on Product Info 0= off 1= on',4,9,NULL,'2010-04-28 01:58:10',NULL,'zen_cfg_select_drop_down(array(array(\'id\'=>\'1\', \'text\'=>\'True\'), array(\'id\'=>\'0\', \'text\'=>\'False\')), '),(54,'Show Date Added','SHOW_DOCUMENT_PRODUCT_INFO_DATE_ADDED','1','Display Date Added on Product Info 0= off 1= on',4,10,NULL,'2010-04-28 01:58:10',NULL,'zen_cfg_select_drop_down(array(array(\'id\'=>\'1\', \'text\'=>\'True\'), array(\'id\'=>\'0\', \'text\'=>\'False\')), '),(55,'Show Product URL','SHOW_DOCUMENT_PRODUCT_INFO_URL','1','Display URL on Product Info 0= off 1= on',4,11,NULL,'2010-04-28 01:58:10',NULL,'zen_cfg_select_drop_down(array(array(\'id\'=>\'1\', \'text\'=>\'True\'), array(\'id\'=>\'0\', \'text\'=>\'False\')), '),(56,'Show Product Additional Images','SHOW_DOCUMENT_PRODUCT_INFO_ADDITIONAL_IMAGES','1','Display Additional Images on Product Info 0= off 1= on',4,13,NULL,'2010-04-28 01:58:10',NULL,'zen_cfg_select_drop_down(array(array(\'id\'=>\'1\', \'text\'=>\'True\'), array(\'id\'=>\'0\', \'text\'=>\'False\')), '),(57,'Show Starting At text on Price','SHOW_DOCUMENT_PRODUCT_INFO_STARTING_AT','1','Display Starting At text on products with attributes Product Info 0= off 1= on',4,12,NULL,'2010-04-28 01:58:10',NULL,'zen_cfg_select_drop_down(array(array(\'id\'=>\'1\', \'text\'=>\'True\'), array(\'id\'=>\'0\', \'text\'=>\'False\')), '),(58,'Show Product Tell a Friend button','SHOW_DOCUMENT_PRODUCT_INFO_TELL_A_FRIEND','1','Display the Tell a Friend button on Product Info<br /><br />Note: Turning this setting off does not affect the Tell a Friend box in the columns and turning off the Tell a Friend box does not affect the button<br />0= off 1= on',4,15,NULL,'2010-04-28 01:58:10',NULL,'zen_cfg_select_drop_down(array(array(\'id\'=>\'1\', \'text\'=>\'True\'), array(\'id\'=>\'0\', \'text\'=>\'False\')), '),(59,'Product Free Shipping Image Status - Catalog','SHOW_DOCUMENT_PRODUCT_INFO_ALWAYS_FREE_SHIPPING_IMAGE_SWITCH','0','Show the Free Shipping image/text in the catalog?',4,16,NULL,'2010-04-28 01:58:10',NULL,'zen_cfg_select_drop_down(array(array(\'id\'=>\'1\', \'text\'=>\'Yes\'), array(\'id\'=>\'0\', \'text\'=>\'No\')), '),(60,'Product Price Tax Class Default - When adding new products?','DEFAULT_DOCUMENT_PRODUCT_TAX_CLASS_ID','0','What should the Product Price Tax Class Default ID be when adding new products?',4,100,NULL,'2010-04-28 01:58:10','',''),(61,'Product Virtual Default Status - Skip Shipping Address - When adding new products?','DEFAULT_DOCUMENT_PRODUCT_PRODUCTS_VIRTUAL','0','Default Virtual Product status to be ON when adding new products?',4,101,NULL,'2010-04-28 01:58:10',NULL,'zen_cfg_select_drop_down(array(array(\'id\'=>\'1\', \'text\'=>\'True\'), array(\'id\'=>\'0\', \'text\'=>\'False\')), '),(62,'Product Free Shipping Default Status - Normal Shipping Rules - When adding new products?','DEFAULT_DOCUMENT_PRODUCT_PRODUCTS_IS_ALWAYS_FREE_SHIPPING','0','What should the Default Free Shipping status be when adding new products?<br />Yes, Always Free Shipping ON<br />No, Always Free Shipping OFF<br />Special, Product/Download Requires Shipping',4,102,NULL,'2010-04-28 01:58:10',NULL,'zen_cfg_select_drop_down(array(array(\'id\'=>\'1\', \'text\'=>\'Yes, Always ON\'), array(\'id\'=>\'0\', \'text\'=>\'No, Always OFF\'), array(\'id\'=>\'2\', \'text\'=>\'Special\')), '),(63,'Show Model Number','SHOW_PRODUCT_FREE_SHIPPING_INFO_MODEL','1','Display Model Number on Product Info 0= off 1= on',5,1,NULL,'2010-04-28 01:58:10',NULL,'zen_cfg_select_drop_down(array(array(\'id\'=>\'1\', \'text\'=>\'True\'), array(\'id\'=>\'0\', \'text\'=>\'False\')), '),(64,'Show Weight','SHOW_PRODUCT_FREE_SHIPPING_INFO_WEIGHT','0','Display Weight on Product Info 0= off 1= on',5,2,NULL,'2010-04-28 01:58:10',NULL,'zen_cfg_select_drop_down(array(array(\'id\'=>\'1\', \'text\'=>\'True\'), array(\'id\'=>\'0\', \'text\'=>\'False\')), '),(65,'Show Attribute Weight','SHOW_PRODUCT_FREE_SHIPPING_INFO_WEIGHT_ATTRIBUTES','1','Display Attribute Weight on Product Info 0= off 1= on',5,3,NULL,'2010-04-28 01:58:10',NULL,'zen_cfg_select_drop_down(array(array(\'id\'=>\'1\', \'text\'=>\'True\'), array(\'id\'=>\'0\', \'text\'=>\'False\')), '),(66,'Show Manufacturer','SHOW_PRODUCT_FREE_SHIPPING_INFO_MANUFACTURER','1','Display Manufacturer Name on Product Info 0= off 1= on',5,4,NULL,'2010-04-28 01:58:10',NULL,'zen_cfg_select_drop_down(array(array(\'id\'=>\'1\', \'text\'=>\'True\'), array(\'id\'=>\'0\', \'text\'=>\'False\')), '),(67,'Show Quantity in Shopping Cart','SHOW_PRODUCT_FREE_SHIPPING_INFO_IN_CART_QTY','1','Display Quantity in Current Shopping Cart on Product Info 0= off 1= on',5,5,NULL,'2010-04-28 01:58:10',NULL,'zen_cfg_select_drop_down(array(array(\'id\'=>\'1\', \'text\'=>\'True\'), array(\'id\'=>\'0\', \'text\'=>\'False\')), '),(68,'Show Quantity in Stock','SHOW_PRODUCT_FREE_SHIPPING_INFO_QUANTITY','1','Display Quantity in Stock on Product Info 0= off 1= on',5,6,NULL,'2010-04-28 01:58:10',NULL,'zen_cfg_select_drop_down(array(array(\'id\'=>\'1\', \'text\'=>\'True\'), array(\'id\'=>\'0\', \'text\'=>\'False\')), '),(69,'Show Product Reviews Count','SHOW_PRODUCT_FREE_SHIPPING_INFO_REVIEWS_COUNT','1','Display Product Reviews Count on Product Info 0= off 1= on',5,7,NULL,'2010-04-28 01:58:10',NULL,'zen_cfg_select_drop_down(array(array(\'id\'=>\'1\', \'text\'=>\'True\'), array(\'id\'=>\'0\', \'text\'=>\'False\')), '),(70,'Show Product Reviews Button','SHOW_PRODUCT_FREE_SHIPPING_INFO_REVIEWS','1','Display Product Reviews Button on Product Info 0= off 1= on',5,8,NULL,'2010-04-28 01:58:10',NULL,'zen_cfg_select_drop_down(array(array(\'id\'=>\'1\', \'text\'=>\'True\'), array(\'id\'=>\'0\', \'text\'=>\'False\')), '),(71,'Show Date Available','SHOW_PRODUCT_FREE_SHIPPING_INFO_DATE_AVAILABLE','0','Display Date Available on Product Info 0= off 1= on',5,9,NULL,'2010-04-28 01:58:10',NULL,'zen_cfg_select_drop_down(array(array(\'id\'=>\'1\', \'text\'=>\'True\'), array(\'id\'=>\'0\', \'text\'=>\'False\')), '),(72,'Show Date Added','SHOW_PRODUCT_FREE_SHIPPING_INFO_DATE_ADDED','1','Display Date Added on Product Info 0= off 1= on',5,10,NULL,'2010-04-28 01:58:10',NULL,'zen_cfg_select_drop_down(array(array(\'id\'=>\'1\', \'text\'=>\'True\'), array(\'id\'=>\'0\', \'text\'=>\'False\')), '),(73,'Show Product URL','SHOW_PRODUCT_FREE_SHIPPING_INFO_URL','1','Display URL on Product Info 0= off 1= on',5,11,NULL,'2010-04-28 01:58:10',NULL,'zen_cfg_select_drop_down(array(array(\'id\'=>\'1\', \'text\'=>\'True\'), array(\'id\'=>\'0\', \'text\'=>\'False\')), '),(74,'Show Product Additional Images','SHOW_PRODUCT_FREE_SHIPPING_INFO_ADDITIONAL_IMAGES','1','Display Additional Images on Product Info 0= off 1= on',5,13,NULL,'2010-04-28 01:58:10',NULL,'zen_cfg_select_drop_down(array(array(\'id\'=>\'1\', \'text\'=>\'True\'), array(\'id\'=>\'0\', \'text\'=>\'False\')), '),(75,'Show Starting At text on Price','SHOW_PRODUCT_FREE_SHIPPING_INFO_STARTING_AT','1','Display Starting At text on products with attributes Product Info 0= off 1= on',5,12,NULL,'2010-04-28 01:58:10',NULL,'zen_cfg_select_drop_down(array(array(\'id\'=>\'1\', \'text\'=>\'True\'), array(\'id\'=>\'0\', \'text\'=>\'False\')), '),(76,'Show Product Tell a Friend button','SHOW_PRODUCT_FREE_SHIPPING_INFO_TELL_A_FRIEND','1','Display the Tell a Friend button on Product Info<br /><br />Note: Turning this setting off does not affect the Tell a Friend box in the columns and turning off the Tell a Friend box does not affect the button<br />0= off 1= on',5,15,NULL,'2010-04-28 01:58:10',NULL,'zen_cfg_select_drop_down(array(array(\'id\'=>\'1\', \'text\'=>\'True\'), array(\'id\'=>\'0\', \'text\'=>\'False\')), '),(77,'Product Free Shipping Image Status - Catalog','SHOW_PRODUCT_FREE_SHIPPING_INFO_ALWAYS_FREE_SHIPPING_IMAGE_SWITCH','1','Show the Free Shipping image/text in the catalog?',5,16,NULL,'2010-04-28 01:58:10',NULL,'zen_cfg_select_drop_down(array(array(\'id\'=>\'1\', \'text\'=>\'Yes\'), array(\'id\'=>\'0\', \'text\'=>\'No\')), '),(78,'Product Price Tax Class Default - When adding new products?','DEFAULT_PRODUCT_FREE_SHIPPING_TAX_CLASS_ID','0','What should the Product Price Tax Class Default ID be when adding new products?',5,100,NULL,'2010-04-28 01:58:10','',''),(79,'Product Virtual Default Status - Skip Shipping Address - When adding new products?','DEFAULT_PRODUCT_FREE_SHIPPING_PRODUCTS_VIRTUAL','0','Default Virtual Product status to be ON when adding new products?',5,101,NULL,'2010-04-28 01:58:10',NULL,'zen_cfg_select_drop_down(array(array(\'id\'=>\'1\', \'text\'=>\'True\'), array(\'id\'=>\'0\', \'text\'=>\'False\')), '),(80,'Product Free Shipping Default Status - Normal Shipping Rules - When adding new products?','DEFAULT_PRODUCT_FREE_SHIPPING_PRODUCTS_IS_ALWAYS_FREE_SHIPPING','1','What should the Default Free Shipping status be when adding new products?<br />Yes, Always Free Shipping ON<br />No, Always Free Shipping OFF<br />Special, Product/Download Requires Shipping',5,102,NULL,'2010-04-28 01:58:10',NULL,'zen_cfg_select_drop_down(array(array(\'id\'=>\'1\', \'text\'=>\'Yes, Always ON\'), array(\'id\'=>\'0\', \'text\'=>\'No, Always OFF\'), array(\'id\'=>\'2\', \'text\'=>\'Special\')), '),(81,'Show Metatags Title Default - Product Title','SHOW_PRODUCT_INFO_METATAGS_TITLE_STATUS','1','Display Product Title in Meta Tags Title 0= off 1= on',1,50,NULL,'2010-04-28 01:58:10',NULL,'zen_cfg_select_drop_down(array(array(\'id\'=>\'1\', \'text\'=>\'True\'), array(\'id\'=>\'0\', \'text\'=>\'False\')), '),(82,'Show Metatags Title Default - Product Name','SHOW_PRODUCT_INFO_METATAGS_PRODUCTS_NAME_STATUS','1','Display Product Name in Meta Tags Title 0= off 1= on',1,51,NULL,'2010-04-28 01:58:10',NULL,'zen_cfg_select_drop_down(array(array(\'id\'=>\'1\', \'text\'=>\'True\'), array(\'id\'=>\'0\', \'text\'=>\'False\')), '),(83,'Show Metatags Title Default - Product Model','SHOW_PRODUCT_INFO_METATAGS_MODEL_STATUS','1','Display Product Model in Meta Tags Title 0= off 1= on',1,52,NULL,'2010-04-28 01:58:10',NULL,'zen_cfg_select_drop_down(array(array(\'id\'=>\'1\', \'text\'=>\'True\'), array(\'id\'=>\'0\', \'text\'=>\'False\')), '),(84,'Show Metatags Title Default - Product Price','SHOW_PRODUCT_INFO_METATAGS_PRICE_STATUS','1','Display Product Price in Meta Tags Title 0= off 1= on',1,53,NULL,'2010-04-28 01:58:10',NULL,'zen_cfg_select_drop_down(array(array(\'id\'=>\'1\', \'text\'=>\'True\'), array(\'id\'=>\'0\', \'text\'=>\'False\')), '),(85,'Show Metatags Title Default - Product Tagline','SHOW_PRODUCT_INFO_METATAGS_TITLE_TAGLINE_STATUS','1','Display Product Tagline in Meta Tags Title 0= off 1= on',1,54,NULL,'2010-04-28 01:58:10',NULL,'zen_cfg_select_drop_down(array(array(\'id\'=>\'1\', \'text\'=>\'True\'), array(\'id\'=>\'0\', \'text\'=>\'False\')), '),(86,'Show Metatags Title Default - Product Title','SHOW_PRODUCT_MUSIC_INFO_METATAGS_TITLE_STATUS','1','Display Product Title in Meta Tags Title 0= off 1= on',2,50,NULL,'2010-04-28 01:58:10',NULL,'zen_cfg_select_drop_down(array(array(\'id\'=>\'1\', \'text\'=>\'True\'), array(\'id\'=>\'0\', \'text\'=>\'False\')), '),(87,'Show Metatags Title Default - Product Name','SHOW_PRODUCT_MUSIC_INFO_METATAGS_PRODUCTS_NAME_STATUS','1','Display Product Name in Meta Tags Title 0= off 1= on',2,51,NULL,'2010-04-28 01:58:10',NULL,'zen_cfg_select_drop_down(array(array(\'id\'=>\'1\', \'text\'=>\'True\'), array(\'id\'=>\'0\', \'text\'=>\'False\')), '),(88,'Show Metatags Title Default - Product Model','SHOW_PRODUCT_MUSIC_INFO_METATAGS_MODEL_STATUS','1','Display Product Model in Meta Tags Title 0= off 1= on',2,52,NULL,'2010-04-28 01:58:10',NULL,'zen_cfg_select_drop_down(array(array(\'id\'=>\'1\', \'text\'=>\'True\'), array(\'id\'=>\'0\', \'text\'=>\'False\')), '),(89,'Show Metatags Title Default - Product Price','SHOW_PRODUCT_MUSIC_INFO_METATAGS_PRICE_STATUS','1','Display Product Price in Meta Tags Title 0= off 1= on',2,53,NULL,'2010-04-28 01:58:10',NULL,'zen_cfg_select_drop_down(array(array(\'id\'=>\'1\', \'text\'=>\'True\'), array(\'id\'=>\'0\', \'text\'=>\'False\')), '),(90,'Show Metatags Title Default - Product Tagline','SHOW_PRODUCT_MUSIC_INFO_METATAGS_TITLE_TAGLINE_STATUS','1','Display Product Tagline in Meta Tags Title 0= off 1= on',2,54,NULL,'2010-04-28 01:58:10',NULL,'zen_cfg_select_drop_down(array(array(\'id\'=>\'1\', \'text\'=>\'True\'), array(\'id\'=>\'0\', \'text\'=>\'False\')), '),(91,'Show Metatags Title Default - Document Title','SHOW_DOCUMENT_GENERAL_INFO_METATAGS_TITLE_STATUS','1','Display Document Title in Meta Tags Title 0= off 1= on',3,50,NULL,'2010-04-28 01:58:10',NULL,'zen_cfg_select_drop_down(array(array(\'id\'=>\'1\', \'text\'=>\'True\'), array(\'id\'=>\'0\', \'text\'=>\'False\')), '),(92,'Show Metatags Title Default - Document Name','SHOW_DOCUMENT_GENERAL_INFO_METATAGS_PRODUCTS_NAME_STATUS','1','Display Document Name in Meta Tags Title 0= off 1= on',3,51,NULL,'2010-04-28 01:58:10',NULL,'zen_cfg_select_drop_down(array(array(\'id\'=>\'1\', \'text\'=>\'True\'), array(\'id\'=>\'0\', \'text\'=>\'False\')), '),(93,'Show Metatags Title Default - Document Tagline','SHOW_DOCUMENT_GENERAL_INFO_METATAGS_TITLE_TAGLINE_STATUS','1','Display Document Tagline in Meta Tags Title 0= off 1= on',3,54,NULL,'2010-04-28 01:58:10',NULL,'zen_cfg_select_drop_down(array(array(\'id\'=>\'1\', \'text\'=>\'True\'), array(\'id\'=>\'0\', \'text\'=>\'False\')), '),(94,'Show Metatags Title Default - Document Title','SHOW_DOCUMENT_PRODUCT_INFO_METATAGS_TITLE_STATUS','1','Display Document Title in Meta Tags Title 0= off 1= on',4,50,NULL,'2010-04-28 01:58:10',NULL,'zen_cfg_select_drop_down(array(array(\'id\'=>\'1\', \'text\'=>\'True\'), array(\'id\'=>\'0\', \'text\'=>\'False\')), '),(95,'Show Metatags Title Default - Document Name','SHOW_DOCUMENT_PRODUCT_INFO_METATAGS_PRODUCTS_NAME_STATUS','1','Display Document Name in Meta Tags Title 0= off 1= on',4,51,NULL,'2010-04-28 01:58:10',NULL,'zen_cfg_select_drop_down(array(array(\'id\'=>\'1\', \'text\'=>\'True\'), array(\'id\'=>\'0\', \'text\'=>\'False\')), '),(96,'Show Metatags Title Default - Document Model','SHOW_DOCUMENT_PRODUCT_INFO_METATAGS_MODEL_STATUS','1','Display Document Model in Meta Tags Title 0= off 1= on',4,52,NULL,'2010-04-28 01:58:10',NULL,'zen_cfg_select_drop_down(array(array(\'id\'=>\'1\', \'text\'=>\'True\'), array(\'id\'=>\'0\', \'text\'=>\'False\')), '),(97,'Show Metatags Title Default - Document Price','SHOW_DOCUMENT_PRODUCT_INFO_METATAGS_PRICE_STATUS','1','Display Document Price in Meta Tags Title 0= off 1= on',4,53,NULL,'2010-04-28 01:58:10',NULL,'zen_cfg_select_drop_down(array(array(\'id\'=>\'1\', \'text\'=>\'True\'), array(\'id\'=>\'0\', \'text\'=>\'False\')), '),(98,'Show Metatags Title Default - Document Tagline','SHOW_DOCUMENT_PRODUCT_INFO_METATAGS_TITLE_TAGLINE_STATUS','1','Display Document Tagline in Meta Tags Title 0= off 1= on',4,54,NULL,'2010-04-28 01:58:10',NULL,'zen_cfg_select_drop_down(array(array(\'id\'=>\'1\', \'text\'=>\'True\'), array(\'id\'=>\'0\', \'text\'=>\'False\')), '),(99,'Show Metatags Title Default - Product Title','SHOW_PRODUCT_FREE_SHIPPING_INFO_METATAGS_TITLE_STATUS','1','Display Product Title in Meta Tags Title 0= off 1= on',5,50,NULL,'2010-04-28 01:58:10',NULL,'zen_cfg_select_drop_down(array(array(\'id\'=>\'1\', \'text\'=>\'True\'), array(\'id\'=>\'0\', \'text\'=>\'False\')), '),(100,'Show Metatags Title Default - Product Name','SHOW_PRODUCT_FREE_SHIPPING_INFO_METATAGS_PRODUCTS_NAME_STATUS','1','Display Product Name in Meta Tags Title 0= off 1= on',5,51,NULL,'2010-04-28 01:58:10',NULL,'zen_cfg_select_drop_down(array(array(\'id\'=>\'1\', \'text\'=>\'True\'), array(\'id\'=>\'0\', \'text\'=>\'False\')), '),(101,'Show Metatags Title Default - Product Model','SHOW_PRODUCT_FREE_SHIPPING_INFO_METATAGS_MODEL_STATUS','1','Display Product Model in Meta Tags Title 0= off 1= on',5,52,NULL,'2010-04-28 01:58:10',NULL,'zen_cfg_select_drop_down(array(array(\'id\'=>\'1\', \'text\'=>\'True\'), array(\'id\'=>\'0\', \'text\'=>\'False\')), '),(102,'Show Metatags Title Default - Product Price','SHOW_PRODUCT_FREE_SHIPPING_INFO_METATAGS_PRICE_STATUS','1','Display Product Price in Meta Tags Title 0= off 1= on',5,53,NULL,'2010-04-28 01:58:10',NULL,'zen_cfg_select_drop_down(array(array(\'id\'=>\'1\', \'text\'=>\'True\'), array(\'id\'=>\'0\', \'text\'=>\'False\')), '),(103,'Show Metatags Title Default - Product Tagline','SHOW_PRODUCT_FREE_SHIPPING_INFO_METATAGS_TITLE_TAGLINE_STATUS','1','Display Product Tagline in Meta Tags Title 0= off 1= on',5,54,NULL,'2010-04-28 01:58:10',NULL,'zen_cfg_select_drop_down(array(array(\'id\'=>\'1\', \'text\'=>\'True\'), array(\'id\'=>\'0\', \'text\'=>\'False\')), '),(104,'PRODUCT Attribute is Display Only - Default','DEFAULT_PRODUCT_ATTRIBUTES_DISPLAY_ONLY','0','PRODUCT Attribute is Display Only<br />Used For Display Purposes Only<br />0= No 1= Yes',1,200,NULL,'2010-04-28 01:58:10',NULL,'zen_cfg_select_drop_down(array(array(\'id\'=>\'1\', \'text\'=>\'Yes\'), array(\'id\'=>\'0\', \'text\'=>\'No\')), '),(105,'PRODUCT Attribute is Free - Default','DEFAULT_PRODUCT_ATTRIBUTE_IS_FREE','1','PRODUCT Attribute is Free<br />Attribute is Free When Product is Free<br />0= No 1= Yes',1,201,NULL,'2010-04-28 01:58:10',NULL,'zen_cfg_select_drop_down(array(array(\'id\'=>\'1\', \'text\'=>\'Yes\'), array(\'id\'=>\'0\', \'text\'=>\'No\')), '),(106,'PRODUCT Attribute is Default - Default','DEFAULT_PRODUCT_ATTRIBUTES_DEFAULT','0','PRODUCT Attribute is Default<br />Default Attribute to be Marked Selected<br />0= No 1= Yes',1,202,NULL,'2010-04-28 01:58:10',NULL,'zen_cfg_select_drop_down(array(array(\'id\'=>\'1\', \'text\'=>\'Yes\'), array(\'id\'=>\'0\', \'text\'=>\'No\')), '),(107,'PRODUCT Attribute is Discounted - Default','DEFAULT_PRODUCT_ATTRIBUTES_DISCOUNTED','1','PRODUCT Attribute is Discounted<br />Apply Discounts Used by Product Special/Sale<br />0= No 1= Yes',1,203,NULL,'2010-04-28 01:58:10',NULL,'zen_cfg_select_drop_down(array(array(\'id\'=>\'1\', \'text\'=>\'Yes\'), array(\'id\'=>\'0\', \'text\'=>\'No\')), '),(108,'PRODUCT Attribute is Included in Base Price - Default','DEFAULT_PRODUCT_ATTRIBUTES_PRICE_BASE_INCLUDED','1','PRODUCT Attribute is Included in Base Price<br />Include in Base Price When Priced by Attributes<br />0= No 1= Yes',1,204,NULL,'2010-04-28 01:58:10',NULL,'zen_cfg_select_drop_down(array(array(\'id\'=>\'1\', \'text\'=>\'Yes\'), array(\'id\'=>\'0\', \'text\'=>\'No\')), '),(109,'PRODUCT Attribute is Required - Default','DEFAULT_PRODUCT_ATTRIBUTES_REQUIRED','0','PRODUCT Attribute is Required<br />Attribute Required for Text<br />0= No 1= Yes',1,205,NULL,'2010-04-28 01:58:10',NULL,'zen_cfg_select_drop_down(array(array(\'id\'=>\'1\', \'text\'=>\'Yes\'), array(\'id\'=>\'0\', \'text\'=>\'No\')), '),(110,'PRODUCT Attribute Price Prefix - Default','DEFAULT_PRODUCT_PRICE_PREFIX','1','PRODUCT Attribute Price Prefix<br />Default Attribute Price Prefix for Adding<br />Blank, + or -',1,206,NULL,'2010-04-28 01:58:10',NULL,'zen_cfg_select_drop_down(array(array(\'id\'=>\'0\', \'text\'=>\'Blank\'), array(\'id\'=>\'1\', \'text\'=>\'+\'), array(\'id\'=>\'2\', \'text\'=>\'-\')), '),(111,'PRODUCT Attribute Weight Prefix - Default','DEFAULT_PRODUCT_PRODUCTS_ATTRIBUTES_WEIGHT_PREFIX','1','PRODUCT Attribute Weight Prefix<br />Default Attribute Weight Prefix<br />Blank, + or -',1,207,NULL,'2010-04-28 01:58:10',NULL,'zen_cfg_select_drop_down(array(array(\'id\'=>\'0\', \'text\'=>\'Blank\'), array(\'id\'=>\'1\', \'text\'=>\'+\'), array(\'id\'=>\'2\', \'text\'=>\'-\')), '),(112,'MUSIC Attribute is Display Only - Default','DEFAULT_PRODUCT_MUSIC_ATTRIBUTES_DISPLAY_ONLY','0','MUSIC Attribute is Display Only<br />Used For Display Purposes Only<br />0= No 1= Yes',2,200,NULL,'2010-04-28 01:58:10',NULL,'zen_cfg_select_drop_down(array(array(\'id\'=>\'1\', \'text\'=>\'Yes\'), array(\'id\'=>\'0\', \'text\'=>\'No\')), '),(113,'MUSIC Attribute is Free - Default','DEFAULT_PRODUCT_MUSIC_ATTRIBUTE_IS_FREE','1','MUSIC Attribute is Free<br />Attribute is Free When Product is Free<br />0= No 1= Yes',2,201,NULL,'2010-04-28 01:58:10',NULL,'zen_cfg_select_drop_down(array(array(\'id\'=>\'1\', \'text\'=>\'Yes\'), array(\'id\'=>\'0\', \'text\'=>\'No\')), '),(114,'MUSIC Attribute is Default - Default','DEFAULT_PRODUCT_MUSIC_ATTRIBUTES_DEFAULT','0','MUSIC Attribute is Default<br />Default Attribute to be Marked Selected<br />0= No 1= Yes',2,202,NULL,'2010-04-28 01:58:10',NULL,'zen_cfg_select_drop_down(array(array(\'id\'=>\'1\', \'text\'=>\'Yes\'), array(\'id\'=>\'0\', \'text\'=>\'No\')), '),(115,'MUSIC Attribute is Discounted - Default','DEFAULT_PRODUCT_MUSIC_ATTRIBUTES_DISCOUNTED','1','MUSIC Attribute is Discounted<br />Apply Discounts Used by Product Special/Sale<br />0= No 1= Yes',2,203,NULL,'2010-04-28 01:58:10',NULL,'zen_cfg_select_drop_down(array(array(\'id\'=>\'1\', \'text\'=>\'Yes\'), array(\'id\'=>\'0\', \'text\'=>\'No\')), '),(116,'MUSIC Attribute is Included in Base Price - Default','DEFAULT_PRODUCT_MUSIC_ATTRIBUTES_PRICE_BASE_INCLUDED','1','MUSIC Attribute is Included in Base Price<br />Include in Base Price When Priced by Attributes<br />0= No 1= Yes',2,204,NULL,'2010-04-28 01:58:10',NULL,'zen_cfg_select_drop_down(array(array(\'id\'=>\'1\', \'text\'=>\'Yes\'), array(\'id\'=>\'0\', \'text\'=>\'No\')), '),(117,'MUSIC Attribute is Required - Default','DEFAULT_PRODUCT_MUSIC_ATTRIBUTES_REQUIRED','0','MUSIC Attribute is Required<br />Attribute Required for Text<br />0= No 1= Yes',2,205,NULL,'2010-04-28 01:58:10',NULL,'zen_cfg_select_drop_down(array(array(\'id\'=>\'1\', \'text\'=>\'Yes\'), array(\'id\'=>\'0\', \'text\'=>\'No\')), '),(118,'MUSIC Attribute Price Prefix - Default','DEFAULT_PRODUCT_MUSIC_PRICE_PREFIX','1','MUSIC Attribute Price Prefix<br />Default Attribute Price Prefix for Adding<br />Blank, + or -',2,206,NULL,'2010-04-28 01:58:10',NULL,'zen_cfg_select_drop_down(array(array(\'id\'=>\'0\', \'text\'=>\'Blank\'), array(\'id\'=>\'1\', \'text\'=>\'+\'), array(\'id\'=>\'2\', \'text\'=>\'-\')), '),(119,'MUSIC Attribute Weight Prefix - Default','DEFAULT_PRODUCT_MUSIC_PRODUCTS_ATTRIBUTES_WEIGHT_PREFIX','1','MUSIC Attribute Weight Prefix<br />Default Attribute Weight Prefix<br />Blank, + or -',2,207,NULL,'2010-04-28 01:58:10',NULL,'zen_cfg_select_drop_down(array(array(\'id\'=>\'0\', \'text\'=>\'Blank\'), array(\'id\'=>\'1\', \'text\'=>\'+\'), array(\'id\'=>\'2\', \'text\'=>\'-\')), '),(120,'DOCUMENT GENERAL Attribute is Display Only - Default','DEFAULT_DOCUMENT_GENERAL_ATTRIBUTES_DISPLAY_ONLY','0','DOCUMENT GENERAL Attribute is Display Only<br />Used For Display Purposes Only<br />0= No 1= Yes',3,200,NULL,'2010-04-28 01:58:10',NULL,'zen_cfg_select_drop_down(array(array(\'id\'=>\'1\', \'text\'=>\'Yes\'), array(\'id\'=>\'0\', \'text\'=>\'No\')), '),(121,'DOCUMENT GENERAL Attribute is Free - Default','DEFAULT_DOCUMENT_GENERAL_ATTRIBUTE_IS_FREE','1','DOCUMENT GENERAL Attribute is Free<br />Attribute is Free When Product is Free<br />0= No 1= Yes',3,201,NULL,'2010-04-28 01:58:10',NULL,'zen_cfg_select_drop_down(array(array(\'id\'=>\'1\', \'text\'=>\'Yes\'), array(\'id\'=>\'0\', \'text\'=>\'No\')), '),(122,'DOCUMENT GENERAL Attribute is Default - Default','DEFAULT_DOCUMENT_GENERAL_ATTRIBUTES_DEFAULT','0','DOCUMENT GENERAL Attribute is Default<br />Default Attribute to be Marked Selected<br />0= No 1= Yes',3,202,NULL,'2010-04-28 01:58:10',NULL,'zen_cfg_select_drop_down(array(array(\'id\'=>\'1\', \'text\'=>\'Yes\'), array(\'id\'=>\'0\', \'text\'=>\'No\')), '),(123,'DOCUMENT GENERAL Attribute is Discounted - Default','DEFAULT_DOCUMENT_GENERAL_ATTRIBUTES_DISCOUNTED','1','DOCUMENT GENERAL Attribute is Discounted<br />Apply Discounts Used by Product Special/Sale<br />0= No 1= Yes',3,203,NULL,'2010-04-28 01:58:10',NULL,'zen_cfg_select_drop_down(array(array(\'id\'=>\'1\', \'text\'=>\'Yes\'), array(\'id\'=>\'0\', \'text\'=>\'No\')), '),(124,'DOCUMENT GENERAL Attribute is Included in Base Price - Default','DEFAULT_DOCUMENT_GENERAL_ATTRIBUTES_PRICE_BASE_INCLUDED','1','DOCUMENT GENERAL Attribute is Included in Base Price<br />Include in Base Price When Priced by Attributes<br />0= No 1= Yes',3,204,NULL,'2010-04-28 01:58:10',NULL,'zen_cfg_select_drop_down(array(array(\'id\'=>\'1\', \'text\'=>\'Yes\'), array(\'id\'=>\'0\', \'text\'=>\'No\')), '),(125,'DOCUMENT GENERAL Attribute is Required - Default','DEFAULT_DOCUMENT_GENERAL_ATTRIBUTES_REQUIRED','0','DOCUMENT GENERAL Attribute is Required<br />Attribute Required for Text<br />0= No 1= Yes',3,205,NULL,'2010-04-28 01:58:10',NULL,'zen_cfg_select_drop_down(array(array(\'id\'=>\'1\', \'text\'=>\'Yes\'), array(\'id\'=>\'0\', \'text\'=>\'No\')), '),(126,'DOCUMENT GENERAL Attribute Price Prefix - Default','DEFAULT_DOCUMENT_GENERAL_PRICE_PREFIX','1','DOCUMENT GENERAL Attribute Price Prefix<br />Default Attribute Price Prefix for Adding<br />Blank, + or -',3,206,NULL,'2010-04-28 01:58:10',NULL,'zen_cfg_select_drop_down(array(array(\'id\'=>\'0\', \'text\'=>\'Blank\'), array(\'id\'=>\'1\', \'text\'=>\'+\'), array(\'id\'=>\'2\', \'text\'=>\'-\')), '),(127,'DOCUMENT GENERAL Attribute Weight Prefix - Default','DEFAULT_DOCUMENT_GENERAL_PRODUCTS_ATTRIBUTES_WEIGHT_PREFIX','1','DOCUMENT GENERAL Attribute Weight Prefix<br />Default Attribute Weight Prefix<br />Blank, + or -',3,207,NULL,'2010-04-28 01:58:10',NULL,'zen_cfg_select_drop_down(array(array(\'id\'=>\'0\', \'text\'=>\'Blank\'), array(\'id\'=>\'1\', \'text\'=>\'+\'), array(\'id\'=>\'2\', \'text\'=>\'-\')), '),(128,'DOCUMENT PRODUCT Attribute is Display Only - Default','DEFAULT_DOCUMENT_PRODUCT_ATTRIBUTES_DISPLAY_ONLY','0','DOCUMENT PRODUCT Attribute is Display Only<br />Used For Display Purposes Only<br />0= No 1= Yes',4,200,NULL,'2010-04-28 01:58:10',NULL,'zen_cfg_select_drop_down(array(array(\'id\'=>\'1\', \'text\'=>\'Yes\'), array(\'id\'=>\'0\', \'text\'=>\'No\')), '),(129,'DOCUMENT PRODUCT Attribute is Free - Default','DEFAULT_DOCUMENT_PRODUCT_ATTRIBUTE_IS_FREE','1','DOCUMENT PRODUCT Attribute is Free<br />Attribute is Free When Product is Free<br />0= No 1= Yes',4,201,NULL,'2010-04-28 01:58:10',NULL,'zen_cfg_select_drop_down(array(array(\'id\'=>\'1\', \'text\'=>\'Yes\'), array(\'id\'=>\'0\', \'text\'=>\'No\')), '),(130,'DOCUMENT PRODUCT Attribute is Default - Default','DEFAULT_DOCUMENT_PRODUCT_ATTRIBUTES_DEFAULT','0','DOCUMENT PRODUCT Attribute is Default<br />Default Attribute to be Marked Selected<br />0= No 1= Yes',4,202,NULL,'2010-04-28 01:58:10',NULL,'zen_cfg_select_drop_down(array(array(\'id\'=>\'1\', \'text\'=>\'Yes\'), array(\'id\'=>\'0\', \'text\'=>\'No\')), '),(131,'DOCUMENT PRODUCT Attribute is Discounted - Default','DEFAULT_DOCUMENT_PRODUCT_ATTRIBUTES_DISCOUNTED','1','DOCUMENT PRODUCT Attribute is Discounted<br />Apply Discounts Used by Product Special/Sale<br />0= No 1= Yes',4,203,NULL,'2010-04-28 01:58:10',NULL,'zen_cfg_select_drop_down(array(array(\'id\'=>\'1\', \'text\'=>\'Yes\'), array(\'id\'=>\'0\', \'text\'=>\'No\')), '),(132,'DOCUMENT PRODUCT Attribute is Included in Base Price - Default','DEFAULT_DOCUMENT_PRODUCT_ATTRIBUTES_PRICE_BASE_INCLUDED','1','DOCUMENT PRODUCT Attribute is Included in Base Price<br />Include in Base Price When Priced by Attributes<br />0= No 1= Yes',4,204,NULL,'2010-04-28 01:58:10',NULL,'zen_cfg_select_drop_down(array(array(\'id\'=>\'1\', \'text\'=>\'Yes\'), array(\'id\'=>\'0\', \'text\'=>\'No\')), '),(133,'DOCUMENT PRODUCT Attribute is Required - Default','DEFAULT_DOCUMENT_PRODUCT_ATTRIBUTES_REQUIRED','0','DOCUMENT PRODUCT Attribute is Required<br />Attribute Required for Text<br />0= No 1= Yes',4,205,NULL,'2010-04-28 01:58:10',NULL,'zen_cfg_select_drop_down(array(array(\'id\'=>\'1\', \'text\'=>\'Yes\'), array(\'id\'=>\'0\', \'text\'=>\'No\')), '),(134,'DOCUMENT PRODUCT Attribute Price Prefix - Default','DEFAULT_DOCUMENT_PRODUCT_PRICE_PREFIX','1','DOCUMENT PRODUCT Attribute Price Prefix<br />Default Attribute Price Prefix for Adding<br />Blank, + or -',4,206,NULL,'2010-04-28 01:58:10',NULL,'zen_cfg_select_drop_down(array(array(\'id\'=>\'0\', \'text\'=>\'Blank\'), array(\'id\'=>\'1\', \'text\'=>\'+\'), array(\'id\'=>\'2\', \'text\'=>\'-\')), '),(135,'DOCUMENT PRODUCT Attribute Weight Prefix - Default','DEFAULT_DOCUMENT_PRODUCT_PRODUCTS_ATTRIBUTES_WEIGHT_PREFIX','1','DOCUMENT PRODUCT Attribute Weight Prefix<br />Default Attribute Weight Prefix<br />Blank, + or -',4,207,NULL,'2010-04-28 01:58:10',NULL,'zen_cfg_select_drop_down(array(array(\'id\'=>\'0\', \'text\'=>\'Blank\'), array(\'id\'=>\'1\', \'text\'=>\'+\'), array(\'id\'=>\'2\', \'text\'=>\'-\')), '),(136,'PRODUCT FREE SHIPPING Attribute is Display Only - Default','DEFAULT_PRODUCT_FREE_SHIPPING_ATTRIBUTES_DISPLAY_ONLY','0','PRODUCT FREE SHIPPING Attribute is Display Only<br />Used For Display Purposes Only<br />0= No 1= Yes',5,201,NULL,'2010-04-28 01:58:10',NULL,'zen_cfg_select_drop_down(array(array(\'id\'=>\'1\', \'text\'=>\'Yes\'), array(\'id\'=>\'0\', \'text\'=>\'No\')), '),(137,'PRODUCT FREE SHIPPING Attribute is Free - Default','DEFAULT_PRODUCT_FREE_SHIPPING_ATTRIBUTE_IS_FREE','1','PRODUCT FREE SHIPPING Attribute is Free<br />Attribute is Free When Product is Free<br />0= No 1= Yes',5,201,NULL,'2010-04-28 01:58:10',NULL,'zen_cfg_select_drop_down(array(array(\'id\'=>\'1\', \'text\'=>\'Yes\'), array(\'id\'=>\'0\', \'text\'=>\'No\')), '),(138,'PRODUCT FREE SHIPPING Attribute is Default - Default','DEFAULT_PRODUCT_FREE_SHIPPING_ATTRIBUTES_DEFAULT','0','PRODUCT FREE SHIPPING Attribute is Default<br />Default Attribute to be Marked Selected<br />0= No 1= Yes',5,202,NULL,'2010-04-28 01:58:10',NULL,'zen_cfg_select_drop_down(array(array(\'id\'=>\'1\', \'text\'=>\'Yes\'), array(\'id\'=>\'0\', \'text\'=>\'No\')), '),(139,'PRODUCT FREE SHIPPING Attribute is Discounted - Default','DEFAULT_PRODUCT_FREE_SHIPPING_ATTRIBUTES_DISCOUNTED','1','PRODUCT FREE SHIPPING Attribute is Discounted<br />Apply Discounts Used by Product Special/Sale<br />0= No 1= Yes',5,203,NULL,'2010-04-28 01:58:10',NULL,'zen_cfg_select_drop_down(array(array(\'id\'=>\'1\', \'text\'=>\'Yes\'), array(\'id\'=>\'0\', \'text\'=>\'No\')), '),(140,'PRODUCT FREE SHIPPING Attribute is Included in Base Price - Default','DEFAULT_PRODUCT_FREE_SHIPPING_ATTRIBUTES_PRICE_BASE_INCLUDED','1','PRODUCT FREE SHIPPING Attribute is Included in Base Price<br />Include in Base Price When Priced by Attributes<br />0= No 1= Yes',5,204,NULL,'2010-04-28 01:58:10',NULL,'zen_cfg_select_drop_down(array(array(\'id\'=>\'1\', \'text\'=>\'Yes\'), array(\'id\'=>\'0\', \'text\'=>\'No\')), '),(141,'PRODUCT FREE SHIPPING Attribute is Required - Default','DEFAULT_PRODUCT_FREE_SHIPPING_ATTRIBUTES_REQUIRED','0','PRODUCT FREE SHIPPING Attribute is Required<br />Attribute Required for Text<br />0= No 1= Yes',5,205,NULL,'2010-04-28 01:58:10',NULL,'zen_cfg_select_drop_down(array(array(\'id\'=>\'1\', \'text\'=>\'Yes\'), array(\'id\'=>\'0\', \'text\'=>\'No\')), '),(142,'PRODUCT FREE SHIPPING Attribute Price Prefix - Default','DEFAULT_PRODUCT_FREE_SHIPPING_PRICE_PREFIX','1','PRODUCT FREE SHIPPING Attribute Price Prefix<br />Default Attribute Price Prefix for Adding<br />Blank, + or -',5,206,NULL,'2010-04-28 01:58:10',NULL,'zen_cfg_select_drop_down(array(array(\'id\'=>\'0\', \'text\'=>\'Blank\'), array(\'id\'=>\'1\', \'text\'=>\'+\'), array(\'id\'=>\'2\', \'text\'=>\'-\')), '),(143,'PRODUCT FREE SHIPPING Attribute Weight Prefix - Default','DEFAULT_PRODUCT_FREE_SHIPPING_PRODUCTS_ATTRIBUTES_WEIGHT_PREFIX','1','PRODUCT FREE SHIPPING Attribute Weight Prefix<br />Default Attribute Weight Prefix<br />Blank, + or -',5,207,NULL,'2010-04-28 01:58:10',NULL,'zen_cfg_select_drop_down(array(array(\'id\'=>\'0\', \'text\'=>\'Blank\'), array(\'id\'=>\'1\', \'text\'=>\'+\'), array(\'id\'=>\'2\', \'text\'=>\'-\')), ');

--
-- Table structure for table `zen_product_types`
--

CREATE TABLE `zen_product_types` (
  `type_id` int(11) NOT NULL AUTO_INCREMENT,
  `type_name` varchar(255) NOT NULL DEFAULT '',
  `type_handler` varchar(255) NOT NULL DEFAULT '',
  `type_master_type` int(11) NOT NULL DEFAULT '1',
  `allow_add_to_cart` char(1) NOT NULL DEFAULT 'Y',
  `default_image` varchar(255) NOT NULL DEFAULT '',
  `date_added` datetime NOT NULL DEFAULT '0001-01-01 00:00:00',
  `last_modified` datetime NOT NULL DEFAULT '0001-01-01 00:00:00',
  PRIMARY KEY (`type_id`),
  KEY `idx_type_master_type_zen` (`type_master_type`)
) ENGINE=MyISAM AUTO_INCREMENT=6 DEFAULT CHARSET=latin1;

--
-- Dumping data for table `zen_product_types`
--

INSERT INTO `zen_product_types` VALUES (1,'Product - General','product',1,'Y','','2010-04-28 01:58:10','2010-04-28 01:58:10'),(2,'Product - Music','product_music',1,'Y','','2010-04-28 01:58:10','2010-04-28 01:58:10'),(3,'Document - General','document_general',3,'N','','2010-04-28 01:58:10','2010-04-28 01:58:10'),(4,'Document - Product','document_product',3,'Y','','2010-04-28 01:58:10','2010-04-28 01:58:10'),(5,'Product - Free Shipping','product_free_shipping',1,'Y','','2010-04-28 01:58:10','2010-04-28 01:58:10');

--
-- Table structure for table `zen_product_types_to_category`
--

CREATE TABLE `zen_product_types_to_category` (
  `product_type_id` int(11) NOT NULL DEFAULT '0',
  `category_id` int(11) NOT NULL DEFAULT '0',
  KEY `idx_category_id_zen` (`category_id`),
  KEY `idx_product_type_id_zen` (`product_type_id`)
) ENGINE=MyISAM DEFAULT CHARSET=latin1;

--
-- Dumping data for table `zen_product_types_to_category`
--

INSERT INTO `zen_product_types_to_category` VALUES (3,63),(4,63),(2,62);

--
-- Table structure for table `zen_products`
--

CREATE TABLE `zen_products` (
  `products_id` int(11) NOT NULL AUTO_INCREMENT,
  `products_type` int(11) NOT NULL DEFAULT '1',
  `products_quantity` float NOT NULL DEFAULT '0',
  `products_model2` varchar(32) DEFAULT NULL,
  `products_model` varchar(32) DEFAULT NULL,
  `products_image` varchar(64) DEFAULT NULL,
  `products_price` decimal(15,4) NOT NULL DEFAULT '0.0000',
  `products_virtual` tinyint(1) NOT NULL DEFAULT '0',
  `products_date_added` datetime NOT NULL DEFAULT '0001-01-01 00:00:00',
  `products_last_modified` datetime DEFAULT NULL,
  `products_date_available` datetime DEFAULT NULL,
  `products_weight` float NOT NULL DEFAULT '0',
  `products_status` tinyint(1) NOT NULL DEFAULT '0',
  `products_tax_class_id` int(11) NOT NULL DEFAULT '0',
  `manufacturers_id` int(11) DEFAULT NULL,
  `products_ordered` float NOT NULL DEFAULT '0',
  `products_quantity_order_min` float NOT NULL DEFAULT '1',
  `products_quantity_order_units` float NOT NULL DEFAULT '1',
  `products_priced_by_attribute` tinyint(1) NOT NULL DEFAULT '0',
  `product_is_free` tinyint(1) NOT NULL DEFAULT '0',
  `product_is_call` tinyint(1) NOT NULL DEFAULT '0',
  `products_quantity_mixed` tinyint(1) NOT NULL DEFAULT '0',
  `product_is_always_free_shipping` tinyint(1) NOT NULL DEFAULT '0',
  `products_qty_box_status` tinyint(1) NOT NULL DEFAULT '1',
  `products_quantity_order_max` float NOT NULL DEFAULT '0',
  `products_sort_order` int(11) NOT NULL DEFAULT '0',
  `products_discount_type` tinyint(1) NOT NULL DEFAULT '0',
  `products_discount_type_from` tinyint(1) NOT NULL DEFAULT '0',
  `products_price_sorter` decimal(15,4) NOT NULL DEFAULT '0.0000',
  `master_categories_id` int(11) NOT NULL DEFAULT '0',
  `products_mixed_discount_quantity` tinyint(1) NOT NULL DEFAULT '1',
  `metatags_title_status` tinyint(1) NOT NULL DEFAULT '0',
  `metatags_products_name_status` tinyint(1) NOT NULL DEFAULT '0',
  `metatags_model_status` tinyint(1) NOT NULL DEFAULT '0',
  `metatags_price_status` tinyint(1) NOT NULL DEFAULT '0',
  `metatags_title_tagline_status` tinyint(1) NOT NULL DEFAULT '0',
  PRIMARY KEY (`products_id`),
  KEY `idx_products_date_added_zen` (`products_date_added`),
  KEY `idx_products_status_zen` (`products_status`),
  KEY `idx_products_date_available_zen` (`products_date_available`),
  KEY `idx_products_ordered_zen` (`products_ordered`),
  KEY `idx_products_model_zen` (`products_model2`),
  KEY `idx_products_price_sorter_zen` (`products_price_sorter`),
  KEY `idx_master_categories_id_zen` (`master_categories_id`),
  KEY `idx_products_sort_order_zen` (`products_sort_order`),
  KEY `idx_manufacturers_id_zen` (`manufacturers_id`)
) ENGINE=MyISAM AUTO_INCREMENT=975 DEFAULT CHARSET=latin1;

--
-- Dumping data for table `zen_products`
--

INSERT INTO `zen_products` VALUES (467,1,10000000000,'107653','MXST18GB001FIPS','MXI_Stealth_MXP_Bio_Gen_II.jpg',389.0000,0,'2010-09-01 12:04:51','2010-09-07 08:24:44',NULL,0,1,1,15,0,1,1,0,0,0,1,0,1,0,0,0,0,389.0000,79,1,0,0,0,0,0),(463,1,1000000000,'107657','MXST32GB001FIPS','MXI_Stealth_MXP_Bio_Gen_II.jpg',212.0000,0,'2010-09-01 11:56:18','2010-09-07 08:20:32',NULL,0,1,1,15,0,1,1,0,0,0,1,0,1,0,0,0,0,212.0000,79,1,0,0,0,0,0),(466,1,100000000,'107654','MXST116G001FIPS','MXI_Stealth_MXP_Bio_Gen_II.jpg',529.0000,0,'2010-09-01 12:03:35','2010-09-07 08:17:37',NULL,0,1,1,15,0,1,1,0,0,0,1,0,1,0,0,0,0,529.0000,79,1,0,0,0,0,0),(465,1,1000000000,'107655','MXST132G001FIPS','MXI_Stealth_MXP_Bio_Gen_II.jpg',639.0000,0,'2010-09-01 12:02:00','2010-09-07 08:21:36',NULL,0,1,1,15,0,1,1,0,0,0,1,0,1,0,0,0,0,639.0000,79,1,0,0,0,0,0),(462,1,10000000000000,'107658','MXST34GB001FIPS','MXI_Stealth_MXP_Bio_Gen_II.jpg',239.0000,0,'2010-09-01 11:52:55','2010-09-07 08:23:43',NULL,0,1,1,15,0,1,1,0,0,0,1,0,1,0,0,0,0,239.0000,79,1,0,0,0,0,0),(288,1,0,'303024','CARDMAN 4321','HID_OMNIKEY_Cardman_4321_ExpressCard54.jpg',65.5900,0,'2010-08-31 08:34:53','2010-08-31 11:09:47',NULL,0,1,1,21,0,1,1,0,0,0,1,0,1,0,0,0,0,65.5900,80,1,0,0,0,0,0),(461,1,10000000000,'107659','MXST38GB001FIPS','MXI_Stealth_MXP_Bio_Gen_II.jpg',389.0000,0,'2010-09-01 11:50:30','2010-09-07 08:25:02',NULL,0,1,1,15,0,1,1,0,0,0,1,0,1,0,0,0,0,389.0000,79,1,0,0,0,0,0),(458,1,100000000,'107616','MXBB1A032G0001','MXI_Stealth_MXP_Bio_Gen_II.jpg',114.0000,0,'2010-09-01 11:45:20','2010-09-07 08:16:36',NULL,0,1,1,15,0,1,1,0,0,0,1,0,1,0,0,0,0,114.0000,79,1,0,0,0,0,0),(459,1,1000000000000,'107661','MXST332G001FIPS','MXI_Stealth_MXP_Bio_Gen_II.jpg',639.0000,0,'2010-09-01 11:47:12','2010-09-07 08:21:55',NULL,0,1,1,0,0,1,1,0,0,0,1,0,1,0,0,0,0,639.0000,79,1,0,0,0,0,0),(460,1,10000000000,'107660','MXST316G001FIPS','MXI_Stealth_MXP_Bio_Gen_II.jpg',529.0000,0,'2010-09-01 11:48:52','2010-09-07 08:17:58',NULL,0,1,1,15,0,1,1,0,0,0,1,0,1,0,0,0,0,529.0000,79,1,0,0,0,0,0),(317,1,100000000,'CREDANTMGEE','','Credant_Mobile_Guardian.jpg',0.0000,0,'2010-08-31 11:00:49','2010-09-09 10:17:13',NULL,0,1,0,18,0,1,1,0,0,1,1,0,1,0,0,0,0,0.0000,74,1,0,0,0,0,0),(261,1,1000000000,'301541','301039','Gemalto_GemPC_USB-SW.jpg',35.0000,0,'2010-08-27 09:28:04','2010-09-02 15:11:38',NULL,0.4,1,1,17,0,1,1,0,0,0,1,0,1,0,0,0,0,35.0000,80,1,0,0,0,0,0),(254,1,4,'303028','','HID_OmniKey_Cardman_6321_USB.jpg',47.0000,0,'2010-08-17 14:48:16','2010-09-01 11:17:41',NULL,0.4,1,1,21,10,1,1,0,0,0,0,0,1,0,0,0,0,47.0000,80,1,0,0,0,0,0),(255,1,5,'901014','545454','HID_iCLASS_16K_Smart_Card.jpg',0.0000,0,'2010-08-17 15:22:09','2010-08-30 15:05:43',NULL,0.4,1,0,21,0,1,1,0,0,1,1,0,1,0,0,0,0,0.0000,81,1,0,0,0,0,0),(280,1,10000000,'GEMALTODAS','','Gemalto_DAS.jpg',0.0000,0,'2010-08-30 15:51:11',NULL,NULL,0,1,0,17,0,1,1,0,0,1,1,0,1,0,0,0,0,0.0000,74,1,0,0,0,0,0),(281,1,10000000000,'301316','908-54005-004','SafeNet_Luna_SA.jpg',0.0000,0,'2010-08-30 15:56:25','2010-08-31 11:54:49',NULL,0,1,0,0,0,1,1,0,0,1,1,0,1,0,0,0,0,0.0000,75,1,0,0,0,0,0),(273,1,1000000,'NOBLE002','NG53IN','Noble_Locks_NG53_Locks.jpg',44.9900,0,'2010-08-30 12:15:01','2010-09-02 13:34:24',NULL,0,1,1,19,0,1,1,0,0,0,1,0,1,0,0,0,0,44.9900,90,1,0,0,0,0,0),(305,1,10000000000,'301057','DC 010106','Precise_Biometrics_200_MC.jpg',199.0000,0,'2010-08-31 10:24:52','2010-08-31 11:39:20',NULL,0,1,1,24,0,1,1,0,0,0,1,0,1,0,0,0,0,199.0000,72,1,0,0,0,0,0),(550,1,10000000,'','KSI-1453 GHB-X','KSI_1453_Keyboard.jpg',0.0000,0,'2010-09-02 10:27:01','2010-09-02 13:44:00',NULL,0,1,0,28,0,1,1,0,0,1,1,0,1,0,0,0,0,0.0000,89,1,0,0,0,0,0),(289,1,10000000000,'303023','R31210126-03','HID_OmniKey_Cardman_3121_USB.jpg',35.0000,0,'2010-08-31 08:40:35','2010-08-31 11:11:28',NULL,0,1,1,0,0,1,1,0,0,0,1,0,1,0,0,0,0,35.0000,80,1,0,0,0,0,0),(287,1,10000000000,'303016','CARDMAN 4040','HID_OmniKey_Cardman_4040.jpg',35.3000,0,'2010-08-31 08:28:05','2010-08-31 11:09:06',NULL,0,1,1,21,0,1,1,0,0,0,1,0,1,0,0,0,0,35.3000,80,1,0,0,0,0,0),(286,1,10000000000,'107601','MXAA0A002G0001','MXI_Stealth_M200.jpg',69.0000,0,'2010-08-30 16:11:45','2010-09-03 10:51:05',NULL,0,1,1,15,0,1,1,0,0,0,1,0,1,0,0,0,0,69.0000,79,1,0,0,0,0,0),(285,1,10000000,'107600','MXAA0A001G0001','MXI_Stealth_M200.jpg',49.0000,0,'2010-08-30 16:06:33','2010-09-03 10:51:36',NULL,0,1,1,15,0,1,1,0,0,0,1,0,1,0,0,0,0,49.0000,79,1,0,0,0,0,0),(363,1,1000000000000,'THALESNSHIELDCONNECT','','Thales_nShield_Connect.jpg',0.0000,0,'2010-08-31 13:00:27','2010-09-01 08:54:37',NULL,0,1,0,30,0,1,1,0,0,1,1,0,1,0,0,0,0,0.0000,75,1,0,0,0,0,0),(283,1,10000000,'SAFENETDSi116','','SafeNet_DataSecure_i116.jpg',0.0000,0,'2010-08-30 16:01:37','2010-08-31 11:58:43',NULL,0,1,0,16,0,1,1,0,0,1,1,0,1,0,0,0,0,0.0000,85,1,0,0,0,0,0),(284,1,10000000,'SAFENETDSi450','','SafeNet_DataSecure_i430.jpg',0.0000,0,'2010-08-30 16:04:25','2010-08-31 11:57:50',NULL,0,1,0,16,0,1,1,0,0,1,1,0,1,0,0,0,0,0.0000,85,1,0,0,0,0,0),(265,1,1,'306000','GTU-0077','GoldTouch_Standard_USB_Keyboard.jpg',129.0000,0,'2010-08-27 10:37:14','2010-09-01 08:29:38',NULL,0.4,1,1,23,0,1,1,0,0,0,1,0,1,0,0,0,0,129.0000,89,1,0,0,0,0,0),(263,1,10000000000,'301006','SCR3500  (905141)','SCM_SCR3500.jpg',16.0000,0,'2010-08-27 09:36:48','2010-09-01 09:32:51',NULL,0.4,1,1,25,4,1,1,0,0,0,1,0,1,0,0,0,0,16.0000,80,1,0,0,0,0,0),(264,1,1e18,'301537','HWP118064','Gemalto_NET_BIO_Solutions.jpg',0.0000,0,'2010-08-27 09:56:55','2010-09-14 14:22:44',NULL,0.4,1,0,17,0,1,1,0,0,1,1,0,0,0,0,0,0,0.0000,81,1,0,0,0,0,0),(334,1,1000000000,'301001','050-3015-1','Litronic_Argus_3015_DualCardReader_Internal.jpg',300.0000,0,'2010-08-31 11:50:44','2010-09-02 13:29:36',NULL,0,1,1,13,0,1,1,0,0,0,1,0,1,0,0,0,0,300.0000,80,1,0,0,0,0,0),(256,1,1e24,'303018','','HID_OmniKey_Cardman_5321.jpg',78.9000,0,'2010-08-19 12:31:25','2010-09-01 09:23:03',NULL,0.4,1,1,21,0,1,1,0,0,0,1,0,1,0,0,0,0,78.9000,80,1,0,0,0,0,0),(464,1,10000000000,'107656','MXST31GB001FIPS','MXI_Stealth_MXP_Bio_Gen_II.jpg',189.0000,0,'2010-09-01 12:00:45','2010-09-07 08:19:29',NULL,0,1,1,15,0,1,1,0,0,0,1,0,1,0,0,0,0,189.0000,79,1,0,0,0,0,0),(387,1,10000000000,'306001','GTU-MACB','GoldTouch_Standard_USB_Keyboard.jpg',129.0000,0,'2010-08-31 14:28:41','2010-09-01 08:24:03',NULL,0,1,1,23,0,1,1,0,0,0,1,0,1,0,0,0,0,129.0000,89,1,0,0,0,0,0),(274,1,100000,'901062','89256','Fargo_HDP5000_Printer.jpg',0.0000,0,'2010-08-30 12:24:08','2010-08-31 11:31:32',NULL,0,1,0,26,0,1,1,0,0,1,1,0,1,0,0,0,0,0.0000,71,1,0,0,0,0,0),(268,1,1000000000,'AITOKENOTP','','Actividentity_Tokens_OTP.jpg',0.0000,0,'2010-08-27 10:56:35','2010-08-31 12:48:35',NULL,0.4,1,0,14,0,1,1,0,0,1,1,0,1,0,0,0,0,0.0000,107,1,0,0,0,0,0),(269,1,10000000,'SAFENETiKEY2032','','SafeNet_iKey_2032.jpg',0.0000,0,'2010-08-27 10:59:28','2010-09-01 08:32:34',NULL,0.4,1,0,16,0,1,1,0,0,1,1,0,1,0,0,0,0,0.0000,107,1,0,0,0,0,0),(356,1,10000000000,'301008','GBUR300 ','Actividentity_GBUR300.jpg',33.0000,0,'2010-08-31 12:41:42',NULL,NULL,0,1,1,14,1,1,1,0,0,0,1,0,1,0,0,0,0,33.0000,80,1,0,0,0,0,0),(270,1,10000000,'303021','Cardman 3021','HID_OmniKey_Cardman_3021_USB.jpg',33.0000,0,'2010-08-30 10:44:56','2010-08-31 11:08:12',NULL,0.4,1,1,21,0,1,1,0,0,0,1,0,1,0,0,0,0,33.0000,80,1,0,0,0,0,0),(279,1,1000000000,'GEMALTO.NETKEY','','Gemalto_NET_Key.jpg',0.0000,0,'2010-08-30 15:49:09','2010-08-31 11:50:45',NULL,0,1,0,17,0,1,1,0,0,1,1,0,1,0,0,0,0,0.0000,74,1,0,0,0,0,0),(272,1,10000000,'NOBLE001','NG53','Noble_Locks_NG53_Locks.jpg',44.9900,0,'2010-08-30 12:10:32','2010-09-02 13:34:17',NULL,0,1,1,19,0,1,1,0,0,0,1,0,1,0,0,0,0,44.9900,90,1,0,0,0,0,0),(275,1,1000000,'901031','54136','Fargo_DTC400_Printer.jpg',0.0000,0,'2010-08-30 12:25:40','2010-08-31 11:35:50',NULL,0,1,0,26,0,1,1,0,0,1,1,0,1,0,0,0,0,0.0000,71,1,0,0,0,0,0),(276,1,100000000,'FARGODTC550','92981','Fargo_HDTC550_Printer.jpg',0.0000,0,'2010-08-30 12:28:03','2010-08-31 11:32:28',NULL,0,1,0,26,0,1,1,0,0,1,1,0,1,0,0,0,0,0.0000,71,1,0,0,0,0,0),(277,1,10000000,'FARGOC30e','54501','Fargo_C30e_Printer.jpg',0.0000,0,'2010-08-30 12:30:03','2010-08-31 11:33:18',NULL,0,1,0,26,0,1,1,0,0,1,1,0,1,0,0,0,0,0.0000,71,1,0,0,0,0,0),(302,1,1000000000000,'301252','MS00-13500E-A','MorphoSmart_Optic_1350e_PIV.jpg',0.0000,0,'2010-08-31 10:15:51','2010-09-02 13:31:15',NULL,0,1,0,27,0,1,1,0,0,1,1,0,1,0,0,0,0,0.0000,80,1,0,0,0,0,0),(551,1,10000000,'104509','ED4GBPC-ISM101','EnvoyData_ATAFlash.jpg',250.0000,0,'2010-09-02 10:28:48','2010-09-07 09:04:17',NULL,0,1,1,10,0,1,1,0,0,0,1,0,1,0,0,0,0,250.0000,67,1,0,0,0,0,0),(291,1,1000000000,'303019','Cardman 3121','HID_OmniKey_Cardman_3121_USB.jpg',27.5500,0,'2010-08-31 09:16:10','2010-08-31 11:11:59',NULL,0,1,1,21,0,1,1,0,0,0,1,0,1,0,0,0,0,27.5500,80,1,0,0,0,0,0),(292,1,10000000,'303030','CARDMAN5325CLPROX','HID_OmniKey_Cardman_5325.jpg',54.0000,0,'2010-08-31 09:24:21','2010-09-01 08:12:58',NULL,0,1,1,21,0,1,1,0,0,0,1,0,1,0,0,0,0,54.0000,80,1,0,0,0,0,0),(293,1,100000000,'303017','CARDMAN 5125','HID_OmniKey_Cardman_5125.jpg',0.0000,0,'2010-08-31 09:34:33','2010-09-01 08:12:00',NULL,0,1,0,21,0,1,1,0,0,1,1,0,1,0,0,0,0,0.0000,80,1,0,0,0,0,0),(294,1,1000000000,'303020','CARDMAN 6121','HID_OmniKey_Cardman_6121_USB.jpg',22.2900,0,'2010-08-31 09:36:37','2010-09-01 11:17:13',NULL,0,1,1,21,0,1,1,0,0,0,1,0,1,0,0,0,0,22.2900,80,1,0,0,0,0,0),(295,1,10000000,'303022','CARDMAN 3821','HID_OmniKey_3821_USB_Pin_Pad.jpg',68.9000,0,'2010-08-31 09:42:51','2010-08-31 11:00:38',NULL,0,1,1,21,0,1,1,0,0,0,1,0,1,0,0,0,0,68.9000,80,1,0,0,0,0,0),(296,1,10000000,'303029','CARDMAN 3621','HID_OmniKey_3621_USB_Pin_Pad.jpg',53.0000,0,'2010-08-31 09:45:26','2010-08-31 10:54:47',NULL,0,1,1,21,0,1,1,0,0,0,1,0,1,0,0,0,0,53.0000,80,1,0,0,0,0,0),(297,1,1000000000,'CARDMAN6221','CARDMAN 6221','HID_OMNIKEY_6221_USB_Reader.jpg',0.0000,0,'2010-08-31 09:47:27','2010-09-01 09:24:00',NULL,0,1,0,21,0,1,1,0,0,1,1,0,1,0,0,0,0,0.0000,80,1,0,0,0,0,0),(298,1,0,'OMNIKEY2061','OMNIKEY® 2061','HID_OMNIKEY2061__Bluetooth_Reader.jpg',0.0000,0,'2010-08-31 09:49:34','2010-08-31 11:07:08',NULL,0,1,0,21,0,1,1,0,0,1,1,0,1,0,0,0,0,0.0000,80,1,0,0,0,0,0),(299,1,0,'301113','ST9500421AS','Seagate_Momentus_7200_Hard_Drive.jpg',0.0000,0,'2010-08-31 10:05:03','2010-09-02 13:38:53',NULL,0,1,0,12,0,1,1,0,0,1,1,0,1,0,0,0,0,0.0000,74,1,0,0,0,0,0),(300,1,0,'301114','ST9250411AS','Seagate_Momentus_7200_Hard_Drive.jpg',0.0000,0,'2010-08-31 10:07:36','2010-09-02 13:38:47',NULL,0,1,0,12,0,1,1,0,0,1,1,0,1,0,0,0,0,0.0000,74,1,0,0,0,0,0),(301,1,100000000000,'MorphoTrak350PIV','','MorphoSmart_Optic_350_PIV.jpg',0.0000,0,'2010-08-31 10:12:41','2010-09-02 13:31:22',NULL,0,1,0,27,0,1,1,0,0,1,1,0,1,0,0,0,0,0.0000,80,1,0,0,0,0,0),(303,1,100000000,'301251','MS00-03000B-A','MorphoSmart_Optic_MSO_300.jpg',0.0000,0,'2010-08-31 10:18:35','2010-09-02 13:37:16',NULL,0,1,0,27,0,1,1,0,0,1,1,0,1,0,0,0,0,0.0000,72,1,0,0,0,0,0),(304,1,100000,'301055','DC010108 R2C','Precise_Biometrics_250_MC.jpg',295.0000,0,'2010-08-31 10:21:54','2010-09-10 07:32:42',NULL,0,1,1,24,0,1,1,0,0,0,1,0,1,0,0,0,0,295.0000,72,1,0,0,0,0,0),(307,1,100000000,'301115','RDR-6082AKU','RFIDeas_pcProx_82Series.jpg',0.0000,0,'2010-08-31 10:29:51','2010-08-31 11:18:55',NULL,0,1,0,31,0,1,1,0,0,1,1,0,1,0,0,0,0,0.0000,78,1,0,0,0,0,0),(308,1,1000000000,'301116','BSE-PCPRX-SNR','RFIDeas_pcProx_Sonar.jpg',0.0000,0,'2010-08-31 10:31:18','2010-09-09 08:13:16',NULL,0,1,0,31,0,1,1,0,0,1,1,0,1,0,0,0,0,0.0000,78,1,0,0,0,0,0),(309,1,100000000,'301122','RDR-6081AKU','RFIDeas_pcProx_Enroll.jpg',0.0000,0,'2010-08-31 10:32:45','2010-09-01 11:22:32',NULL,0,1,0,31,0,1,1,0,0,1,1,0,1,0,0,0,0,0.0000,78,1,0,0,0,0,0),(310,1,100000000000,'301125','RDR-7582AKU','RFIDeas_AIR_ID_Enroll.jpg',0.0000,0,'2010-08-31 10:34:18','2010-09-02 11:07:13',NULL,0,1,0,31,0,1,1,0,0,1,1,0,1,0,0,0,0,0.0000,80,1,0,0,0,0,0),(311,1,10000000000,'301118','RDR-7085AKU','RFIDeas_AIR_ID_iClass_USB_Reader.jpg',0.0000,0,'2010-08-31 10:35:55','2010-09-02 11:09:03',NULL,0,1,0,31,0,1,1,0,0,1,1,0,1,0,0,0,0,0.0000,80,1,0,0,0,0,0),(312,1,1000000000,'301123','KT-AIRIDL-UU','RFIDeas_AIR_ID_Starter_Kit.jpg',0.0000,0,'2010-08-31 10:37:44','2010-09-02 11:08:12',NULL,0,1,0,31,0,1,1,0,0,1,1,0,1,0,0,0,0,0.0000,80,1,0,0,0,0,0),(313,1,1000000000,'301117','BKT-ANGLE','RFIDeas_pcProx_Sonar.jpg',0.0000,0,'2010-08-31 10:40:10','2010-09-01 08:14:24',NULL,0,1,0,31,0,1,1,0,0,1,1,0,1,0,0,0,0,0.0000,78,1,0,0,0,0,0),(314,1,10000000000,'301126','KT-SHBKT','RFIDeas_Mounting_Kit_for_Desktop_Reader.jpg',0.0000,0,'2010-08-31 10:42:11',NULL,NULL,0,1,0,31,0,1,1,0,0,1,1,0,1,0,0,0,0,0.0000,78,1,0,0,0,0,0),(315,1,1000000000,'301124','BDG-2000','RFIDeas_iClass_Contactless_SmartCard.jpg',0.0000,0,'2010-08-31 10:44:05','2010-09-09 10:08:12',NULL,0,1,0,31,0,1,1,0,0,1,1,0,1,0,0,0,0,0.0000,81,1,0,0,0,0,0),(316,1,1000000000000,'FARGOASUREIDENT','86413','Fargo_Asure_ID_Enterprise.jpg',0.0000,0,'2010-08-31 10:48:43','2010-09-01 08:36:04',NULL,0,1,0,26,0,1,1,0,0,1,1,0,1,0,0,0,0,0.0000,71,1,0,0,0,0,0),(318,1,10000000,'301382','EE-SP-00','Credant_Mobile_Guardian_Ent_Server.jpg',0.0000,0,'2010-08-31 11:02:42','2010-09-09 10:13:57',NULL,0,1,0,18,0,1,1,0,0,1,1,0,1,0,0,0,0,0.0000,74,1,0,0,0,0,0),(319,1,100000000,'CREDANTPROTECTOR','','Credant_Mobile_Guardian_Protector.jpg',0.0000,0,'2010-08-31 11:04:24','2010-08-31 11:49:37',NULL,0,1,0,0,0,1,1,0,0,1,1,0,1,0,0,0,0,0.0000,74,1,0,0,0,0,0),(320,1,1000000000,'301395','EE-CRP1','Credant_Mobile_Guardian_Reporter.jpg',0.0000,0,'2010-08-31 11:06:26','2010-09-02 13:37:49',NULL,0,1,0,18,0,1,1,0,0,1,1,0,1,0,0,0,0,0.0000,74,1,0,0,0,0,0),(321,1,100000000,'301399','GE-TK00','Credant_Mobile_Guardian_Ent_Server.jpg',0.0000,0,'2010-08-31 11:08:17','2010-09-02 13:38:11',NULL,0,1,0,18,0,1,1,0,0,1,1,0,1,0,0,0,0,0.0000,74,1,0,0,0,0,0),(322,1,10000000000,'301384','EE-GKP1','Credant_Mobile_Guardian_Gatekeeper.jpg',0.0000,0,'2010-08-31 11:09:47','2010-09-09 10:15:54',NULL,0,1,0,18,0,1,1,0,0,1,1,0,1,0,0,0,0,0.0000,74,1,0,0,0,0,0),(323,1,1000000000000,'301383','EE-SLP1','Credant_Mobile_Guardian_External_Media_Shield.jpg',0.0000,0,'2010-08-31 11:11:19','2010-09-02 13:37:57',NULL,0,1,0,18,0,1,1,0,0,1,1,0,1,0,0,0,0,0.0000,74,1,0,0,0,0,0),(324,1,10000000000,'301433','SAS-SLA1','Credant_Mobile_Guardian_External_Media_Shield.jpg',0.0000,0,'2010-08-31 11:13:14','2010-09-02 13:38:18',NULL,0,1,0,18,0,1,1,0,0,1,1,0,1,0,0,0,0,0.0000,74,1,0,0,0,0,0),(325,1,100000000,'301407','EME-SLP1','Credant_Mobile_Guardian_External_Media_Shield.jpg',0.0000,0,'2010-08-31 11:15:46','2010-09-09 10:15:04',NULL,0,1,0,18,0,1,1,0,0,1,1,0,1,0,0,0,0,0.0000,74,1,0,0,0,0,0),(326,1,0,'AXWAYFTD','FTD-LA-E-999999-47-X','Axway_File_Transfer_Direct__Appliance.jpg',0.0000,0,'2010-08-31 11:22:40','2010-09-02 13:39:33',NULL,0,1,0,29,0,1,1,0,0,1,1,0,1,0,0,0,0,0.0000,85,1,0,0,0,0,0),(327,1,0,'AXWAYFTDSERVER','FTD-LA-E-000015-XX-X','Axway_File_Transfer_Direct.jpg',0.0000,0,'2010-08-31 11:29:33','2010-09-02 13:39:55',NULL,0,1,0,29,0,1,1,0,0,1,1,0,1,0,0,0,0,0.0000,85,1,0,0,0,0,0),(328,1,0,'AXWAYDFTDPOL','FPM-LA-E-000015-XX-X','Axway_File_Transfer_Direct.jpg',0.0000,0,'2010-08-31 11:31:56','2010-09-02 13:39:48',NULL,0,1,0,29,0,1,1,0,0,1,1,0,1,0,0,0,0,0.0000,85,1,0,0,0,0,0),(329,1,10000000000,'AXWAYFTDBUNDLE','FTB-LA-S-47G015-01-X','Axway_File_Transfer_Direct.jpg',0.0000,0,'2010-08-31 11:33:29','2010-09-02 13:39:40',NULL,0,1,0,29,0,1,1,0,0,1,1,0,1,0,0,0,0,0.0000,85,1,0,0,0,0,0),(330,1,10000000,'AXWAYVAVALID','EVA-LA-D-999999-DV-X','Axway_Validation_Authority.jpg',0.0000,0,'2010-08-31 11:35:51','2010-09-02 13:40:05',NULL,0,1,0,29,0,1,1,0,0,1,1,0,1,0,0,0,0,0.0000,85,1,0,0,0,0,0),(331,1,10000000,'AXWAYVALICENSE','EVA-LA-U-005000-XX-X','Axway_Validation_Authority.jpg',0.0000,0,'2010-08-31 11:40:00','2010-09-02 13:40:12',NULL,0,1,0,29,0,1,1,0,0,1,1,0,1,0,0,0,0,0.0000,85,1,0,0,0,0,0),(332,1,1000000000,'AXWAYANTIVIRUS','AVK-LA-E-000015-TB-1','Axway_AntiVirus.jpg',0.0000,0,'2010-08-31 11:44:37','2010-09-02 13:39:26',NULL,0,1,0,29,0,1,1,0,0,1,1,0,1,0,0,0,0,0.0000,85,1,0,0,0,0,0),(333,1,10000000000,'301000','050-3015-2','Litronic_Argus_3015_DualCardReader.jpg',300.0000,0,'2010-08-31 11:48:03','2010-09-02 13:29:49',NULL,0,1,1,13,0,1,1,0,0,0,1,0,1,0,0,0,0,300.0000,80,1,0,0,0,0,0),(335,1,100000000000,'301002','050-2600-04','Litronic_Argus_2600_FortezzaReader_USB.jpg',204.7500,0,'2010-08-31 11:55:27','2010-09-02 13:30:36',NULL,0,1,1,13,0,1,1,0,0,0,1,0,1,0,0,0,0,204.7500,80,1,0,0,0,0,0),(336,1,100000000000,'301084','050-2108','Litronic_Argus_2108_Cipher_Server.jpg',4350.0000,0,'2010-08-31 11:57:06','2010-09-02 13:30:45',NULL,0,1,1,13,0,1,1,0,0,0,1,0,1,0,0,0,0,4350.0000,80,1,0,0,0,0,0),(337,1,1000000000,'301003','050-2501','Litronic_Argus_2501_FortezzaReader_PCI.jpg',119.0000,0,'2010-08-31 11:58:43','2010-09-02 13:30:23',NULL,0,1,1,13,0,1,1,0,0,0,1,0,1,0,0,0,0,119.0000,80,1,0,0,0,0,0),(338,1,100000000000,'301016','050-0300','Litronic_Argus_300_PCI_ReaderWriter.jpg',425.0000,0,'2010-08-31 12:00:04','2010-09-02 13:30:13',NULL,0,1,1,13,0,1,1,0,0,0,1,0,1,0,0,0,0,425.0000,80,1,0,0,0,0,0),(339,1,10000000000,'DIGPERSONAPROWORK','','Image_Not_Available.jpg',0.0000,0,'2010-08-31 12:06:45','2010-09-01 08:43:36',NULL,0,1,0,20,0,1,1,0,0,1,1,0,1,0,0,0,0,0.0000,72,1,0,0,0,0,0),(340,1,10000000000000,'DIGPERSONAPROKIOSK','','Image_Not_Available.jpg',0.0000,0,'2010-08-31 12:08:38','2010-09-01 08:41:38',NULL,0,1,0,20,0,1,1,0,0,1,1,0,1,0,0,0,0,0.0000,72,1,0,0,0,0,0),(341,1,0,'DIGPERSONAPRSERVER','','Image_Not_Available.jpg',0.0000,0,'2010-08-31 12:10:12','2010-09-01 08:42:35',NULL,0,1,0,20,0,1,1,0,0,1,1,0,1,0,0,0,0,0.0000,72,1,0,0,0,0,0),(342,1,1000000000,'DIGPERSONACRYPOADD','','Image_Not_Available.jpg',0.0000,0,'2010-08-31 12:11:50',NULL,NULL,0,1,0,20,0,1,1,0,0,1,1,0,1,0,0,0,0,0.0000,72,1,0,0,0,0,0),(343,1,1000000000,'302018','63104-E01','Image_Not_Available.jpg',0.0000,0,'2010-08-31 12:13:50',NULL,NULL,0,1,0,20,0,1,1,0,0,1,1,0,1,0,0,0,0,0.0000,72,1,0,0,0,0,0),(344,1,10000000000,'DIGPERSONAONLINE','','Image_Not_Available.jpg',0.0000,0,'2010-08-31 12:18:57','2010-09-01 08:40:44',NULL,0,1,0,20,0,1,1,0,0,1,1,0,1,0,0,0,0,0.0000,72,1,0,0,0,0,0),(345,1,1000000000,'302023','88003-001','Image_Not_Available.jpg',0.0000,0,'2010-08-31 12:20:30','2010-09-01 11:22:58',NULL,0,1,0,20,0,1,1,0,0,1,1,0,1,0,0,0,0,0.0000,72,1,0,0,0,0,0),(346,1,10000000,'302024','85320-005','Image_Not_Available.jpg',0.0000,0,'2010-08-31 12:21:44','2010-09-01 11:23:05',NULL,0,1,0,20,0,1,1,0,0,1,1,0,1,0,0,0,0,0.0000,72,1,0,0,0,0,0),(347,1,100000000000,'302010','63001-001','Image_Not_Available.jpg',0.0000,0,'2010-08-31 12:23:35','2010-09-01 11:35:13',NULL,0,1,0,20,0,1,1,0,0,1,1,0,1,0,0,0,0,0.0000,72,1,0,0,0,0,0),(348,1,100000000000,'OPENTRUSTPKI','','OPENTRUST_PKI.jpg',0.0000,0,'2010-08-31 12:26:34','2010-09-01 09:05:45',NULL,0,1,0,11,0,1,1,0,0,1,1,0,1,0,0,0,0,0.0000,85,1,0,0,0,0,0),(349,1,10000000000,'OPENTRUSTSCM','','OPENTRUST_SCM.jpg',0.0000,0,'2010-08-31 12:27:59','2010-09-02 14:00:35',NULL,0,1,0,11,0,1,1,0,0,1,1,0,1,0,0,0,0,0.0000,85,1,0,0,0,0,0),(350,1,10000000000,'OPENTRUSTSPI','','OPENTRUST_SPI.jpg',0.0000,0,'2010-08-31 12:29:42','2010-09-01 09:07:58',NULL,0,1,0,11,0,1,1,0,0,1,1,0,1,0,0,0,0,0.0000,85,1,0,0,0,0,0),(351,1,100000000,'OPENTRUSTeBANKING','','OPENTRUST_eBanking.jpg',0.0000,0,'2010-08-31 12:31:23','2010-09-01 09:04:15',NULL,0,1,0,11,0,1,1,0,0,1,1,0,1,0,0,0,0,0.0000,85,1,0,0,0,0,0),(352,1,1000000000,'OPENTRUSTCNS','','OPENTRUST_CNS.jpg',0.0000,0,'2010-08-31 12:32:45','2010-09-01 09:03:28',NULL,0,1,0,11,0,1,1,0,0,1,1,0,1,0,0,0,0,0.0000,85,1,0,0,0,0,0),(353,1,10000000,'OPENTRUSTMOBILE','','OPENTRUST_MOBILE.jpg',0.0000,0,'2010-08-31 12:34:04','2010-09-01 09:05:05',NULL,0,1,0,11,0,1,1,0,0,1,1,0,1,0,0,0,0,0.0000,85,1,0,0,0,0,0),(354,1,1000000000,'301415','ACC62C001','Actividentity_ActivClient_6.2.jpg',65.0000,0,'2010-08-31 12:37:47','2010-09-01 11:18:49',NULL,0,1,1,14,0,1,1,0,0,0,1,0,1,0,0,0,0,65.0000,91,1,0,0,0,0,0),(355,1,10000000000,'301015','BRP102 ','Actividentity_BRP102.jpg',79.0000,0,'2010-08-31 12:39:28',NULL,NULL,0,1,1,14,3,1,1,0,0,0,1,0,1,0,0,0,0,79.0000,88,1,0,0,0,0,0),(357,1,100000000,'301415COMM','','Actividentity_ActivClient_6.2.jpg',0.0000,0,'2010-08-31 12:43:43','2010-09-01 11:18:58',NULL,0,1,1,14,0,1,1,0,0,0,1,0,1,0,0,0,0,0.0000,91,1,0,0,0,0,0),(358,1,100000000,'AISECURESSO','','Actividentity_SecureLogin_SSO.jpg',0.0000,0,'2010-08-31 12:45:09','2010-09-01 11:19:15',NULL,0,1,0,14,0,1,1,0,0,1,1,0,1,0,0,0,0,0.0000,91,1,0,0,0,0,0),(359,1,100000000,'AI4TRESS','4TRESS Server','Actividentity_4TRESS_AAA_Server.jpg',0.0000,0,'2010-08-31 12:50:23','2010-09-02 13:39:16',NULL,0,1,0,14,0,1,1,0,0,1,1,0,1,0,0,0,0,0.0000,85,1,0,0,0,0,0),(360,1,1000000000,'AIIDCMS','','Actividentity_ActivID_Card_Management_System.jpg',0.0000,0,'2010-08-31 12:52:07','2010-09-01 11:18:32',NULL,0,1,0,14,0,1,1,0,0,1,1,0,1,0,0,0,0,0.0000,108,1,0,0,0,0,0),(361,1,1000000000000,'NCIPHERSHIELD','','Thales_nShield_HSM.jpg',0.0000,0,'2010-08-31 12:57:42','2010-09-09 10:27:14',NULL,0,1,0,30,0,1,1,0,0,1,1,0,1,0,0,0,0,0.0000,75,1,0,0,0,0,0),(362,1,100000000000,'THALESNSHIELDEDGE','','Thales_nShield_Edge.jpg',0.0000,0,'2010-08-31 12:59:08',NULL,NULL,0,1,0,30,0,1,1,0,0,1,1,0,1,0,0,0,0,0.0000,75,1,0,0,0,0,0),(364,1,1000000000,'THALESNSHIELDSOLO','','Thales_nShield_Solo.jpg',0.0000,0,'2010-08-31 13:02:53','2010-09-01 11:08:03',NULL,0,1,0,30,0,1,1,0,0,1,1,0,1,0,0,0,0,0.0000,75,1,0,0,0,0,0),(365,1,10000000000,'THALESPAYSHIELD9000','','Thales_payShield9000.jpg',0.0000,0,'2010-08-31 13:04:30','2010-09-01 08:56:07',NULL,0,1,0,30,0,1,1,0,0,1,1,0,1,0,0,0,0,0.0000,75,1,0,0,0,0,0),(366,1,100000000,'NCIPHERCRYPTORSTORTAPE','','Thales_CryptoStor_Tape.jpg',0.0000,0,'2010-08-31 13:06:24','2010-09-02 13:38:35',NULL,0,1,0,30,0,1,1,0,0,1,1,0,1,0,0,0,0,0.0000,74,1,0,0,0,0,0),(367,1,10000000000,'THALESDATACRYPTOR','','Thales_Datacryptor.jpg',0.0000,0,'2010-08-31 13:08:40','2010-09-09 10:28:24',NULL,0,1,0,30,0,1,1,0,0,1,1,0,1,0,0,0,0,0.0000,85,1,0,0,0,0,0),(368,1,1000000000,'SAFENETPD','','SafeNet_ProtectDrive.jpg',0.0000,0,'2010-08-31 13:14:53','2010-09-01 11:08:38',NULL,0,1,0,16,0,1,1,0,0,1,1,0,1,0,0,0,0,0.0000,74,1,0,0,0,0,0),(369,1,10000000000,'301444','934-000004-001','SafeNet_ProtectDrive_Server.jpg',0.0000,0,'2010-08-31 13:16:27','2010-09-01 11:09:14',NULL,0,1,0,16,0,1,1,0,0,1,1,0,1,0,0,0,0,0.0000,74,1,0,0,0,0,0),(370,1,10000000,'SAFENETiKEY1000','','SafeNet_iKey_1000.jpg',0.0000,0,'2010-08-31 13:23:17','2010-09-01 08:33:41',NULL,0,1,0,16,0,1,1,0,0,1,1,0,1,0,0,0,0,0.0000,107,1,0,0,0,0,0),(371,1,1000000000,'SAFENETiKEY4000','','SafeNet_iKey_4000.jpg',0.0000,0,'2010-08-31 13:24:47','2010-09-03 12:09:55',NULL,0,1,0,16,0,1,1,0,0,1,1,0,1,0,0,0,0,0.0000,107,1,0,0,0,0,0),(372,1,100000000000,'301312','940-24000-001','SafeNet_Borderless_Security.jpg',0.0000,0,'2010-08-31 13:27:08','2010-09-01 08:06:10',NULL,0,1,0,16,0,1,1,0,0,1,1,0,1,0,0,0,0,0.0000,91,1,0,0,0,0,0),(373,1,100000000,'301471','908-65035-002','SafeNet_Luna_PCI7000.jpg',0.0000,0,'2010-08-31 13:29:07','2010-09-01 11:06:52',NULL,0,1,0,16,0,1,1,0,0,1,1,0,1,0,0,0,0,0.0000,75,1,0,0,0,0,0),(374,1,10000000000,'301475','934-03055-080','SafeNet_ProtectServer_Gold.jpg',0.0000,0,'2010-08-31 13:30:44','2010-09-01 11:07:35',NULL,0,1,0,16,0,1,1,0,0,1,1,0,1,0,0,0,0,0.0000,75,1,0,0,0,0,0),(375,1,100000000000,'301007','SCR3310  904563 Add V1','SCM_SCR331.jpg',35.0000,0,'2010-08-31 14:00:02','2010-09-01 09:30:00',NULL,0,1,1,25,0,1,1,0,0,0,1,0,1,0,0,0,0,35.0000,80,1,0,0,0,0,0),(379,1,100000000000,'301027','SCR333  904638','SCM_SCR333.jpg',55.0000,0,'2010-08-31 14:09:22','2010-09-01 09:28:53',NULL,0,1,1,25,0,1,1,0,0,0,1,0,1,0,0,0,0,55.0000,88,1,0,0,0,0,0),(377,1,100000000000,'301007','','SCM_SCR3310.jpg',32.0000,0,'2010-08-31 14:02:41','2010-09-01 11:05:06',NULL,0,1,1,25,0,1,1,0,0,0,1,0,1,0,0,0,0,32.0000,80,1,0,0,0,0,0),(378,1,1000000,'301014','SCR3340  904557','SCM_SCR3340.jpg',78.0000,0,'2010-08-31 14:07:36','2010-09-01 09:31:14',NULL,0,1,1,25,0,1,1,0,0,0,1,0,1,0,0,0,0,78.0000,80,1,0,0,0,0,0),(380,1,0,'301051','SCR335  904824','SCM_SCR335.jpg',35.0000,0,'2010-08-31 14:11:51','2010-09-01 11:04:22',NULL,0,1,1,25,0,1,1,0,0,0,1,0,1,0,0,0,0,35.0000,80,1,0,0,0,0,0),(381,1,1000000000,'301056','SCR243  904610','SCM_SCR243.jpg',75.0000,0,'2010-08-31 14:13:28','2010-09-01 09:27:51',NULL,0,1,1,25,0,1,1,0,0,0,1,0,1,0,0,0,0,75.0000,80,1,0,0,0,0,0),(382,1,1000000000,'301096','SCL010 905073','SCM_SCL010.jpg',80.0000,0,'2010-08-31 14:15:23','2010-09-01 11:03:59',NULL,0,1,1,25,0,1,1,0,0,0,1,0,1,0,0,0,0,80.0000,80,1,0,0,0,0,0),(383,1,100000000,'301012','SDI010 904671','SCM_SDI010.jpg',80.0000,0,'2010-08-31 14:17:02','2010-09-01 09:34:15',NULL,0,1,1,25,0,1,1,0,0,0,1,0,1,0,0,0,0,80.0000,80,1,0,0,0,0,0),(384,1,100000000,'301022','SCR3320 904707','SCM_SCR3320.jpg',35.0000,0,'2010-08-31 14:19:31','2010-09-01 11:05:44',NULL,0,1,1,25,0,1,1,0,0,0,1,0,1,0,0,0,0,35.0000,80,1,0,0,0,0,0),(385,1,1000000000,'301095','SCR3311  904614','SCM_SCR3311.jpg',75.0000,0,'2010-08-31 14:22:26','2010-09-01 09:30:36',NULL,0,1,1,25,0,1,1,0,0,0,1,0,1,0,0,0,0,75.0000,80,1,0,0,0,0,0),(386,1,10000000,'301076','SCR339','SCM_SCR339.jpg',59.0000,0,'2010-08-31 14:25:12','2010-09-01 09:31:51',NULL,0,1,1,25,0,1,1,0,0,0,1,0,1,0,0,0,0,59.0000,88,1,0,0,0,0,0),(388,1,100000000000,'306002','GTS-0077','GoldTouch_ErgoSecure20_with_Smart_Card_Reader_Keyboard.jpg',149.0000,0,'2010-08-31 14:30:22','2010-09-09 10:29:53',NULL,0,1,1,23,1,1,1,0,0,0,1,0,1,0,0,0,0,149.0000,89,1,0,0,0,0,0),(389,1,100000000,'306003','GTP-0055','Image_Not_Available.jpg',119.0000,0,'2010-08-31 14:33:35','2010-09-02 10:10:36',NULL,0,1,1,23,0,1,1,0,0,0,1,0,1,0,0,0,0,119.0000,89,1,0,0,0,0,0),(390,1,100000000,'306004','GTLS-0055','GoldTouch_Go!_Travel_Keyboard.jpg',59.0000,0,'2010-08-31 14:36:27','2010-09-02 10:11:09',NULL,0,1,1,23,0,1,1,0,0,0,1,0,1,0,0,0,0,59.0000,89,1,0,0,0,0,0),(391,1,100000000,'306005','GT7-0017','GoldTouch_Black_Gel_PalmSupport.jpg',19.9500,0,'2010-08-31 14:40:30','2010-09-01 08:18:17',NULL,0,1,1,23,2,1,1,0,0,0,1,0,1,0,0,0,0,19.9500,89,1,0,0,0,0,0),(392,1,10000000,'306006','GT6-0003','GoldTouch_Blue_Gel_PalmSupport.jpg',21.9500,0,'2010-08-31 14:44:29','2010-09-01 08:19:22',NULL,0,1,1,23,0,1,1,0,0,0,1,0,1,0,0,0,0,21.9500,89,1,0,0,0,0,0),(393,1,10000000000,'306007','GTF-0001BLKUSBR','GoldTouch_ErgoSuite_Black_RightHanded_Mouse.jpg',254.0000,0,'2010-08-31 14:46:16','2010-09-01 08:23:00',NULL,0,1,1,23,0,1,1,0,0,0,1,0,1,0,0,0,0,254.0000,89,1,0,0,0,0,0),(394,1,1000000000,'306008','GTF-0020USBR','GoldTouch_ErgoSuite_Black_RightHanded_Mouse.jpg',239.0000,0,'2010-08-31 14:47:45',NULL,NULL,0,1,1,23,0,1,1,0,0,0,1,0,1,0,0,0,0,239.0000,89,1,0,0,0,0,0),(395,1,10000000,'306009','K60110157','GoldTouch_CT3_Duo_Case.jpg',190.0000,0,'2010-08-31 14:49:29','2010-09-01 11:16:19',NULL,0,1,1,23,0,1,1,0,0,0,1,0,1,0,0,0,0,190.0000,89,1,0,0,0,0,0),(396,1,10000000,'301442','500-1246-000','SafeNet_smart_card_330.jpg',0.0000,0,'2010-08-31 14:55:08','2010-09-01 11:11:05',NULL,0,1,0,16,0,1,1,0,0,1,1,0,1,0,0,0,0,0.0000,81,1,0,0,0,0,0),(397,1,0,'301330','SC064JWC6025','Actividentity_ActivClient_Smart_Card.jpg',0.0000,0,'2010-08-31 15:07:26','2010-09-02 16:44:37',NULL,0,1,0,14,0,1,1,0,0,1,1,0,1,0,0,0,0,0.0000,81,1,0,0,0,0,0),(398,1,1000000000,'301034','KSI 1440/SC BLACK','KSI_1440_Keyboard.jpg',95.0000,0,'2010-08-31 15:13:30','2010-09-01 09:24:47',NULL,0,1,1,28,0,1,1,0,0,0,1,0,1,0,0,0,0,95.0000,89,1,0,0,0,0,0),(399,1,1000000000,'301082','KSI-1500 SUB','KSI_1500_Keyboard.jpg',95.0000,0,'2010-08-31 15:16:09','2010-09-01 11:15:32',NULL,0,1,1,28,0,1,1,0,0,0,1,0,1,0,0,0,0,95.0000,89,1,0,0,0,0,0),(400,1,1000000000,'301036','KSI-1451GFSB','KSI_1451_Keyboard.jpg',0.0000,0,'2010-08-31 15:19:01','2010-09-01 11:14:02',NULL,0,1,0,28,0,1,1,0,0,1,1,0,1,0,0,0,0,0.0000,80,1,0,0,0,0,0),(401,1,10000000000,'301079','KSI-1457 GEB','KSI_1457_Keyboard.jpg',0.0000,0,'2010-08-31 15:21:09','2010-09-01 11:14:52',NULL,0,1,1,28,0,1,1,0,0,0,1,0,1,0,0,0,0,0.0000,80,1,0,0,0,0,0),(402,1,10000000000,'','','KSI_1457_Keyboard.jpg',0.0000,0,'2010-08-31 15:22:45','2010-09-01 11:15:15',NULL,0,1,1,28,0,1,1,0,0,1,1,0,1,0,0,0,0,0.0000,89,1,0,0,0,0,0),(403,1,1000000000,'301060','KSI-1448 GFB','KSI_1448_Keyboard.jpg',0.0000,0,'2010-08-31 15:26:52','2010-09-01 08:44:52',NULL,0,1,0,28,0,1,1,0,0,1,1,0,1,0,0,0,0,0.0000,89,1,0,0,0,0,0),(404,1,1000000000,'301081','KSI-1003','KSI_1003_Fingerprint_Pod.jpg',0.0000,0,'2010-08-31 15:29:01','2010-09-02 11:05:03',NULL,0,1,0,28,0,1,1,0,0,1,1,0,1,0,0,0,0,0.0000,80,1,0,0,0,0,0),(405,1,100000000,'301066','KSI 1021','KSI_1008_Fingerprint_Reader.jpg',0.0000,0,'2010-08-31 15:31:19','2010-09-02 11:06:14',NULL,0,1,0,28,0,1,1,0,0,1,1,0,1,0,0,0,0,0.0000,80,1,0,0,0,0,0),(406,1,0,'301068','KSI-2105','KSI_2105_Compact_Keyboard.jpg',0.0000,0,'2010-08-31 15:33:02','2010-09-01 11:15:55',NULL,0,1,0,28,0,1,1,0,0,1,1,0,1,0,0,0,0,0.0000,80,1,0,0,0,0,0),(408,1,10000000000,'GEMALTO.NETKEY','','Gemalto_NET_Key.jpg',0.0000,0,'2010-09-01 08:24:50','2010-09-01 08:27:14',NULL,0,1,0,17,0,1,1,0,0,1,1,0,1,0,0,0,0,0.0000,107,1,0,0,0,0,0),(409,1,1000000000,'GEMALTODAS','','Gemalto_DAS.jpg',0.0000,0,'2010-09-01 08:26:56','2010-09-01 11:18:19',NULL,0,1,0,17,0,1,1,0,0,1,1,0,1,0,0,0,0,0.0000,108,1,0,0,0,0,0),(410,1,1000000000000,'GEMALTOENTGUAR','','Gemalto_SEG.jpg',0.0000,0,'2010-09-01 08:29:32',NULL,NULL,0,1,0,17,0,1,1,0,0,1,1,0,1,0,0,0,0,0.0000,74,1,0,0,0,0,0),(411,1,10000000000,'301541','HWP117685A','Gemalto_PC_USB-TR.jpg',35.0000,0,'2010-09-01 08:31:23','2010-09-02 15:12:20',NULL,0,1,1,17,0,1,1,0,0,0,1,0,1,0,0,0,0,35.0000,80,1,0,0,0,0,0),(412,1,1000000000,'301505','HWP116609B','Gemalto_SEG.jpg',0.0000,0,'2010-09-01 08:33:37',NULL,NULL,0,1,0,17,0,1,1,0,0,1,1,0,1,0,0,0,0,0.0000,79,1,0,0,0,0,0),(413,1,10000000,'301506','HWP116615','Gemalto_SEG.jpg',0.0000,0,'2010-09-01 08:37:39','2010-09-02 12:30:18',NULL,0,1,0,17,0,1,1,0,0,1,1,0,1,0,0,0,0,0.0000,79,1,0,0,0,0,0),(414,1,100000000,'301546','HWP117762A','Gemalto_Smart_Guardian.jpg',0.0000,0,'2010-09-01 08:39:21','2010-09-01 11:20:59',NULL,0,1,0,17,0,1,1,0,0,1,1,0,1,0,0,0,0,0.0000,79,1,0,0,0,0,0),(415,1,1000000000,'301547','HWP117763A-AV','Gemalto_Smart_Guardian.jpg',0.0000,0,'2010-09-01 08:41:16','2010-09-01 11:21:28',NULL,0,1,0,17,0,1,1,0,0,1,1,0,1,0,0,0,0,0.0000,79,1,0,0,0,0,0),(416,1,1000000000,'301530','HWP113026','Gemalto_GemPC_PinPad.jpg',0.0000,0,'2010-09-01 08:43:07',NULL,NULL,0,1,0,17,0,1,1,0,0,1,1,0,1,0,0,0,0,0.0000,80,1,0,0,0,0,0),(417,1,1000000000,'301518','HWP115605C','Gemalto_Easy_OTP_Reader.jpg',0.0000,0,'2010-09-01 08:44:45',NULL,NULL,0,1,0,17,0,1,1,0,0,1,1,0,1,0,0,0,0,0.0000,80,1,0,0,0,0,0),(418,1,1000000000,'301094','HWP115647C','Gemalto_NET_V2.jpg',0.0000,0,'2010-09-01 08:47:04','2010-09-14 13:37:24',NULL,0,1,0,17,0,1,1,0,0,1,1,0,1,0,0,0,0,0.0000,81,1,0,0,0,0,0),(419,1,1000000000,'301531','HWP113581','Gemalto_Prox_PU.jpg',0.0000,0,'2010-09-01 08:49:46','2010-09-01 11:20:29',NULL,0,1,0,17,0,1,1,0,0,1,1,0,1,0,0,0,0,0.0000,80,1,0,0,0,0,0),(420,1,1000000000,'301037','HWP110628E','Gemalto_GemPC_Card.jpg',41.9400,0,'2010-09-01 08:51:42','2010-09-01 11:20:00',NULL,0,1,1,17,1,1,1,0,0,0,1,0,1,0,0,0,0,41.9400,88,1,0,0,0,0,0),(421,1,10000000000,'GEMALTOSA','','Gemalto_NET_Solution.jpg',0.0000,0,'2010-09-01 08:53:37',NULL,NULL,0,1,0,17,0,1,1,0,0,1,1,0,1,0,0,0,0,0.0000,74,1,0,0,0,0,0),(422,1,10000000000,'301227','HWP114310','Gemalto_GemPlus_Smart_Card_Reader.jpg',38.5800,0,'2010-09-01 09:10:53',NULL,NULL,0,1,1,17,0,1,1,0,0,0,1,0,1,0,0,0,0,38.5800,80,1,0,0,0,0,0),(423,1,10000000000,'301532','HWP111508','Gemalto_Prox_P2_Reader.jpg',147.6000,0,'2010-09-01 09:12:44','2010-09-01 09:21:19',NULL,0,1,1,17,0,1,1,0,0,0,1,0,1,0,0,0,0,147.6000,88,1,0,0,0,0,0),(424,1,100000000,'301501','HWP114419B (SA-LP 1 PK)','Gemalto_Prox_PU.jpg',0.0000,0,'2010-09-01 09:16:25',NULL,NULL,0,1,0,17,0,1,1,0,0,1,1,0,1,0,0,0,0,0.0000,88,1,0,0,0,0,0),(425,1,1000000000,'301529','HWP113580','Gemalto_Prox_CU_Coupler.jpg',0.0000,0,'2010-09-01 09:19:18','2010-09-02 11:12:08',NULL,0,1,0,17,0,1,1,0,0,1,1,0,1,0,0,0,0,0.0000,107,1,0,0,0,0,0),(426,1,10000000000,'301527','HWP111510D','Gemalto_Prox_C2_Coupler.jpg',0.0000,0,'2010-09-01 09:23:14','2010-09-02 11:12:47',NULL,0,1,0,17,0,1,1,0,0,1,1,0,1,0,0,0,0,0.0000,107,1,0,0,0,0,0),(427,1,100000000000,'NOBLE003','SFFCASE','Noble_Locks_SFFCASE_Locks.jpg',99.9900,0,'2010-09-01 09:34:31','2010-09-02 13:33:02',NULL,0,1,1,19,0,1,1,0,0,0,1,0,1,0,0,0,0,99.9900,90,1,0,0,0,0,0),(428,1,10000000,'NOBLE004','NG201','Noble_Locks_NG201_Locks.jpg',74.9900,0,'2010-09-01 09:39:01','2010-09-02 13:33:50',NULL,0,1,1,19,0,1,1,0,0,0,1,0,1,0,0,0,0,74.9900,90,1,0,0,0,0,0),(429,1,100000000000,'NOBLE005','1GXSD3','Noble_Locks_1GXSD3_Locks.jpg',44.9900,0,'2010-09-01 09:42:04','2010-09-02 13:35:26',NULL,0,1,1,19,0,1,1,0,0,0,1,0,1,0,0,0,0,44.9900,90,1,0,0,0,0,0),(430,1,1000000000,'NOBLE006','TANK3803','Noble_Locks_TANK3803_Locks.jpg',44.9900,0,'2010-09-01 09:43:16','2010-09-02 13:33:22',NULL,0,1,1,19,0,1,1,0,0,0,1,0,1,0,0,0,0,44.9900,90,1,0,0,0,0,0),(431,1,10000000000,'NOBLE007','NG040T','Image_Not_Available.jpg',39.9900,0,'2010-09-01 09:47:25','2010-09-02 13:35:19',NULL,0,1,1,19,0,1,1,0,0,0,1,0,1,0,0,0,0,39.9900,90,1,0,0,0,0,0),(432,1,10000000000,'NOBLE033','NG35-005','Noble_Locks_NG35_Locks.jpg',44.9900,0,'2010-09-01 09:48:47','2010-09-02 13:34:10',NULL,0,1,1,19,0,1,1,0,0,0,1,0,1,0,0,0,0,44.9900,90,1,0,0,0,0,0),(433,1,10000000000,'NOBLE032','OSCO10','Noble_Locks_OSC010_Locks.jpg',39.9900,0,'2010-09-01 09:49:55','2010-09-02 13:32:56',NULL,0,1,1,19,0,1,1,0,0,0,1,0,1,0,0,0,0,39.9900,90,1,0,0,0,0,0),(434,1,1000000000,'NOBLE031','NG75KIT','Noble_Locks_NG75KIT_Locks.jpg',44.9900,0,'2010-09-01 09:53:21','2010-09-02 13:34:31',NULL,0,1,1,19,0,1,1,0,0,0,1,0,1,0,0,0,0,44.9900,90,1,0,0,0,0,0),(435,1,100000000,'NOBLE030','NS20PRT','Noble_Locks_NS20PRT_Locks.jpg',18.9900,0,'2010-09-01 09:56:14','2010-09-02 13:32:37',NULL,0,1,1,19,0,1,1,0,0,0,1,0,1,0,0,0,0,18.9900,90,1,0,0,0,0,0),(436,1,1000000000,'NOBLE029','1GXMT3','Noble_Locks_1GXMT3.jpg',44.9900,0,'2010-09-01 09:58:12','2010-09-02 13:35:00',NULL,0,1,1,19,0,1,1,0,0,0,1,0,1,0,0,0,0,44.9900,90,1,0,0,0,0,0),(437,1,10000000,'NOBLE028','CB0818B','Noble_Locks_CB0818-B_Locks.jpg',10.9900,0,'2010-09-01 10:02:46','2010-09-02 13:35:52',NULL,0,1,1,19,0,1,1,0,0,0,1,0,1,0,0,0,0,10.9900,90,1,0,0,0,0,0),(438,1,10000000000,'NOBLE027','NS20DH','Noble_Locks_NS20DH_Locks.jpg',59.9900,0,'2010-09-01 10:07:16','2010-09-02 13:36:36',NULL,0,1,1,19,0,1,1,0,0,0,1,0,1,0,0,0,0,59.9900,90,1,0,0,0,0,0),(439,1,1000000000,'NOBLE026','UFS-NC','Noble_Locks_UFS-NC_Locks.jpg',12.9900,0,'2010-09-01 10:08:28','2010-09-02 13:33:29',NULL,0,1,1,19,0,1,1,0,0,0,1,0,1,0,0,0,0,12.9900,90,1,0,0,0,0,0),(440,1,1000000000,'NOBLE025','NS20DH','Noble_Locks_NS20DH.jpg',59.9900,0,'2010-09-01 10:10:58','2010-09-02 13:32:28',NULL,0,1,1,19,0,1,1,0,0,0,1,0,1,0,0,0,0,59.9900,90,1,0,0,0,0,0),(441,1,1000000000,'NOBLE024','NS20T','Noble_Locks_NS20T_Locks.jpg',49.9900,0,'2010-09-01 10:14:52','2010-09-02 13:32:43',NULL,0,1,1,19,0,1,1,0,0,0,1,0,1,0,0,0,0,49.9900,90,1,0,0,0,0,0),(442,1,100000000,'NOBLE023','NGEK2','Noble_Locks_NGEK2.jpg',13.9900,0,'2010-09-01 10:20:14','2010-09-02 13:34:50',NULL,0,1,1,19,0,1,1,0,0,0,1,0,1,0,0,0,0,13.9900,90,1,0,0,0,0,0),(443,1,1000000000,'NOBLE022','1GXSFF','Noble_Locks_1GXSFF_Locks.jpg',44.9900,0,'2010-09-01 10:22:35','2010-09-02 13:35:58',NULL,0,1,1,19,0,1,1,0,0,0,1,0,1,0,0,0,0,44.9900,90,1,0,0,0,0,0),(444,1,1000000,'NOBLE021','1GXMT','Noble_Locks_1GXMT.jpg',25.9900,0,'2010-09-01 10:26:03','2010-09-02 13:32:09',NULL,0,1,1,19,0,1,1,0,0,0,1,0,1,0,0,0,0,25.9900,90,1,0,0,0,0,0),(445,1,10000000,'NOBLE020','1GXSD','Noble_Locks_1GXSD_Locks.jpg',25.9900,0,'2010-09-01 10:27:28','2010-09-02 13:35:32',NULL,0,1,1,19,0,1,1,0,0,0,1,0,1,0,0,0,0,25.9900,90,1,0,0,0,0,0),(446,1,10000000000,'NOBLE019','NSX280','Noble_Locks_NSX280_Locks.jpg',44.9900,0,'2010-09-01 10:28:44','2010-09-02 13:32:49',NULL,0,1,1,19,0,1,1,0,0,0,1,0,1,0,0,0,0,44.9900,90,1,0,0,0,0,0),(447,1,100000000,'NOBLE018','NS-UFS','Noble_Locks_NS-UFS_Locks.jpg',20.8900,0,'2010-09-01 10:30:04','2010-09-02 13:32:22',NULL,0,1,1,19,0,1,1,0,0,0,1,0,1,0,0,0,0,20.8900,90,1,0,0,0,0,0),(448,1,1000000000,'NOBLE017','NGLB03','Noble_Locks_NGLB03.jpg',44.9900,0,'2010-09-01 10:31:19','2010-09-02 13:34:44',NULL,0,1,1,19,0,1,1,0,0,0,1,0,1,0,0,0,0,44.9900,90,1,0,0,0,0,0),(449,1,10000000000,'NOBLE016','NG20CT2','Noble_Locks_NG20CT2_Locks.jpg',24.9900,0,'2010-09-01 10:33:07','2010-09-02 13:34:03',NULL,0,1,1,19,0,1,1,0,0,0,1,0,1,0,0,0,0,24.9900,90,1,0,0,0,0,0),(450,1,100000000,'NOBLE008','NGSX2803','Noble_Locks_NGSX2803_Locks.jpg',44.9900,0,'2010-09-01 10:34:33','2010-09-02 13:32:16',NULL,0,1,1,19,0,1,1,0,0,0,1,0,1,0,0,0,0,44.9900,90,1,0,0,0,0,0),(451,1,10000000000,'NOBLE009','BIGCART','Noble_Locks_BIGCART_Locks.jpg',1749.9900,0,'2010-09-01 10:35:57','2010-09-02 13:35:39',NULL,0,1,1,19,0,1,1,0,0,0,1,0,1,0,0,0,0,1749.9900,90,1,0,0,0,0,0),(452,1,10000000000,'NOBLE010','SMALLCART','Noble_Locks_SMALLCART_Locks.jpg',1499.9900,0,'2010-09-01 10:45:15','2010-09-02 13:33:11',NULL,0,1,1,19,0,1,1,0,0,0,1,0,1,0,0,0,0,1499.9900,90,1,0,0,0,0,0),(453,1,10000000000,'NOBLE011','NG100CT','Noble_Locks_NG100CT.jpg',52.9900,0,'2010-09-01 10:47:06','2010-09-02 13:35:10',NULL,0,1,1,19,0,1,1,0,0,0,1,0,1,0,0,0,0,52.9900,90,1,0,0,0,0,0),(454,1,100000000,'NOBLE012','USFFCASE','Noble_Locks_USFFCASE_Locks.jpg',0.0000,0,'2010-09-01 10:48:23','2010-09-02 13:33:37',NULL,0,1,1,19,0,1,1,0,0,0,1,0,1,0,0,0,0,0.0000,90,1,0,0,0,0,0),(455,1,1000000000,'NOBLE013','NGLB10','Noble_Locks_NGLB10.jpg',49.9900,0,'2010-09-01 10:49:32','2010-09-02 13:34:38',NULL,0,1,1,19,0,1,1,0,0,0,1,0,1,0,0,0,0,49.9900,90,1,0,0,0,0,0),(456,1,1000000000000,'NOBLE014','1GXSFF3','Noble_Locks_1GXSFF3_Locks.jpg',44.9900,0,'2010-09-01 10:50:47','2010-09-02 13:35:46',NULL,0,1,1,19,0,1,1,0,0,0,1,0,1,0,0,0,0,44.9900,90,1,0,0,0,0,0),(457,1,1000000000,'NOBLE015','NG30NT','Noble_Locks_NG30NT.jpg',24.9900,0,'2010-09-01 10:52:13','2010-09-02 13:33:56',NULL,0,1,1,19,0,1,1,0,0,0,1,0,1,0,0,0,0,24.9900,90,1,0,0,0,0,0),(468,1,1000000000,'107652','MXST14GB001FIPS','MXI_Stealth_MXP_Bio_Gen_II.jpg',239.0000,0,'2010-09-01 12:07:31','2010-09-07 08:23:18',NULL,0,1,1,15,0,1,1,0,0,0,1,0,1,0,0,0,0,239.0000,79,1,0,0,0,0,0),(469,1,10000000000,'107651','MXST12GB001FIPS','MXI_Stealth_MXP_Bio_Gen_II.jpg',212.0000,0,'2010-09-01 12:08:56','2010-09-07 08:20:57',NULL,0,1,1,15,0,1,1,0,0,0,1,0,1,0,0,0,0,212.0000,79,1,0,0,0,0,0),(470,1,10000000000,'107600','MXAA0A001G0001','MXI_Stealth_M200.jpg',49.0000,0,'2010-09-01 12:10:10','2010-09-03 10:51:12',NULL,0,1,1,15,0,1,1,0,0,0,1,0,1,0,0,0,0,49.0000,79,1,0,0,0,0,0),(471,1,10000000000,'107601','MXAA0A002G0001','MXI_Stealth_M200.jpg',69.0000,0,'2010-09-01 12:11:27','2010-09-03 10:51:43',NULL,0,1,1,15,0,1,1,0,0,0,1,0,1,0,0,0,0,69.0000,79,1,0,0,0,0,0),(472,1,1000000000,'107602','MXAA0A004G0001','MXI_Stealth_M200.jpg',99.0000,0,'2010-09-01 12:14:00','2010-09-03 10:51:54',NULL,0,1,1,15,0,1,1,0,0,0,1,0,1,0,0,0,0,99.0000,79,1,0,0,0,0,0),(473,1,10000000000,'107603','MXAA0A008G0001','MXI_Stealth_M200.jpg',134.0000,0,'2010-09-01 12:15:28','2010-09-03 10:51:29',NULL,0,1,1,15,0,1,1,0,0,0,1,0,1,0,0,0,0,134.0000,79,1,0,0,0,0,0),(474,1,100000000,'107604','MXAA0A016G0001','MXI_Stealth_M200.jpg',214.0000,0,'2010-09-01 12:16:47','2010-09-03 10:50:58',NULL,0,1,1,15,0,1,1,0,0,0,1,0,1,0,0,0,0,214.0000,79,1,0,0,0,0,0),(475,1,100000000,'107605','MXAA0A032G0001','MXI_Stealth_M200.jpg',335.0000,0,'2010-09-01 12:17:59','2010-09-03 10:51:20',NULL,0,1,1,15,0,1,1,0,0,0,1,0,1,0,0,0,0,335.0000,79,1,0,0,0,0,0),(476,1,10000000000,'107627','MXAA0A001G0001FIPS','MXI_Stealth_M200.jpg',60.0000,0,'2010-09-01 12:19:29','2010-09-03 08:06:52',NULL,0,1,1,15,0,1,1,0,0,0,1,0,1,0,0,0,0,60.0000,79,1,0,0,0,0,0),(477,1,10000000,'107606','MXAB0A001G0001','MXI_Stealth_M500.jpg',54.0000,0,'2010-09-01 12:21:03','2010-09-03 10:52:38',NULL,0,1,1,15,0,1,1,0,0,0,1,0,1,0,0,0,0,54.0000,79,1,0,0,0,0,0),(478,1,10000000000,'107607','MXAB0A002G0001','MXI_Stealth_M500.jpg',74.0000,0,'2010-09-01 12:22:50','2010-09-03 10:52:46',NULL,0,1,1,15,0,1,1,0,0,0,1,0,1,0,0,0,0,74.0000,79,1,0,0,0,0,0),(480,1,1000000000000,'107608','MXAB0A004G0001','MXI_Stealth_M500.jpg',104.0000,0,'2010-09-01 12:27:37','2010-09-03 10:52:52',NULL,0,1,1,15,0,1,1,0,0,0,1,0,1,0,0,0,0,104.0000,79,1,0,0,0,0,0),(481,1,100000000000,'107609','MXAB0A008G0001','MXI_Stealth_M500.jpg',139.0000,0,'2010-09-01 12:29:02','2010-09-03 10:49:10',NULL,0,1,1,15,0,1,1,0,0,0,1,0,1,0,0,0,0,139.0000,79,1,0,0,0,0,0),(515,1,1000000000,'107606','MXAB0A001G0001BK020','MXI_Stealth_M500.jpg',1070.0000,0,'2010-09-01 15:38:02','2010-09-02 11:25:52',NULL,0,1,1,15,0,1,1,0,0,0,1,0,1,0,0,0,0,1070.0000,79,1,0,0,0,0,0),(482,1,10000000000,'107610','MXAB0A016G0001','MXI_Stealth_M500.jpg',219.0000,0,'2010-09-01 12:31:35','2010-09-03 10:52:08',NULL,0,1,1,15,0,1,1,0,0,0,1,0,1,0,0,0,0,219.0000,79,1,0,0,0,0,0),(483,1,10000000000,'107651','MXAB0A016G0001','MXI_Stealth_M500.jpg',340.0000,0,'2010-09-01 12:32:55','2010-09-03 10:52:02',NULL,0,1,1,15,0,1,1,0,0,0,1,0,1,0,0,0,0,340.0000,79,1,0,0,0,0,0),(484,1,100000000000,'107609','MXAB0A008G0001FIPS','MXI_Stealth_M500.jpg',142.0000,0,'2010-09-01 12:34:10','2010-09-02 11:29:54',NULL,0,1,1,15,0,1,1,0,0,0,1,0,1,0,0,0,0,142.0000,79,1,0,0,0,0,0),(485,1,10000000000,'107650','MXST11GB001FIPS','MXI_Stealth_MXP_Bio_Gen_II.jpg',189.0000,0,'2010-09-01 12:36:22','2010-09-07 08:19:11',NULL,0,1,1,15,0,1,1,0,0,0,1,0,1,0,0,0,0,189.0000,79,1,0,0,0,0,0),(486,1,1000000000000,'201055','EDC-R2PCI ','Image_Not_Available.jpg',0.0000,0,'2010-09-01 12:39:05',NULL,NULL,0,1,0,10,0,1,1,0,0,1,1,0,1,0,0,0,0,0.0000,94,1,0,0,0,0,0),(487,1,1000000000,'501012','ENV-CFCASE','EnvoyData_Compact_Flash_Case.jpg',1.0000,0,'2010-09-01 12:40:33',NULL,NULL,0,1,1,10,0,1,1,0,0,0,1,0,1,0,0,0,0,1.0000,94,1,0,0,0,0,0),(488,1,10000000000,'501010','P-010B94','EnvoyData_SRAM_Case.jpg',1.0000,0,'2010-09-01 12:41:41',NULL,NULL,0,1,1,10,0,1,1,0,0,0,1,0,1,0,0,0,0,1.0000,94,1,0,0,0,0,0),(489,1,10000000000,'201018','PCD50B  903171','EnvoyData_External_5-SLOT_USB2_Digital_Media_Reader.jpg',125.0000,0,'2010-09-01 12:43:02','2010-09-02 08:39:46',NULL,0,1,1,10,0,1,1,0,0,0,1,0,1,0,0,0,0,125.0000,68,1,0,0,0,0,0),(490,1,10000000000,'201019','PCD-60B  903992','EnvoyData_6-SLOT_SCSI_Digital_Media_Reader.jpg',170.0000,0,'2010-09-01 12:44:11','2010-09-02 08:38:39',NULL,0,1,1,10,0,1,1,0,0,0,1,0,1,0,0,0,0,170.0000,68,1,0,0,0,0,0),(491,1,100000000,'201011','PCD-62U 904963','EnvoyData_5-Slot_USB2_HighSpeed_Digital_Media_Reader.jpg',200.0000,0,'2010-09-01 12:45:33','2010-09-02 08:38:28',NULL,0,1,1,10,0,1,1,0,0,0,1,0,1,0,0,0,0,200.0000,68,1,0,0,0,0,0),(492,1,10000000,'201009','PCD-55U Read/Write','EnvoyData_5-SLOT_USB2_Digital_Media_Reader.jpg',200.0000,0,'2010-09-01 12:49:20','2010-09-02 08:37:25',NULL,0,1,1,10,0,1,1,0,0,0,1,0,1,0,0,0,0,200.0000,68,1,0,0,0,0,0),(493,1,100000000000,'401008','SDMCA','EnvoyData_4-1_MultiCard_Adapter.jpg',32.0000,0,'2010-09-01 12:50:53','2010-09-02 08:37:44',NULL,0,1,1,10,0,1,1,0,0,0,1,0,1,0,0,0,0,32.0000,68,1,0,0,0,0,0),(494,1,10000000000,'201010','PCD-50 903171','Image_Not_Available.jpg',300.0000,0,'2010-09-01 12:52:21','2010-09-02 08:37:02',NULL,0,1,1,10,0,1,1,0,0,0,1,0,1,0,0,0,0,300.0000,68,1,0,0,0,0,0),(495,1,10000000000,'201004','ENV-USB-PRO  020710','EnvoyData_OmniDrivePro.jpg',419.0000,0,'2010-09-01 12:54:10','2010-09-09 09:05:19',NULL,0,1,1,10,0,1,1,0,0,0,1,0,1,0,0,0,0,419.0000,68,1,0,0,0,0,0),(496,1,1000000000,'201006','ENV-USB-LF    020711','EnvoyData_OmniDrivePro.jpg',479.0000,0,'2010-09-01 12:55:24','2010-09-09 09:05:46',NULL,0,1,1,10,0,1,1,0,0,0,1,0,1,0,0,0,0,479.0000,68,1,0,0,0,0,0),(497,1,10000000000000,'201001','EDC-USB DDREADER-33','EnvoyData_CompactFlash_Reader.jpg',20.0000,0,'2010-09-01 12:56:40','2010-09-09 09:03:40',NULL,0,1,1,10,0,1,1,0,0,0,1,0,1,0,0,0,0,20.0000,68,1,0,0,0,0,0),(498,1,10000000000,'201005','EDC-USB2   GP-4501CRB','EnvoyData_MultiCard_Reader.jpg',0.0000,0,'2010-09-01 12:58:22','2010-09-09 09:00:18',NULL,0,1,0,10,0,1,1,0,0,1,1,0,1,0,0,0,0,0.0000,68,1,0,0,0,0,0),(499,1,1000000000,'401003','ENV-CFA-ED','EnvoyData_CompactFlash_Adapter.jpg',20.0000,0,'2010-09-01 12:59:51','2010-09-09 09:02:31',NULL,0,1,1,10,0,1,1,0,0,0,1,0,1,0,0,0,0,20.0000,68,1,0,0,0,0,0),(500,1,1000000000000,'201014','AEPUDDU','EnvoyData_ATAFlash_Reader.jpg',89.0000,0,'2010-09-01 13:01:06','2010-09-09 09:02:11',NULL,0,1,1,10,0,1,1,0,0,0,1,0,1,0,0,0,0,89.0000,68,1,0,0,0,0,0),(501,1,1000000000,'201056','EDCTP/PCI/ PCD-TP110CS','EnvoyData_PCI-to-PC_Drive.jpg',126.0000,0,'2010-09-01 13:03:18','2010-09-09 09:06:19',NULL,0,1,1,10,0,1,1,0,0,0,1,0,1,0,0,0,0,126.0000,68,1,0,0,0,0,0),(502,1,1000000000000,'101016','SR256  PG30007','EnvoyData_SRAM.jpg',61.7000,0,'2010-09-01 14:36:47','2010-09-07 08:57:12',NULL,0,1,1,10,0,1,1,0,0,0,1,0,1,0,0,0,0,61.7000,67,1,0,0,0,0,0),(503,1,1000000000,'101013','SR512-15-11194','EnvoyData_SRAM.jpg',85.0000,0,'2010-09-01 14:38:26','2010-09-07 09:08:43',NULL,0,1,1,10,0,1,1,0,0,0,1,0,1,0,0,0,0,85.0000,67,1,0,0,0,0,0),(504,1,100000000000,'101019','SR01M   PG 32004','EnvoyData_SRAM.jpg',100.0000,0,'2010-09-01 14:41:08','2010-09-07 08:56:51',NULL,0,1,1,10,0,1,1,0,0,0,1,0,1,0,0,0,0,100.0000,67,1,0,0,0,0,0),(505,1,1000000000000,'101011','SI02M','EnvoyData_SRAM.jpg',159.0000,0,'2010-09-01 14:44:00','2010-09-07 09:01:04',NULL,0,1,1,10,0,1,1,0,0,0,1,0,1,0,0,0,0,159.0000,67,1,0,0,0,0,0),(506,1,1000000000,'101017','SR02M  PG33004','EnvoyData_SRAM.jpg',139.0000,0,'2010-09-01 14:54:37','2010-09-07 09:00:46',NULL,0,1,1,10,0,1,1,0,0,0,1,0,1,0,0,0,0,139.0000,67,1,0,0,0,0,0),(507,1,10000000,'107658','MXST34GB001','MXI_Stealth_MXP_Bio_Gen_II.jpg',239.0000,0,'2010-09-01 15:00:15','2010-09-07 08:22:13',NULL,0,1,1,15,0,1,1,0,0,0,1,0,1,0,0,0,0,239.0000,79,1,0,0,0,0,0),(508,1,10000000000,'107659','MXST38GB001','MXI_Stealth_MXP_Bio_Gen_II.jpg',389.0000,0,'2010-09-01 15:03:52','2010-09-07 08:24:04',NULL,0,1,1,15,0,1,1,0,0,0,1,0,1,0,0,0,0,389.0000,79,1,0,0,0,0,0),(509,1,100000000000,'107660','MXST316G001','MXI_Stealth_MXP_Bio_Gen_II.jpg',529.0000,0,'2010-09-01 15:05:47','2010-09-07 08:16:58',NULL,0,1,1,15,0,1,1,0,0,0,1,0,1,0,0,0,0,529.0000,79,1,0,0,0,0,0),(510,1,100000000000,'107608','MXAB0A004G0001BK020','MXI_Stealth_M500.jpg',2070.0000,0,'2010-09-01 15:07:56','2010-09-02 11:28:03',NULL,0,1,1,15,0,1,1,0,0,0,1,0,1,0,0,0,0,2070.0000,79,1,0,0,0,0,0),(511,1,10000000000,'107605','MXAA0A032G0001BK020','MXI_Stealth_M500.jpg',6690.0000,0,'2010-09-01 15:09:32','2010-09-03 08:07:29',NULL,0,1,1,15,0,1,1,0,0,0,1,0,1,0,0,0,0,6690.0000,79,1,0,0,0,0,0),(512,1,10000000000,'107604','MXAA0A016G0001BK020','MXI_Stealth_M500.jpg',4270.0000,0,'2010-09-01 15:11:13','2010-09-03 08:05:49',NULL,0,1,1,15,0,1,1,0,0,0,1,0,1,0,0,0,0,4270.0000,79,1,0,0,0,0,0),(513,1,1000000000,'107607','MXAB0A002G0001BK020','MXI_Stealth_M500.jpg',1470.0000,0,'2010-09-01 15:12:34','2010-09-02 11:26:47',NULL,0,1,1,15,0,1,1,0,0,0,1,0,1,0,0,0,0,1470.0000,79,1,0,0,0,0,0),(514,1,1000000000,'107609','MXAB0A008G0001BK020','MXI_Stealth_M500.jpg',2770.0000,0,'2010-09-01 15:14:14','2010-09-02 11:29:28',NULL,0,1,1,15,0,1,1,0,0,0,1,0,1,0,0,0,0,2770.0000,79,1,0,0,0,0,0),(516,1,10000000,'107610','MXAB0A016G0001BK020','MXI_Stealth_M500.jpg',4370.0000,0,'2010-09-01 15:39:48','2010-09-02 11:24:27',NULL,0,1,1,15,0,1,1,0,0,0,1,0,1,0,0,0,0,4370.0000,79,1,0,0,0,0,0),(517,1,10000000000,'107611','MXAB0A032G0001BK020','MXI_Stealth_M500.jpg',6790.0000,0,'2010-09-01 15:42:45','2010-09-02 11:27:11',NULL,0,1,1,15,0,1,1,0,0,0,1,0,1,0,0,0,0,6790.0000,79,1,0,0,0,0,0),(518,1,100000000,'107612','MXAB1A001G0001','MXI_Stealth_M550.jpg',70.0000,0,'2010-09-01 15:44:55','2010-09-03 10:49:23',NULL,0,1,1,15,0,1,1,0,0,0,1,0,1,0,0,0,0,70.0000,79,1,0,0,0,0,0),(519,1,100000000,'107613','MXAB1A002G0001','MXI_Stealth_M550.jpg',87.0000,0,'2010-09-01 15:48:39','2010-09-03 10:49:30',NULL,0,1,1,15,0,1,1,0,0,0,1,0,1,0,0,0,0,87.0000,79,1,0,0,0,0,0),(520,1,100000000000,'107614','MXAB1A004G0001','MXI_Stealth_M550.jpg',111.0000,0,'2010-09-01 15:50:36','2010-09-03 10:49:44',NULL,0,1,1,15,0,1,1,0,0,0,1,0,1,0,0,0,0,111.0000,79,1,0,0,0,0,0),(521,1,1000000000,'107615','MXAB1A008G0001','MXI_Stealth_M550.jpg',147.0000,0,'2010-09-01 15:53:28','2010-09-03 10:49:52',NULL,0,1,1,15,0,1,1,0,0,0,1,0,1,0,0,0,0,147.0000,79,1,0,0,0,0,0),(522,1,1000000000,'107616','MXAB1A016G0001','MXI_Stealth_M550.jpg',230.0000,0,'2010-09-01 15:54:39','2010-09-03 10:49:17',NULL,0,1,1,15,0,1,1,0,0,0,1,0,1,0,0,0,0,230.0000,79,1,0,0,0,0,0),(523,1,10000000,'107617','MXAB1A032G0001','MXI_Stealth_M550.jpg',355.0000,0,'2010-09-01 15:56:48','2010-09-03 10:49:37',NULL,0,1,1,15,0,1,1,0,0,0,1,0,1,0,0,0,0,355.0000,79,1,0,0,0,0,0),(524,1,1000000000,'101014','SI04M PG 34027','EnvoyData_SRAM.jpg',230.0000,0,'2010-09-02 08:18:41','2010-09-07 09:08:23',NULL,0,1,1,10,0,1,1,0,0,0,1,0,1,0,0,0,0,230.0000,67,1,0,0,0,0,0),(525,1,10000000000,'101028 ','SR04M-15-11194 ','EnvoyData_SRAM.jpg',220.0000,0,'2010-09-02 08:22:14','2010-09-07 09:08:05',NULL,0,1,1,10,1,1,1,0,0,0,1,0,1,0,0,0,0,220.0000,67,1,0,0,0,0,0),(526,1,10000000000,'Envoy6MBSRAM','SR06M-15-11194 ','EnvoyData_SRAM.jpg',250.0000,0,'2010-09-02 08:29:57','2010-09-07 09:12:06',NULL,0,1,1,10,0,1,1,0,0,0,1,0,1,0,0,0,0,250.0000,67,1,0,0,0,0,0),(527,1,10000000,'101015','S6F208C','EnvoyData_SRAM.jpg',325.0000,0,'2010-09-02 08:33:11','2010-09-07 09:14:40',NULL,0,1,1,10,0,1,1,0,0,0,1,0,1,0,0,0,0,325.0000,67,1,0,0,0,0,0),(528,1,1000000000,'102012','FL04M-20-11119','EnvoyData_LinearFlash.jpg',63.5000,0,'2010-09-02 08:45:12','2010-09-07 09:05:48',NULL,0,1,1,10,0,1,1,0,0,0,1,0,1,0,0,0,0,63.5000,67,1,0,0,0,0,0),(529,1,100000000,'102006','FL08M-20-11119','EnvoyData_LinearFlash.jpg',80.0000,0,'2010-09-02 09:01:31','2010-09-07 09:14:22',NULL,0,1,1,10,0,1,1,0,0,0,1,0,1,0,0,0,0,80.0000,67,1,0,0,0,0,0),(530,1,1000000000,'102007','FL16M-20-11119','EnvoyData_LinearFlash.jpg',125.0000,0,'2010-09-02 09:03:31','2010-09-14 16:09:24',NULL,0,1,1,10,0,1,1,0,0,0,1,0,1,0,0,0,0,125.0000,67,1,0,0,0,0,0),(531,1,100000000,'102016','FL32M-20-11119','EnvoyData_LinearFlash.jpg',163.0000,0,'2010-09-02 09:16:49','2010-09-07 09:03:35',NULL,0,1,1,10,0,1,1,0,0,0,1,0,1,0,0,0,0,163.0000,67,1,0,0,0,0,0),(532,1,10000000,'104003','ENVSD2GB','EnvoyData_SecureDigital.jpg',0.0000,0,'2010-09-02 09:20:38','2010-09-07 09:00:27',NULL,0,1,0,10,0,1,1,0,0,1,1,0,1,0,0,0,0,0.0000,67,1,0,0,0,0,0),(533,1,1000000000,'104008','ENVSD4GB','EnvoyData_SecureDigital.jpg',0.0000,0,'2010-09-02 09:23:17','2010-09-07 09:05:26',NULL,0,1,0,10,0,1,1,0,0,1,1,0,1,0,0,0,0,0.0000,67,1,0,0,0,0,0),(534,1,1000000000,'104009','ENVSD8GB','EnvoyData_SecureDigital.jpg',0.0000,0,'2010-09-02 09:24:46','2010-09-07 09:14:02',NULL,0,1,0,10,0,1,1,0,0,1,1,0,1,0,0,0,0,0.0000,67,1,0,0,0,0,0),(535,1,1000000000,'ED016PC-ISM101','Envoy Data','EnvoyData_ATAFlash.jpg',0.0000,0,'2010-09-02 09:33:21','2010-09-14 16:09:11',NULL,0,1,0,10,0,1,1,0,0,1,1,0,1,0,0,0,0,0.0000,67,1,0,0,0,0,0),(536,1,100000000,'104502','ED032PC-ISM101','EnvoyData_ATAFlash.jpg',0.0000,0,'2010-09-02 09:35:11','2010-09-07 09:02:27',NULL,0,1,0,10,0,1,1,0,0,1,1,0,1,0,0,0,0,0.0000,67,1,0,0,0,0,0),(537,1,1000000000000,'104031','ED032PC-SM101','EnvoyData_ATAFlash.jpg',0.0000,0,'2010-09-02 09:37:36','2010-09-07 09:02:11',NULL,0,1,0,10,0,1,1,0,0,1,1,0,1,0,0,0,0,0.0000,67,1,0,0,0,0,0),(538,1,10000000000,'104032','ED064PC-SM101','EnvoyData_ATAFlash.jpg',36.7500,0,'2010-09-02 09:39:08','2010-09-07 09:10:25',NULL,0,1,1,10,0,1,1,0,0,0,1,0,1,0,0,0,0,36.7500,67,1,0,0,0,0,0),(539,1,1000000000,'104503','ED064PC-ISM101','EnvoyData_ATAFlash.jpg',48.0000,0,'2010-09-02 09:41:01','2010-09-07 09:10:53',NULL,0,1,1,10,0,1,1,0,0,0,1,0,1,0,0,0,0,48.0000,67,1,0,0,0,0,0),(540,1,100000000,'104504','ED128PC-ISM101','EnvoyData_ATAFlash.jpg',51.0000,0,'2010-09-02 09:43:04','2010-09-14 16:06:36',NULL,0,1,1,10,0,1,1,0,0,0,1,0,1,0,0,0,0,51.0000,67,1,0,0,0,0,0),(541,1,10000000,'104033','ED128PC-SM101','EnvoyData_ATAFlash.jpg',41.7500,0,'2010-09-02 09:47:40','2010-09-14 16:06:22',NULL,0,1,1,10,0,1,1,0,0,0,1,0,1,0,0,0,0,41.7500,67,1,0,0,0,0,0),(542,1,10000000000,'104505','ED256PC-ISM101','EnvoyData_ATAFlash.jpg',69.5000,0,'2010-09-02 09:49:08','2010-09-07 08:57:57',NULL,0,1,1,10,0,1,1,0,0,0,1,0,1,0,0,0,0,69.5000,67,1,0,0,0,0,0),(543,1,1000000000,'104034','ED256PC-SM101','EnvoyData_ATAFlash.jpg',55.0000,0,'2010-09-02 09:50:26','2010-09-07 08:57:36',NULL,0,1,1,10,0,1,1,0,0,0,1,0,1,0,0,0,0,55.0000,67,1,0,0,0,0,0),(544,1,10000000000,'104506','ED512PC-ISM101','EnvoyData_ATAFlash.jpg',85.0000,0,'2010-09-02 09:52:13','2010-09-07 09:09:21',NULL,0,1,1,10,0,1,1,0,0,0,1,0,1,0,0,0,0,85.0000,67,1,0,0,0,0,0),(545,1,100000000000,'104035','ED512PC-SM101','EnvoyData_ATAFlash.jpg',73.2500,0,'2010-09-02 09:53:42','2010-09-07 09:09:01',NULL,0,1,1,10,0,1,1,0,0,0,1,0,1,0,0,0,0,73.2500,67,1,0,0,0,0,0),(546,1,100000000,'104507','ED1GBPC-ISM101','EnvoyData_ATAFlash.jpg',154.5000,0,'2010-09-02 09:55:50','2010-09-07 08:55:25',NULL,0,1,1,10,0,1,1,0,0,0,1,0,1,0,0,0,0,154.5000,67,1,0,0,0,0,0),(547,1,10000000000,'104036','ED1GBPC-SM101','EnvoyData_ATAFlash.jpg',123.5000,0,'2010-09-02 09:57:46','2010-09-07 08:55:06',NULL,0,1,1,10,0,1,1,0,0,0,1,0,1,0,0,0,0,123.5000,67,1,0,0,0,0,0),(548,1,100000000,'104508','ED2GBPC-ISM101','EnvoyData_ATAFlash.jpg',189.5000,0,'2010-09-02 09:59:40','2010-09-07 08:59:21',NULL,0,1,1,10,0,1,1,0,0,0,1,0,1,0,0,0,0,189.5000,67,1,0,0,0,0,0),(549,1,100000000,'104037','ED2GBPC-SM101','EnvoyData_ATAFlash.jpg',151.5000,0,'2010-09-02 10:01:26','2010-09-07 08:59:02',NULL,0,1,1,10,0,1,1,0,0,0,1,0,1,0,0,0,0,151.5000,67,1,0,0,0,0,0),(552,1,10000000000,'104038','ED4GBPC-SM101','EnvoyData_ATAFlash.jpg',200.0000,0,'2010-09-02 10:31:15','2010-09-07 09:03:54',NULL,0,1,1,10,0,1,1,0,0,0,1,0,1,0,0,0,0,200.0000,67,1,0,0,0,0,0),(553,1,10000000000,'104510','ED8GBPC-ISM101','EnvoyData_ATAFlash.jpg',234.0000,0,'2010-09-02 10:33:26','2010-09-07 09:12:50',NULL,0,1,1,10,0,1,1,0,0,0,1,0,1,0,0,0,0,234.0000,67,1,0,0,0,0,0),(554,1,100000000,'104039','ED8GBPC-SM101','EnvoyData_ATAFlash.jpg',225.0000,0,'2010-09-02 10:35:43','2010-09-07 09:12:30',NULL,0,1,1,10,0,1,1,0,0,0,1,0,1,0,0,0,0,225.0000,67,1,0,0,0,0,0),(555,1,10000000000,'104042','ED16GBPC-ISM101-2','EnvoyData_ATAFlash.jpg',450.0000,0,'2010-09-02 10:37:30','2010-09-14 16:08:07',NULL,0,1,1,10,0,1,1,0,0,0,1,0,1,0,0,0,0,450.0000,67,1,0,0,0,0,0),(556,1,10000000000,'104040','ED16GBPC-SM101-2','EnvoyData_ATAFlash.jpg',430.0000,0,'2010-09-02 10:39:10','2010-09-14 16:07:50',NULL,0,1,1,10,0,1,1,0,0,0,1,0,1,0,0,0,0,430.0000,67,1,0,0,0,0,0),(557,1,1000000000,'104041','ED32GBPC-SM101-2','EnvoyData_ATAFlash.jpg',767.0000,0,'2010-09-02 10:43:54','2010-09-07 09:01:27',NULL,0,1,1,10,0,1,1,0,0,0,1,0,1,0,0,0,0,767.0000,67,1,0,0,0,0,0),(558,1,10000000,'104041','ED32GPC-SM101','EnvoyData_ATAFlash.jpg',767.0000,0,'2010-09-02 10:45:26','2010-09-07 09:01:49',NULL,0,1,1,10,0,1,1,0,0,0,1,0,1,0,0,0,0,767.0000,67,1,0,0,0,0,0),(559,1,1000000000,'104006','ENVSD1GB','EnvoyData_SecureDigital.jpg',0.0000,0,'2010-09-02 10:57:05','2010-09-07 08:56:31',NULL,0,1,0,10,0,1,1,0,0,1,1,0,1,0,0,0,0,0.0000,67,1,0,0,0,0,0),(560,1,1000000000,'Envoy18SATA4GB','18SSD4GB','EnvoyData_SolidStateDrive_18.jpg',0.0000,0,'2010-09-02 11:03:01','2010-09-09 08:47:31',NULL,0,1,0,10,0,1,1,0,0,1,1,0,1,0,0,0,0,0.0000,84,1,0,0,0,0,0),(561,1,1000000000,'103506','ED032CF-ISM101','EnvoyData_CompactFlash.jpg',0.0000,0,'2010-09-02 11:06:45','2010-09-07 09:03:12',NULL,0,1,0,10,0,1,1,0,0,1,1,0,1,0,0,0,0,0.0000,67,1,0,0,0,0,0),(562,1,1000000000,'103031','ED032CF-SM101','EnvoyData_CompactFlash.jpg',0.0000,0,'2010-09-02 11:10:58','2010-09-07 09:02:50',NULL,0,1,0,10,0,1,1,0,0,1,1,0,1,0,0,0,0,0.0000,67,1,0,0,0,0,0),(563,1,1000000000,'107632','MXOBA1160001','MXI_Outbacker_MXP_Biometric.jpg',419.0000,0,'2010-09-02 11:30:21','2010-09-02 13:40:43',NULL,0,1,1,15,0,1,1,0,0,0,1,0,1,0,0,0,0,419.0000,79,1,0,0,0,0,0),(564,1,1000000000,'103032','ED064CF-SM101','EnvoyData_CompactFlash.jpg',26.7500,0,'2010-09-02 11:47:21','2010-09-07 09:11:24',NULL,0,1,1,10,0,1,1,0,0,0,1,0,1,0,0,0,0,26.7500,67,1,0,0,0,0,0),(565,1,1000000000,'103507','ED064CF-ISM101','EnvoyData_CompactFlash.jpg',35.0000,0,'2010-09-02 11:49:17','2010-09-07 09:11:46',NULL,0,1,1,10,0,1,1,0,0,0,1,0,1,0,0,0,0,35.0000,67,1,0,0,0,0,0),(566,1,10000000000,'103508','ED128CF-ISM101','EnvoyData_CompactFlash.jpg',30.0000,0,'2010-09-02 11:50:38','2010-09-14 16:07:21',NULL,0,1,1,10,0,1,1,0,0,0,1,0,1,0,0,0,0,30.0000,67,1,0,0,0,0,0),(567,1,1000000000,'103753','ED16GBCF-ISM101-2','EnvoyData_CompactFlash.jpg',442.0000,0,'2010-09-02 11:52:47','2010-09-14 16:08:57',NULL,0,1,1,10,0,1,1,0,0,0,1,0,1,0,0,0,0,442.0000,67,1,0,0,0,0,0),(568,1,1000000000,'103745','ED16GBCF-SM101-2','EnvoyData_CompactFlash.jpg',427.0000,0,'2010-09-02 11:55:19','2010-09-14 16:08:25',NULL,0,1,1,10,0,1,1,0,0,0,1,0,1,0,0,0,0,427.0000,67,1,0,0,0,0,0),(569,1,1000000000000,'103752','ED8GBCF-ISM101','EnvoyData_CompactFlash.jpg',238.0000,0,'2010-09-02 11:59:08','2010-09-07 09:13:38',NULL,0,1,1,10,0,1,1,0,0,0,1,0,1,0,0,0,0,238.0000,67,1,0,0,0,0,0),(570,1,10000000000,'103744','ED8GBCF-SM101','EnvoyData_CompactFlash.jpg',232.0000,0,'2010-09-02 12:00:46','2010-09-07 09:13:15',NULL,0,1,1,10,0,1,1,0,0,0,1,0,1,0,0,0,0,232.0000,67,1,0,0,0,0,0),(571,1,10000000000,'103038','ED4GBCF-SM101','EnvoyData_CompactFlash.jpg',208.5000,0,'2010-09-02 12:02:05','2010-09-07 09:04:39',NULL,0,1,1,10,0,1,1,0,0,0,1,0,1,0,0,0,0,208.5000,67,1,0,0,0,0,0),(572,1,1000000000,'103513','ED4GBCF-ISM101','EnvoyData_CompactFlash.jpg',229.2500,0,'2010-09-02 12:03:47','2010-09-07 09:05:02',NULL,0,1,1,10,0,1,1,0,0,0,1,0,1,0,0,0,0,229.2500,67,1,0,0,0,0,0),(573,1,1000000,'103037','ED2GBCF-SM101','EnvoyData_CompactFlash.jpg',108.5000,0,'2010-09-02 12:05:13','2010-09-07 08:59:41',NULL,0,1,1,10,0,1,1,0,0,0,1,0,1,0,0,0,0,108.5000,67,1,0,0,0,0,0),(574,1,1000000000,'103512','ED2GBCF-ISM101','EnvoyData_CompactFlash.jpg',118.5000,0,'2010-09-02 12:06:56','2010-09-07 09:00:02',NULL,0,1,1,10,0,1,1,0,0,0,1,0,1,0,0,0,0,118.5000,67,1,0,0,0,0,0),(575,1,1000000000,'103036','ED1GBCF-SM101','EnvoyData_CompactFlash.jpg',66.7500,0,'2010-09-02 12:08:15','2010-09-07 08:55:45',NULL,0,1,1,10,0,1,1,0,0,0,1,0,1,0,0,0,0,66.7500,67,1,0,0,0,0,0),(576,1,1000000,'103511','ED1GBCF-ISM101','EnvoyData_CompactFlash.jpg',78.2500,0,'2010-09-02 12:10:11','2010-09-07 08:56:08',NULL,0,1,1,10,0,1,1,0,0,0,1,0,1,0,0,0,0,78.2500,67,1,0,0,0,0,0),(577,1,100000000000,'103035','ED512CF-SM101','EnvoyData_CompactFlash.jpg',51.5000,0,'2010-09-02 12:12:02','2010-09-07 09:09:45',NULL,0,1,1,10,0,1,1,0,0,0,1,0,1,0,0,0,0,51.5000,67,1,0,0,0,0,0),(578,1,1000000000,'103510','ED512CF-ISM101','EnvoyData_CompactFlash.jpg',61.7500,0,'2010-09-02 12:13:26','2010-09-07 09:10:07',NULL,0,1,1,10,0,1,1,0,0,0,1,0,1,0,0,0,0,61.7500,67,1,0,0,0,0,0),(579,1,10000000000,'103034','ED256CF-SM101','EnvoyData_CompactFlash.jpg',0.0000,0,'2010-09-02 12:14:40','2010-09-07 08:58:19',NULL,0,1,1,10,0,1,1,0,0,0,1,0,1,0,0,0,0,0.0000,67,1,0,0,0,0,0),(580,1,1000000000,'103509','ED256CF-ISM101','EnvoyData_CompactFlash.jpg',35.0000,0,'2010-09-02 12:17:35','2010-09-07 08:58:42',NULL,0,1,1,10,0,1,1,0,0,0,1,0,1,0,0,0,0,35.0000,67,1,0,0,0,0,0),(581,1,10000000000,'103033','ED128CF-SM101','EnvoyData_CompactFlash.jpg',26.7500,0,'2010-09-02 12:19:12','2010-09-14 16:07:35',NULL,0,1,1,10,0,1,1,0,0,0,1,0,1,0,0,0,0,26.7500,67,1,0,0,0,0,0),(582,1,10000000000,'Envoy18PATA4GB','18SSD4GBPATA','EnvoyData_SolidStateDrive_18.jpg',0.0000,0,'2010-09-02 12:36:19','2010-09-09 08:47:07',NULL,0,1,0,10,0,1,1,0,0,1,1,0,1,0,0,0,0,0.0000,84,1,0,0,0,0,0),(583,1,1000000000,'Envoy64PATA4GB','25SSD64GBPATA','EnvoyData_SolidStateDrive_25.jpg',0.0000,0,'2010-09-02 12:38:23','2010-09-09 08:53:50',NULL,0,1,0,10,0,1,1,0,0,1,1,0,1,0,0,0,0,0.0000,84,1,0,0,0,0,0),(584,1,10000000000,'Envoy64SATA4GB','25SSD64GB','EnvoyData_SolidStateDrive_25.jpg',0.0000,0,'2010-09-02 12:40:02','2010-09-09 08:54:13',NULL,0,1,0,10,0,1,1,0,0,1,1,0,1,0,0,0,0,0.0000,84,1,0,0,0,0,0),(585,1,1000000000,'104002','ENV104002','EnvoyData_SolidStateDrive_25.jpg',0.0000,0,'2010-09-02 12:43:07','2010-09-09 08:54:30',NULL,0,1,0,0,0,1,1,0,0,0,1,0,1,0,0,0,0,0.0000,84,1,0,0,0,0,0),(586,1,10000000000,'104007','25D032G-6PCRD','EnvoyData_SolidStateDrive_25.jpg',0.0000,0,'2010-09-02 12:45:17','2010-09-09 08:52:21',NULL,0,1,0,10,0,1,1,0,0,1,1,0,1,0,0,0,0,0.0000,84,1,0,0,0,0,0),(587,1,10000000000,'107633','MXOBA1250001','MXI_Outbacker_MXP_Biometric.jpg',459.0000,0,'2010-09-02 12:47:55','2010-09-03 08:04:36',NULL,0,1,1,15,0,1,1,0,0,0,1,0,1,0,0,0,0,459.0000,79,1,0,0,0,0,0),(588,1,10000000000,'Envoy18SATA8GB','18SSD8GB','EnvoyData_SolidStateDrive_18.jpg',0.0000,0,'2010-09-02 12:49:20','2010-09-09 08:48:52',NULL,0,1,1,10,0,1,1,0,0,0,1,0,1,0,0,0,0,0.0000,84,1,0,0,0,0,0),(589,1,1000000000,'Envoy18PATA8GB','18SSD8GBPATA','EnvoyData_SolidStateDrive_18.jpg',0.0000,0,'2010-09-02 12:52:56','2010-09-09 08:48:25',NULL,0,1,0,0,0,1,1,0,0,1,1,0,1,0,0,0,0,0.0000,84,1,0,0,0,0,0),(590,1,100000000,'Envoy25PATA32GB','25SSD32GBPATA','EnvoyData_SolidStateDrive_25.jpg',0.0000,0,'2010-09-02 12:54:48','2010-09-09 08:52:03',NULL,0,1,0,0,0,1,1,0,0,1,1,0,1,0,0,0,0,0.0000,84,1,0,0,0,0,0),(591,1,1000000000,'Envoy25SATA32GB','25SSD32GB','EnvoyData_SolidStateDrive_25.jpg',0.0000,0,'2010-09-02 12:57:39','2010-09-09 08:52:40',NULL,0,1,0,10,0,1,1,0,0,1,1,0,1,0,0,0,0,0.0000,84,1,0,0,0,0,0),(592,1,100000000,'Envoy25PATA16GB','25SSD16GBPATA','EnvoyData_SolidStateDrive_25.jpg',0.0000,0,'2010-09-02 13:01:04','2010-09-09 08:51:24',NULL,0,1,0,10,0,1,1,0,0,1,1,0,1,0,0,0,0,0.0000,84,1,0,0,0,0,0),(593,1,1000000000,'Envoy18SATA16GB','18SSD16GB','EnvoyData_SolidStateDrive_18.jpg',0.0000,0,'2010-09-02 13:02:37','2010-09-09 08:45:36',NULL,0,1,0,10,0,1,1,0,0,1,1,0,1,0,0,0,0,0.0000,84,1,0,0,0,0,0),(594,1,10000000000,'Envoy18PATA16GB','18SSD16GBPATA','EnvoyData_SolidStateDrive_18.jpg',0.0000,0,'2010-09-02 13:06:55','2010-09-09 08:45:16',NULL,0,1,0,10,0,1,1,0,0,1,1,0,1,0,0,0,0,0.0000,84,1,0,0,0,0,0),(595,1,100000000,'Envoy25SATA16GB','25SSD16GB','EnvoyData_SolidStateDrive_25.jpg',0.0000,0,'2010-09-02 13:08:35','2010-09-09 08:51:43',NULL,0,1,0,10,0,1,1,0,0,1,1,0,1,0,0,0,0,0.0000,84,1,0,0,0,0,0),(596,1,10000000,'Envoy64PATA8GB','25SSD8GBPATA','EnvoyData_SolidStateDrive_25.jpg',0.0000,0,'2010-09-02 13:11:15','2010-09-09 08:54:47',NULL,0,1,0,10,0,1,1,0,0,1,1,0,1,0,0,0,0,0.0000,84,1,0,0,0,0,0),(597,1,1000000000,'104004','ENV18SSD32','EnvoyData_SolidStateDrive_18.jpg',0.0000,0,'2010-09-02 13:12:51','2010-09-09 08:46:24',NULL,0,1,0,10,0,1,1,0,0,1,1,0,1,0,0,0,0,0.0000,84,1,0,0,0,0,0),(598,1,0,'104000','ENV104000','EnvoyData_SolidStateDrive_18.jpg',0.0000,0,'2010-09-02 13:14:39','2010-09-09 08:46:44',NULL,0,1,0,10,0,1,1,0,0,1,1,0,1,0,0,0,0,0.0000,84,1,0,0,0,0,0),(599,1,1000000000,'Envoy18PATA32GB','18SSD32GBPATA','EnvoyData_SolidStateDrive_18.jpg',0.0000,0,'2010-09-02 13:17:10','2010-09-09 08:45:54',NULL,0,1,0,10,0,1,1,0,0,1,1,0,1,0,0,0,0,0.0000,84,1,0,0,0,0,0),(600,1,10000000,'104001','ENV104001','EnvoyData_SolidStateDrive_18.jpg',0.0000,0,'2010-09-02 13:18:29','2010-09-09 08:48:08',NULL,0,1,0,10,0,1,1,0,0,1,1,0,1,0,0,0,0,0.0000,84,1,0,0,0,0,0),(601,1,10000000,'104005','ENV18SSD64','EnvoyData_SolidStateDrive_18.jpg',0.0000,0,'2010-09-02 13:20:04','2010-09-09 08:47:49',NULL,0,1,0,10,0,1,1,0,0,1,1,0,1,0,0,0,0,0.0000,84,1,0,0,0,0,0),(602,1,10000000,'Envoy25SATA4GB','25SSD4GB','EnvoyData_SolidStateDrive_25.jpg',0.0000,0,'2010-09-02 13:21:18','2010-09-09 08:53:33',NULL,0,1,0,10,0,1,1,0,0,1,1,0,1,0,0,0,0,0.0000,84,1,0,0,0,0,0),(603,1,1000000,'104010','SG9STL2B4GD01','EnvoyData_SolidStateDrive_25.jpg',0.0000,0,'2010-09-02 13:24:13','2010-09-09 08:53:17',NULL,0,1,0,10,0,1,1,0,0,1,1,0,1,0,0,0,0,0.0000,84,1,0,0,0,0,0),(604,1,100000000,'Envoy25PATA4GB','25SSD4GBPATA','EnvoyData_SolidStateDrive_25.jpg',0.0000,0,'2010-09-02 13:25:32','2010-09-09 08:52:59',NULL,0,1,0,10,0,1,1,0,0,1,1,0,1,0,0,0,0,0.0000,84,1,0,0,0,0,0),(605,1,100000000,'Envoy64SATA8GB','25SSD8GB','EnvoyData_SolidStateDrive_25.jpg',0.0000,0,'2010-09-02 13:26:45','2010-09-09 08:55:04',NULL,0,1,0,10,0,1,1,0,0,0,1,0,1,0,0,0,0,0.0000,84,1,0,0,0,0,0),(606,1,0,NULL,'',NULL,0.0000,0,'0001-01-01 00:00:00',NULL,NULL,0,0,0,NULL,0,1,1,0,0,0,0,0,1,0,0,0,0,0.0000,0,1,0,0,0,0,0),(941,1,100000000,'MXST32GB001','107657','MXI_Stealth_MXP_Bio_Gen_II.jpg',212.0000,0,'2010-09-03 09:59:46','2010-09-07 08:20:14',NULL,0,1,1,15,0,1,1,0,0,0,1,0,1,0,0,0,0,212.0000,79,1,0,0,0,0,0),(942,1,10000000,'MXST31GB001','107656','MXI_Stealth_MXP_Bio_Gen_II.jpg',189.0000,0,'2010-09-03 10:01:24','2010-09-07 08:18:43',NULL,0,1,1,15,0,1,1,0,0,0,1,0,1,0,0,0,0,189.0000,79,1,0,0,0,0,0),(943,1,100000000,'MXST116G001','107654','MXI_Stealth_MXP_Bio_Gen_II.jpg',529.0000,0,'2010-09-03 10:04:23','2010-09-07 08:17:16',NULL,0,1,1,15,0,1,1,0,0,0,1,0,1,0,0,0,0,529.0000,79,1,0,0,0,0,0),(944,1,1000000000,'MXOBA1320001','107634','MXI_Outbacker_MXP_Biometric.jpg',509.0000,0,'2010-09-03 10:06:09','2010-09-07 08:38:16',NULL,0,1,1,15,0,1,1,0,0,0,1,0,1,0,0,0,0,509.0000,79,1,0,0,0,0,0),(945,1,1000000000,'MXOBA1160001FIPS','107664','MXI_Outbacker_MXP_Biometric.jpg',419.0000,0,'2010-09-03 10:09:19','2010-09-07 08:05:28',NULL,0,1,1,15,0,1,1,0,0,0,1,0,1,0,0,0,0,419.0000,79,1,0,0,0,0,0),(946,1,100000000,'MXOBA1250001FIPS','107665','MXI_Outbacker_MXP_Biometric.jpg',459.0000,0,'2010-09-03 10:10:36','2010-09-07 08:06:00',NULL,0,1,1,15,0,1,1,0,0,0,1,0,1,0,0,0,0,459.0000,79,1,0,0,0,0,0),(947,1,100000000,'MXOBA1320001FIPS','107666','MXI_Outbacker_MXP_Biometric.jpg',0.0000,0,'2010-09-03 10:12:17','2010-09-07 08:06:32',NULL,0,1,1,15,0,1,1,0,0,0,1,0,1,0,0,0,0,0.0000,79,1,0,0,0,0,0),(948,1,10000000,'MXOBA1500001FIPS','107667','MXI_Outbacker_MXP_Biometric.jpg',599.0000,0,'2010-09-03 10:23:19','2010-09-07 08:06:54',NULL,0,1,1,15,0,1,1,0,0,0,1,0,1,0,0,0,0,599.0000,79,1,0,0,0,0,0),(949,1,1000000,'MXSTP31GB001FIPS','107644','MXI_Stealth_MXP_Passport_BLK.jpg',139.0000,0,'2010-09-03 10:25:31','2010-09-07 08:32:23',NULL,0,1,1,15,0,1,1,0,0,0,1,0,1,0,0,0,0,139.0000,79,1,0,0,0,0,0),(950,1,1000000000,'MXSTP32GB001FIPS','107645','MXI_Stealth_MXP_Passport_BLK.jpg',149.0000,0,'2010-09-03 10:27:34','2010-09-07 08:33:57',NULL,0,1,1,15,0,1,1,0,0,0,1,0,1,0,0,0,0,149.0000,79,1,0,0,0,0,0),(951,1,1000000000,'MXST18GB001','107653','MXI_Stealth_MXP_Bio_Gen_II.jpg',389.0000,0,'2010-09-03 10:29:05','2010-09-07 08:24:27',NULL,0,1,1,15,0,1,1,0,0,0,1,0,1,0,0,0,0,389.0000,79,1,0,0,0,0,0),(952,1,1000000000,'MXST14GB001','107652','MXI_Stealth_MXP_Bio_Gen_II.jpg',239.0000,0,'2010-09-03 10:30:25','2010-09-07 08:22:50',NULL,0,1,1,15,0,1,1,0,0,0,1,0,1,0,0,0,0,239.0000,79,1,0,0,0,0,0),(953,1,100000,'MXST12GB001','107651','MXI_Stealth_MXP_Bio_Gen_II.jpg',212.0000,0,'2010-09-03 10:32:31','2010-09-07 08:19:48',NULL,0,1,1,15,0,1,1,0,0,0,1,0,1,0,0,0,0,212.0000,79,1,0,0,0,0,0),(954,1,1000000000,'MXST11GB001','107650','MXI_Stealth_MXP_Bio_Gen_II.jpg',189.0000,0,'2010-09-03 10:33:47','2010-09-07 08:18:19',NULL,0,1,1,15,0,1,1,0,0,0,1,0,1,0,0,0,0,189.0000,79,1,0,0,0,0,0),(955,1,1000000000,'MXSTP34GB001FIPS','107646','MXI_Stealth_MXP_Passport_BLK.jpg',189.0000,0,'2010-09-03 10:35:41','2010-09-07 08:35:54',NULL,0,1,1,15,0,1,1,0,0,0,1,0,1,0,0,0,0,189.0000,79,1,0,0,0,0,0),(956,1,100000000,'MXSTP38GB001FIPS','107647','MXI_Stealth_MXP_Passport_BLK.jpg',339.0000,0,'2010-09-03 10:37:43','2010-09-07 08:37:11',NULL,0,1,1,15,0,1,1,0,0,0,1,0,1,0,0,0,0,339.0000,79,1,0,0,0,0,0),(957,1,100000000,'MXSTP316G001FIPS','107648','MXI_Stealth_MXP_Passport_BLK.jpg',459.0000,0,'2010-09-03 10:39:03','2010-09-07 08:31:04',NULL,0,1,1,15,0,1,1,0,0,0,1,0,1,0,0,0,0,459.0000,79,1,0,0,0,0,0),(958,1,10000000000,'MXSTP332G001FIPS','107649','MXI_Stealth_MXP_Passport_BLK.jpg',549.0000,0,'2010-09-03 10:40:40','2010-09-07 08:34:39',NULL,0,1,1,15,0,1,1,0,0,0,1,0,1,0,0,0,0,549.0000,79,1,0,0,0,0,0),(959,1,100000000,'MXSTP31GB001','107644','MXI_Stealth_MXP_Passport_BLK.jpg',139.0000,0,'2010-09-03 10:41:57','2010-09-07 08:31:40',NULL,0,1,1,15,0,1,1,0,0,0,1,0,1,0,0,0,0,139.0000,79,1,0,0,0,0,0),(960,1,100000000,'MXSTP32GB001','107645','MXI_Stealth_MXP_Passport_BLK.jpg',149.0000,0,'2010-09-03 10:43:15','2010-09-07 08:33:13',NULL,0,1,1,15,0,1,1,0,0,0,1,0,1,0,0,0,0,149.0000,79,1,0,0,0,0,0),(961,1,100000000,'MXSTP34GB001','107646','MXI_Stealth_MXP_Passport_BLK.jpg',189.0000,0,'2010-09-03 10:44:32','2010-09-07 08:46:32',NULL,0,1,1,15,0,1,1,0,0,0,1,0,1,0,0,0,0,189.0000,79,1,0,0,0,0,0),(962,1,10000000000,'MXSTP11GB001','107638','MXI_Stealth_MXP_Passport_METAL.jpg',139.0000,0,'2010-09-03 10:45:59','2010-09-07 08:31:23',NULL,0,1,1,15,0,1,1,0,0,0,1,0,1,0,0,0,0,139.0000,79,1,0,0,0,0,0),(963,1,10000000000,'MXSTP12GB001','107639','MXI_Stealth_MXP_Passport_METAL.jpg',149.0000,0,'2010-09-03 10:54:19','2010-09-07 08:32:54',NULL,0,1,1,15,0,1,1,0,0,0,1,0,1,0,0,0,0,149.0000,79,1,0,0,0,0,0),(964,1,10000000,'MXSTP14GB001','107640','MXI_Stealth_MXP_Passport_METAL.jpg',189.0000,0,'2010-09-03 10:56:07','2010-09-07 08:46:11',NULL,0,1,1,15,0,1,1,0,0,0,1,0,1,0,0,0,0,189.0000,79,1,0,0,0,0,0),(965,1,1000000000,'MXSTP18GB001','107641','MXI_Stealth_MXP_Passport_METAL.jpg',299.0000,0,'2010-09-03 10:57:25','2010-09-07 08:36:35',NULL,0,1,1,15,0,1,1,0,0,0,1,0,1,0,0,0,0,299.0000,79,1,0,0,0,0,0),(966,1,10000000000,'MXSTP116G001','107642','MXI_Stealth_MXP_Passport_METAL.jpg',379.0000,0,'2010-09-03 10:58:41','2010-09-07 08:30:20',NULL,0,1,1,15,0,1,1,0,0,0,1,0,1,0,0,0,0,379.0000,79,1,0,0,0,0,0),(967,1,10000000000,'MXSTP11GB001FIPS','107638','MXI_Stealth_MXP_Passport_METAL.jpg',139.0000,0,'2010-09-03 11:25:25','2010-09-07 08:32:02',NULL,0,1,1,15,0,1,1,0,0,0,1,0,1,0,0,0,0,139.0000,79,1,0,0,0,0,0),(968,1,1000000000,'MXSTP12GB001FIPS','107639','MXI_Stealth_MXP_Passport_METAL.jpg',149.0000,0,'2010-09-03 11:27:52','2010-09-07 08:33:31',NULL,0,1,1,15,0,1,1,0,0,0,1,0,1,0,0,0,0,149.0000,79,1,0,0,0,0,0),(969,1,10000000,'MXSTP14GB001FIPS','107640','MXI_Stealth_MXP_Passport_METAL.jpg',189.0000,0,'2010-09-03 11:29:00','2010-09-07 08:35:01',NULL,0,1,1,15,0,1,1,0,0,0,1,0,1,0,0,0,0,189.0000,79,1,0,0,0,0,0),(970,1,100000000,'MXSTP18GB001FIPS','107641','MXI_Stealth_MXP_Passport_METAL.jpg',339.0000,0,'2010-09-03 11:30:04','2010-09-07 08:36:51',NULL,0,1,1,15,0,1,1,0,0,0,1,0,1,0,0,0,0,339.0000,79,1,0,0,0,0,0),(971,1,100000000,'MXSTP116G001FIPS','107642','MXI_Stealth_MXP_Passport_METAL.jpg',459.0000,0,'2010-09-03 11:31:15','2010-09-07 08:30:41',NULL,0,1,1,15,0,1,1,0,0,0,1,0,1,0,0,0,0,459.0000,79,1,0,0,0,0,0),(972,1,1000000000,'MXSTP132G001FIPS','107643','MXI_Stealth_MXP_Passport_METAL.jpg',549.0000,0,'2010-09-03 11:32:30','2010-09-07 08:34:16',NULL,0,1,1,15,0,1,1,0,0,0,1,0,1,0,0,0,0,549.0000,79,1,0,0,0,0,0),(974,1,10000000,'301201','GTC-0077','Goldtouch_Numeric_Keypad.jpg',42.0000,0,'2010-09-08 15:40:44','2010-09-08 15:45:02',NULL,0,1,1,23,0,1,1,0,0,0,1,0,1,0,0,0,0,42.0000,89,1,0,0,0,0,0);

--
-- Table structure for table `zen_products_attributes`
--

CREATE TABLE `zen_products_attributes` (
  `products_attributes_id` int(11) NOT NULL AUTO_INCREMENT,
  `products_id` int(11) NOT NULL DEFAULT '0',
  `options_id` int(11) NOT NULL DEFAULT '0',
  `options_values_id` int(11) NOT NULL DEFAULT '0',
  `options_values_price` decimal(15,4) NOT NULL DEFAULT '0.0000',
  `price_prefix` char(1) NOT NULL DEFAULT '',
  `products_options_sort_order` int(11) NOT NULL DEFAULT '0',
  `product_attribute_is_free` tinyint(1) NOT NULL DEFAULT '0',
  `products_attributes_weight` float NOT NULL DEFAULT '0',
  `products_attributes_weight_prefix` char(1) NOT NULL DEFAULT '',
  `attributes_display_only` tinyint(1) NOT NULL DEFAULT '0',
  `attributes_default` tinyint(1) NOT NULL DEFAULT '0',
  `attributes_discounted` tinyint(1) NOT NULL DEFAULT '1',
  `attributes_image` varchar(64) DEFAULT NULL,
  `attributes_price_base_included` tinyint(1) NOT NULL DEFAULT '1',
  `attributes_price_onetime` decimal(15,4) NOT NULL DEFAULT '0.0000',
  `attributes_price_factor` decimal(15,4) NOT NULL DEFAULT '0.0000',
  `attributes_price_factor_offset` decimal(15,4) NOT NULL DEFAULT '0.0000',
  `attributes_price_factor_onetime` decimal(15,4) NOT NULL DEFAULT '0.0000',
  `attributes_price_factor_onetime_offset` decimal(15,4) NOT NULL DEFAULT '0.0000',
  `attributes_qty_prices` text,
  `attributes_qty_prices_onetime` text,
  `attributes_price_words` decimal(15,4) NOT NULL DEFAULT '0.0000',
  `attributes_price_words_free` int(4) NOT NULL DEFAULT '0',
  `attributes_price_letters` decimal(15,4) NOT NULL DEFAULT '0.0000',
  `attributes_price_letters_free` int(4) NOT NULL DEFAULT '0',
  `attributes_required` tinyint(1) NOT NULL DEFAULT '0',
  PRIMARY KEY (`products_attributes_id`),
  KEY `idx_id_options_id_values_zen` (`products_id`,`options_id`,`options_values_id`),
  KEY `idx_opt_sort_order_zen` (`products_options_sort_order`)
) ENGINE=MyISAM DEFAULT CHARSET=latin1;

--
-- Dumping data for table `zen_products_attributes`
--


--
-- Table structure for table `zen_products_attributes_download`
--

CREATE TABLE `zen_products_attributes_download` (
  `products_attributes_id` int(11) NOT NULL DEFAULT '0',
  `products_attributes_filename` varchar(255) NOT NULL DEFAULT '',
  `products_attributes_maxdays` int(2) DEFAULT '0',
  `products_attributes_maxcount` int(2) DEFAULT '0',
  PRIMARY KEY (`products_attributes_id`)
) ENGINE=MyISAM DEFAULT CHARSET=latin1;

--
-- Dumping data for table `zen_products_attributes_download`
--


--
-- Table structure for table `zen_products_description`
--

CREATE TABLE `zen_products_description` (
  `products_id` int(11) NOT NULL AUTO_INCREMENT,
  `language_id` int(11) NOT NULL DEFAULT '1',
  `products_name` varchar(64) NOT NULL DEFAULT '',
  `products_description` text,
  `products_short_desc` varchar(255) DEFAULT NULL,
  `products_url` varchar(255) DEFAULT NULL,
  `products_viewed` int(5) DEFAULT '0',
  `search_keywords` text NOT NULL,
  PRIMARY KEY (`products_id`,`language_id`),
  KEY `idx_products_name_zen` (`products_name`)
) ENGINE=MyISAM AUTO_INCREMENT=975 DEFAULT CHARSET=latin1;

--
-- Dumping data for table `zen_products_description`
--

INSERT INTO `zen_products_description` VALUES (363,1,'Thales nShield Connect','Thales nShield Connect, part of the nCipher product line, is a network-attached hardware security module (HSM) that protects up to 100 clients by safeguarding their encryption and digital signing keys and processing sensitive data on the trusted appliance. Its unique dual, hot-swap power supplies and redundant, field-replaceable fans make nShield Connect fault tolerant. Providing high availability, scalability and remote management, it enables organizations to build reliable, futureproof cryptographic services. Its security boundary is validated for FIPS 140-2 Level 3 and Common Criteria EAL4+.','Network-attached hardware security module.','',15,'1:OperatingSystem:Windows,2:OperatingSystem:MacOSX,3:OperatingSystem:Linux,4:OperatingSystem:Other,5:Industry:Healthcare,7:Industry:General,8:Industry:Financial,9:Industry:Retail,10:Industry:Government,12:Industry:Enterprise,14:NumberofUsers:250-499,15:NumberofUsers:500-999,17:NumberofUsers:5000-9999,18:NumberofUsers:10000-24999,90:ITSecurity:HardwareSecurityModules,76:Server:MicrosoftActiveDirectory,77:Server:WindowsDesktops/Laptops,78:Server:CAServer,79:Server:RadiusServer,80:Server:VPNServer,81:Server:ExchangeServer'),(283,1,'SafeNet DataSecure i116','For organizations looking to implement encryption of sensitive data in the enterprise, DataSecure represent a comprehensive solution for deployment throughout the distributed corporation. DataSecure offers a cost-effective solution that features high performance, high availability, and streamlined implementation.<br /><br />SafeNet DataSecure i116 is a key component of SafeNet’s comprehensive enterprise data protection solution to reduce the cost and complexity of regulatory compliance, data privacy, and information risk management. For more information, visit www.safenet-inc.com/EDP.<br /><br />Cost-effective Security<br /><br />SafeNet DataSecure i116 is compliant with FIPS 140-2 Level 2 and Common Criteria Evaluation Assurance Level 2. DataSecure centralizes all cryptographic processing, key management, logging and auditing, and security policies on a single, hardened appliance, which maximizes overall security.<br /><br />Strong Performance<br /><br />DataSecure centralizes all cryptographic processing on a highly specialized appliance that delivers performance robust enough for the most demanding batch processing and high-volume online transaction processing environments. A single appliance can handle over 11,000 encryptions per second, and DataSecure makes it easy, through load balancing, to add additional appliances and boost scalability as performance needs dictate.<br /><br /><br />Further, by offloading CPU-intensive cryptographic processing from servers and databases, DataSecure restores server and database performance to optimal levels—resulting in lower data latency and higher resource utilization. Designed specifically for business-critical processing, DataSecure a','DataSecure i116 is compliant with FIPS 140-2 Level 2 and Common Criteria Evaluation Assurance Level 2.','',22,'1:OperatingSystem:Windows,2:OperatingSystem:MacOSX,3:OperatingSystem:Linux,4:OperatingSystem:Other,5:Industry:Healthcare,7:Industry:General,8:Industry:Financial,9:Industry:Retail,10:Industry:Government,12:Industry:Enterprise,13:NumberofUsers:100-249,14:NumberofUsers:250-499,15:NumberofUsers:500-999,16:NumberofUsers:1000-4999,17:NumberofUsers:5000-9999,18:NumberofUsers:10000-24999,19:NumberofUsers:25000+,89:ITSecurity:NetworkSecurity,76:Server:MicrosoftActiveDirectory,77:Server:WindowsDesktops/Laptops,78:Server:CAServer,79:Server:RadiusServer,80:Server:VPNServer,81:Server:ExchangeServer'),(459,1,'MXI Stealth MXP Biometric - 32GB FIPS','Stealth MXP Biometric - 32GB USB FIPS 140-2 Level 3 Self Secured Flash Drive w/ Black Plastic Case - MXI Government FIPS 140-2 Level 3 Validated ','Stealth MXP Biometric - 32GB FIPS 140-2 Level 3 - MXI Government FIPS 140-2 Level 3 Validated','',8,'1:OperatingSystem:Windows,2:OperatingSystem:MacOSX,3:OperatingSystem:Linux,4:OperatingSystem:Other,5:Industry:Healthcare,7:Industry:General,8:Industry:Financial,9:Industry:Retail,10:Industry:Government,12:Industry:Enterprise,13:NumberofUsers:100-249,14:NumberofUsers:250-499,15:NumberofUsers:500-999,16:NumberofUsers:1000-4999,17:NumberofUsers:5000-9999,18:NumberofUsers:10000-24999,19:NumberofUsers:25000+,85:ITSecurity:SecureUSBStorage,76:Server:MicrosoftActiveDirectory,77:Server:WindowsDesktops/Laptops,78:Server:CAServer,79:Server:RadiusServer,80:Server:VPNServer,81:Server:ExchangeServer'),(254,1,'HID OMNIKEY® Cardman 6321 USB','The OMNIKEY® 6321 USB is a dual interface PC linked reader that reads/writes to both a 13.56 MHz contactless smart card and virtually any SIM-sized contact smart card.<br /><br />Utilizing contactless smart card technology for PC-linked applications, the OMNIKEY® 6321 allows users to experience the convenience, speed and security of contactless technology for applications, including logon to Windows®, networks, websites and applications for the secure storage of user names, passwords and personal information.<br /><br />','HID OMNIKEY® Cardman 6321 USB; dual interface Contactless Smart Card Reader.','',195,'1:OperatingSystem:Windows,2:OperatingSystem:MacOSX,3:OperatingSystem:Linux,4:OperatingSystem:Other,5:Industry:Healthcare,7:Industry:General,8:Industry:Financial,9:Industry:Retail,10:Industry:Government,12:Industry:Enterprise,13:NumberofUsers:100-249,14:NumberofUsers:250-499,15:NumberofUsers:500-999,16:NumberofUsers:1000-4999,17:NumberofUsers:5000-9999,18:NumberofUsers:10000-24999,19:NumberofUsers:25000+,20:Goals:HippaCompliant,21:Goals:SmartCardLogon,22:Goals:USBLogon,23:Goals:CardPrinter,24:Goals:Encryption,25:Goals:DigitalSigning,26:Goals:CitrixSmoothDesktopRoaming,27:Goals:VPNClientonly,28:Goals:MixedTokenPKILogon,29:Goals:EmailSecurity,30:Goals:KeyManagement,31:Goals:USBTokenPKILogon,32:Goals:RapidLogon,33:Goals:SecuredUSBMedia,34:Goals:BiometricLogon,35:Goals:SingleSign-on,36:Goals:CreditCardEncryption,37:Goals:PasswordlessLogon,38:Goals:OneTimePassword,39:Goals:MobileEncryption,40:Goals:CertificationValidation,76:Server:MicrosoftActiveDirectory,77:Server:WindowsDesktops/Laptops,78:Server:CAServer,79:Server:RadiusServer,80:Server:VPNServer,81:Server:ExchangeServer'),(356,1,'ActivIdentity GBUR300','ActivIdentity USB Reader is a reliable, high performance device that complies with industry standards to ensure smooth deployment in any enterprise. Unlike other USB smart card readers, the ActivIdentity USB Reader includes driver support for multiple Windows platforms and comprehensive diagnostics tools for troubleshooting.<br /><br />ActivIdentity USB Reader is seamlessly integrated into the ActivIdentity digital identity management solution, eliminating compatibility problems and ultimately reducing administrative costs.','GBUR300 USB Smart Card Reader.','',78,'1:OperatingSystem:Windows,2:OperatingSystem:MacOSX,3:OperatingSystem:Linux,4:OperatingSystem:Other,5:Industry:Healthcare,7:Industry:General,8:Industry:Financial,9:Industry:Retail,10:Industry:Government,12:Industry:Enterprise,13:NumberofUsers:100-249,14:NumberofUsers:250-499,15:NumberofUsers:500-999,16:NumberofUsers:1000-4999,17:NumberofUsers:5000-9999,18:NumberofUsers:10000-24999,19:NumberofUsers:25000+,84:ITSecurity:SmartCardReaders,91:ITSecurity:CAC,76:Server:MicrosoftActiveDirectory,77:Server:WindowsDesktops/Laptops,78:Server:CAServer,79:Server:RadiusServer,80:Server:VPNServer,81:Server:ExchangeServer'),(261,1,'Gemalto PC USB-SW','Tile GemPC US8-SW is !he latest in the family of Gemplus products designed for !he US Government sector in response to HSPDI2 and F1PS201 requirements.<br /><br />Manufacturered in a trade friendly nation, the GemPC USB-SW smart Card Reader utilizes industry standards, specifications, and certifications. The GemPC USB-SW, a single chip reader based on GemCore Pro technology offers USB connection, as well as support for most microprocessor cards, including Common Access Card (CAC).<br />','','',19,'1:OperatingSystem:Windows,2:OperatingSystem:MacOSX,3:OperatingSystem:Linux,4:OperatingSystem:Other,5:Industry:Healthcare,7:Industry:General,8:Industry:Financial,9:Industry:Retail,10:Industry:Government,12:Industry:Enterprise,13:NumberofUsers:100-249,14:NumberofUsers:250-499,15:NumberofUsers:500-999,16:NumberofUsers:1000-4999,17:NumberofUsers:5000-9999,18:NumberofUsers:10000-24999,19:NumberofUsers:25000+,84:ITSecurity:SmartCardReaders,91:ITSecurity:CAC,76:Server:MicrosoftActiveDirectory,77:Server:WindowsDesktops/Laptops,78:Server:CAServer,79:Server:RadiusServer,80:Server:VPNServer,81:Server:ExchangeServer'),(364,1,'Thales nShield Solo','Thales nShield Solo, part of the nCipher product range, is a family of embedded, general-purpose HSMs for servers and appliances that safeguard encryption and digital signing keys and that can optionally run custom applications on the module to protect data in use. Previously known simply as &quot;nShield&quot;, nShield Solo protects encryption and signing keys on servers in a highly secure, tamper-resistant hardware module. It is compatible with platforms offering PCI, PCI-X and PCI Express interfaces.','Embedded hardware security module for application key management.','',12,'1:OperatingSystem:Windows,2:OperatingSystem:MacOSX,3:OperatingSystem:Linux,4:OperatingSystem:Other,5:Industry:Healthcare,7:Industry:General,8:Industry:Financial,9:Industry:Retail,10:Industry:Government,12:Industry:Enterprise,13:NumberofUsers:100-249,14:NumberofUsers:250-499,15:NumberofUsers:500-999,16:NumberofUsers:1000-4999,17:NumberofUsers:5000-9999,18:NumberofUsers:10000-24999,19:NumberofUsers:25000+,90:ITSecurity:HardwareSecurityModules,76:Server:MicrosoftActiveDirectory,77:Server:WindowsDesktops/Laptops,78:Server:CAServer,79:Server:RadiusServer,80:Server:VPNServer,81:Server:ExchangeServer'),(281,1,'SafeNet Luna SA','SafeNet Luna SA features an integrated hardware security module (HSM) offering hardware key management and cryptographic acceleration. Luna SA is award winning application protection through powerful cryptographic processing and hardware key management.<br /><br />    * FIPS validated and CC  EAL 4+ certified cryptographic module<br />    * Ethernet connectivity for flexible deployment/communication with other network devices<br />    * First HSM to integrate with Microsoft SQL Server 2008&amp; integration with SQL Server 2008 R2<br />    * Digital Certificate Authentication<br />    * Central Administration -Remote PED<br />    * Cost Savings - PKI Bundle<br /><br />Remote Central Administration<br /><br />New to the latest Luna SA version is Remote PED (PIN entry device), an authentication device that connects to a remote Windows workstation via USB, and communicates over a secure network connection to a Luna SA. Full PED functionality facilitates management of security administration functions by offering the security administrator to centrally manage administration rights remotely by simply inserting the required key, and entering the secret PIN into the PED.<br />Cost Savings with PKI Bundle<br /><br />With the SafeNet Luna SA PKI Bundle solution, product and maintenance costs are dramatically reduced by combining HSM functionality that usually requires 2 or more HSMs into a single HSM &quot;bundle&quot; of modular functions. For CAs with certificates and root keys, for example, rather than requiring separate HSMs for key generation and key export for offline and online root CAs respectively, the requirements can be fulfilled by only 1 Luna SA HSM which stores keys in hardware achieving both FIPS 140-2 L3 and 140-2 L 3 security.','Luna SA features an integrated hardware security module (HSM) offering hardware key management and cryptographic acceleration.','',26,'1:OperatingSystem:Windows,2:OperatingSystem:MacOSX,3:OperatingSystem:Linux,4:OperatingSystem:Other,5:Industry:Healthcare,7:Industry:General,8:Industry:Financial,9:Industry:Retail,10:Industry:Government,12:Industry:Enterprise,13:NumberofUsers:100-249,14:NumberofUsers:250-499,15:NumberofUsers:500-999,16:NumberofUsers:1000-4999,17:NumberofUsers:5000-9999,18:NumberofUsers:10000-24999,19:NumberofUsers:25000+,90:ITSecurity:HardwareSecurityModules,76:Server:MicrosoftActiveDirectory,77:Server:WindowsDesktops/Laptops,78:Server:CAServer,79:Server:RadiusServer,80:Server:VPNServer,81:Server:ExchangeServer'),(461,1,'MXI Stealth MXP Biometric - 8GB FIPS','Stealth MXP Biometric - 8GB USB FIPS 140-2 Level 3 Self Secured Flash Drive w/ Black Plastic Case - MXI Government FIPS 140-2 Level 3 Validated ','Stealth MXP Biometric - 8GB FIPS 140-2 Level 3 - MXI Government FIPS 140-2 Level 3 Validated','',7,'1:OperatingSystem:Windows,2:OperatingSystem:MacOSX,3:OperatingSystem:Linux,4:OperatingSystem:Other,5:Industry:Healthcare,7:Industry:General,8:Industry:Financial,9:Industry:Retail,10:Industry:Government,12:Industry:Enterprise,13:NumberofUsers:100-249,14:NumberofUsers:250-499,15:NumberofUsers:500-999,16:NumberofUsers:1000-4999,17:NumberofUsers:5000-9999,18:NumberofUsers:10000-24999,19:NumberofUsers:25000+,85:ITSecurity:SecureUSBStorage,76:Server:MicrosoftActiveDirectory,77:Server:WindowsDesktops/Laptops,78:Server:CAServer,79:Server:RadiusServer,80:Server:VPNServer,81:Server:ExchangeServer'),(460,1,'MXI Stealth MXP Biometric - 16GB FIPS','Stealth MXP Biometric - 16GB USB FIPS 140-2 Level 3 Self Secured Flash Drive w/ Black Plastic Case - MXI Government FIPS 140-2 Level 3 Validated ','Stealth MXP Biometric - 16GB FIPS 140-2 Level 3 - MXI Government FIPS 140-2 Level 3 Validated','',11,'1:OperatingSystem:Windows,2:OperatingSystem:MacOSX,3:OperatingSystem:Linux,4:OperatingSystem:Other,5:Industry:Healthcare,7:Industry:General,8:Industry:Financial,9:Industry:Retail,10:Industry:Government,12:Industry:Enterprise,13:NumberofUsers:100-249,14:NumberofUsers:250-499,15:NumberofUsers:500-999,16:NumberofUsers:1000-4999,17:NumberofUsers:5000-9999,18:NumberofUsers:10000-24999,19:NumberofUsers:25000+,85:ITSecurity:SecureUSBStorage,76:Server:MicrosoftActiveDirectory,77:Server:WindowsDesktops/Laptops,78:Server:CAServer,79:Server:RadiusServer,80:Server:VPNServer,81:Server:ExchangeServer'),(274,1,'FARGO HDP5000 System','Bundle includes: HDP5000 single-sided printer, AsureID 2009 Express Photo ID Software, high-end USB digital Web camera, YMCK Print Ribbon, HDP Film,Ultracard Premium Cards – 500 count, USB Printer Cable and 1-year AsureID technical support.','FARGO HDP5000: High Definition Printer/Encoder System','',12,'1:OperatingSystem:Windows,2:OperatingSystem:MacOSX,3:OperatingSystem:Linux,4:OperatingSystem:Other,5:Industry:Healthcare,7:Industry:General,8:Industry:Financial,9:Industry:Retail,10:Industry:Government,12:Industry:Enterprise,13:NumberofUsers:100-249,14:NumberofUsers:250-499,15:NumberofUsers:500-999,16:NumberofUsers:1000-4999,17:NumberofUsers:5000-9999,18:NumberofUsers:10000-24999,19:NumberofUsers:25000+,86:ITSecurity:AccessControl,91:ITSecurity:CAC,76:Server:MicrosoftActiveDirectory,77:Server:WindowsDesktops/Laptops,78:Server:CAServer,79:Server:RadiusServer,80:Server:VPNServer,81:Server:ExchangeServer'),(255,1,'HID iCLASS 16K Smart Card','iCLASS was specifically designed to make access control more powerful, more versatile, and more secure. iCLASS 13.56 MHz read/write contactless smart card technology allows users to use a single card to authenticate tophysical access control systems, network log-on security, cashless vending, time and attendance, event management, biometric identification and more.<br /><br />iCLASS technology ensures high security with mutual authentication between card and reader, encrypted data transfer, and 64-bit diversified keys for read/write capabilities. Securely separated files enable multiple applications to be supported on a single card and allow future growth.<br /><br />The iCLASS card meets ISO standard for card size and thickness for use with direct image and thermal transfer printers. It features a graphics quality surface optimized for Photo ID printing, and is available in standard PVC construction, or a composite polyester/PVC construction for more demanding high wear and tear environments. The card can be produced with visual security and anti-counterfeiting features such as holograms, ultra-violet fluorescent inks, micro-printing, or a custom logo to quickly and easily identify genuine cards.','','',134,'1:OperatingSystem:Windows,5:Industry:Healthcare,7:Industry:General,8:Industry:Financial,9:Industry:Retail,10:Industry:Government,12:Industry:Enterprise,13:NumberofUsers:100-249,14:NumberofUsers:250-499,15:NumberofUsers:500-999,16:NumberofUsers:1000-4999,17:NumberofUsers:5000-9999,18:NumberofUsers:10000-24999,19:NumberofUsers:25000+,76:Server:MicrosoftActiveDirectory,77:Server:WindowsDesktops/Laptops,78:Server:CAServer,79:Server:RadiusServer,80:Server:VPNServer,81:Server:ExchangeServer'),(256,1,'HID OMNIKEY® Cardman 5321 USB','The OMNIKEY® 5321 is a dual interface PC-linked reader that reads/writes to both a 13.56 MHz contactless smart card and virtually any contact smart card. The dual interface feature economically supports end-user environments where both contactless and contact smart card technology are in use. The reader supports contactless smart cards with up to 848kbps in the fastest ISO 14443 transmission mode.','','',27,'1:OperatingSystem:Windows,2:OperatingSystem:MacOSX,3:OperatingSystem:Linux,4:OperatingSystem:Other,5:Industry:Healthcare,7:Industry:General,8:Industry:Financial,9:Industry:Retail,10:Industry:Government,12:Industry:Enterprise,13:NumberofUsers:100-249,14:NumberofUsers:250-499,15:NumberofUsers:500-999,16:NumberofUsers:1000-4999,17:NumberofUsers:5000-9999,18:NumberofUsers:10000-24999,19:NumberofUsers:25000+,84:ITSecurity:SmartCardReaders,91:ITSecurity:CAC,76:Server:MicrosoftActiveDirectory,77:Server:WindowsDesktops/Laptops,78:Server:CAServer,79:Server:RadiusServer,80:Server:VPNServer,81:Server:ExchangeServer'),(280,1,'Gemalto Device Administration Service','DAS allows<br /><br />• Diversify Admin Key<br />• Manage PIN (set, change, unblock)<br />• Import digital certificates<br />• and more...<br /><br />DAS and Gemalto .NET technology offer several advantages for enterprises including<br /><br />• Turnkey solution for strong authentication and Microsoft-based PKI services<br />• Optimized TCO for companies since the solution requires no server hardware investment or training budget<br />• Rapid implementation of integrated system for secure network access, digital signature and file encryption<br />• Ease of use and minimal learning curve for IT administrators and end-users due to simple and intuitive browser-based Admin and User portals<br />• IT organizations have full control over security because end-user administrative keys are diversified through the DAS Controller, under sole control by the IT administrator<br />• Maintenance free - DAS is operated and maintained by Gemalto using the industry standard software as a service model<br />• 24 x 7 availability - DAS is backed by a rigorous SLA (Service Level Agreement) which ensures continuous availability of the service','Gemalto Device Administration Service (DAS)','',10,'1:OperatingSystem:Windows,2:OperatingSystem:MacOSX,3:OperatingSystem:Linux,4:OperatingSystem:Other,5:Industry:Healthcare,7:Industry:General,8:Industry:Financial,9:Industry:Retail,10:Industry:Government,12:Industry:Enterprise,13:NumberofUsers:100-249,14:NumberofUsers:250-499,15:NumberofUsers:500-999,16:NumberofUsers:1000-4999,17:NumberofUsers:5000-9999,18:NumberofUsers:10000-24999,19:NumberofUsers:25000+,88:ITSecurity:Encryption,76:Server:MicrosoftActiveDirectory,77:Server:WindowsDesktops/Laptops,78:Server:CAServer,79:Server:RadiusServer,80:Server:VPNServer,81:Server:ExchangeServer'),(357,1,'Actividentity ActivClient 6.2 for Commercial','Multi-factor and multi-application security<br /><br />ActivClient™ is the market-leading smart card and USB token middleware from ActivIdentity that allows business and government organizations to easily use smart cards and USB tokens for a wide variety of desktop, network security and productivity applications. ActivClient enables usage of PKI certificates and keys, one-time passwords and static passwords on a smart card or USB token to secure desktop applications, network login, remote access, web login, e-mail and electronic transactions.','ActivClient 6.2 for Commercial Comes with license and Digital Download','',15,'1:OperatingSystem:Windows,2:OperatingSystem:MacOSX,3:OperatingSystem:Linux,4:OperatingSystem:Other,5:Industry:Healthcare,7:Industry:General,8:Industry:Financial,9:Industry:Retail,10:Industry:Government,12:Industry:Enterprise,13:NumberofUsers:100-249,14:NumberofUsers:250-499,15:NumberofUsers:500-999,16:NumberofUsers:1000-4999,17:NumberofUsers:5000-9999,18:NumberofUsers:10000-24999,19:NumberofUsers:25000+,94:ITSecurity:Middleware,76:Server:MicrosoftActiveDirectory,78:Server:CAServer'),(264,1,'Gemalto .NET Solution','Gemalto .NET is the first ever implementation of a .NET Framework for Smart Cards. It puts state of the art technology to the service of organizations committed to taking their IT Security and Identity &amp; Access infrastructure to the next level.<br /><br />Two-factor authentication (2FA) solutions can help secure your company\'s digital assets from end to end. Gemalto .NET comes equipped with support for 2 different 2FA technologies: One Time Passwords (OTP) and X509 Certificates (PKI). Choose the one that suits you best, or combine both at once for different uses.<br /><br />With Gemalto .NET you will also benefit from an unparalleled level of integration with Microsoft\'s platforms and solutions: Support for the Gemalto .NET Smart Cards and Tokens is built into Windows Vista and Windows Server 2008, and available as a Windows Update for Windows XP and Server 2003. Gemalto .NET is also fully compatible with Forefront Edge, Microsoft\'s Identity Lifecycle Manager, Active Directory Domain Services and Certificate Services. With Gemalto .NET implementation of Two Factor Authentication, Encryption and Digital Signature services becomes easier than ever.<br /><br />Gemalto .NET is also the first ever implementation of a .NET Framework for Smart Cards, empowering developers to build services that take advantage of the enhanced programming and communication capabilities of the .NET Framework and the advanced security and cryptographic services that are the foundation of Gemalto Smart Cards. Combined with the award winning SConnect technology, Smart Cards and Tokens can now communicate with all kind of Web Services, and hefty client based solutions can be replaced with zero footprint web based solutions.<br /><br />','Gemalto .NET Solution Smart Card Technology','',98,'1:OperatingSystem:Windows,2:OperatingSystem:MacOSX,3:OperatingSystem:Linux,4:OperatingSystem:Other,5:Industry:Healthcare,7:Industry:General,8:Industry:Financial,9:Industry:Retail,10:Industry:Government,12:Industry:Enterprise,13:NumberofUsers:100-249,14:NumberofUsers:250-499,15:NumberofUsers:500-999,16:NumberofUsers:1000-4999,17:NumberofUsers:5000-9999,18:NumberofUsers:10000-24999,19:NumberofUsers:25000+,20:Goals:HippaCompliant,21:Goals:SmartCardLogon,22:Goals:USBLogon,23:Goals:CardPrinter,24:Goals:Encryption,25:Goals:DigitalSigning,26:Goals:CitrixSmoothDesktopRoaming,27:Goals:VPNClientonly,28:Goals:MixedTokenPKILogon,29:Goals:EmailSecurity,30:Goals:KeyManagement,31:Goals:USBTokenPKILogon,32:Goals:RapidLogon,33:Goals:SecuredUSBMedia,34:Goals:BiometricLogon,35:Goals:SingleSign-on,36:Goals:CreditCardEncryption,37:Goals:PasswordlessLogon,38:Goals:OneTimePassword,39:Goals:MobileEncryption,40:Goals:CertificationValidation,82:ITSecurity:SmartCards,76:Server:MicrosoftActiveDirectory,77:Server:WindowsDesktops/Laptops,78:Server:CAServer,79:Server:RadiusServer,80:Server:VPNServer,81:Server:ExchangeServer'),(941,1,'MXI Stealth MXP Biometric - 2GB - Commercial','Stealth MXP Biometric - 2GB USB Self Secured Flash Drive w/ Black Plastic Case - MXI Commercial Grade','Stealth MXP Biometric - 2GB - MXI Commercial Grade','',5,'1:OperatingSystem:Windows,2:OperatingSystem:MacOSX,3:OperatingSystem:Linux,4:OperatingSystem:Other,5:Industry:Healthcare,7:Industry:General,8:Industry:Financial,9:Industry:Retail,10:Industry:Government,12:Industry:Enterprise,13:NumberofUsers:100-249,14:NumberofUsers:250-499,15:NumberofUsers:500-999,16:NumberofUsers:1000-4999,17:NumberofUsers:5000-9999,18:NumberofUsers:10000-24999,19:NumberofUsers:25000+,85:ITSecurity:SecureUSBStorage,76:Server:MicrosoftActiveDirectory,77:Server:WindowsDesktops/Laptops,78:Server:CAServer,79:Server:RadiusServer,80:Server:VPNServer,81:Server:ExchangeServer'),(334,1,'Litronic Argus 3015 Dual Card Reader - Internal','The Argus® 3015 Dual Card reader is the only dual slot reader available today that can simultaneously support a Defense Messaging System (DMS) FORTEZZA® Crypto card and a Common Access Card (CAC). With a plug-n-play USB interface, the Argus 3105 Dual Card reader solution provides users full card functionality for a variety of DMS and CAC applications. For added flexibility, the Argus 3015 Dual Card reader is available as an internal PC-mounted unit or as an external freestanding device. <br />','External Dual Fortezza Card Reader simultaneously support a Defense Messaging System (DMS) FORTEZZA® Crypto card and Common Access Card (CAC).','',12,'1:OperatingSystem:Windows,5:Industry:Healthcare,7:Industry:General,8:Industry:Financial,9:Industry:Retail,10:Industry:Government,12:Industry:Enterprise,13:NumberofUsers:100-249,14:NumberofUsers:250-499,15:NumberofUsers:500-999,16:NumberofUsers:1000-4999,17:NumberofUsers:5000-9999,19:NumberofUsers:25000+,84:ITSecurity:SmartCardReaders,91:ITSecurity:CAC,76:Server:MicrosoftActiveDirectory,77:Server:WindowsDesktops/Laptops,78:Server:CAServer,79:Server:RadiusServer,80:Server:VPNServer,81:Server:ExchangeServer'),(263,1,'SCM SCR3500','The &quot;SmartFold&quot; SCR3500 mini USB reader is a fully ISO7816 compliant contact smart card reader which is perfectly suitable for a wide range of application areas for government, enterprise and home use. Due to its small design, this ID1 reader is ideal to be bundled with smart cards and software to support large scale project roll outs. Typical applications areas of this reader are in the field of electronic ID cards, social security cards, secure network log-on, e-Banking and online shopping, loyalty and e-Coupon cards as well as for online gaming activities.<br /><br />','SCM SmartFold SCR3500 Mini USB Reader','',82,'1:OperatingSystem:Windows,2:OperatingSystem:MacOSX,3:OperatingSystem:Linux,4:OperatingSystem:Other,5:Industry:Healthcare,7:Industry:General,8:Industry:Financial,9:Industry:Retail,10:Industry:Government,12:Industry:Enterprise,13:NumberofUsers:100-249,14:NumberofUsers:250-499,15:NumberofUsers:500-999,16:NumberofUsers:1000-4999,17:NumberofUsers:5000-9999,18:NumberofUsers:10000-24999,19:NumberofUsers:25000+,84:ITSecurity:SmartCardReaders,91:ITSecurity:CAC,76:Server:MicrosoftActiveDirectory,77:Server:WindowsDesktops/Laptops,78:Server:CAServer,79:Server:RadiusServer,80:Server:VPNServer,81:Server:ExchangeServer'),(265,1,'Goldtouch Standard USB Keyboard-Black','A proven design and years of longevity make the standard Goldtouch Adjustable Keyboard a leading recommendation among Risk Managers, Certified Professional Ergonomists, Physical Therapists and Occupational Therapists. Because a Goldtouch keyboard is designed to fit the range of body types, not just an average, the standard Goldtouch Adjustable Keyboard is the only keyboard designed to properly straighten the wrists and arms while aligning with the shoulders to achieve a neutral typing posture.  No other keyboard allows for the range of adjustability as a Goldtouch Adjustable keyboard. <br /><br />','Goldtouch Standard USB Black Keyboard.','',12,'1:OperatingSystem:Windows,2:OperatingSystem:MacOSX,3:OperatingSystem:Linux,4:OperatingSystem:Other,5:Industry:Healthcare,7:Industry:General,8:Industry:Financial,9:Industry:Retail,10:Industry:Government,12:Industry:Enterprise,13:NumberofUsers:100-249,14:NumberofUsers:250-499,15:NumberofUsers:500-999,16:NumberofUsers:1000-4999,17:NumberofUsers:5000-9999,18:NumberofUsers:10000-24999,19:NumberofUsers:25000+,20:Goals:HippaCompliant,21:Goals:SmartCardLogon,22:Goals:USBLogon,23:Goals:CardPrinter,24:Goals:Encryption,25:Goals:DigitalSigning,26:Goals:CitrixSmoothDesktopRoaming,27:Goals:VPNClientonly,28:Goals:MixedTokenPKILogon,29:Goals:EmailSecurity,30:Goals:KeyManagement,31:Goals:USBTokenPKILogon,32:Goals:RapidLogon,33:Goals:SecuredUSBMedia,34:Goals:BiometricLogon,35:Goals:SingleSign-on,36:Goals:CreditCardEncryption,37:Goals:PasswordlessLogon,38:Goals:OneTimePassword,39:Goals:MobileEncryption,40:Goals:CertificationValidation,43:Verticals:DataLogging,47:Verticals:Surveying,92:ITSecurity:Keyboards,76:Server:MicrosoftActiveDirectory,77:Server:WindowsDesktops/Laptops,78:Server:CAServer,79:Server:RadiusServer,80:Server:VPNServer,81:Server:ExchangeServer'),(387,1,'Goldtouch for Mac USB Keyboard-Black','Mac Users Rejoice! Now All Mac users can benefit from a keyboard specifically addressing their needs.  The Goldtouch for MAC remains the only keyboard designed to properly straighten the wrists and arms without extra accessories or attachments!  Because a Goldtouch keyboard is designed to fit the range of body types, not just the average, the standard Goldtouch for Mac Adjustable Keyboard is the only keyboard designed to properly straighten the wrists and arms while aligning with the shoulders to achieve a neutral typing posture.  No other keyboard allows for the range of adjustability as a Goldtouch for Mac Adjustable keyboard. ','Goldtouch USB Black Keyboard for MAC.','',11,'1:OperatingSystem:Windows,2:OperatingSystem:MacOSX,3:OperatingSystem:Linux,4:OperatingSystem:Other,5:Industry:Healthcare,7:Industry:General,8:Industry:Financial,9:Industry:Retail,10:Industry:Government,12:Industry:Enterprise,13:NumberofUsers:100-249,14:NumberofUsers:250-499,15:NumberofUsers:500-999,16:NumberofUsers:1000-4999,17:NumberofUsers:5000-9999,18:NumberofUsers:10000-24999,19:NumberofUsers:25000+,92:ITSecurity:Keyboards,76:Server:MicrosoftActiveDirectory,77:Server:WindowsDesktops/Laptops,78:Server:CAServer,79:Server:RadiusServer,80:Server:VPNServer,81:Server:ExchangeServer'),(388,1,'Goldtouch ErgoSecure 2.0 with Smart Card Reader Keyboard','With today’s ever growing need for improved security and identity verification in both the government and private sector (banking, healthcare, transportation, etc.), Goldtouch has the only ergonomic keyboard with an embedded card-reader – the ErgoSecure SC2.0 The keyboard  meets  FIPS-201 standards for HSPD-12.  It is now utilized by all branches of the military, various Federal Assistive Technology programs, and numerous Federal agencies. IT and Security will be looking for proven authentication hardware that can reliably verify one’s identity and authorized level of logical access','Goldtouch Smart Card Reader Keyboard.','',38,'1:OperatingSystem:Windows,2:OperatingSystem:MacOSX,3:OperatingSystem:Linux,4:OperatingSystem:Other,5:Industry:Healthcare,7:Industry:General,8:Industry:Financial,9:Industry:Retail,10:Industry:Government,12:Industry:Enterprise,13:NumberofUsers:100-249,14:NumberofUsers:250-499,15:NumberofUsers:500-999,16:NumberofUsers:1000-4999,17:NumberofUsers:5000-9999,18:NumberofUsers:10000-24999,19:NumberofUsers:25000+,92:ITSecurity:Keyboards,76:Server:MicrosoftActiveDirectory,77:Server:WindowsDesktops/Laptops,78:Server:CAServer,79:Server:RadiusServer,80:Server:VPNServer,81:Server:ExchangeServer'),(268,1,'ActivIdentity Tokens OTP','Token-Based Digital Identity Devices<br />Replacing static passwords with strong two-factor authentication is an essential step for securing corporate networks, applications, and information assets. ActivIdentity® delivers this capability in the form of easy-to-use key chain and pin pad tokens.<br /><br />ActivIdentity Tokens combined with 4TRESS AAA Server provide a comprehensive, high performance two-factor authentication solution right out of the box. Millions around the globe have made ActivIdentity digital identity technology an essential component for securing their online business systems.','Tokens One-Time Password; Token-Based Digital Identity Devices','',16,'1:OperatingSystem:Windows,5:Industry:Healthcare,7:Industry:General,8:Industry:Financial,9:Industry:Retail,10:Industry:Government,12:Industry:Enterprise,13:NumberofUsers:100-249,14:NumberofUsers:250-499,15:NumberofUsers:500-999,16:NumberofUsers:1000-4999,17:NumberofUsers:5000-9999,18:NumberofUsers:10000-24999,19:NumberofUsers:25000+,95:ITSecurity:Tokens,76:Server:MicrosoftActiveDirectory,77:Server:WindowsDesktops/Laptops,79:Server:RadiusServer'),(269,1,'SafeNet iKey 2032 Token','SafeNet iKey 2032 offers a compact hardware solution for authentication and digital identity management. While offering similar functionality to a smartcard, iKey packs two-factor authentication, encryption key management, and digital signing functionality into a tiny, secure package that includes an integrated USB connector to eliminate the need for a separate reader device. iKey 2032 offers FIPS 140-1, Level 2 validated hardware, onboard key generation, key storage, encryption, and digital signing capabilities add high-assurance security to user login, digitally sign emails, holding master keys for disk encryption, VPN authentication, and other secure client applications. <br /><br />','iKey 2032 offers a compact hardware solution for authentication and digital identity management.','',19,'1:OperatingSystem:Windows,2:OperatingSystem:MacOSX,3:OperatingSystem:Linux,4:OperatingSystem:Other,5:Industry:Healthcare,7:Industry:General,8:Industry:Financial,9:Industry:Retail,10:Industry:Government,12:Industry:Enterprise,13:NumberofUsers:100-249,14:NumberofUsers:250-499,15:NumberofUsers:500-999,16:NumberofUsers:1000-4999,17:NumberofUsers:5000-9999,18:NumberofUsers:10000-24999,19:NumberofUsers:25000+,95:ITSecurity:Tokens,76:Server:MicrosoftActiveDirectory,78:Server:CAServer'),(273,1,'Noble Locks NG53IN','Xtra strong lock for Dell Vostro + Inspiron systems + anti-theft insurance','Xtra strong lock for Dell Vostro + Inspiron systems + anti-theft insurance','',10,'1:OperatingSystem:Windows,2:OperatingSystem:MacOSX,3:OperatingSystem:Linux,4:OperatingSystem:Other,5:Industry:Healthcare,7:Industry:General,8:Industry:Financial,9:Industry:Retail,10:Industry:Government,12:Industry:Enterprise,13:NumberofUsers:100-249,14:NumberofUsers:250-499,15:NumberofUsers:500-999,16:NumberofUsers:1000-4999,17:NumberofUsers:5000-9999,18:NumberofUsers:10000-24999,19:NumberofUsers:25000+,20:Goals:HippaCompliant,21:Goals:SmartCardLogon,22:Goals:USBLogon,23:Goals:CardPrinter,24:Goals:Encryption,25:Goals:DigitalSigning,26:Goals:CitrixSmoothDesktopRoaming,27:Goals:VPNClientonly,28:Goals:MixedTokenPKILogon,29:Goals:EmailSecurity,30:Goals:KeyManagement,31:Goals:USBTokenPKILogon,32:Goals:RapidLogon,33:Goals:SecuredUSBMedia,34:Goals:BiometricLogon,35:Goals:SingleSign-on,36:Goals:CreditCardEncryption,37:Goals:PasswordlessLogon,38:Goals:OneTimePassword,39:Goals:MobileEncryption,40:Goals:CertificationValidation,93:ITSecurity:Locks,76:Server:MicrosoftActiveDirectory,77:Server:WindowsDesktops/Laptops,78:Server:CAServer,79:Server:RadiusServer,80:Server:VPNServer,81:Server:ExchangeServer,74:AvailableGrades:Commercial,75:AvailableGrades:Industrial'),(305,1,'Precise Biometrics 200 MC','The Precise 200 MC is a combined fingerprint and smart card reader, benefiting from the best in both technologies. This reader is perfect for commercial and government users, providing secure and convenient two-factor authentication. Designed for office applications requiring reliable and accurate biometric authentication, the Precise 200 MC offers outstanding performance and ease-of-use. The Precise 200 MC is ideal for daily logical access control for single-user authentication.<br /><br />Precise Match-on-Card™ and Precise 200 MC readers are deployed in large scale among users within national and local government, bank and finance institutions as well as other enterprises. Our customers save as much as several million US dollars annually* by replacing password administration with fingerprint recognition solutions based on Precise Match-on-Card™. The Precise 200 MC is one of the most secure solutions on the market.<br /><br />','','',16,'1:OperatingSystem:Windows,2:OperatingSystem:MacOSX,3:OperatingSystem:Linux,4:OperatingSystem:Other,5:Industry:Healthcare,7:Industry:General,8:Industry:Financial,9:Industry:Retail,10:Industry:Government,12:Industry:Enterprise,13:NumberofUsers:100-249,14:NumberofUsers:250-499,16:NumberofUsers:1000-4999,17:NumberofUsers:5000-9999,19:NumberofUsers:25000+,84:ITSecurity:SmartCardReaders,87:ITSecurity:Biometrics,91:ITSecurity:CAC,76:Server:MicrosoftActiveDirectory,77:Server:WindowsDesktops/Laptops,78:Server:CAServer,79:Server:RadiusServer,80:Server:VPNServer,81:Server:ExchangeServer'),(552,1,'Envoy Data 4GB ATA Flash Card - Commercial','Envoy Data’s ATA flash products offer reliable high performance operation in an industry standard Type 1 ultrasonic welded PC Card housing. The ATA Flash cards are available in capacities from 32MB to 2GB and can operate in either 3.3V or 5V hosts.','4GB ATA Flash Card Commercial Grade','',8,'42:Verticals:PrecisionFarming,43:Verticals:DataLogging,44:Verticals:Medical,45:Verticals:Military,47:Verticals:Surveying,48:Verticals:Other,50:PCCardType:ATAFlashDrives,64:PCCardCapacities:4GB,74:AvailableGrades:Commercial,96:IndustrialStorage:PCCards'),(302,1,'MorphoTrak MorphoSmart™ Optic 1350e PIV','The MorphoSmart™ PIV is a self-contained device designed for template processing, verification and identification against an internal database managed by the device. Featuring a PC/SC* smart card reader via USB interface, the MSO PIV is well suited for the desktop PC environment. The MSO PIV is supported by the MorphoKit™, which includes PC software for image capture, template processing, authentication and identification of up to 1:20,000 persons. This product integrates user indicator lights to guide and inform users about ongoing operations. A Software Development Kit (MorphoSmart™ SDK) enables VARs to develop custom applications carried out on PC platforms.','PIV Fingerprint Reader identification for logical access control for FIPS 201.','',24,'1:OperatingSystem:Windows,2:OperatingSystem:MacOSX,3:OperatingSystem:Linux,4:OperatingSystem:Other,5:Industry:Healthcare,7:Industry:General,8:Industry:Financial,9:Industry:Retail,10:Industry:Government,12:Industry:Enterprise,13:NumberofUsers:100-249,14:NumberofUsers:250-499,15:NumberofUsers:500-999,17:NumberofUsers:5000-9999,18:NumberofUsers:10000-24999,19:NumberofUsers:25000+,84:ITSecurity:SmartCardReaders,87:ITSecurity:Biometrics,76:Server:MicrosoftActiveDirectory,77:Server:WindowsDesktops/Laptops,78:Server:CAServer,79:Server:RadiusServer,80:Server:VPNServer,81:Server:ExchangeServer'),(303,1,'MorphoTrak MorphoSmart™ Optic Metal MSO 300','The MorphoSmart™ Optic (MSO) is a precision optical biometric fingerprint terminal designed for fast capture of quality fingerprint images for<br />enrollment, authentication, and identification. It features a sculpted housing to optimize fingerprint acquisition, or is offered without the housing,<br />as an OEM solution for integration to manufacturer’s specifications. Depending on the model, the MorphoSmart Optic offers remote and/or local<br />matching. Remote matching captures an image and sends it to a host PC running MorphoSoft™ for template comparison. Local matching<br />captures, encodes, and discards the original image, and compares the retained template to the local database on the terminal. Communications<br />are made to the host PC via USB (MSO100/300/OEMs) or RS-232 (MSO200/OEM) interfaces. The MorphoSmart™ Optic is available by itself,<br />or as a part of SAGEM Morpho’s ready enrollment systems, the MorphoAccess™ Enrollment Suite and the Morpho® Enrollment Kit for ActiveX®<br />Platforms. For custom development, it is available with a Software Development Kit (SDK). Whether for “off-the-shelf” enrollment or custom<br />applications, the MorphoSmart Optic offers a flexible solution for fast, precise capture of quality fingerprint images.','\"Optic Metal MSO is a precision optical biometric fingerprint terminal designed for fast capture of quality fingerprint images for enrollment, authentication, and identification.\"','',15,'1:OperatingSystem:Windows,2:OperatingSystem:MacOSX,3:OperatingSystem:Linux,4:OperatingSystem:Other,5:Industry:Healthcare,7:Industry:General,8:Industry:Financial,9:Industry:Retail,10:Industry:Government,12:Industry:Enterprise,13:NumberofUsers:100-249,14:NumberofUsers:250-499,15:NumberofUsers:500-999,16:NumberofUsers:1000-4999,17:NumberofUsers:5000-9999,18:NumberofUsers:10000-24999,19:NumberofUsers:25000+,87:ITSecurity:Biometrics,76:Server:MicrosoftActiveDirectory,77:Server:WindowsDesktops/Laptops,78:Server:CAServer,79:Server:RadiusServer,80:Server:VPNServer,81:Server:ExchangeServer'),(550,1,'KSI-1453 GHB -X Keyboard','KSI-1453 GHB Logical Access RFID keyboard has a HID Reader integrated into a full size 104 keyboard.HID Integrated Readers with corresponding keyboard part number.<br />KSI-1453 GHB-1 7081 AIR ID iClass Enroll KSI-1453 GHB-2 7085 AIR ID iClass Playback KSI-1453 GHB-3 6081 pcProx HID<br />KSI-1453 GHB-4 7581 AIR ID Mifare Enroll <br />KSI-1453 GHB-8 Omnikey','','',9,'1:OperatingSystem:Windows,2:OperatingSystem:MacOSX,3:OperatingSystem:Linux,4:OperatingSystem:Other,5:Industry:Healthcare,7:Industry:General,8:Industry:Financial,9:Industry:Retail,10:Industry:Government,12:Industry:Enterprise,13:NumberofUsers:100-249,14:NumberofUsers:250-499,15:NumberofUsers:500-999,16:NumberofUsers:1000-4999,17:NumberofUsers:5000-9999,18:NumberofUsers:10000-24999,19:NumberofUsers:25000+,84:ITSecurity:SmartCardReaders,92:ITSecurity:Keyboards,76:Server:MicrosoftActiveDirectory,77:Server:WindowsDesktops/Laptops,78:Server:CAServer,79:Server:RadiusServer,80:Server:VPNServer,81:Server:ExchangeServer'),(551,1,'Envoy Data 4GB ATA Flash Card - Industrial','Envoy Data’s ATA flash products offer reliable high performance operation in an industry standard Type 1 ultrasonic welded PC Card housing. The ATA Flash cards are available in capacities from 32MB to 2GB and can operate in either 3.3V or 5V hosts.','4GB ATA Flash Card Industrial Grade','',8,'42:Verticals:PrecisionFarming,43:Verticals:DataLogging,44:Verticals:Medical,45:Verticals:Military,47:Verticals:Surveying,48:Verticals:Other,50:PCCardType:ATAFlashDrives,64:PCCardCapacities:4GB,75:AvailableGrades:Industrial,96:IndustrialStorage:PCCards'),(307,1,'RFIDeas 82 Series pcProx Reader','Get started using your existing employee badge system for enhanced security and functionality with the 82 Series pcProx reader from RF IDeas. We help to facilitate the deployment of services like single-sign-on (SSO) solutions by offering compatibility between the over 500 million different cards, tags and labels used for facility access.<br /><br />Unlike the pcProx Enroll product the 82 series does not use keystroking to send the card\'s data and instead uses a callable DLL. Non-keystoking allows you to integrate reader functions into specific software programs. For example to use a door access badge for employee attendance, the 82 series enables you to get the card information and talk to the software attendance program to track their time in and time out. This is only one example of the many extended uses of cards, tags and labels beyond just door access.<br /><br />Now your company can easily get started using your existing employee badge system for enhanced security and functionality of a single sign on software program no matter what type of credentials it uses.<br />Benefits<br /><br />    * Employees are familiar with the badge<br />    * Leverages the investment of a single badge<br />    * Single/common development platform<br />    * Supports most ID badge technologies used<br />    * Multitude of application uses<br />    * No license restrictions','USB Proximity Card Reader for 3rd party software applications.','',15,'1:OperatingSystem:Windows,2:OperatingSystem:MacOSX,3:OperatingSystem:Linux,4:OperatingSystem:Other,5:Industry:Healthcare,7:Industry:General,8:Industry:Financial,9:Industry:Retail,10:Industry:Government,12:Industry:Enterprise,13:NumberofUsers:100-249,14:NumberofUsers:250-499,15:NumberofUsers:500-999,16:NumberofUsers:1000-4999,17:NumberofUsers:5000-9999,18:NumberofUsers:10000-24999,19:NumberofUsers:25000+,83:ITSecurity:ProximityReaders,76:Server:MicrosoftActiveDirectory,77:Server:WindowsDesktops/Laptops,78:Server:CAServer,79:Server:RadiusServer,80:Server:VPNServer,81:Server:ExchangeServer'),(272,1,'Noble Locks NG53','Xtra strong lock for Dell Vostro + Inspiron systems','Xtra strong lock for Dell Vostro + Inspiron systems','',10,'1:OperatingSystem:Windows,2:OperatingSystem:MacOSX,3:OperatingSystem:Linux,4:OperatingSystem:Other,5:Industry:Healthcare,7:Industry:General,8:Industry:Financial,9:Industry:Retail,10:Industry:Government,12:Industry:Enterprise,13:NumberofUsers:100-249,14:NumberofUsers:250-499,15:NumberofUsers:500-999,16:NumberofUsers:1000-4999,17:NumberofUsers:5000-9999,18:NumberofUsers:10000-24999,19:NumberofUsers:25000+,20:Goals:HippaCompliant,21:Goals:SmartCardLogon,22:Goals:USBLogon,23:Goals:CardPrinter,24:Goals:Encryption,25:Goals:DigitalSigning,26:Goals:CitrixSmoothDesktopRoaming,27:Goals:VPNClientonly,28:Goals:MixedTokenPKILogon,29:Goals:EmailSecurity,30:Goals:KeyManagement,31:Goals:USBTokenPKILogon,32:Goals:RapidLogon,33:Goals:SecuredUSBMedia,34:Goals:BiometricLogon,35:Goals:SingleSign-on,36:Goals:CreditCardEncryption,37:Goals:PasswordlessLogon,38:Goals:OneTimePassword,39:Goals:MobileEncryption,40:Goals:CertificationValidation,93:ITSecurity:Locks,76:Server:MicrosoftActiveDirectory,77:Server:WindowsDesktops/Laptops,78:Server:CAServer,79:Server:RadiusServer,80:Server:VPNServer,81:Server:ExchangeServer,43:Verticals:DataLogging,44:Verticals:Medical,47:Verticals:Surveying,48:Verticals:Other,74:AvailableGrades:Commercial,75:AvailableGrades:Industrial'),(270,1,'HID OMNIKEY® Cardman 3021','The OMNIKEY® 3021 USB is a high-performance smart card reader in a small form factor for desktop as well as mobile usage. The OMNIKEY® 3021 is an easy to install USB device suited for all contact smart card operations such as online-banking or applications requiring a digital signature.<br /><br /><br />Middleware DOES NOT Include Common Access Card (CAC) Readers. Please call us directly for GSA pricing.<br />','','',25,'1:OperatingSystem:Windows,2:OperatingSystem:MacOSX,3:OperatingSystem:Linux,4:OperatingSystem:Other,5:Industry:Healthcare,7:Industry:General,8:Industry:Financial,9:Industry:Retail,10:Industry:Government,12:Industry:Enterprise,13:NumberofUsers:100-249,14:NumberofUsers:250-499,15:NumberofUsers:500-999,16:NumberofUsers:1000-4999,17:NumberofUsers:5000-9999,18:NumberofUsers:10000-24999,19:NumberofUsers:25000+,20:Goals:HippaCompliant,21:Goals:SmartCardLogon,22:Goals:USBLogon,23:Goals:CardPrinter,24:Goals:Encryption,25:Goals:DigitalSigning,26:Goals:CitrixSmoothDesktopRoaming,27:Goals:VPNClientonly,28:Goals:MixedTokenPKILogon,29:Goals:EmailSecurity,30:Goals:KeyManagement,31:Goals:USBTokenPKILogon,32:Goals:RapidLogon,33:Goals:SecuredUSBMedia,34:Goals:BiometricLogon,35:Goals:SingleSign-on,36:Goals:CreditCardEncryption,37:Goals:PasswordlessLogon,38:Goals:OneTimePassword,39:Goals:MobileEncryption,40:Goals:CertificationValidation,84:ITSecurity:SmartCardReaders,91:ITSecurity:CAC,76:Server:MicrosoftActiveDirectory,77:Server:WindowsDesktops/Laptops,78:Server:CAServer,79:Server:RadiusServer,80:Server:VPNServer,81:Server:ExchangeServer'),(279,1,'Gemalto .NET KEY','Gemalto .NET technology is the heart of this multi-application device allowing organizations to deploy one-time password and certificate based strong authentication under one form factor.<br /><br />The .NET Key offers all the power of a multi-application dynamic smart card in a USB device, ideal for users who require a combination of security and portability. Working in a connected mode, the SA .NET Key leverages Gemalto\'s .NET smart card technology. The device houses a Gemalto .NET smart card in the small cardlet™ format that can easily be inserted and removed. The device generates a one-time password and automatically fills in the one-time password field on a logon window. In addition to providing two-factor authentication, the .NET smart card supports certificate-based services in Microsoft’s .NET framework. It is natively supported in Windows Vista™ making smart cards easy to deploy and seamless to use without requiring any additional software or middleware.','Gemalto .NET Key Smart Card & OTP USB Device','',10,'1:OperatingSystem:Windows,2:OperatingSystem:MacOSX,3:OperatingSystem:Linux,4:OperatingSystem:Other,5:Industry:Healthcare,7:Industry:General,8:Industry:Financial,9:Industry:Retail,10:Industry:Government,12:Industry:Enterprise,13:NumberofUsers:100-249,14:NumberofUsers:250-499,15:NumberofUsers:500-999,16:NumberofUsers:1000-4999,17:NumberofUsers:5000-9999,18:NumberofUsers:10000-24999,19:NumberofUsers:25000+,88:ITSecurity:Encryption,76:Server:MicrosoftActiveDirectory,77:Server:WindowsDesktops/Laptops,78:Server:CAServer,79:Server:RadiusServer,80:Server:VPNServer,81:Server:ExchangeServer'),(275,1,'FARGO DTC400e System','Bundle includes: DTC400e single-sided printer, AsureID 2009 Express Photo<br />ID Software, high-end USB digital Web camera, YMCKO Print Ribbon, Ultracard<br />PVC Cards – 300 count, USB Printer Cable and 1-year AsureID technical support.','FARGO DTC400e: Direct-to-Card Printer/Encoder System','',13,'1:OperatingSystem:Windows,2:OperatingSystem:MacOSX,3:OperatingSystem:Linux,4:OperatingSystem:Other,5:Industry:Healthcare,7:Industry:General,8:Industry:Financial,9:Industry:Retail,10:Industry:Government,12:Industry:Enterprise,13:NumberofUsers:100-249,14:NumberofUsers:250-499,15:NumberofUsers:500-999,16:NumberofUsers:1000-4999,17:NumberofUsers:5000-9999,18:NumberofUsers:10000-24999,19:NumberofUsers:25000+,86:ITSecurity:AccessControl,76:Server:MicrosoftActiveDirectory,77:Server:WindowsDesktops/Laptops,78:Server:CAServer,79:Server:RadiusServer,80:Server:VPNServer,81:Server:ExchangeServer'),(276,1,'FARGO DTC550 System','Bundle includes: DTC550 single-sided printer, AsureID 2009 Express Photo ID Software, high-end USB digital Web camera, YMCKO Print Ribbon, Ultracard PVC Cards – 500 count, USB Printer Cable and 1-year AsureID technical support.','FARGO DTC550: Direct-to-Card Printer/Encoder System','',12,'1:OperatingSystem:Windows,2:OperatingSystem:MacOSX,3:OperatingSystem:Linux,4:OperatingSystem:Other,5:Industry:Healthcare,7:Industry:General,8:Industry:Financial,9:Industry:Retail,10:Industry:Government,12:Industry:Enterprise,13:NumberofUsers:100-249,14:NumberofUsers:250-499,15:NumberofUsers:500-999,16:NumberofUsers:1000-4999,17:NumberofUsers:5000-9999,18:NumberofUsers:10000-24999,19:NumberofUsers:25000+,76:Server:MicrosoftActiveDirectory,77:Server:WindowsDesktops/Laptops,78:Server:CAServer,79:Server:RadiusServer,80:Server:VPNServer,81:Server:ExchangeServer'),(277,1,'FARGO C30e','FARGO Persona C30e: Direct-to-Card Printer/Encoder System','FARGO  Persona C30e System','',13,'1:OperatingSystem:Windows,2:OperatingSystem:MacOSX,3:OperatingSystem:Linux,4:OperatingSystem:Other,5:Industry:Healthcare,7:Industry:General,8:Industry:Financial,9:Industry:Retail,10:Industry:Government,12:Industry:Enterprise,13:NumberofUsers:100-249,14:NumberofUsers:250-499,15:NumberofUsers:500-999,16:NumberofUsers:1000-4999,17:NumberofUsers:5000-9999,18:NumberofUsers:10000-24999,19:NumberofUsers:25000+,86:ITSecurity:AccessControl,91:ITSecurity:CAC,76:Server:MicrosoftActiveDirectory,77:Server:WindowsDesktops/Laptops,78:Server:CAServer,79:Server:RadiusServer,80:Server:VPNServer,81:Server:ExchangeServer'),(317,1,'Credant Mobile Guardian (CMG) Group Edition','CREDANT Mobile Guardian (CMG) Group Edition is designed for departments/specific initiatives within large organizations or small-to-midsize enterprises that have limited IT resources, but need to minimize risk while providing centralized policy definition and creation for mobile workers.<br /><br />In addition, you can be assured that CREDANT solutions will continue to meet your enterprise security and management requirements as you expand the use of mobile and wireless computing throughout your organization , as there’s an ','Credant Mobile Guardian (CMG) Group Edition','',17,'1:OperatingSystem:Windows,5:Industry:Healthcare,7:Industry:General,8:Industry:Financial,9:Industry:Retail,10:Industry:Government,12:Industry:Enterprise,15:NumberofUsers:500-999,16:NumberofUsers:1000-4999,17:NumberofUsers:5000-9999,18:NumberofUsers:10000-24999,19:NumberofUsers:25000+,88:ITSecurity:Encryption,76:Server:MicrosoftActiveDirectory,77:Server:WindowsDesktops/Laptops,78:Server:CAServer,79:Server:RadiusServer,80:Server:VPNServer,81:Server:ExchangeServer'),(284,1,'SafeNet DataSecure i430','For organizations looking to implement encryption of sensitive data in the enterprise, DataSecure represent a comprehensive solution for deployment throughout the distributed corporation. DataSecure offers a cost-effective data protection solution that features breakthrough performance, high availability, and streamlined implementation.<br /><br />SafeNet DataSecure i430 is a key component of SafeNet’s comprehensive enterprise data protection solution to reduce the cost and complexity of regulatory compliance, data privacy, and information risk management. For more information, visit<br />www.safenet-inc.com/EDP.<br /><br />Optimal Security<br /><br />Offering the highest level of security available in a commercial encryption solution, the DataSecure 400 Series appliance is compliant with FIPS 140-2 Level 2 and Common Criteria Evaluation Assurance Level 2. DataSecure centralizes all cryptographic processing, key management, logging, auditing, and security policies on a single, hardened appliance, which maximizes overall security.<br /><br />Unparalleled Performance and Availability<br /><br />DataSecure centralizes all cryptographic processing on a highly specialized appliance that delivers performance robust enough for the most demanding processing environments. A single appliance can handle over 100,000 encryptions per second, and DataSecure makes it easy, through load balancing, to add additional appliances and boost scalability as performance needs dictate.<br /><br /><br />Further, by offloading CPU-intensive cryptographic processing from servers and databases, DataSecure restores server and database performance to optimal levels—resulting in lower data latency and higher resource utilization. Designed specifically for business-critical data processing, DataSecure also features replication, RAID support, health checking, and disaster recovery capabilities.','DataSecure i430 is a key component of SafeNet’s comprehensive enterprise data protection solution to reduce the cost and complexity of regulatory compliance, data privacy, and information risk management.','',19,'1:OperatingSystem:Windows,2:OperatingSystem:MacOSX,3:OperatingSystem:Linux,4:OperatingSystem:Other,5:Industry:Healthcare,7:Industry:General,8:Industry:Financial,9:Industry:Retail,10:Industry:Government,12:Industry:Enterprise,13:NumberofUsers:100-249,14:NumberofUsers:250-499,15:NumberofUsers:500-999,16:NumberofUsers:1000-4999,17:NumberofUsers:5000-9999,18:NumberofUsers:10000-24999,19:NumberofUsers:25000+,89:ITSecurity:NetworkSecurity,76:Server:MicrosoftActiveDirectory,77:Server:WindowsDesktops/Laptops,78:Server:CAServer,79:Server:RadiusServer,80:Server:VPNServer,81:Server:ExchangeServer'),(285,1,'MXI Stealth M200- 2GB - Commercial','Stealth M200 - 1GB USB Self Secured Flash Drive w/ Black Plastic Case - MXI Commercial Grade','Stealth M200 - 1GB  - MXI Commercial Grade','',15,'1:OperatingSystem:Windows,2:OperatingSystem:MacOSX,3:OperatingSystem:Linux,4:OperatingSystem:Other,5:Industry:Healthcare,7:Industry:General,8:Industry:Financial,9:Industry:Retail,10:Industry:Government,12:Industry:Enterprise,13:NumberofUsers:100-249,14:NumberofUsers:250-499,15:NumberofUsers:500-999,16:NumberofUsers:1000-4999,17:NumberofUsers:5000-9999,18:NumberofUsers:10000-24999,19:NumberofUsers:25000+,85:ITSecurity:SecureUSBStorage,76:Server:MicrosoftActiveDirectory,77:Server:WindowsDesktops/Laptops,78:Server:CAServer,79:Server:RadiusServer,80:Server:VPNServer,81:Server:ExchangeServer'),(286,1,'MXI Stealth M200 - 1GB - Commercial','Stealth M200 - 2GB USB Self Secured Flash Drive w/ Black Plastic Case - MXI Commercial Grade','Stealth M200 - 2GB - MXI Commercial Grade','',20,'1:OperatingSystem:Windows,2:OperatingSystem:MacOSX,3:OperatingSystem:Linux,4:OperatingSystem:Other,5:Industry:Healthcare,7:Industry:General,8:Industry:Financial,9:Industry:Retail,10:Industry:Government,12:Industry:Enterprise,13:NumberofUsers:100-249,14:NumberofUsers:250-499,15:NumberofUsers:500-999,16:NumberofUsers:1000-4999,17:NumberofUsers:5000-9999,18:NumberofUsers:10000-24999,19:NumberofUsers:25000+,85:ITSecurity:SecureUSBStorage,76:Server:MicrosoftActiveDirectory,77:Server:WindowsDesktops/Laptops,78:Server:CAServer,79:Server:RadiusServer,80:Server:VPNServer,81:Server:ExchangeServer'),(321,1,'Credant CMG Policy Editor','CREDANT Technologies believes that security solutions should be flexible enough to fit a variety of enterprise environments, thus minimizing the impact on IT and end users. Through the CMG interface, security administrators can monitor the real time state of mobile device discovery and policy compliance. Default global policies, based on security best practices, help enterprises begin securing their mobile data quickly. A common policy editor across all mobile devices significantly reduces the learning curve to ensure lower implementation costs. Five Administrator roles provide separation of administrative duties, further protecting the enterprise with a solution that’s flexible enough to fit existing IT and security procedures. Mobile device inventory management, policy management, auditing, and reporting are all supported through an ODBC compliant database to help manage regulatory compliance.','A common policy editor; included in the CREDANT Mobile Guardian Enterprise Server; across all mobile devices significantly reduces the learning curve to ensure lower implementation costs.','',8,'1:OperatingSystem:Windows,2:OperatingSystem:MacOSX,5:Industry:Healthcare,7:Industry:General,8:Industry:Financial,9:Industry:Retail,10:Industry:Government,12:Industry:Enterprise,15:NumberofUsers:500-999,16:NumberofUsers:1000-4999,17:NumberofUsers:5000-9999,18:NumberofUsers:10000-24999,19:NumberofUsers:25000+,88:ITSecurity:Encryption,76:Server:MicrosoftActiveDirectory,77:Server:WindowsDesktops/Laptops,78:Server:CAServer,79:Server:RadiusServer,80:Server:VPNServer,81:Server:ExchangeServer'),(288,1,'HID OMNIKEY® Cardman 4321 Mobile ExpressCard 54','The OMNIKEY® 4321 is a smart card reader that can be used in laptops and PDAs with the ExpressCard™ interface. The OMNIKEY technology and drivers guarantee the highest level of interoperability and stability in conjunction with this standard. ','HID OMNIKEY® Cardman 4321 ExpressCard54 Smart Card Reader.','',8,'1:OperatingSystem:Windows,2:OperatingSystem:MacOSX,3:OperatingSystem:Linux,4:OperatingSystem:Other,5:Industry:Healthcare,7:Industry:General,8:Industry:Financial,9:Industry:Retail,10:Industry:Government,12:Industry:Enterprise,13:NumberofUsers:100-249,14:NumberofUsers:250-499,15:NumberofUsers:500-999,16:NumberofUsers:1000-4999,17:NumberofUsers:5000-9999,18:NumberofUsers:10000-24999,19:NumberofUsers:25000+,84:ITSecurity:SmartCardReaders,76:Server:MicrosoftActiveDirectory,77:Server:WindowsDesktops/Laptops,78:Server:CAServer,79:Server:RadiusServer,80:Server:VPNServer,81:Server:ExchangeServer'),(287,1,'HID OMNIKEY® Cardman 4040','The OMNIKEY® 4040 is a high-performance smart card reader in a small form factor for mobile use. The OMNIKEY® 4040 is an easy to install PCMCIA device which makes it the preferred solution for the integration into notebooks, PDA’s or other PCBus based systems.','','',13,'1:OperatingSystem:Windows,2:OperatingSystem:MacOSX,3:OperatingSystem:Linux,4:OperatingSystem:Other,5:Industry:Healthcare,7:Industry:General,8:Industry:Financial,9:Industry:Retail,10:Industry:Government,12:Industry:Enterprise,13:NumberofUsers:100-249,14:NumberofUsers:250-499,15:NumberofUsers:500-999,16:NumberofUsers:1000-4999,17:NumberofUsers:5000-9999,18:NumberofUsers:10000-24999,19:NumberofUsers:25000+,84:ITSecurity:SmartCardReaders,91:ITSecurity:CAC,76:Server:MicrosoftActiveDirectory,77:Server:WindowsDesktops/Laptops,78:Server:CAServer,79:Server:RadiusServer,80:Server:VPNServer,81:Server:ExchangeServer'),(289,1,'HID OMNIKEY® Cardman 3121 USB - Jumbo Base','The OMNIKEY® 3121 is a high-performance smart card reader for desktop use with multiple standing options in a robust housing. The OMNIKEY® 3121 is an easy-to-install USB device suited for all contact smart card operations such as online-banking or applications requiring a digital signature. The Jumbo Standing Base is a 1lb base that enables vertical or horizontal card insertion with a stable reader.','','',17,'1:OperatingSystem:Windows,2:OperatingSystem:MacOSX,3:OperatingSystem:Linux,4:OperatingSystem:Other,7:Industry:General,8:Industry:Financial,9:Industry:Retail,10:Industry:Government,12:Industry:Enterprise,13:NumberofUsers:100-249,14:NumberofUsers:250-499,15:NumberofUsers:500-999,16:NumberofUsers:1000-4999,17:NumberofUsers:5000-9999,18:NumberofUsers:10000-24999,19:NumberofUsers:25000+,84:ITSecurity:SmartCardReaders,91:ITSecurity:CAC,76:Server:MicrosoftActiveDirectory,77:Server:WindowsDesktops/Laptops,78:Server:CAServer,79:Server:RadiusServer,80:Server:VPNServer,81:Server:ExchangeServer'),(291,1,'HID OMNIKEY® Cardman 3121 USB - Light Base','The OMNIKEY® 3121 USB is a high-performance smart card reader in a small form factor for desktop and mobile use. The OMNIKEY® 3121 is an easy to install USB device suited for all contact smart card operations such as identity verification, online-banking or applications requiring a digital signature.','HID OMNIKEY® Cardman 3121 USB Smart Card Reader for desktop and mobile use with Standard Base.','',14,'1:OperatingSystem:Windows,2:OperatingSystem:MacOSX,3:OperatingSystem:Linux,4:OperatingSystem:Other,5:Industry:Healthcare,7:Industry:General,8:Industry:Financial,9:Industry:Retail,10:Industry:Government,12:Industry:Enterprise,13:NumberofUsers:100-249,14:NumberofUsers:250-499,15:NumberofUsers:500-999,16:NumberofUsers:1000-4999,17:NumberofUsers:5000-9999,18:NumberofUsers:10000-24999,19:NumberofUsers:25000+,84:ITSecurity:SmartCardReaders,91:ITSecurity:CAC,76:Server:MicrosoftActiveDirectory,77:Server:WindowsDesktops/Laptops,78:Server:CAServer,79:Server:RadiusServer,80:Server:VPNServer,81:Server:ExchangeServer'),(292,1,'HID OMNIKEY® Cardman 5325 USB Prox','The OMNIKEY® 5325 is a high-performance, USB smart card reader for desktop use that can be used with any HID proximity card. Complete with a convenient card retainer and a robust housing, the OMNIKEY® 5325 is compliant with all industry standards. Designed to facilitate ease-of-use, this dual-interface (contact/contactless) reader works with your existing HID Prox cards enabling implementation of new logical access applications without re-badging. ','HID OMNIKEY® Cardman 5325 Proximity Contactless Smart Card Reader. For desktop use, can be used with any HID proximity card.','',18,'1:OperatingSystem:Windows,2:OperatingSystem:MacOSX,3:OperatingSystem:Linux,4:OperatingSystem:Other,5:Industry:Healthcare,7:Industry:General,8:Industry:Financial,9:Industry:Retail,10:Industry:Government,12:Industry:Enterprise,13:NumberofUsers:100-249,14:NumberofUsers:250-499,15:NumberofUsers:500-999,16:NumberofUsers:1000-4999,17:NumberofUsers:5000-9999,18:NumberofUsers:10000-24999,19:NumberofUsers:25000+,83:ITSecurity:ProximityReaders,84:ITSecurity:SmartCardReaders,76:Server:MicrosoftActiveDirectory,77:Server:WindowsDesktops/Laptops,78:Server:CAServer,79:Server:RadiusServer,80:Server:VPNServer,81:Server:ExchangeServer'),(293,1,'HID OMNIKEY® Cardman 5125 USB Prox','HID has developed a practical and affordable PC-linked desktop reader that works with your existing HID® proximity cards. The OMNIKEY® Cardman 5125 RFID Contactless Smart Card Reader reads/writes to virtually any contact based smart card, thus allowing to implement new applications including log-on to Windows®, networks, and websites without re-badging!<br /><br />This reader has been replaced by the 5325CL Prox. The 5125 USB Prox is only available for build to order .','HID OMNIKEY® Cardman 5125 RFID Contactless Smart Card Reader. Reads/writes to virtually any contact based smart card','',18,'1:OperatingSystem:Windows,2:OperatingSystem:MacOSX,3:OperatingSystem:Linux,4:OperatingSystem:Other,5:Industry:Healthcare,7:Industry:General,8:Industry:Financial,9:Industry:Retail,10:Industry:Government,12:Industry:Enterprise,13:NumberofUsers:100-249,14:NumberofUsers:250-499,15:NumberofUsers:500-999,16:NumberofUsers:1000-4999,17:NumberofUsers:5000-9999,18:NumberofUsers:10000-24999,19:NumberofUsers:25000+,83:ITSecurity:ProximityReaders,84:ITSecurity:SmartCardReaders,91:ITSecurity:CAC,76:Server:MicrosoftActiveDirectory,77:Server:WindowsDesktops/Laptops,78:Server:CAServer,79:Server:RadiusServer,80:Server:VPNServer,81:Server:ExchangeServer'),(294,1,'HID OMNIKEY® Cardman 6121 Mobile USB Reader','The OMNIKEY® 6121 is a fully functional smart card reader for SIM-sized smart cards and is especially well-suited for use with mobile devices. Applications for this reader include the download of GSM applications from the internet to the SIM card, W-LAN authentication, secure PC log-on, PKI for mobile users, digital signature, secure mobile banking and online transactions, loyalty programs andhealthcare solutions. ','HID OMNIKEY® Cardman 6121 USB Dongle Smart Card Reader for SIM-sized smart cards.','',3,'1:OperatingSystem:Windows,2:OperatingSystem:MacOSX,3:OperatingSystem:Linux,4:OperatingSystem:Other,5:Industry:Healthcare,7:Industry:General,8:Industry:Financial,9:Industry:Retail,10:Industry:Government,12:Industry:Enterprise,13:NumberofUsers:100-249,14:NumberofUsers:250-499,15:NumberofUsers:500-999,16:NumberofUsers:1000-4999,17:NumberofUsers:5000-9999,18:NumberofUsers:10000-24999,19:NumberofUsers:25000+,84:ITSecurity:SmartCardReaders,76:Server:MicrosoftActiveDirectory,77:Server:WindowsDesktops/Laptops,78:Server:CAServer,79:Server:RadiusServer,80:Server:VPNServer,81:Server:ExchangeServer'),(295,1,'HID OMNIKEY® 3821 USB Pin Pad','HID Global offers the OMNIKEY® 3821, a high-performance PIN pad reader with display for desktop usage. The OMNIKEY® 3821 is an easy–to-install USB device particularly suited for online-banking or digital signature applications.','HID OMNIKEY® 3821 USB Pin Pad Reader with display for desktop usage.','',14,'1:OperatingSystem:Windows,2:OperatingSystem:MacOSX,3:OperatingSystem:Linux,4:OperatingSystem:Other,5:Industry:Healthcare,7:Industry:General,8:Industry:Financial,9:Industry:Retail,10:Industry:Government,12:Industry:Enterprise,13:NumberofUsers:100-249,14:NumberofUsers:250-499,15:NumberofUsers:500-999,16:NumberofUsers:1000-4999,17:NumberofUsers:5000-9999,18:NumberofUsers:10000-24999,19:NumberofUsers:25000+,84:ITSecurity:SmartCardReaders,91:ITSecurity:CAC,76:Server:MicrosoftActiveDirectory,77:Server:WindowsDesktops/Laptops,78:Server:CAServer,79:Server:RadiusServer,80:Server:VPNServer,81:Server:ExchangeServer'),(296,1,'HID OMNIKEY® 3621 PIN Pad Reader','HID Global offers the OMNIKEY® 3621, a high-performance PIN pad reader for desktop usage. The OMNIKEY® 3621 is an easy–to-install USB device particularly suited for online-banking or digital signature applications. ','HID OMNIKEY® 3621 USB Pin Pad Reader with display for desktop usage.','',17,'1:OperatingSystem:Windows,2:OperatingSystem:MacOSX,3:OperatingSystem:Linux,4:OperatingSystem:Other,5:Industry:Healthcare,7:Industry:General,8:Industry:Financial,9:Industry:Retail,10:Industry:Government,12:Industry:Enterprise,13:NumberofUsers:100-249,14:NumberofUsers:250-499,15:NumberofUsers:500-999,16:NumberofUsers:1000-4999,17:NumberofUsers:5000-9999,18:NumberofUsers:10000-24999,19:NumberofUsers:25000+,84:ITSecurity:SmartCardReaders,91:ITSecurity:CAC,76:Server:MicrosoftActiveDirectory,77:Server:WindowsDesktops/Laptops,78:Server:CAServer,79:Server:RadiusServer,80:Server:VPNServer,81:Server:ExchangeServer'),(297,1,'HID OMNIKEY® Cardman 6221 USB Reader','The dongle sized OMNIKEY® 6221 is a portable and innovative reader/memory stick with MicroSD™ slot and reader for SIM-sized contact smart cards all in one device. Combining a smart card reader and memory means that data contained and carried on the OMNIKEY 6221 can easily be encrypted making it inaccessible to unauthorized personnel or in case the reader is lost or stolen. <br /><br />The OMNIKEY 6221 introduces data protection and secure content issuance based on encryption and digital signature in conjunction with PIN protection. The reader offers convenient two-factor authentication which is particularly important and valuable to the increasingly mobile workforce.','HID OMNIKEY® Cardman 6221 USB Reader with MicroSD™ slot and reader for SIM-sized Contact Smart Cards.','',13,'1:OperatingSystem:Windows,2:OperatingSystem:MacOSX,3:OperatingSystem:Linux,4:OperatingSystem:Other,5:Industry:Healthcare,7:Industry:General,8:Industry:Financial,9:Industry:Retail,10:Industry:Government,12:Industry:Enterprise,13:NumberofUsers:100-249,14:NumberofUsers:250-499,15:NumberofUsers:500-999,16:NumberofUsers:1000-4999,17:NumberofUsers:5000-9999,18:NumberofUsers:10000-24999,19:NumberofUsers:25000+,84:ITSecurity:SmartCardReaders,91:ITSecurity:CAC,76:Server:MicrosoftActiveDirectory,77:Server:WindowsDesktops/Laptops,78:Server:CAServer,79:Server:RadiusServer,80:Server:VPNServer,81:Server:ExchangeServer'),(298,1,'HID OMNIKEY® Cardman 2061 Bluetooth Reader','HID’s OMNIKEY® 2061 Bluetooth® reader is a portable authentication device for individual log-on to personal computers. It is ideal for organizations where frequented but intermittent use of personal computers is practiced, and where a high value of information privacy is maintained.  <br /><br />A contact log-on reader, the OMNIKEY 2061 provides hands-free operation and authentication anywhere secure log-on to IT networks is desired. Additionally, the reader supports HID on the Desktop™ as part of a three component solution, which includes an HID technology card, reader and naviGO® software, enabling logical access in hygienic or virtually any environment. Equally suited for mobile and laptop usage, the reader supports all relevant Windows® operating systems, ensuring worldwide compliance and easy integration in any system.','HID OMNIKEY® Cardman 2061 Bluetooth Reader; a portable authentication device for individual log-on to personal computers.','',13,'1:OperatingSystem:Windows,2:OperatingSystem:MacOSX,3:OperatingSystem:Linux,4:OperatingSystem:Other,5:Industry:Healthcare,7:Industry:General,8:Industry:Financial,9:Industry:Retail,10:Industry:Government,12:Industry:Enterprise,13:NumberofUsers:100-249,14:NumberofUsers:250-499,15:NumberofUsers:500-999,16:NumberofUsers:1000-4999,17:NumberofUsers:5000-9999,18:NumberofUsers:10000-24999,19:NumberofUsers:25000+,84:ITSecurity:SmartCardReaders,91:ITSecurity:CAC,76:Server:MicrosoftActiveDirectory,77:Server:WindowsDesktops/Laptops,78:Server:CAServer,79:Server:RadiusServer,80:Server:VPNServer,81:Server:ExchangeServer'),(299,1,'Seagate Momentus 7200 FDE.2 500-GB Hard Drive','The Momentus Family of 2.5-inch laptop disk drives offers 18 essential options and innovative features such as capacity up to 640GBs, two different performance speeds, and three significant features. ','500GB Momentus family of 2.5-inch laptop drives','',8,'1:OperatingSystem:Windows,2:OperatingSystem:MacOSX,3:OperatingSystem:Linux,4:OperatingSystem:Other,5:Industry:Healthcare,7:Industry:General,8:Industry:Financial,9:Industry:Retail,10:Industry:Government,12:Industry:Enterprise,13:NumberofUsers:100-249,14:NumberofUsers:250-499,15:NumberofUsers:500-999,16:NumberofUsers:1000-4999,17:NumberofUsers:5000-9999,18:NumberofUsers:10000-24999,19:NumberofUsers:25000+,88:ITSecurity:Encryption,76:Server:MicrosoftActiveDirectory,77:Server:WindowsDesktops/Laptops,78:Server:CAServer,79:Server:RadiusServer,80:Server:VPNServer,81:Server:ExchangeServer'),(300,1,'Seagate Momentus 7200 FDE.2 250-GB Hard Drive','The Momentus Family of 2.5-inch laptop disk drives offers 18 essential options and innovative features such as capacity up to 640GBs, two different performance speeds, and three significant features. ','250GB Momentus family of 2.5-inch laptop drives','',8,'1:OperatingSystem:Windows,2:OperatingSystem:MacOSX,3:OperatingSystem:Linux,4:OperatingSystem:Other,5:Industry:Healthcare,7:Industry:General,8:Industry:Financial,9:Industry:Retail,10:Industry:Government,12:Industry:Enterprise,13:NumberofUsers:100-249,14:NumberofUsers:250-499,15:NumberofUsers:500-999,16:NumberofUsers:1000-4999,17:NumberofUsers:5000-9999,18:NumberofUsers:10000-24999,19:NumberofUsers:25000+,88:ITSecurity:Encryption,76:Server:MicrosoftActiveDirectory,77:Server:WindowsDesktops/Laptops,78:Server:CAServer,79:Server:RadiusServer,80:Server:VPNServer,81:Server:ExchangeServer'),(301,1,'MorphoTrak MorphoSmart™ Optic 350 PIV','To achieve the mandates set forth by HSPD-12 for Federal employee and contractor identification, the National Institute of Standards and Technology was instructed to craft a standard for secure and trusted identification. As a result, the FIPS-201 Personal Identity Verification standard was created.<br /><br />Applying its experience in biometric Identity Management solutions already in use in 70 countries worldwide, Sagem Morpho is ready to meet the challenge of the Personal Identity Verification (PIV) program with the introduction of the MorphoSmart™ Optic 350 PIV Biometric terminal.','PIV Fingerprint Processing Unit and Contact Smart Card Reader.','',14,'1:OperatingSystem:Windows,2:OperatingSystem:MacOSX,3:OperatingSystem:Linux,4:OperatingSystem:Other,5:Industry:Healthcare,7:Industry:General,8:Industry:Financial,9:Industry:Retail,10:Industry:Government,12:Industry:Enterprise,13:NumberofUsers:100-249,14:NumberofUsers:250-499,15:NumberofUsers:500-999,16:NumberofUsers:1000-4999,17:NumberofUsers:5000-9999,18:NumberofUsers:10000-24999,19:NumberofUsers:25000+,84:ITSecurity:SmartCardReaders,87:ITSecurity:Biometrics,91:ITSecurity:CAC,76:Server:MicrosoftActiveDirectory,77:Server:WindowsDesktops/Laptops,78:Server:CAServer,79:Server:RadiusServer,80:Server:VPNServer,81:Server:ExchangeServer'),(304,1,'Precise Biometrics 250 MC','The Precise 250 MC biometric fingerprint reader is a secure and robust combined fingerprint and smart card reader, perfectly suited for government users as well as public usage areas. Supporting the ANSI 378 template standard, the Precise 250 MC is designed to fully comply with US governmental requirements for HSPD-12 and PIV.<br /><br />Combining fingerprint recognition and smart card technologies, you get the best of two authentication methods – Match-on-Card. With the well-proven and widely deployed Precise Match-on-Card™ technology, Precise Biometrics is a recognized world-leader in this field. Precise Match-on-Card™ stores and matches the fingerprint information in the secure environment of the card itself, and thereby eliminates the need for processing sensitive information in PCs and databases, which could be considered weak links in the security chain and may risk user integrity. The Precise 250 MC used together with Precise Match-on-Card™ technology, Precise Biometrics and partners are able to offer increased security and preserved user privacy in any authentication solution. The Precise 250 MC biometric fingerprint reader is unmatched in quality and effectiveness. The Precise 250 MC biometric fingerprint reader is perfect for those looking to add an unmatched level of security to their business.','Precise Biometrics 250 MC Biometric Fingerprint Reader with Match-On-Card Technology.','',18,'1:OperatingSystem:Windows,2:OperatingSystem:MacOSX,3:OperatingSystem:Linux,4:OperatingSystem:Other,5:Industry:Healthcare,7:Industry:General,8:Industry:Financial,9:Industry:Retail,10:Industry:Government,12:Industry:Enterprise,13:NumberofUsers:100-249,14:NumberofUsers:250-499,15:NumberofUsers:500-999,16:NumberofUsers:1000-4999,17:NumberofUsers:5000-9999,18:NumberofUsers:10000-24999,19:NumberofUsers:25000+,84:ITSecurity:SmartCardReaders,87:ITSecurity:Biometrics,91:ITSecurity:CAC'),(308,1,'RFIDeas pcProx Sonar Presence Dectector',' The pcProx-Sonar solves security risks and privacy concerns with unattended computers without requiring additional software or user action. This solution is a presence detector, not a badge reader. When a user steps away from the computer, the product automatically locks the computer. It detects a user’s presence so the computer will not lock until the user physically steps away, avoiding awkward time-out settings.<br /><br />The Sonar easily attaches to the PC via a USB port and is configured as a keyboard. The keyboard allows individual keystrokes and delays to be defined by the user. For example, a Windows® XP equipped system would send a sequence such as Windows “GUI” + “L” to lock the computer when the user walks away.<br /><br /> Applications<br /><br />    * Automatic computer locking, presence detection<br />    * Inactivity monitoring<br />    * HIPAA compliance by protecting sensitive data','USB Proximity Proximity Card Reader for personnel indentification and ID card enrollment of proximity cards.','',13,'1:OperatingSystem:Windows,2:OperatingSystem:MacOSX,3:OperatingSystem:Linux,4:OperatingSystem:Other,5:Industry:Healthcare,7:Industry:General,8:Industry:Financial,9:Industry:Retail,10:Industry:Government,12:Industry:Enterprise,13:NumberofUsers:100-249,14:NumberofUsers:250-499,15:NumberofUsers:500-999,16:NumberofUsers:1000-4999,17:NumberofUsers:5000-9999,18:NumberofUsers:10000-24999,19:NumberofUsers:25000+,83:ITSecurity:ProximityReaders,76:Server:MicrosoftActiveDirectory,77:Server:WindowsDesktops/Laptops,78:Server:CAServer,79:Server:RadiusServer,80:Server:VPNServer,81:Server:ExchangeServer'),(309,1,'RFIDeas pcProx® Enroll','The family of pcProx proximity card readers eliminates the need for manual entry providing error-free identification. pcProx is compatible with over 300 million physical access proximity cards. This reader allows users to use their building access card for other forms of identification and security throughout their workplace. This product is available either embedded in a keyboard or the standard wedge type housing. The plug-n-play reader comes with flash memory, allowing the user to quickly configure the output to meet the user’s needs.<br /><br />As a card enrollment or ID badge reader/tester, the USB model emulates a keyboard and will keystroke the card’s ID and/or site code to the cursor’s location on the screen. The reader can be configured to add keystrokes before and after the card’s data. The serial version, available in RS-232, Ethernet, or USB Virtual Com, delivers the card’s data in ASCII.','Proximity card reader with USB connection and mounting bracket.','',18,'1:OperatingSystem:Windows,2:OperatingSystem:MacOSX,3:OperatingSystem:Linux,4:OperatingSystem:Other,5:Industry:Healthcare,7:Industry:General,8:Industry:Financial,9:Industry:Retail,10:Industry:Government,12:Industry:Enterprise,13:NumberofUsers:100-249,14:NumberofUsers:250-499,15:NumberofUsers:500-999,16:NumberofUsers:1000-4999,17:NumberofUsers:5000-9999,18:NumberofUsers:10000-24999,19:NumberofUsers:25000+,83:ITSecurity:ProximityReaders,76:Server:MicrosoftActiveDirectory,77:Server:WindowsDesktops/Laptops,78:Server:CAServer,79:Server:RadiusServer,80:Server:VPNServer,81:Server:ExchangeServer'),(310,1,'RFIDeas AIR ID Enroll','Get started using your existing employee building security badges for enhanced security and functionality with the 82 Series AIR ID reader from RF IDeas. We help to facilitate the deployment of services like single-sign-on (SSO) solutions by offering compatibility between the over 500 million different cards, tags and labels used for facility access.<br /><br />Unlike the AIR ID Enroll product the 82 series does not use keystroking to send the card\'s data info but instead uses a callable DLL or ASCII command protocol. This non-keystoking allows you to integrate reader functions into specific software programs. For example if you wish to use your door access badge for employee attendance the 82 series would enable you to get the card information and talk to the software attendance program to track their time in and time out for attendance. This is only one example of the many extended uses of cards, tags and labels beyond just door access.<br /><br />Now your company can easily get started using your existing employee badge system for enhance security and functionality of a single sign on software program no matter what type of credentials it uses.<br />Applications<br /><br />    * Employees are familiar with the badge<br />    * Leverages the investment of a single badge<br />    * Single/common development platform<br />    * Supports most ID badge technologies used<br />    * Multitude of application uses<br />    * No license restrictions<br /><br />','Air ID Enroll USB Reader. Contactless card reader for 3rd party software applications','',9,'1:OperatingSystem:Windows,2:OperatingSystem:MacOSX,3:OperatingSystem:Linux,4:OperatingSystem:Other,5:Industry:Healthcare,7:Industry:General,8:Industry:Financial,9:Industry:Retail,10:Industry:Government,12:Industry:Enterprise,13:NumberofUsers:100-249,14:NumberofUsers:250-499,15:NumberofUsers:500-999,16:NumberofUsers:1000-4999,17:NumberofUsers:5000-9999,18:NumberofUsers:10000-24999,19:NumberofUsers:25000+,84:ITSecurity:SmartCardReaders,76:Server:MicrosoftActiveDirectory,77:Server:WindowsDesktops/Laptops,78:Server:CAServer,79:Server:RadiusServer,80:Server:VPNServer,81:Server:ExchangeServer'),(311,1,'RFIDeas AIR ID Playback iCLASS USB Reader','AIR ID products meet a variety of needs in multiple situations. AIR ID products leverage current HID iClass and NXP MIFARE badge investments and existing control systems while expanding technologies and applications with a single badge solution.<br /><br />The AIR ID Playback interfaces contactless cards to existing applications and systems without the need to change or update these systems. There is no need to deploy software. ','AIR ID Playback iCLASS USB Reader with HID iClass and NXP MIFARE badge investments.','',8,'1:OperatingSystem:Windows,2:OperatingSystem:MacOSX,3:OperatingSystem:Linux,4:OperatingSystem:Other,5:Industry:Healthcare,7:Industry:General,8:Industry:Financial,9:Industry:Retail,10:Industry:Government,12:Industry:Enterprise,13:NumberofUsers:100-249,14:NumberofUsers:250-499,15:NumberofUsers:500-999,16:NumberofUsers:1000-4999,17:NumberofUsers:5000-9999,18:NumberofUsers:10000-24999,19:NumberofUsers:25000+,84:ITSecurity:SmartCardReaders,76:Server:MicrosoftActiveDirectory,77:Server:WindowsDesktops/Laptops,78:Server:CAServer,79:Server:RadiusServer,80:Server:VPNServer,81:Server:ExchangeServer'),(312,1,'RFIDeas AIR ID Playback Starter Kit','AIR ID products meet a variety of needs in multiple situations. AIR ID products leverage current HID iClass and NXP MIFARE badge investments and existing control systems while expanding technologies and applications with a single badge solution.<br /><br />This ready-to-use, AIR ID Starter Kit provides everything needed to use smart cards with existing applications and embedded controllers. ','AIR ID Playback iCLASS USB Starter Kit with HID iClass and NXP MIFARE badge investments.','',9,'1:OperatingSystem:Windows,2:OperatingSystem:MacOSX,3:OperatingSystem:Linux,4:OperatingSystem:Other,5:Industry:Healthcare,7:Industry:General,8:Industry:Financial,9:Industry:Retail,10:Industry:Government,12:Industry:Enterprise,13:NumberofUsers:100-249,14:NumberofUsers:250-499,15:NumberofUsers:500-999,16:NumberofUsers:1000-4999,17:NumberofUsers:5000-9999,18:NumberofUsers:10000-24999,19:NumberofUsers:25000+,84:ITSecurity:SmartCardReaders,76:Server:MicrosoftActiveDirectory,77:Server:WindowsDesktops/Laptops,78:Server:CAServer,79:Server:RadiusServer,80:Server:VPNServer,81:Server:ExchangeServer'),(313,1,'RFIDeas pcProx-Sonar Bracket','An optional bracket for mounting the pcProx-Sonar. This allows adjustments to the angle.  For most users the glue dots that are are included will do the job just fine.  In some environments where more flexibility may be required, this bracket will prove useful.','Optional bracket for mounting the pcProx-Sonar','',12,'1:OperatingSystem:Windows,2:OperatingSystem:MacOSX,3:OperatingSystem:Linux,4:OperatingSystem:Other,5:Industry:Healthcare,7:Industry:General,8:Industry:Financial,9:Industry:Retail,10:Industry:Government,12:Industry:Enterprise,13:NumberofUsers:100-249,14:NumberofUsers:250-499,15:NumberofUsers:500-999,16:NumberofUsers:1000-4999,17:NumberofUsers:5000-9999,18:NumberofUsers:10000-24999,19:NumberofUsers:25000+,83:ITSecurity:ProximityReaders,76:Server:MicrosoftActiveDirectory,77:Server:WindowsDesktops/Laptops,78:Server:CAServer,79:Server:RadiusServer,80:Server:VPNServer,81:Server:ExchangeServer'),(314,1,'RFIDeas Mounting Kit for Desktop Reader','The pcProx® and AIR ID® mounting kit offer a convenient and inexpensive \r\nalternative to standard mounting options. This solution, designed for \r\nmulti-function printers, allows the user to tie down the cable and affix\r\n the reader using the supre velcro to adjust the angle of the product to\r\n fit their needs.<br />\r\n<br />\r\nThis kit includes<br />\r\n<br />\r\n2. Super Velcro strips to attach the bottom of the reader to the device or article.<br />\r\n<br />\r\n2. Plastic cable snap down clamps to dress the cable to the device. ','pcProx® and AIR ID® mounting kit','',11,'1:OperatingSystem:Windows,2:OperatingSystem:MacOSX,3:OperatingSystem:Linux,4:OperatingSystem:Other,5:Industry:Healthcare,7:Industry:General,8:Industry:Financial,9:Industry:Retail,10:Industry:Government,12:Industry:Enterprise,13:NumberofUsers:100-249,14:NumberofUsers:250-499,15:NumberofUsers:500-999,16:NumberofUsers:1000-4999,17:NumberofUsers:5000-9999,18:NumberofUsers:10000-24999,19:NumberofUsers:25000+'),(315,1,'RFIDeas iClass Model 2000 Contactless Smart Card 2k','Optimized to make physical access control more powerful, iCLASS 13.56 MHz read/write contactless smart card technology provides versatile interoperability and supports multiple applications such as biometric authentication, cashless vending and PC log on security.<br /><br />iCLASS smart cards and readers make access control more powerful, more versatile, and most important of all, offers enhanced security through encryption and mutual authentication. ','iClass Contactless Smart Card 2k (50 pack)','',79,'1:OperatingSystem:Windows,2:OperatingSystem:MacOSX,3:OperatingSystem:Linux,4:OperatingSystem:Other,5:Industry:Healthcare,7:Industry:General,8:Industry:Financial,9:Industry:Retail,10:Industry:Government,12:Industry:Enterprise,13:NumberofUsers:100-249,14:NumberofUsers:250-499,15:NumberofUsers:500-999,16:NumberofUsers:1000-4999,17:NumberofUsers:5000-9999,18:NumberofUsers:10000-24999,19:NumberofUsers:25000+,82:ITSecurity:SmartCards,76:Server:MicrosoftActiveDirectory,77:Server:WindowsDesktops/Laptops,78:Server:CAServer,79:Server:RadiusServer,80:Server:VPNServer,81:Server:ExchangeServer'),(316,1,'FARGO Asure ID Enterprise','The perfect photo ID software for a corporate network with multiple operators featuring expanded external database support.','FARGO Asure ID: The perfect card personalization software for a corporate network with multiple operators featuring expanded external database support.','',13,'1:OperatingSystem:Windows,2:OperatingSystem:MacOSX,3:OperatingSystem:Linux,4:OperatingSystem:Other,5:Industry:Healthcare,7:Industry:General,8:Industry:Financial,9:Industry:Retail,10:Industry:Government,12:Industry:Enterprise,13:NumberofUsers:100-249,14:NumberofUsers:250-499,15:NumberofUsers:500-999,16:NumberofUsers:1000-4999,17:NumberofUsers:5000-9999,18:NumberofUsers:10000-24999,19:NumberofUsers:25000+,86:ITSecurity:AccessControl,76:Server:MicrosoftActiveDirectory,77:Server:WindowsDesktops/Laptops,78:Server:CAServer,79:Server:RadiusServer,80:Server:VPNServer,81:Server:ExchangeServer'),(318,1,'Credant Mobile Guardian (CMG) Enterprise Server','Centralized, Transparent Data Encryption for Your Enterprise<br /><br />CREDANT Mobile Guardian Enterprise Edition is based on a flexible, single-system architecture to provide powerful centralized administration of single and multi-domain environments. The solution combines policy-based encryption and enforcement, automatic device detection, authentication, auditing and reporting capabilities.<br /><br />Multiple levels of access, device and end user control help ensure endpoint data security as well as audit trails for data protection compliance readiness. CREDANT data security solutions are designed to operate in the background without affecting operational performance, administrative productivity or the user experience.<br /><br />With CREDANT Enterprise Edition, organizations can address their endpoint data security and compliance needs in an effective, efficient and transparent manner. ','Credant Mobile Guardian (CMG) Enterprise Server','',18,'1:OperatingSystem:Windows,2:OperatingSystem:MacOSX,5:Industry:Healthcare,7:Industry:General,8:Industry:Financial,9:Industry:Retail,10:Industry:Government,12:Industry:Enterprise,15:NumberofUsers:500-999,16:NumberofUsers:1000-4999,17:NumberofUsers:5000-9999,18:NumberofUsers:10000-24999,19:NumberofUsers:25000+,88:ITSecurity:Encryption'),(319,1,'Credant Protector','Data Leakage Prevention for Controlling Storage Devices<br /><br />The growing number of connectivity options between endpoints and mobile devices is making internal data access all too easy. That\'s why you need a proven-effective solution like CREDANT Protector for controlling your physical, wireless, and external storage devices.<br /><br />CREDANT Protector monitors real-time data traffic and applies highly granular security policies by domain, group, computer, or user. Visibility and control is provided over physical/wireless ports and device use, and enforcement is based on specific devices and data characteristics. Credant Protector also supports regulatory compliance via data encryption, logging, alerting and reporting.<br /><br />Unparalleled Security<br /><br />Credant Protector provides tamper-resistant Data Leakage Prevention (DLP) that is almost impossible to circumvent, disable or uninstall. All communications, logs and policies are encrypted to protect the product from tampering. Credant Protector will alert the IT administrator on any attempted modification or deletion of audit logs. It will also alert the IT administrator on modifications to Credant Protector drivers (all of which are self-healing). In addition, the solution operates at the kernel level for added security. Finally, Credant Protector provides enforced CD/DVD access control and encryption, hardware keylogger protection, anti-network bridging capabilities and other powerful features.','Credant Protector','',10,'1:OperatingSystem:Windows,2:OperatingSystem:MacOSX,5:Industry:Healthcare,7:Industry:General,8:Industry:Financial,9:Industry:Retail,10:Industry:Government,12:Industry:Enterprise,15:NumberofUsers:500-999,16:NumberofUsers:1000-4999,17:NumberofUsers:5000-9999,18:NumberofUsers:10000-24999,19:NumberofUsers:25000+,88:ITSecurity:Encryption,76:Server:MicrosoftActiveDirectory,77:Server:WindowsDesktops/Laptops,78:Server:CAServer,79:Server:RadiusServer,80:Server:VPNServer,81:Server:ExchangeServer'),(320,1,'Credant CMG Compliance Reporter','Reporting for Security Compliance Requirements<br /><br />CREDANT Compliance Reporter gives your organization extensive visibility into encryption status, policy updates, Shield deployment, and other compliance details related to data endpoints and users. With CREDANT Compliance Reporter, your organization can run reports on demand or on a schedule, with results automatically emailed to stakeholders.<br /><br />Users can also display and manipulate report results from within the Compliance Reporter interface, or export the report data for use in third-party applications. In addition, Compliance Reporter offers centralized management and administration capabilities that allow resource-intensive reporting operations to be off-loaded to machines other than the CREDANT Server host, while still providing ease of access for multiple administrative users with a single installation.<br />A Flexible, Browser-Based Security Reporting Solution<br /><br />Accessible through any supported web browser, CREDANT Compliance Reporter provides a variety of pre-defined web-based reports for policy management, encryption status, device inventory, and administrator roles. Report views can be customized by changing data field inclusion, sorting, grouping, column order, and filtering on result set contents. Once a template meets the business needs it can be saved as a new report thus reducing time needed to run standard reports.<br />Multi-level Administrative and Access Control<br /><br />Compliance Reporter’s three administrator roles provide fine-grained permission management. The Report Administrator provides full access to Reporter’s administrative options. Report Owner enables administrators to customize, save, and schedule reports. If administrators want to run only pre-existing reports, Report User is available.<br /><br />Compliance Reporter also allows sharing of reports while restricting access by user. The application’s stand-alone orientation can be used to off-load resource intensive reporting operations to machines other than the CREDANT Server host, but still provide ease of access for multiple administrative users with a single installation.','CMG Compliance Reporter','',9,'1:OperatingSystem:Windows,2:OperatingSystem:MacOSX,5:Industry:Healthcare,7:Industry:General,8:Industry:Financial,9:Industry:Retail,10:Industry:Government,12:Industry:Enterprise,15:NumberofUsers:500-999,16:NumberofUsers:1000-4999,17:NumberofUsers:5000-9999,18:NumberofUsers:10000-24999,19:NumberofUsers:25000+,88:ITSecurity:Encryption,76:Server:MicrosoftActiveDirectory,77:Server:WindowsDesktops/Laptops,78:Server:CAServer,79:Server:RadiusServer,80:Server:VPNServer,81:Server:ExchangeServer'),(322,1,'Credant Mobile Guardian (CMG) Gatekeeper','The CMG Gatekeeper receives policy information from the Server and communicates it to the devices running the Shield. An administrator sets company policies via CMG Server software, and the Server forwards these settings to the instances of the CMG Gatekeeper. When a device synchronizes with its host PC, the Gatekeeper communicates these policies to the device.','Credant Mobile Guardian (CMG) Gatekeeper','',17,'1:OperatingSystem:Windows,2:OperatingSystem:MacOSX,5:Industry:Healthcare,7:Industry:General,8:Industry:Financial,9:Industry:Retail,10:Industry:Government,12:Industry:Enterprise,15:NumberofUsers:500-999,16:NumberofUsers:1000-4999,17:NumberofUsers:5000-9999,18:NumberofUsers:10000-24999,19:NumberofUsers:25000+,88:ITSecurity:Encryption,76:Server:MicrosoftActiveDirectory,77:Server:WindowsDesktops/Laptops,78:Server:CAServer,79:Server:RadiusServer,80:Server:VPNServer,81:Server:ExchangeServer'),(323,1,'Credant CMG Enterprise Shield','Client License for Credant Mobile Guardian - Windows for use with CMG Enterprise Server','CMG Enterprise Shield','',25,'1:OperatingSystem:Windows,2:OperatingSystem:MacOSX,5:Industry:Healthcare,7:Industry:General,8:Industry:Financial,9:Industry:Retail,10:Industry:Government,12:Industry:Enterprise,15:NumberofUsers:500-999,16:NumberofUsers:1000-4999,17:NumberofUsers:5000-9999,18:NumberofUsers:10000-24999,19:NumberofUsers:25000+,88:ITSecurity:Encryption,76:Server:MicrosoftActiveDirectory,77:Server:WindowsDesktops/Laptops,78:Server:CAServer,79:Server:RadiusServer,80:Server:VPNServer,81:Server:ExchangeServer'),(324,1,'Credant CMG Standalone Edition','CMG StandAlone Edition for Windows is a new protection option for enterprise customers who support an affiliate model where non-employee or contractor computers have access to sensitive corporate data. This Shield allows the organization’s data to be protected on laptops and desktops that are in the corporate domain, in another domain or not part of any domain. It is also valuable for rapid deployment to protect corporate or affiliate systems, especially given that the StandAlone Edition for Windows Shield may later be migrated into a fully managed CMG Enterprise Edition Windows Shield. Because the StandAlone Shield requires no management infrastructure it also offers an option that scales well for Small to Medium Business where security is important, but resources to manage solutions are limited.','CMG Standalone Edition','',12,'1:OperatingSystem:Windows,2:OperatingSystem:MacOSX,5:Industry:Healthcare,7:Industry:General,8:Industry:Financial,9:Industry:Retail,10:Industry:Government,12:Industry:Enterprise,15:NumberofUsers:500-999,16:NumberofUsers:1000-4999,17:NumberofUsers:5000-9999,18:NumberofUsers:10000-24999,19:NumberofUsers:25000+,88:ITSecurity:Encryption,76:Server:MicrosoftActiveDirectory,77:Server:WindowsDesktops/Laptops,78:Server:CAServer,79:Server:RadiusServer,80:Server:VPNServer,81:Server:ExchangeServer'),(325,1,'Credant Mobile Guardian (CMG) External Media Shield','CMG EMS extends the enterprise encryption that has been in CMG for several years by installing a modified version of the CMG Shield along with encrypted key material and policies onto external media, allowing the security policies to travel with the data.<br /><br />Integrated with CMG Enterprise Edition, CMG EMS provides automatic encryption of data on external media accessed via any Windows laptop, desktop, tablet PC or handheld device running a supported operating system. When an unprotected media device is inserted into the desktop, laptop or handheld, the user is prompted to Shield that media device and set a password that will be used to protect the data on that device. With the CMG EMS password defined, the Shield, encrypted key material and policies are automatically copied to the external media. Then, if specified by policy, the device is scanned, and existing data is encrypted according to Intelligent Encryption policies. Administrators can establish policies to encrypt all data or allow encrypted and non-encrypted data to coexist—a critical option due to the ever increasing popularity of device use for personal audio and video files.','Credant Mobile Guardian (CMG) External Media Shield','',28,'1:OperatingSystem:Windows,2:OperatingSystem:MacOSX,5:Industry:Healthcare,7:Industry:General,8:Industry:Financial,9:Industry:Retail,10:Industry:Government,12:Industry:Enterprise,15:NumberofUsers:500-999,16:NumberofUsers:1000-4999,17:NumberofUsers:5000-9999,18:NumberofUsers:10000-24999,19:NumberofUsers:25000+,88:ITSecurity:Encryption,76:Server:MicrosoftActiveDirectory,77:Server:WindowsDesktops/Laptops,78:Server:CAServer,79:Server:RadiusServer,80:Server:VPNServer,81:Server:ExchangeServer'),(326,1,'Axway FT Direct Appliance Hardware 1U','Reliable Architecture<br />Designed to thrive in the most demanding enterprise environments, Axway appliances feature high-performance processors, hot-swappable Serial-attached SCSI hard drives as RAID configurations, redundant power supplies, and centralized management of multiple appliances. Axway delivers the best of both worlds: Easily deployed turnkey appliances for small businesses, and highly scalable, centrally managed systems for large, distributed enterprises.<br /><br />Optimized Performance<br />Utilizing multi-core, 64-bit Intel processors, each Axway appliance delivers the exceptional performance today’s advanced operating systems and applications demand. And each appliance enhances its 64-bit processing with high-speed internal busses and fast Serial-Attached SCSI hard drives for a balanced, high-performance architecture.<br /><br />Remote Service<br />In today’s business climate, online communications are mission-critical, and there’s no acceptable level of downtime. That’s why every appliance is equipped with state-of-the-art onboard systems management modules that provide remote support, troubleshooting, diagnostics, and even re-imaging of the appliance by Axway’s experienced support staff.<br />And in the unlikely event of a hardware failure, Axway provides global onsite support and replacement of failed components.','\" Axway FT Direct Appliance Hardware features high-performance processors, hot-swappable Serial-attached SCSI hard drives as RAID configurations, redundant power supplies, and centralized management of multiple appliances.\"','',13,'1:OperatingSystem:Windows,2:OperatingSystem:MacOSX,3:OperatingSystem:Linux,4:OperatingSystem:Other,5:Industry:Healthcare,7:Industry:General,8:Industry:Financial,9:Industry:Retail,10:Industry:Government,12:Industry:Enterprise,13:NumberofUsers:100-249,14:NumberofUsers:250-499,15:NumberofUsers:500-999,16:NumberofUsers:1000-4999,17:NumberofUsers:5000-9999,18:NumberofUsers:10000-24999,19:NumberofUsers:25000+,89:ITSecurity:NetworkSecurity,76:Server:MicrosoftActiveDirectory,77:Server:WindowsDesktops/Laptops,78:Server:CAServer,79:Server:RadiusServer,80:Server:VPNServer,81:Server:ExchangeServer'),(327,1,'Axway FT Direct Server','A recognized global leader in Managed File Transfer, Axway now enables companies to secure data, guarantee delivery, and enforce compliance for ad hoc file transfer throughout and between organizations. Axway File Transfer Direct brings the power of MFT to employee email, guaranteeing security, manageability and clear audit trails. Unlike alternative file exchange solutions such as FTP servers, Webmail or physical media, Axway File Transfer Direct allows users to send large attachments from within a familiar email environment, with no disruption to regular work routines. And once the end user hits send, Axway File Transfer Direct automatically scans and analyzes email attachments with custom or predefined industry policies to ensure that sensitive and/or confidential data isn’t accidentally exiting your organization. File Transfer Direct delivers full visibility into ad hoc file transfer activity, for superb Data Loss Prevention and auditing capabilities.<br /><br />What Sets Axway File Transfer Direct Apart?<br />Axway File Transfer Direct prevents accidental data leakage of sensitive and proprietary information over email, through industry-leading Data Loss Prevention (DLP) capabilities. Enabling Employees to send large files via an email interface can significantly boost productivity; yet unlimited email attachment size must go hand-in-hand with robust data security practices, or an organization is simply expanding its data-risk profile. With Axway File Transfer Direct,administrators can use a simple checkbox content-filtering interface to ensure that sensitive documents attached to emails — like financial, customer, and employee data, intellectual property, and data subject to industry and government regulations — are fully protected. Axway’s deep content filtering capabilities scan and analyze more than 300 types of attachments, including multiple levels of embedded archive files and hidden document text. And Axway File Transfer Direct<br />can automatically block, route and/or quarantine messages and attachments based on corporate data security policies, effectively eliminating most inadvertent or well-intentioned data loss incidents caused by end users. No other email attachment management solution on the market today offers this level of granular control over sensitive and regulatedinformation in outbound message attachments. <br />','Axway File Transfer Direct Server brings the power of MFT to employee email, guaranteeing security, manageability and clear audit trails.','',11,'1:OperatingSystem:Windows,2:OperatingSystem:MacOSX,3:OperatingSystem:Linux,4:OperatingSystem:Other,5:Industry:Healthcare,7:Industry:General,8:Industry:Financial,9:Industry:Retail,10:Industry:Government,12:Industry:Enterprise,13:NumberofUsers:100-249,14:NumberofUsers:250-499,15:NumberofUsers:500-999,16:NumberofUsers:1000-4999,17:NumberofUsers:5000-9999,18:NumberofUsers:10000-24999,19:NumberofUsers:25000+,89:ITSecurity:NetworkSecurity,76:Server:MicrosoftActiveDirectory,77:Server:WindowsDesktops/Laptops,78:Server:CAServer,79:Server:RadiusServer,80:Server:VPNServer,81:Server:ExchangeServer'),(328,1,'Axway FT Direct Policy Manager','&nbsp;','FT Direct Policy Manager','',9,'1:OperatingSystem:Windows,2:OperatingSystem:MacOSX,3:OperatingSystem:Linux,4:OperatingSystem:Other,5:Industry:Healthcare,7:Industry:General,8:Industry:Financial,9:Industry:Retail,10:Industry:Government,12:Industry:Enterprise,13:NumberofUsers:100-249,14:NumberofUsers:250-499,15:NumberofUsers:500-999,16:NumberofUsers:1000-4999,17:NumberofUsers:5000-9999,18:NumberofUsers:10000-24999,19:NumberofUsers:25000+,89:ITSecurity:NetworkSecurity,76:Server:MicrosoftActiveDirectory,77:Server:WindowsDesktops/Laptops,78:Server:CAServer,79:Server:RadiusServer,80:Server:VPNServer,81:Server:ExchangeServer'),(329,1,'Axway FT Direct Bundle','&nbsp;','FT Direct Bundle, Single 4700 Appliance','',10,'1:OperatingSystem:Windows,2:OperatingSystem:MacOSX,3:OperatingSystem:Linux,4:OperatingSystem:Other,5:Industry:Healthcare,7:Industry:General,8:Industry:Financial,9:Industry:Retail,10:Industry:Government,12:Industry:Enterprise,13:NumberofUsers:100-249,14:NumberofUsers:250-499,15:NumberofUsers:500-999,16:NumberofUsers:1000-4999,17:NumberofUsers:5000-9999,18:NumberofUsers:10000-24999,19:NumberofUsers:25000+,89:ITSecurity:NetworkSecurity,76:Server:MicrosoftActiveDirectory,77:Server:WindowsDesktops/Laptops,78:Server:CAServer,79:Server:RadiusServer,80:Server:VPNServer,81:Server:ExchangeServer'),(330,1,'Axway VA Desktop Validator','Validation Authority (VA) suite offers a comprehensive, scalable and reliable framework for real-time validation of digital certificates. VA is a proven, fourth-generation solution that has been deployed by hundreds of customers worldwide including the U.S. Department of Defense, all branches of the U.S. military, the Department of Homeland Security, U.S. Intelligence communities and top financial institutions.<br /><br />VA is CA-neutral and supports numerous widely adopted international security standards and open technologies. VA is certified Common Criteria (EAL3+), FIPS 201, NIST PDVAL, FIPS 140-2, DOD JITC, Entrust-Ready and IdenTrust compliant, and is part of the IdenTrust, SWIFT Trust Act, BACS and Global Trust Authority financial trust infrastructures. VA interoperates with leading vendor cryptographic hardware, including those certified to FIPS 140-2 Level 3 and 4, as well as smart cards such as the DOD Common Access Card and the Federal<br /><br />Personal Identity Verification Card.<br />VA suite consists of several products that provide a flexible, cost-effective and robust solution ideally suited to a wide range of client applications across diverse operating environments. At the core of the VA suite is Validation Authority Server, a sophisticated digital certificate status responder. The suite also includes multi-platform client solutions for<br />Microsoft applications (Desktop Validator), non-Microsoft applications (Server Validator) and custom applications (VA Toolkit).','Validation Authority (VA) Desktop Validator suite offers a comprehensive, scalable and reliable framework for real-time validation of digital certificates.','',11,'1:OperatingSystem:Windows,2:OperatingSystem:MacOSX,3:OperatingSystem:Linux,4:OperatingSystem:Other,5:Industry:Healthcare,7:Industry:General,8:Industry:Financial,9:Industry:Retail,10:Industry:Government,12:Industry:Enterprise,13:NumberofUsers:100-249,14:NumberofUsers:250-499,15:NumberofUsers:500-999,16:NumberofUsers:1000-4999,17:NumberofUsers:5000-9999,18:NumberofUsers:10000-24999,19:NumberofUsers:25000+,89:ITSecurity:NetworkSecurity,76:Server:MicrosoftActiveDirectory,77:Server:WindowsDesktops/Laptops,78:Server:CAServer,79:Server:RadiusServer,80:Server:VPNServer,81:Server:ExchangeServer'),(331,1,'Axway VA User Licenses','VA users License for Desktop Validator','VA User Licenses','',10,'1:OperatingSystem:Windows,2:OperatingSystem:MacOSX,3:OperatingSystem:Linux,4:OperatingSystem:Other,5:Industry:Healthcare,7:Industry:General,8:Industry:Financial,9:Industry:Retail,10:Industry:Government,12:Industry:Enterprise,13:NumberofUsers:100-249,14:NumberofUsers:250-499,15:NumberofUsers:500-999,16:NumberofUsers:1000-4999,17:NumberofUsers:5000-9999,18:NumberofUsers:10000-24999,19:NumberofUsers:25000+,89:ITSecurity:NetworkSecurity,76:Server:MicrosoftActiveDirectory,77:Server:WindowsDesktops/Laptops,78:Server:CAServer,79:Server:RadiusServer,80:Server:VPNServer,81:Server:ExchangeServer'),(332,1,'Axway AntiVirus Software','Industry-leading Kaspersky antivirus provide complete gateway protection from viruses, worms, Trojan horses, spyware and other forms of malware. Using MailGate enables businesses to develop custom virus scanning policies and block selected unauthorized fle attachments and executables. And because the very frst minutes and hours of new virus epidemics are critical, MailGate’s Zero-Hour Virus Outbreak Protection quarantines suspicious messages and attachments in these decisive early hours. Administrators can specify duration of quarantines, so your enterprise is fully protected while waiting for antivirus vendors to update virus signatures.','Kaspersky Antivirus - 1 Year Subscription.','',8,'1:OperatingSystem:Windows,2:OperatingSystem:MacOSX,3:OperatingSystem:Linux,4:OperatingSystem:Other,5:Industry:Healthcare,7:Industry:General,8:Industry:Financial,9:Industry:Retail,10:Industry:Government,12:Industry:Enterprise,13:NumberofUsers:100-249,14:NumberofUsers:250-499,15:NumberofUsers:500-999,16:NumberofUsers:1000-4999,17:NumberofUsers:5000-9999,18:NumberofUsers:10000-24999,19:NumberofUsers:25000+,89:ITSecurity:NetworkSecurity,76:Server:MicrosoftActiveDirectory,77:Server:WindowsDesktops/Laptops,78:Server:CAServer,79:Server:RadiusServer,80:Server:VPNServer,81:Server:ExchangeServer'),(333,1,'Litronic 3015i Dual Card Reader - External','The Argus® 3015 Dual Card reader is the only dual slot reader available today that can simultaneously support a Defense Messaging System (DMS) FORTEZZA® Crypto card and a Common Access Card (CAC). With a plug-n-play USB interface, the Argus 3105 Dual Card reader solution provides users full card functionality for a variety of DMS and CAC applications. For added flexibility, the Argus 3015 Dual Card reader is available as an internal PC-mounted unit or as an external freestanding device.','','',16,'1:OperatingSystem:Windows,5:Industry:Healthcare,7:Industry:General,8:Industry:Financial,9:Industry:Retail,10:Industry:Government,12:Industry:Enterprise,13:NumberofUsers:100-249,14:NumberofUsers:250-499,15:NumberofUsers:500-999,16:NumberofUsers:1000-4999,17:NumberofUsers:5000-9999,18:NumberofUsers:10000-24999,19:NumberofUsers:25000+,84:ITSecurity:SmartCardReaders,91:ITSecurity:CAC,76:Server:MicrosoftActiveDirectory,77:Server:WindowsDesktops/Laptops,78:Server:CAServer,79:Server:RadiusServer,80:Server:VPNServer,81:Server:ExchangeServer'),(335,1,'Litronic Argus USB 2600','The Argus FORTEZZA®-ready PC Card Reader/Writers offer superior performance and complete system support at competitive prices. The Argus Series PCMCIA readers offer an extensive array of reader formats to fit a variety of system platforms. Litronic provides the latest device drivers and cryptographic libraries for flexibility and ease of integration.<br /><br />The Argus 2600 is single socket PC Card reader/writer that interfaces to the computer via a USB connection to offer users full plug and play benefits.<br /><br />The Argus 2600 supports Fortezza PCMCIA cards only.','USB PCMCIA readers Fortezza Reader & Writer.','',5,'1:OperatingSystem:Windows,5:Industry:Healthcare,7:Industry:General,8:Industry:Financial,9:Industry:Retail,10:Industry:Government,12:Industry:Enterprise,13:NumberofUsers:100-249,14:NumberofUsers:250-499,15:NumberofUsers:500-999,16:NumberofUsers:1000-4999,17:NumberofUsers:5000-9999,18:NumberofUsers:10000-24999,19:NumberofUsers:25000+,84:ITSecurity:SmartCardReaders,76:Server:MicrosoftActiveDirectory,77:Server:WindowsDesktops/Laptops,78:Server:CAServer,79:Server:RadiusServer,80:Server:VPNServer,81:Server:ExchangeServer'),(336,1,'Litronic Argus SCSI 2108','The Argus FORTEZZA®-ready PC Card Reader/Writers offer superior performance and complete system support at competitive prices. The Argus Series PCMCIA readers offer an extensive array of reader formats to fit a variety of system platforms. Litronic provides the latest device drivers and cryptographic libraries for flexibility and ease of integration.<br /><br />The Argus 2108 CipherServer® is an external SCSI II multiple FORTEZZA Crypto PC Card reader/writer designed to offload cryptographic processing to achieve dramatically greater response times. These performance capabilities enhance technologies such as database management servers, firewalls, web servers, web browsers and email packages. With the capability of holding up to 8 FORTEZZA Crypto PC Cards and managing multiple clients, the Argus 2108 CipherServer is a vital foundation for DMS, MISSI, and other FORTEZZA crypto-enabled applications.<br /><br />The Argus 2108 benefits Internet and Intranet applications and can be used to secure messaging, protect data, and provide authentication. The sockets of the Argus 2108 may be populated with different cards, supporting different cipher suites, such as FORTEZZA, DES, and RSA.<br /><br />The Argus 2108 is desktop, or RETMA rack mountable.','CipherServer® external SCSI II multiple FORTEZZA Crypto PC Card Reader & Writer','',4,'1:OperatingSystem:Windows,2:OperatingSystem:MacOSX,5:Industry:Healthcare,7:Industry:General,8:Industry:Financial,9:Industry:Retail,10:Industry:Government,12:Industry:Enterprise,13:NumberofUsers:100-249,14:NumberofUsers:250-499,15:NumberofUsers:500-999,16:NumberofUsers:1000-4999,17:NumberofUsers:5000-9999,18:NumberofUsers:10000-24999,19:NumberofUsers:25000+,84:ITSecurity:SmartCardReaders,76:Server:MicrosoftActiveDirectory,77:Server:WindowsDesktops/Laptops,78:Server:CAServer,79:Server:RadiusServer,80:Server:VPNServer,81:Server:ExchangeServer'),(337,1,'Litronic Argus® 2501',' The Argus 2501 has replaced the Argus 2500.<br /><br />The Argus® 2501 works with certified FORTEZZA® Crypto Cards and provides greater performance by using the PCI bus interface. Designed with a dual socket PC Card reader/writer, the Argus 2501 can support two Type I/II PC Cards or one Type III PC Card. In addition, the Argus 2501 provides support for memory (compact flash, static RAM) and I/O PC Cards (serial, parallel, fax/modem, NIC, and ATA devices) for flexibility. The appropriate FORTEZZA ready drivers are also available from and supported by Litronic in order to ensure full support for current and future FORTEZZA based applications.<br /><br />The Argus® Series of PC Card reader/writers offers superior performance and complete system support at competitive prices. Supported by an extensive array of device drivers and cryptographic libraries, all Argus Readers offer a high degree of flexibility, ease of use, and ease of installation to various government programs, including the DoD\'s Defense Messaging System (DMS). Multiple platforms and bus architectures including PCI, USB, and SCSI, are supported by the Argus Series to provide scalable solutions. ','Fortezza dual socket PC Card Reader & Writer, supports two Type I/II PC Cards or one Type III PC Card.','',5,'1:OperatingSystem:Windows,5:Industry:Healthcare,7:Industry:General,8:Industry:Financial,9:Industry:Retail,10:Industry:Government,12:Industry:Enterprise,13:NumberofUsers:100-249,14:NumberofUsers:250-499,15:NumberofUsers:500-999,16:NumberofUsers:1000-4999,17:NumberofUsers:5000-9999,18:NumberofUsers:10000-24999,19:NumberofUsers:25000+,84:ITSecurity:SmartCardReaders,76:Server:MicrosoftActiveDirectory,77:Server:WindowsDesktops/Laptops,78:Server:CAServer,79:Server:RadiusServer,80:Server:VPNServer,81:Server:ExchangeServer'),(338,1,'Litronic Argus® 300','The Argus 300 Reader/Writer security adapter is a tamper-resistant single ISA or PCI board solution with an external smart card reader. With a FIPS 140-1, Level 3 federal government validation, Argus 300 provides a high level of access security and confidential communication authentication for businesses conducting electronic commerce. ','PCI Reader & Writer Security Adapter.','',23,'1:OperatingSystem:Windows,5:Industry:Healthcare,7:Industry:General,8:Industry:Financial,9:Industry:Retail,10:Industry:Government,12:Industry:Enterprise,13:NumberofUsers:100-249,14:NumberofUsers:250-499,15:NumberofUsers:500-999,16:NumberofUsers:1000-4999,17:NumberofUsers:5000-9999,18:NumberofUsers:10000-24999,19:NumberofUsers:25000+,84:ITSecurity:SmartCardReaders,76:Server:MicrosoftActiveDirectory,77:Server:WindowsDesktops/Laptops,78:Server:CAServer,79:Server:RadiusServer,80:Server:VPNServer,81:Server:ExchangeServer'),(339,1,'digitalPersona Pro Workstation','DigitalPersona Pro Workstation Software<br /><br />DigitalPersona Pro for Active Directory Workstation software supports the DigitalPersona U.are.U Fingerprint Reader and Keyboard as well as a variety of notebook computers with embedded fingerprint swipe readers.<br /><br /><br />DigitalPersona Pro Software includes the following applications:<br /><br />• DigitalPersona Identity Engine. This is the foundation of DigitalPersona\'s category leading business solution, housing the core algorithms that product the fastest and most accurate fingerprint verification available.<br />• One Touch LogOn. Allows users to log-on to Microsoft Windows Vista and XP Professional computers and networks with the touch of a finger. When added security is required, multi-credential authentication can be enforced. One Touch LogOn supports Vista\'s Credential Manager and access control features.<br />• One Touch SignOn. Simplifies and secures access to password-protected applications and Web sites using Internet Explorer 6 or 7. Just touch the reader to automatically and securely fill in all logon fields. It is supported by a One Touch SignOn administration tool which enables security administrators to centrally set and manage policies.<br />• One Touch Internet. Provides end-users with the convenience of fingerprint based authentication for personal internet sites and accounts.<br />• One Touch Unlock. Lock your workstation and then unlock it using the logon policy applied to the workstation.<br />• Remote Access. Enables administrators and users alike to access remote desktops and hosted applications (on a Citrix Metaframe Presentation Server) with the security of a fingerprint using Microsoft Terminal Services, Citrix Neighborhood client and the Citrix Web client.<br />• Fingerprint Logon Manager (FLM). A quick, easy and secure way for a user to add, change or remove fingerprint logons for Web sites and programs.','DigitalPersona Pro Workstation Edition','',9,'1:OperatingSystem:Windows,5:Industry:Healthcare,7:Industry:General,8:Industry:Financial,9:Industry:Retail,10:Industry:Government,12:Industry:Enterprise,13:NumberofUsers:100-249,14:NumberofUsers:250-499,15:NumberofUsers:500-999,16:NumberofUsers:1000-4999,17:NumberofUsers:5000-9999,18:NumberofUsers:10000-24999,19:NumberofUsers:25000+,87:ITSecurity:Biometrics,76:Server:MicrosoftActiveDirectory'),(340,1,'digitalPersona Pro Kiosk','DigitalPersona Pro Kiosk<br /><br />DigitalPersona Pro Kiosk for Active Directory software provides fast, secure and convenient access to shared computer environments, such as healthcare, retail point of sale and manufacturing lines, where multiple users share workstations running mission- and life-critical programs. DigitalPersona Pro Kiosk solves compliance challenges in a multi-user environment by providing comprehensive audit trails for each user.<br /><br />DigitalPersona Pro Kiosk must be deployed in a DigitalPersona Pro Server environment. DigitalPersona Pro Kiosk comes equipped with DigitalPersona\'s award-winning U.are.U Fingerprint Reader and the following applications:<br /><br />• DigitalPersona IDentity Engine. This is the foundation of DigitalPersona\'s category leading business solution, housing the core algorithms that product the fastest and most accurate fingerprint verification available.<br />• One Touch LogOn. Allows users to log-on to Microsoft Windows Vista and XP Professional computers and networks with the touch of a finger. When added security is required, multi-credential authentication can be enforced. One Touch LogOn supports Vista\'s Credential Manager and access control features.<br />• One Touch SignOn. Simplifies and secures access to password-protected applications and Web sites using Internet Explorer 6 or 7. Just touch the reader to automatically and securely fill in all logon fields. It is supported by a One Touch SignOn administration tool which enables security administrators to centrally set and manage policies.<br />• One Touch Unlock. Lock your workstation and then unlock it using the logon policy applied to the workstation.<br />• Remote Access. Enables administrators and users alike to access remote desktops and hosted applications (on a Citrix Metaframe Presentation Server) with the security of a fingerprint using Microsoft Terminal Services, Citrix Neighborhood client and the Citrix Web client.<br />• Fingerprint Logon Manager (FLM). A quick, easy and secure way for a user to add, change or remove fingerprint logons for Web sites and programs.','DigitalPersona Pro Kiosk Edition','',11,'1:OperatingSystem:Windows,5:Industry:Healthcare,7:Industry:General,8:Industry:Financial,9:Industry:Retail,10:Industry:Government,12:Industry:Enterprise,13:NumberofUsers:100-249,14:NumberofUsers:250-499,15:NumberofUsers:500-999,16:NumberofUsers:1000-4999,17:NumberofUsers:5000-9999,18:NumberofUsers:10000-24999,19:NumberofUsers:25000+,87:ITSecurity:Biometrics,76:Server:MicrosoftActiveDirectory'),(341,1,'digitalPersona Pro Server','Server Software<br /><br />Software integrates into Active Directory to provide enterprise secure sign-on control and password management for networked DigitalPersona Pro Workstations. Features include full integration with the Active Directory (Windows Server 2000/2003 Standard Server and Enterprise Server; Small Business Server 2003 R2) to:<br /><br />• Securely and centrally store fingerprint and other user authentication credentials.<br />• Use Active Directory group policy architecture to centrally manage and distribute authentication policies.<br />• Leverage Active Directory for fail-over, scalability and roaming.<br />• Provide centralized, biometric event logs for enhance','DigitalPersona Pro Server Edition','',13,'1:OperatingSystem:Windows,5:Industry:Healthcare,7:Industry:General,8:Industry:Financial,9:Industry:Retail,10:Industry:Government,12:Industry:Enterprise,13:NumberofUsers:100-249,14:NumberofUsers:250-499,15:NumberofUsers:500-999,16:NumberofUsers:1000-4999,17:NumberofUsers:5000-9999,18:NumberofUsers:10000-24999,19:NumberofUsers:25000+,87:ITSecurity:Biometrics,76:Server:MicrosoftActiveDirectory'),(342,1,'digitalPersona Crypto Add-On','One Touch Crypto - DigitalPersona Pro Workstation add-on<br /><br />One Touch Crypto enhances security by allowing users to encrypt and decrypt files and folders with the touch of a finger. One Touch Crypto can be added to an existing DigitalPersona Pro Workstation environment (version 4.2). One Touch Crypto uses the existing fingerprint templates of DigitalPersona Pro users so there is no need for users to re-register a fingerprint.<br /><br />Encrypt and decrypt files with a user\'s registered fingerprint as a password.<br /><br />','DigitalPersona One Touch Crypto Biometric Encryption Add-On','',8,'1:OperatingSystem:Windows,5:Industry:Healthcare,7:Industry:General,8:Industry:Financial,9:Industry:Retail,10:Industry:Government,12:Industry:Enterprise,13:NumberofUsers:100-249,14:NumberofUsers:250-499,15:NumberofUsers:500-999,16:NumberofUsers:1000-4999,17:NumberofUsers:5000-9999,18:NumberofUsers:10000-24999,19:NumberofUsers:25000+,87:ITSecurity:Biometrics,76:Server:MicrosoftActiveDirectory'),(343,1,'digitalPersona CSP Add-On','One Touch CSP - DigitalPersona Pro Server add-on<br /><br />One Touch Cryptoraphic Service Provider (One Touch CSP) improves security by requiring users to electronically sign a document or email using fingerprint authentication. One Touch CSP protects a user\'s cryptographic keys against unauthorized use by granting access to the user\'s keys only upon a successful authentication of the user\'s registered fingerprint. One Touch CSP can be added to an existing DigitalPersona Pro environment (version 4.0 and later). ','DigitalPersona One Touch CSP Pro Server Add-On','',9,'1:OperatingSystem:Windows,5:Industry:Healthcare,7:Industry:General,8:Industry:Financial,9:Industry:Retail,10:Industry:Government,12:Industry:Enterprise,13:NumberofUsers:100-249,14:NumberofUsers:250-499,15:NumberofUsers:500-999,16:NumberofUsers:1000-4999,17:NumberofUsers:5000-9999,18:NumberofUsers:10000-24999,19:NumberofUsers:25000+,87:ITSecurity:Biometrics,76:Server:MicrosoftActiveDirectory'),(344,1,'digitalPersona Online','DigitalPersona Online<br /><br />DigitalPersona Online consists of server and client software to add fingerprint authentication to enable virtually any web application. DigitalPersona Online enables businesses to provide heightened security to customers, partners and employees, replacing cumbersome passwords with the convenience of a single touch of a finger.<br /><br />• Secure Internet Transactions. DigitalPersona Online\'s fingerprint solution provides the positive authentication and audit trail needed for secure transactions to take place over the Internet.<br />• Reduced Support Costs. DigitalPersona Online reduces the support costs associated with lost or forgotten passwords by eliminating the need for users to remember passwords.<br />• Ease of Implementation. DigitalPersona Online can be easily integrated into existing web servers to control authentication for business-to-business and business-to-customer transactions. DigitalPersona Online seamlessly integrates with Windows, Unix, Linux and Mac OS X hosted websites.<br /><br />DigitalPersona Online Client Software<br /><br />DigitalPersona Online Client consists of a client software module and a U.are.U Fingerprint Reader. The client enables fingerprint authentication at any Internet connected computer. The Client software authenticates the user to Web-based applications, inside or outside the company, through the DigitalPersona Online Server. ','DigitalPersona Online Biometric Authentication for Web Apps','',12,'1:OperatingSystem:Windows,2:OperatingSystem:MacOSX,3:OperatingSystem:Linux,4:OperatingSystem:Other,5:Industry:Healthcare,7:Industry:General,8:Industry:Financial,9:Industry:Retail,10:Industry:Government,12:Industry:Enterprise,13:NumberofUsers:100-249,14:NumberofUsers:250-499,15:NumberofUsers:500-999,16:NumberofUsers:1000-4999,17:NumberofUsers:5000-9999,18:NumberofUsers:10000-24999,19:NumberofUsers:25000+,87:ITSecurity:Biometrics,76:Server:MicrosoftActiveDirectory'),(345,1,'digitalPersona U.are.U 4500 Reader','The U.are.U 4500 Reader is an elegant, powerful fingerprint identity machine. With an executive-class look and feel, the U.are.U 4500 Reader is perfect for power users and shared environments. Its design is sleek and compact to conserve valuable desk space but it stays right where you put it because of its nice heft and special undercoating. The U.are.U 4500 radiates an attractive blue glow that provides an unobtrusive presence in low light environments and also ensures that it does not compete with alarm colors in settings such as healthcare.<br /><br />To use, you simply place your finger on the glowing window, and the reader quickly and automatically scans your fingerprint. For superior user feedback, a red “flash” indicates that a fingerprint image has been captured. On-board electronics calibrate the reader and encrypt the scanned data before sending it over the USB interface. DigitalPersona readers utilize optical fingerprint scanning technology to achieve excellent image quality, a large capture area and superior reliability. The U.are.U 4500 Reader and DigitalPersona® Fingerprint Recognition Engine have an unmatched ability to authenticate even the most difficult fingerprints accurately and rapidly regardless of placement angle.<br /><br />The U.are.U 4500 Reader can be purchased for use with DigitalPersona Pro Workstation, DigitalPersona Pro Kiosk, DigitalPersona Online, DigitalPersona Personal or any of the digitalPersona SDK packages. Whether you are an enterprise customer, a system integrator or a home user, DigitalPersonas fingerprint authentication solutions provide a natural extension to your security system and applications.<br /><br />','Digital Persona U.are.U 4500 Reader','',11,'1:OperatingSystem:Windows,2:OperatingSystem:MacOSX,3:OperatingSystem:Linux,4:OperatingSystem:Other,5:Industry:Healthcare,7:Industry:General,8:Industry:Financial,9:Industry:Retail,10:Industry:Government,12:Industry:Enterprise,13:NumberofUsers:100-249,14:NumberofUsers:250-499,15:NumberofUsers:500-999,16:NumberofUsers:1000-4999,17:NumberofUsers:5000-9999,18:NumberofUsers:10000-24999,19:NumberofUsers:25000+,87:ITSecurity:Biometrics,76:Server:MicrosoftActiveDirectory,77:Server:WindowsDesktops/Laptops,78:Server:CAServer,79:Server:RadiusServer,80:Server:VPNServer,81:Server:ExchangeServer'),(346,1,'digitalPersona 5-PK Bundle w/4500 Reader & File Protection','DP Personal with File Protection and 4500 Reader Bundle. Includes: Five 4500 Fingerprint Readers (USB) and five copies of DigitalPersona Personal with File Protection. Intended for small to medium size businesses. This product will not work with the DigitalPersona Pro product. There is no upgrade path from DP Personal to DP Pro. (5 PACK)','Digital Persona 5-PK Bundle w/4500 Reader & File Protection','',8,'1:OperatingSystem:Windows,5:Industry:Healthcare,7:Industry:General,8:Industry:Financial,9:Industry:Retail,10:Industry:Government,12:Industry:Enterprise,13:NumberofUsers:100-249,14:NumberofUsers:250-499,15:NumberofUsers:500-999,16:NumberofUsers:1000-4999,17:NumberofUsers:5000-9999,18:NumberofUsers:10000-24999,19:NumberofUsers:25000+,87:ITSecurity:Biometrics,76:Server:MicrosoftActiveDirectory,77:Server:WindowsDesktops/Laptops,78:Server:CAServer,79:Server:RadiusServer,80:Server:VPNServer,81:Server:ExchangeServer'),(347,1,'digitalPersona U.are.U Pro Server','U.are.U solutions provide the most secure and convenient technology available for securing user access to networks and information. The state-of-the-art in user authentication, this technology determines your identity based on who you are (your fingerprint) not just what you know (a password). These complete solutions add up to the best security available for protecting sensitive information online, within corporate networks, and on personal computers and devices. U.are.U solutions are also easily extended to meet other application needs through the company\'s standards-based products and software development tools.<br /><br />All systems are supported by the award-wining U.are.U Sensor and fingerprint recognition engine. Highly accurate and user friendly, U.are.U technology is proven, protecting tens of thousands of systems today.','DigitalPersona U.are.U Pro Server','',9,'1:OperatingSystem:Windows,5:Industry:Healthcare,7:Industry:General,8:Industry:Financial,9:Industry:Retail,10:Industry:Government,12:Industry:Enterprise,13:NumberofUsers:100-249,14:NumberofUsers:250-499,15:NumberofUsers:500-999,16:NumberofUsers:1000-4999,17:NumberofUsers:5000-9999,18:NumberofUsers:10000-24999,19:NumberofUsers:25000+,87:ITSecurity:Biometrics,76:Server:MicrosoftActiveDirectory'),(348,1,'OpenTrust Public Key Infrastructure','OpenTrust PKI; an open, modular and highly scalable solution is one of OpenTrust’s core products for building a trusted ecosystem and has recently received the EAL3+ common criteria certification demonstrating its compliance with the most stringent security standards.<br /><br />OpenTrust PKI creates, issues and manages the digital identities of users or devices within a Public Key Infrastructure. It oversees the complete credential management for Public Key certificates in IT infrastructures, encompassing any kind of smart card or token that embeds an X.509 certificate and a key pair.<br /><br />The modular architecture of OpenTrust PKI allows support for singular or multiple applications, management of certificates and keys locally or centrally, and can be implemented within a centralized or decentralized architecture.<br /><br />In its basic and lighter structural design, the public-key operations (PKO) center forms an integral component of OpenTrust PKI.<br /><br />OpenTrust PKI is seamlessly integrated into the existing corporate IT infrastructure and databases through its simplicity by design concept. It manages the entire life cycle of the digital identities of all entities, users, devices or applications within the IT systems hence acting as the key enabler of a trusted ecosystem.','OpenTrust PKI creates, issues and manages the digital identities of users or devices within a Public Key Infrastructure.','',15,'1:OperatingSystem:Windows,2:OperatingSystem:MacOSX,3:OperatingSystem:Linux,4:OperatingSystem:Other,5:Industry:Healthcare,7:Industry:General,8:Industry:Financial,9:Industry:Retail,10:Industry:Government,12:Industry:Enterprise,13:NumberofUsers:100-249,14:NumberofUsers:250-499,15:NumberofUsers:500-999,16:NumberofUsers:1000-4999,17:NumberofUsers:5000-9999,18:NumberofUsers:10000-24999,19:NumberofUsers:25000+,89:ITSecurity:NetworkSecurity,76:Server:MicrosoftActiveDirectory,77:Server:WindowsDesktops/Laptops,78:Server:CAServer,79:Server:RadiusServer,80:Server:VPNServer,81:Server:ExchangeServer'),(349,1,'OpenTrust Smart Card Management','OpenTrust Smart Card Manager (SCM) is a full-featured and intuitive identity administration software solution that provides the administrative capabilities required to manage the complete life cycles of digital identities within a trusted ecosystem.<br /><br />The widespread use of digital certificates for strong authentication, encryption and electronic signatures requires that digital identities be securely stored on devices such as smart cards or tokens. OpenTrust SCM is a reliable solution for comprehensive management of these devices from the heart of the security system itself through to the end-user.<br /><br />The OpenTrust card management software provides full life cycle management capabilities for cards/tokens and the credentials associated with these hardware devices. The software\'s functions cover the whole process of managing the digital credentials on devices from pre- to post-issuance, from digital to graphical personalization, from face-to-face to remote authentication as well as the sending of a copy of credentials to the local database.<br /><br />Designed for large scale management of cards and tokens, OpenTrust SCM enables enterprises to store and update data from multiple applications on a single security device. Access control, single sign-on and digital identity management are typical enterprise-wide applications that can benefit from this integrated solution i.e. Common Access Card (CAC). ','OpenTrust SmartCard Management is the Comprehensive Solution for the Life Cycle Management of Digital Credentials of Users, Devices and Applications.','',14,'1:OperatingSystem:Windows,2:OperatingSystem:MacOSX,3:OperatingSystem:Linux,4:OperatingSystem:Other,5:Industry:Healthcare,7:Industry:General,8:Industry:Financial,9:Industry:Retail,10:Industry:Government,12:Industry:Enterprise,13:NumberofUsers:100-249,14:NumberofUsers:250-499,15:NumberofUsers:500-999,16:NumberofUsers:1000-4999,17:NumberofUsers:5000-9999,18:NumberofUsers:10000-24999,19:NumberofUsers:25000+,89:ITSecurity:NetworkSecurity,100:ITSecurity:CMS,76:Server:MicrosoftActiveDirectory,77:Server:WindowsDesktops/Laptops,78:Server:CAServer,79:Server:RadiusServer,80:Server:VPNServer,81:Server:ExchangeServer'),(350,1,'OpenTrust SPI Digital Signitures','OpenTrust Signature and Proof Infrastructure (SPI) is a complete electronic signature and proof management solution, ideal for large organizations. It facilitates secure archiving and provides powerful audit trail capabilities to ensure that the signature and the file associated are regarded as valid and binding.<br /><br />The OpenTrust SPI software suite targets all organizations seeking to secure their paperless transactions. It provides an industrialized infrastructure to rapidly implement and integrate electronic signatures into business processes, easing the management of legally recognized elements of proof within the ERM and BPM.<br /><br />OpenTrust SPI users can conduct business via electronic transactions whenever and wherever they choose by establishing trust in the electronic world. Using OpenTrust SPI significantly accelerates business processes, saving time and lowering the costs of business operations.<br /><br />OpenTrust SPI\'s architecture provides comprehensive control over signature functions in the form of a global multi-application service with numerous advantages. This solution addresses all organizations that are automating business processes and require e-signatures.<br /><br />OpenTrust\'s security solutions have already been adopted by many of the top 500 corporations worldwide. OpenTrust SPI is a simple, strong and secure solution for digital signatures and is seamlessly integrated into the most popular IT systems deployed around the globe today.','OpenTrust Signature and Proof Infrastructure, for a Paperless World, SPI Enables Businesses to Sign and Obtain Proof of Transactions.','',14,'1:OperatingSystem:Windows,2:OperatingSystem:MacOSX,3:OperatingSystem:Linux,5:Industry:Healthcare,7:Industry:General,8:Industry:Financial,9:Industry:Retail,10:Industry:Government,12:Industry:Enterprise,13:NumberofUsers:100-249,14:NumberofUsers:250-499,15:NumberofUsers:500-999,16:NumberofUsers:1000-4999,17:NumberofUsers:5000-9999,18:NumberofUsers:10000-24999,19:NumberofUsers:25000+,89:ITSecurity:NetworkSecurity,76:Server:MicrosoftActiveDirectory,77:Server:WindowsDesktops/Laptops,78:Server:CAServer,79:Server:RadiusServer,80:Server:VPNServer,81:Server:ExchangeServer'),(351,1,'OpenTrust eBanking','OpenTrust eBanking addresses the key security concerns of the eBanking world. It is a strong authentication solution for securing remote access to banking applications and enables strong consumer authentication on web portals. It provides financial institutions with irrefutable proof in the form of digital transaction signatures associated with banking operations performed by customers.<br /><br />The OpenTrust eBanking solution helps to reduce online fraud and significantly lowers the risk of common attacks such as Man-in-the-Middle, phishing and malware. A highly robust and scalable solution based on industry standards, OpenTrust eBanking improves the security of the bank, increases customer confidence and significantly reduces risks associated with fraud.<br /><br />The solution’s flexibility provides support for strong authentication for remote banking across multiple channels such as internet banking (or email), telephone banking or call centers. The OpenTrust solution enables each of the bank’s customers, connecting using either a fixed or mobile device from anywhere around the globe, to be identified as a Trusted identity (i.e. an identity trusted by the Bank’s network) and therefore grants these authenticated and trusted customers access to various financial applications.<br /><br />The provision of digital transaction signatures gives financial institutions and their customers undeniable proof of their banking activities and non-repudiation of transactions such as funds transfers, bill payments and loan requests.<br /><br />The OpenTrust eBanking solution manages the life cycle of all security hardware, both smart cards and tokens, from initialization to revocation, remotely or on the bank’s premises. The architectural design of OpenTrust eBanking facilitates its rapid and seamless integration into the existing IT systems and hence significantly reduces the total cost of ownership. ','OpenTrust eBanking is a Secure and Scalable Solution to Promote Trust for B2B and B2C Online Banking Users.','',9,'1:OperatingSystem:Windows,2:OperatingSystem:MacOSX,3:OperatingSystem:Linux,4:OperatingSystem:Other,5:Industry:Healthcare,7:Industry:General,8:Industry:Financial,9:Industry:Retail,10:Industry:Government,12:Industry:Enterprise,13:NumberofUsers:100-249,14:NumberofUsers:250-499,15:NumberofUsers:500-999,16:NumberofUsers:1000-4999,17:NumberofUsers:5000-9999,18:NumberofUsers:10000-24999,19:NumberofUsers:25000+,89:ITSecurity:NetworkSecurity,76:Server:MicrosoftActiveDirectory,77:Server:WindowsDesktops/Laptops,78:Server:CAServer,79:Server:RadiusServer,80:Server:VPNServer,81:Server:ExchangeServer'),(352,1,'OpenTrust Crypt and Share','OpenTrust CNS is a highly scalable module that can grow from one to hundreds of offices worldwide. The remote loading of mail attachments is non-invasive, making it easy for employees to use OpenTrust CNS in conjunction with established e-mail environments.<br /><br />This solution is simple to install and configure, requiring no extensive integration services. OpenTrust CNS is provided as a packaged solution to be deployed either in-house or as a service depending on the business applications, facilitating peer-to-peer management of file transfers.<br /><br />The Crypt and Share platform consolidates electronic exchanges for high volumes of users worldwide, providing an efficient, auditable and secure means of communication. Rapid deployment and availability of this solution have meant significantly low total cost of ownership for enterprises.<br /><br />OpenTrust’s security solutions have already been adopted by many of the top 500 corporations worldwide. OpenTrust CNS is a simple, strong and secure file transfer solution, easily integrated and supported by the most popular IT systems deployed around the globe today.<br /><br />OpenTrust CNS makes managed file transfers secure and simple in a global trusted infrastructure','OpenTrust Crypt and Share: Sharing and Transferring Digital Information Securely, Rapidly and Easily.','',12,'1:OperatingSystem:Windows,2:OperatingSystem:MacOSX,3:OperatingSystem:Linux,4:OperatingSystem:Other,5:Industry:Healthcare,7:Industry:General,8:Industry:Financial,9:Industry:Retail,10:Industry:Government,12:Industry:Enterprise,13:NumberofUsers:100-249,14:NumberofUsers:250-499,15:NumberofUsers:500-999,16:NumberofUsers:1000-4999,17:NumberofUsers:5000-9999,18:NumberofUsers:10000-24999,19:NumberofUsers:25000+,89:ITSecurity:NetworkSecurity,76:Server:MicrosoftActiveDirectory,77:Server:WindowsDesktops/Laptops,78:Server:CAServer,79:Server:RadiusServer,80:Server:VPNServer,81:Server:ExchangeServer'),(353,1,'OpenTrust Mobile','OpenTrust Mobile enables mobile devices to be enrolled and authenticated over-the-air. It supports Public key certificates (PKCs) in either soft or hard formats. Soft PKCs are commonly used in businesses for partners and supply chain access due to their low cost, ease of provision and the elimination of the need for card readers. However, hard PKCs in the form of secure Micro SDs provide additional security and also eliminate the need for card readers.<br /><br />Through seamless integration with the existing corporate IT infrastructure and databases, OpenTrust Mobile ensures low TCO. The mobile users’ credentials are specified by the corporate IT Administrator and OpenTrust Mobile registers the devices and their respective users.<br /><br />Further advanced features such as the distribution of keys and certificates onto smartphones are currently being evaluated.<br /><br />OpenTrust\'s security solutions have already been adopted by many of the top 500 corporations worldwide. OpenTrust Mobile is the first authentication solution supporting the most commonly used smartphone operating systems in the market today.','OpenTrust Mobile: a Rapid and Easy Way to Establish Strong Trust for Mobile Users.','',12,'1:OperatingSystem:Windows,2:OperatingSystem:MacOSX,3:OperatingSystem:Linux,4:OperatingSystem:Other,5:Industry:Healthcare,7:Industry:General,8:Industry:Financial,9:Industry:Retail,10:Industry:Government,12:Industry:Enterprise,13:NumberofUsers:100-249,14:NumberofUsers:250-499,15:NumberofUsers:500-999,16:NumberofUsers:1000-4999,17:NumberofUsers:5000-9999,18:NumberofUsers:10000-24999,19:NumberofUsers:25000+,89:ITSecurity:NetworkSecurity,76:Server:MicrosoftActiveDirectory,77:Server:WindowsDesktops/Laptops,78:Server:CAServer,79:Server:RadiusServer,80:Server:VPNServer,81:Server:ExchangeServer'),(354,1,'Actividentity ActivClient 6.2 for CAC','Strong authentication, data security &amp; digital signature with Common Access Cards.<br /><br />ActivClient™ 6.2 is the latest Common Access Card middleware from ActivIdentity that allows US Department of Defense agencies to easily use CAC smart cards for a wide variety of desktop, network security and productivity applications.<br /><br />It enables usage of PKI certificates and keys on a CAC to secure desktop applications, network login, remote access, web login, e-mail and electronic transactions.','ActivClient 6.2 for CAC - License / Digital Download / 1 Year Maintenance & Support Included.','',76,'1:OperatingSystem:Windows,2:OperatingSystem:MacOSX,3:OperatingSystem:Linux,4:OperatingSystem:Other,5:Industry:Healthcare,7:Industry:General,8:Industry:Financial,9:Industry:Retail,10:Industry:Government,12:Industry:Enterprise,13:NumberofUsers:100-249,14:NumberofUsers:250-499,15:NumberofUsers:500-999,16:NumberofUsers:1000-4999,17:NumberofUsers:5000-9999,18:NumberofUsers:10000-24999,19:NumberofUsers:25000+,91:ITSecurity:CAC,94:ITSecurity:Middleware,76:Server:MicrosoftActiveDirectory,78:Server:CAServer'),(355,1,'ActivIdentity BRP102','ActivIdentity BRP102 PCMCIA Reader is the ideal reader for laptops. This BRP102 is designed to meet the requirements of the mobile laptop user. When inserted in a PCMCIA slot in the laptop, the reader is completely unobtrusive.<br /><br />ActivIdentity PCMCIA BRP102  is a perfect solution for the corporate business traveler who needs to access sensitive data while out of the office via a portable computer. Using a patented design, the smart card is placed inside the PC-Card (PCMCIA) reader for insertion into the laptop\'s PC card slot. It is user friendly, easy to install, and a true Windows Plug-and-Play compatible product.','BRP102 PCMCIA Smart Card Reader.','',98,'1:OperatingSystem:Windows,2:OperatingSystem:MacOSX,3:OperatingSystem:Linux,4:OperatingSystem:Other,5:Industry:Healthcare,7:Industry:General,8:Industry:Financial,9:Industry:Retail,10:Industry:Government,12:Industry:Enterprise,13:NumberofUsers:100-249,14:NumberofUsers:250-499,15:NumberofUsers:500-999,16:NumberofUsers:1000-4999,17:NumberofUsers:5000-9999,18:NumberofUsers:10000-24999,19:NumberofUsers:25000+,84:ITSecurity:SmartCardReaders,91:ITSecurity:CAC,76:Server:MicrosoftActiveDirectory,77:Server:WindowsDesktops/Laptops,78:Server:CAServer,79:Server:RadiusServer,80:Server:VPNServer,81:Server:ExchangeServer'),(358,1,'ActivIdentity SecureLogin SSO','Streamline access to corporate systems with secure enterprise single sign on<br /><br />ActivIdentity® SecureLogin® SSO is setting the industry standard for fast single sign on, advanced security, flexible deployment and out-of-the-box application support.<br /><br />Benefits<br /><br />SecureLogin SSO enables organizations to:<br /><br />* reduce exposure to risk;<br />* lower help desk support costs;<br />* enhance user convenience;<br />* increase productivity; and<br />* comply with government regulations.<br /><br />Strong authentication integration<br /><br />When integrating SecureLogin with ActivIdentity strong authentication, organizations can:<br /><br />* further increase the level of security,<br />* combine multi-factor strong authentication with single sign on, and<br />* economically leverage the enhanced security of smart cards across multiple systems and applications without creating additional infrastructure overhead.','SecureLogin SSO contains single sign on, advanced security, flexible deployment and out-of-the-box application support.','',9,'1:OperatingSystem:Windows,5:Industry:Healthcare,7:Industry:General,8:Industry:Financial,9:Industry:Retail,10:Industry:Government,12:Industry:Enterprise,13:NumberofUsers:100-249,14:NumberofUsers:250-499,15:NumberofUsers:500-999,16:NumberofUsers:1000-4999,17:NumberofUsers:5000-9999,18:NumberofUsers:10000-24999,19:NumberofUsers:25000+,95:ITSecurity:Tokens,76:Server:MicrosoftActiveDirectory'),(359,1,'Actividentity 4TRESS AAA Server','4TRESS AAA Server is a strong, scalable authentication server offering full Authentication, Authorization and Administration services that integrate into your existing network infrastructure. These services protect enterprise assets by ensuring and tracking user identity across a network accessed from anywhere.<br /><br />4TRESS AAA Server is RADIUS, TACACS+, and 802.1X compliant and enables deployment of two-factor authentication devices including tokens, soft tokens, USB keys, and smart cards.','4TRESS AAA Server is a strong, scalable authentication server offering full Authentication, Authorization and Administration services.','',14,'1:OperatingSystem:Windows,5:Industry:Healthcare,7:Industry:General,8:Industry:Financial,9:Industry:Retail,10:Industry:Government,12:Industry:Enterprise,13:NumberofUsers:100-249,14:NumberofUsers:250-499,15:NumberofUsers:500-999,16:NumberofUsers:1000-4999,17:NumberofUsers:5000-9999,18:NumberofUsers:10000-24999,19:NumberofUsers:25000+,89:ITSecurity:NetworkSecurity,76:Server:MicrosoftActiveDirectory'),(360,1,'Actividentity ActivID Card Management System','Complete, flexible solution<br /><br />ActivID™ Card Management System (CMS) provides a complete and flexible solution to manage the issuance and administration required for successful smart card deployments. ActivID CMS manages the cards as well as data, applets and digital credentials including PKI certificates related to the cards throughout their entire lifecycle. ActivID CMS minimizes the time and costs associated with deploying and maintaining digital identity cards and is the ideal management platform for multifunction employee badges and other smart card-based IDs.','ActivIdentity ActivID Card Management System','',11,'1:OperatingSystem:Windows,5:Industry:Healthcare,7:Industry:General,8:Industry:Financial,9:Industry:Retail,10:Industry:Government,12:Industry:Enterprise,13:NumberofUsers:100-249,14:NumberofUsers:250-499,15:NumberofUsers:500-999,16:NumberofUsers:1000-4999,17:NumberofUsers:5000-9999,18:NumberofUsers:10000-24999,19:NumberofUsers:25000+,100:ITSecurity:CMS,76:Server:MicrosoftActiveDirectory'),(361,1,'Thales nCipher nShield™ Hardware Security Modules','The nShield™ range of hardware security modules (HSMs) provides both physical and logical protection for cryptographic keys and sensitive application code. All cryptographic applications benefit from the highly secure, tamper-resistant hardware environment. This enables sensitive material to be effectively managed and safely stored without fear of compromise from internal or external threats while simultaneously ensuring maximum system availability. The nShield family of HSMs offers a range of performance options and security validation to best fit each organization’s requirements.','Whether you’re using cryptography to create digital signatures, encrypt sensitive data or process e-commerce transactions with SSL, the level of security depends on how well your keys are protected.','',16,'1:OperatingSystem:Windows,2:OperatingSystem:MacOSX,3:OperatingSystem:Linux,4:OperatingSystem:Other,5:Industry:Healthcare,7:Industry:General,8:Industry:Financial,9:Industry:Retail,10:Industry:Government,12:Industry:Enterprise,13:NumberofUsers:100-249,14:NumberofUsers:250-499,15:NumberofUsers:500-999,16:NumberofUsers:1000-4999,17:NumberofUsers:5000-9999,18:NumberofUsers:10000-24999,19:NumberofUsers:25000+,90:ITSecurity:HardwareSecurityModules,76:Server:MicrosoftActiveDirectory,77:Server:WindowsDesktops/Laptops,78:Server:CAServer,79:Server:RadiusServer,80:Server:VPNServer,81:Server:ExchangeServer'),(362,1,'Thales nShield Edge','nShield Edge is a portable hardware security module for use in offline certification authorities (CAs) and registration authorities (RAs), code signing, and remote HSM operations. It combines a full-featured HSM with a smart card reader in one device, offering secure backup and dual control access of an organization’s high-value keys with low transaction volumes. Its USB connectivity makes it especially suitable for use with laptops and virtual machines. nShield Edge\'s security boundary is tamper-resistant against physical attacks and validated up to FIPS 140-2 Level 3.','\"USB-attached hardware security module for offline CAs, code signing, and HSM management.\"','',10,'1:OperatingSystem:Windows,2:OperatingSystem:MacOSX,3:OperatingSystem:Linux,4:OperatingSystem:Other,5:Industry:Healthcare,7:Industry:General,8:Industry:Financial,9:Industry:Retail,10:Industry:Government,12:Industry:Enterprise,13:NumberofUsers:100-249,14:NumberofUsers:250-499,15:NumberofUsers:500-999,16:NumberofUsers:1000-4999,17:NumberofUsers:5000-9999,18:NumberofUsers:10000-24999,19:NumberofUsers:25000+,90:ITSecurity:HardwareSecurityModules,76:Server:MicrosoftActiveDirectory,77:Server:WindowsDesktops/Laptops,78:Server:CAServer,79:Server:RadiusServer,80:Server:VPNServer,81:Server:ExchangeServer'),(365,1,'Thales payShield 9000','The Thales payShield 9000 is a payment hardware security module (HSM) that generates, protects and stores encryption keys and customer PINs. It is a critical element in protecting Automated Teller Machine (ATM) and Point of Sale (POS) credit and debit card transactions. The cryptographic functionality and management features present in the payShield 9000 satisfy the card application and security audit requirements of the major international card schemes, including American Express, Discover, JCB, MasterCard and Visa.','A Hardware Security Module securing the world’s payments.','',13,'1:OperatingSystem:Windows,2:OperatingSystem:MacOSX,3:OperatingSystem:Linux,4:OperatingSystem:Other,5:Industry:Healthcare,7:Industry:General,8:Industry:Financial,9:Industry:Retail,10:Industry:Government,12:Industry:Enterprise,13:NumberofUsers:100-249,14:NumberofUsers:250-499,15:NumberofUsers:500-999,16:NumberofUsers:1000-4999,17:NumberofUsers:5000-9999,18:NumberofUsers:10000-24999,19:NumberofUsers:25000+,90:ITSecurity:HardwareSecurityModules,76:Server:MicrosoftActiveDirectory,77:Server:WindowsDesktops/Laptops,78:Server:CAServer,79:Server:RadiusServer,80:Server:VPNServer,81:Server:ExchangeServer'),(366,1,'Thales nCipher CryptoStor® Tape','An in-line, high-speed tape encryption appliance, nCipher CryptoStor Tape delivers enterprise-class data protection and privacy for tape media. It encrypts tape data and provides automated key management with minimal impact to operations. Native tape drive performance remains unchanged.','Protect backup tapes without impacting your environment.','',6,'1:OperatingSystem:Windows,2:OperatingSystem:MacOSX,3:OperatingSystem:Linux,4:OperatingSystem:Other,5:Industry:Healthcare,7:Industry:General,8:Industry:Financial,9:Industry:Retail,10:Industry:Government,12:Industry:Enterprise,13:NumberofUsers:100-249,14:NumberofUsers:250-499,15:NumberofUsers:500-999,16:NumberofUsers:1000-4999,17:NumberofUsers:5000-9999,18:NumberofUsers:10000-24999,19:NumberofUsers:25000+,88:ITSecurity:Encryption,76:Server:MicrosoftActiveDirectory,77:Server:WindowsDesktops/Laptops,78:Server:CAServer,80:Server:VPNServer,81:Server:ExchangeServer'),(367,1,'Thales Datacryptor® Ethernet Layer 2','The Datacryptor® Ethernet Layer 2 is a family of high-speed, stand-alone security platforms that deliver full duplex Bulk and Tunnel encryption at speeds up to 10 Gbps. The encryptors, available in 100 Mbps, 1, and 10 Gbps models, answer the<br />market\'s need for high-speed point-to-point link security over Wide Area Network (WAN) backbone infrastructures,<br />protecting the confidentiality of sensitive and high-value data, voice, and video.','The Datacryptor® Ethernet Layer 2 is a family of high-speed, stand-alone security platforms that deliver full duplex Bulk and Tunnel encryption at speeds up to 10 Gbps.','',14,'1:OperatingSystem:Windows,2:OperatingSystem:MacOSX,3:OperatingSystem:Linux,4:OperatingSystem:Other,5:Industry:Healthcare,7:Industry:General,8:Industry:Financial,9:Industry:Retail,10:Industry:Government,12:Industry:Enterprise,13:NumberofUsers:100-249,14:NumberofUsers:250-499,15:NumberofUsers:500-999,16:NumberofUsers:1000-4999,17:NumberofUsers:5000-9999,18:NumberofUsers:10000-24999,19:NumberofUsers:25000+,89:ITSecurity:NetworkSecurity,76:Server:MicrosoftActiveDirectory,77:Server:WindowsDesktops/Laptops,78:Server:CAServer,79:Server:RadiusServer,80:Server:VPNServer,81:Server:ExchangeServer'),(368,1,'SafeNet ProtectDrive','ProtectDrive is a full-disk encryption solution that encrypts the entire hard drive of laptops, workstations and servers, as well as USB flash drives, to protect data in the case of the theft or loss of a hardware device.<br /><br />ProtectDrive protects organizations against potentially devastating data breaches, and enables them to meet both corporate governance and industry-specific compliance needs.<br /><br />ProtectDrive offers the strongest security; in fact it\'s deployed by governments around the world to protect not only their national security but also the privacy of their citizens.<br /><br />ProtectDrive eliminates the need for costly proprietary administration by leveraging organizations\' investments in Active Directory, an implementation of LDAP directory services by Microsoft to provide central authentication and authorization services.<br /><br />SafeNet ProtectDrive is a key component of SafeNet’s comprehensive enterprise data protection solution to reduce the cost and complexity of regulatory compliance, data privacy, and information risk management.','ProtectDrive is a full-disk encryption solution that encrypts the entire hard drive of laptops, workstations and servers, as well as USB flash drives, to protect data in the case of the theft or loss of a hardware device.','',8,'1:OperatingSystem:Windows,5:Industry:Healthcare,7:Industry:General,8:Industry:Financial,9:Industry:Retail,10:Industry:Government,12:Industry:Enterprise,13:NumberofUsers:100-249,14:NumberofUsers:250-499,15:NumberofUsers:500-999,16:NumberofUsers:1000-4999,17:NumberofUsers:5000-9999,18:NumberofUsers:10000-24999,19:NumberofUsers:25000+,88:ITSecurity:Encryption,76:Server:MicrosoftActiveDirectory,77:Server:WindowsDesktops/Laptops,78:Server:CAServer,79:Server:RadiusServer,80:Server:VPNServer,81:Server:ExchangeServer'),(369,1,'SafeNet ProtectDrive for Server (Electronic Fullfillment)','Complete Disk Encryption<br /><br />ProtectDrive is a full disk encryption solution that encrypts the entire hard drive of laptops, workstations and servers, as well as USB flash drives, to protect data in the case of the theft or loss of a hardware device.<br /><br />Award Winning Solution<br /><br />SafeNet’s ProtectDrive received a perfect 5 Star rating from SC magazine in 2008 for its’ group test review of encryption products.<br /><br />Protects Data and Identities<br /><br />ProtectDrive offers the strongest security; in fact it\'s deployed by governments around the world to protect not only their national security but also the privacy of their citizens.<br /><br />Ensures Compliance<br /><br />ProtectDrive protects organizations against potentially devastating data breaches, and enables them to meet both corporate governance and industry-specific compliance needs. ','ProtectDrive is a full disk encryption solution that encrypts the entire hard drive of laptops, workstations and servers, as well as USB flash drives, to protect data in the case of the theft or loss of a hardware device.','',7,'1:OperatingSystem:Windows,2:OperatingSystem:MacOSX,3:OperatingSystem:Linux,4:OperatingSystem:Other,5:Industry:Healthcare,7:Industry:General,8:Industry:Financial,9:Industry:Retail,10:Industry:Government,12:Industry:Enterprise,13:NumberofUsers:100-249,14:NumberofUsers:250-499,15:NumberofUsers:500-999,16:NumberofUsers:1000-4999,17:NumberofUsers:5000-9999,18:NumberofUsers:10000-24999,19:NumberofUsers:25000+,88:ITSecurity:Encryption,76:Server:MicrosoftActiveDirectory,77:Server:WindowsDesktops/Laptops,78:Server:CAServer,79:Server:RadiusServer,80:Server:VPNServer,81:Server:ExchangeServer'),(370,1,'SafeNet iKey 1000 Token','The iKey 1000 token consists of a Microprocessor with a USB controller and memory all within a device small enough to store on your key chain. The iKey 1000 series provides two-factor authentication with highly reliable storage capabilities. Designed with the developer in mind, the iKey 1000 is built with a robust and well documented Software Developers Kit to allow integration between the iKey and third party applications.','The iKey 1000 token consists of a Microprocessor with a USB controller and memory all within a device small enough to store on your key chain.','',12,'1:OperatingSystem:Windows,2:OperatingSystem:MacOSX,3:OperatingSystem:Linux,4:OperatingSystem:Other,5:Industry:Healthcare,7:Industry:General,8:Industry:Financial,9:Industry:Retail,10:Industry:Government,12:Industry:Enterprise,13:NumberofUsers:100-249,14:NumberofUsers:250-499,15:NumberofUsers:500-999,16:NumberofUsers:1000-4999,17:NumberofUsers:5000-9999,18:NumberofUsers:10000-24999,19:NumberofUsers:25000+,95:ITSecurity:Tokens,76:Server:MicrosoftActiveDirectory,78:Server:CAServer'),(371,1,'SafeNet iKey 4000 Token','The most advanced USB token technology - From the most trusted partner. Built with the most powerful cryptographic token technology available, SafeNet\'s new iKey 4000 USB token affords multiple benefits over Java-based tokens. The enhanced performance not only allows more functionality, but it allows for a higher level of security. With 64K of memory for storage of key material, the iKeys are supported by hundreds of applications, and contain optional match-on-card fingerprint biometric support.<br /><br />Overview<br /><br />    * Compact and convenient<br />    * Easy to deploy USB connectivity<br />    * Onboard Cryptographic Processing<br />    * FIPS 140-2 Level 3 certification<br /><br />','iKey 4000 USB token affords multiple benefits over Java-based tokens. The enhanced performance not only allows more functionality, but it allows for a higher level of security.','',24,'1:OperatingSystem:Windows,2:OperatingSystem:MacOSX,3:OperatingSystem:Linux,4:OperatingSystem:Other,5:Industry:Healthcare,7:Industry:General,8:Industry:Financial,9:Industry:Retail,10:Industry:Government,12:Industry:Enterprise,13:NumberofUsers:100-249,14:NumberofUsers:250-499,15:NumberofUsers:500-999,16:NumberofUsers:1000-4999,17:NumberofUsers:5000-9999,18:NumberofUsers:10000-24999,19:NumberofUsers:25000+,95:ITSecurity:Tokens,76:Server:MicrosoftActiveDirectory,78:Server:CAServer'),(372,1,'SafeNet Borderless Security','Borderless Security PKI (BSec PKI) is the middleware for iKey USB tokens  and smart cards from SafeNet. The BSec middleware allows organizations to easily use smart cards and USB tokens for implementing two factor authentication to a wide variety of desktop, enterprise network and productivity applications. The BSec enables storage, management and usage of PKI credentials (digital certificates and private-public keys) and non PKI credentials (usernames and passwords) on a smart card or USB token for secure authentication to most critical enterprise assets such as those accessed via desktop applications, network login, remote access, web login, e-mail and electronic transactions.<br /><br />Through an easy to use GUI, BSec PKI allows centralized configuration of client policies and creation of different end user clients for effective use of tokens and smart cards  by enterprise users. For easy mass deployment of BSec clients, it is supported through Microsoft Group Policy Object (GPO) on different Windows OS platforms. The BSec also enables token and smart card usage on other platforms such as MAC OS and Linux.<br /><br />For integration with applications, the BSec PKI includes a comprehensive API SDK supporting PKCS#11 and MS CAPI interfaces. Applications integrated with BSec can securely enable enterprises to open up their networks for collaboration and data sharing relying on SafeNet tokens and smart cards for strong two factor authentication and cryptographic functions such as digital signing and encryption.','Borderless Security Software - CD and License (MAC OS). Borderless Security PKI (BSec PKI) is the middleware for iKey USB tokens  and smart cards from SafeNet.','',15,'1:OperatingSystem:Windows,2:OperatingSystem:MacOSX,3:OperatingSystem:Linux,4:OperatingSystem:Other,5:Industry:Healthcare,7:Industry:General,8:Industry:Financial,9:Industry:Retail,10:Industry:Government,12:Industry:Enterprise,13:NumberofUsers:100-249,14:NumberofUsers:250-499,15:NumberofUsers:500-999,16:NumberofUsers:1000-4999,17:NumberofUsers:5000-9999,18:NumberofUsers:10000-24999,19:NumberofUsers:25000+,94:ITSecurity:Middleware,76:Server:MicrosoftActiveDirectory,77:Server:WindowsDesktops/Laptops,78:Server:CAServer,79:Server:RadiusServer,80:Server:VPNServer,81:Server:ExchangeServer'),(373,1,'SafeNet Luna® PCI 7000 Hardware Security Module (HSM)','For maximum security, Luna PCI 7000 offers dedicated hardware key management to protect sensitive cryptographic keys from attack. The high security design ensures the integrity and protection of encryption keys throughout their life cycle. Luna PCI HSMs provide hardware secure key generation, storage, secure key backup and accelerated encryption in a range of models and configurations, offering a wide selection of security, performance and operational capabilities. Luna PCI 7000 is securely packaged to meet the most stringent requirements for tamper and intrusion resistance.<br /><br /><br />Luna PCI 7000 offers high-performance cryptographic processing at a rate of 7,000 asymmetric 1024-bit RSA operations per<br />second—more than twice as fast as the nearest competitor—and it can be embedded directly in an application server for an easy-to-&#65279;integrate and cost efficient security solution.   ','Luna PCI 7000 is the fastest, most secure, cryptographic PCI accelerator card in the industry, and is widely used by major governments, financial institutions and large enterprises around the world.','',15,'1:OperatingSystem:Windows,2:OperatingSystem:MacOSX,3:OperatingSystem:Linux,4:OperatingSystem:Other,5:Industry:Healthcare,7:Industry:General,8:Industry:Financial,9:Industry:Retail,10:Industry:Government,12:Industry:Enterprise,13:NumberofUsers:100-249,14:NumberofUsers:250-499,15:NumberofUsers:500-999,16:NumberofUsers:1000-4999,17:NumberofUsers:5000-9999,18:NumberofUsers:10000-24999,19:NumberofUsers:25000+,90:ITSecurity:HardwareSecurityModules,76:Server:MicrosoftActiveDirectory,77:Server:WindowsDesktops/Laptops,78:Server:CAServer,79:Server:RadiusServer,80:Server:VPNServer,81:Server:ExchangeServer'),(374,1,'SafeNet ProtectServer Gold Programmable PCI form factor HSM Card','SafeNet ProtectServer Gold is a PCI-X-compliant expansion card, while SafeNet ProtectServer Internal-Express is a PCI Express x4-compliant card. Both HSMs offer different performance levels to meet varied system requirements: 25, 220, or 600 RSA 1024-bit signatures per second.<br /><br /><br />ProtectServer HSMs provide secure storage and a dedicated cryptographic processor to deliver high-speed cryptographic processing for cryptographic operations and fast transaction speeds. ProtectServer Gold offers 4MB secure storage while ProtectServer Internal-Express offers double this amount. The HSMs provide a wide range of cryptographic services, including encryption, user and data authentication, message integrity, secure key storage and key management for eCommerce,<br />PKI, document management, Electronic Bill Presentation and Payment (EBPP), database encryption, financial EFT transactions, plus many others.','\"&#65279;For server systems and support applications that require high performance symmetric and asymmetric cryptographic operations, ProtectServer Gold and ProtectServer Internal-Express provide tamper-protected hardware security.    \"','',19,'1:OperatingSystem:Windows,2:OperatingSystem:MacOSX,3:OperatingSystem:Linux,4:OperatingSystem:Other,5:Industry:Healthcare,7:Industry:General,8:Industry:Financial,9:Industry:Retail,10:Industry:Government,12:Industry:Enterprise,13:NumberofUsers:100-249,14:NumberofUsers:250-499,15:NumberofUsers:500-999,16:NumberofUsers:1000-4999,17:NumberofUsers:5000-9999,18:NumberofUsers:10000-24999,19:NumberofUsers:25000+,90:ITSecurity:HardwareSecurityModules,76:Server:MicrosoftActiveDirectory,77:Server:WindowsDesktops/Laptops,78:Server:CAServer,79:Server:RadiusServer,80:Server:VPNServer,81:Server:ExchangeServer'),(375,1,'SCM SCR331','The SCR331 USB Smart Card Reader is the first of a new family of smart card readers based on SCM’s STC II micro controller. This device includes support for multiple interfaces, multiple reader devices and relevant security standards. Together, these features provide SCM with the unique ability to offer high performance and cost effective solutions.<br /><br />In addition, the SCR331 USB Smart Card Reader is the industry’s first to offer on-board flash. This enables future firmware and application enhancements that guarantee against obsolescence.<br /><br />The SCR331 USB Smart Card Reader is suitable for a wide range of applications.<br /><br />Typical applications for offices, IT companies and OEMs include logical access control to a PC or network, secure authentication for Business-to-Business and Business-to-Consumer applications, secure logon via email encryption.<br /><br />With its EMV certification, it is also suitable for banking related applications. The reader is ideal for integrating it into systems of the gaming industry. Its square modular shape makes it furthermore suitable for integration into external systems such as in transportation related systems, e.g. for parking, ticketing, and toll-collection.<br /><br />It can also be integrated into larger OEM systems, both with or without casing as a PCB module.<br />','SCR331 USB Smart Card Reader','',65,'1:OperatingSystem:Windows,2:OperatingSystem:MacOSX,3:OperatingSystem:Linux,4:OperatingSystem:Other,5:Industry:Healthcare,7:Industry:General,8:Industry:Financial,9:Industry:Retail,10:Industry:Government,12:Industry:Enterprise,13:NumberofUsers:100-249,14:NumberofUsers:250-499,15:NumberofUsers:500-999,16:NumberofUsers:1000-4999,17:NumberofUsers:5000-9999,18:NumberofUsers:10000-24999,19:NumberofUsers:25000+,84:ITSecurity:SmartCardReaders,91:ITSecurity:CAC,76:Server:MicrosoftActiveDirectory,77:Server:WindowsDesktops/Laptops,78:Server:CAServer,79:Server:RadiusServer,80:Server:VPNServer,81:Server:ExchangeServer'),(380,1,'SCM USB SCR335','The SCR335 Smart Card Reader is an extension to the SCRx31 product family combining the flexibility and ease of use of the CHIPDRIVE® micro product and SCM Microsystem\'s interface technology. Together, these features provide SCM with an unique ability to offer high performance at a very competitive price.<br /><br />NOT Approved for the Government CAC or PIV program (Made in China)<br /><br />Compatible with all major industry standards including PC/SC, CT-API as well as CCID, the SCR335 is suitable for a wide range of applications (e.g. home banking, network security, secure logon, email encryption, loyalty, e-couponing, and gaming) where performance and price are required.<br /><br />The SCR335 Smart Card Reader offers the best price/performance ratio in the market.','SCM SCR335 Smart Card Reader with ChipDrive® Technology.','',5,'1:OperatingSystem:Windows,2:OperatingSystem:MacOSX,3:OperatingSystem:Linux,4:OperatingSystem:Other,5:Industry:Healthcare,7:Industry:General,8:Industry:Financial,9:Industry:Retail,10:Industry:Government,12:Industry:Enterprise,13:NumberofUsers:100-249,14:NumberofUsers:250-499,15:NumberofUsers:500-999,16:NumberofUsers:1000-4999,17:NumberofUsers:5000-9999,18:NumberofUsers:10000-24999,19:NumberofUsers:25000+,84:ITSecurity:SmartCardReaders,91:ITSecurity:CAC,76:Server:MicrosoftActiveDirectory,77:Server:WindowsDesktops/Laptops,78:Server:CAServer,79:Server:RadiusServer,80:Server:VPNServer,81:Server:ExchangeServer'),(377,1,'SCM USB SCR3310','The SCR3310 USB Smart Card Reader continues the line of SCM Microsystems\' market-leading smart card reader products based on the STC II smart card interface chip. It supports multiple security applications including PKI, digital signature and personal identification, all in a compact, mobile device.<br /><br />The SCR3310 USB Smart Card Reader includes support for USB and relevant security standards.<br />Together, these features enable high performance, cost effective programs for secure logical access in any environment.<br /><br />Compact and elegant, the SCR3310 Smart Card Reader offers the best price/performance ratio in the market.','SCR3310 USB Smart Card Reader','',51,'1:OperatingSystem:Windows,2:OperatingSystem:MacOSX,3:OperatingSystem:Linux,4:OperatingSystem:Other,5:Industry:Healthcare,7:Industry:General,8:Industry:Financial,9:Industry:Retail,10:Industry:Government,12:Industry:Enterprise,13:NumberofUsers:100-249,14:NumberofUsers:250-499,15:NumberofUsers:500-999,16:NumberofUsers:1000-4999,17:NumberofUsers:5000-9999,18:NumberofUsers:10000-24999,19:NumberofUsers:25000+,84:ITSecurity:SmartCardReaders,91:ITSecurity:CAC,76:Server:MicrosoftActiveDirectory,77:Server:WindowsDesktops/Laptops,78:Server:CAServer,79:Server:RadiusServer,80:Server:VPNServer,81:Server:ExchangeServer'),(379,1,'SCM Internal USB SCR333','The SCR333 is based on SCM Microsystems\' STC II micro controller. It leverages and shares all the SCR331 features and benefits and fits into a standard 3.5 inches bay for easy integration. Together, these features provide SCM with the unique ability to offer high performance and cost effective solutions.<br /><br />In addition, the SCR333 is the industry\'s first to offer on-board flash. This enables future firmware and application enhancements that guarantee against obsolescence.<br /><br />The SCR333 offers the best price/performance ratio in the market.','SCR333 Internel USB Reader with Cable','',54,'1:OperatingSystem:Windows,2:OperatingSystem:MacOSX,3:OperatingSystem:Linux,4:OperatingSystem:Other,5:Industry:Healthcare,7:Industry:General,8:Industry:Financial,9:Industry:Retail,10:Industry:Government,12:Industry:Enterprise,13:NumberofUsers:100-249,14:NumberofUsers:250-499,15:NumberofUsers:500-999,16:NumberofUsers:1000-4999,17:NumberofUsers:5000-9999,18:NumberofUsers:10000-24999,19:NumberofUsers:25000+,84:ITSecurity:SmartCardReaders,91:ITSecurity:CAC,76:Server:MicrosoftActiveDirectory,77:Server:WindowsDesktops/Laptops,78:Server:CAServer,79:Server:RadiusServer,80:Server:VPNServer,81:Server:ExchangeServer'),(378,1,'SCM SCR3340','SCM\'s SCR3340 ExpressCard Smart Card Reader represents the next generation of PC Card technology. Based on SCM\'s STC II smart card interface chip, the SCR3340 ExpressCard Smart Card Reader leverages existing and already qualified hardware and software, making it easy for OEMs to qualify and integrate the readers.<br /><br />The ExpressCard standard gives users a very easy way to add hardware or media to notebooks, desktops or other compliant systems.<br /><br />The SCR3340 ExpressCard Smart Card Reader is designed to meet the requirements of the ExpressCard interface specification, developed by a large number of PCMCIA member companies including technology leaders, system manufacturers, card manufacturers, and representatives from the PC Card industry.<br /><br />The SCR3340 Smart Card Reader is the best option for those with laptops and need strong authentication. ','SCR3340 Express Card Smart Card Reader.','',7,'1:OperatingSystem:Windows,2:OperatingSystem:MacOSX,3:OperatingSystem:Linux,4:OperatingSystem:Other,5:Industry:Healthcare,7:Industry:General,8:Industry:Financial,9:Industry:Retail,10:Industry:Government,12:Industry:Enterprise,13:NumberofUsers:100-249,14:NumberofUsers:250-499,15:NumberofUsers:500-999,16:NumberofUsers:1000-4999,17:NumberofUsers:5000-9999,18:NumberofUsers:10000-24999,19:NumberofUsers:25000+,84:ITSecurity:SmartCardReaders,91:ITSecurity:CAC,76:Server:MicrosoftActiveDirectory,77:Server:WindowsDesktops/Laptops,78:Server:CAServer,79:Server:RadiusServer,80:Server:VPNServer,81:Server:ExchangeServer'),(381,1,'SCM SCR243','The SCR243 PCMCIA smart card reader allows comfortable working without any interfering cables and with that is ideal for mobile users. The patented design fits effortlessly into a standard PCMCIA Type II slot and offers an easy smart card insertion mechanism for your convenience.<br /><br />The SCR243 PCMCIA smart card reader provides secure access to sensitive data; it can be used for secure online banking, e-Mail encryption as well as digital signatures. The EMV certification recommends the reader especially for applications with banking or credit cards.<br /><br />This PCMCIA smart card reader is based on SCM’s STC II controller chip that supports multiple interfaces, multiple reader devices and all relevant security standards. The STC II chip was the industry’s first to offer On-board Flash, allowing future firmware and application enhancements.<br /><br />**The SCR243 is a replacement model for the SCR241 and SCR201 smart card readers**','SCR243 PCMCIA Type II Smart Card Reader.','',9,'1:OperatingSystem:Windows,2:OperatingSystem:MacOSX,3:OperatingSystem:Linux,4:OperatingSystem:Other,5:Industry:Healthcare,7:Industry:General,8:Industry:Financial,9:Industry:Retail,10:Industry:Government,12:Industry:Enterprise,13:NumberofUsers:100-249,14:NumberofUsers:250-499,16:NumberofUsers:1000-4999,17:NumberofUsers:5000-9999,19:NumberofUsers:25000+,84:ITSecurity:SmartCardReaders,91:ITSecurity:CAC,76:Server:MicrosoftActiveDirectory,77:Server:WindowsDesktops/Laptops,78:Server:CAServer,79:Server:RadiusServer,80:Server:VPNServer,81:Server:ExchangeServer'),(382,1,'SCM USB SCL010','With its combination of a modern slim design and its state of the art multi-protocol feature set, SCL010 contactless smart card reader is the perfect desktop reader choice to support various contactless applications such as electronic ID, payment &amp; public transportation schemes and to interact with NFC-enabled devices.<br /><br />Its infield upgradeable firmware makes SCL010 contactless smart card reader a secure and future-proof investment providing both flexibility and fast time to market for new applications as well as minimum risk linked to contactless technology standards evolution.<br /><br />As a latest generation product, SCL010 contactless smart card reader will be supported by SCM\'s new standard hardware abstraction layer which offers portability of applications across SCM contactless product range.','SCL010 USB Contactless Smart Card Reader','',6,'1:OperatingSystem:Windows,2:OperatingSystem:MacOSX,3:OperatingSystem:Linux,4:OperatingSystem:Other,5:Industry:Healthcare,7:Industry:General,8:Industry:Financial,9:Industry:Retail,10:Industry:Government,12:Industry:Enterprise,84:ITSecurity:SmartCardReaders,91:ITSecurity:CAC,76:Server:MicrosoftActiveDirectory,77:Server:WindowsDesktops/Laptops,78:Server:CAServer,79:Server:RadiusServer,80:Server:VPNServer,81:Server:ExchangeServer'),(383,1,'SCM SDI010','The dual interface reader SDI010 combines contact and contactless technology in one reader.<br /><br />It is ISO 7816 and ISO 14443 compliant, and works with smart cards in ID 1 card format.<br /><br />The SDI010 allows in-field firmware updates. <br /><br />The SDI010 dual interface reader combines contact and contactless interface capabilities to support a wide variety of identification applications. It is widely used for applications such as electronic ID and ePassport, e-Banking and e-Commerce.<br />The SDI010 is based on ISO 7816 for the contact interface and on ISO 14443 at 13.56 MHz supporting type A and B compliant contactless smart cards. ','SDI010 USB Contactless Smart Card Reader. Combines contact and contactless technology in one reader.','',12,'1:OperatingSystem:Windows,2:OperatingSystem:MacOSX,3:OperatingSystem:Linux,4:OperatingSystem:Other,5:Industry:Healthcare,7:Industry:General,8:Industry:Financial,9:Industry:Retail,10:Industry:Government,12:Industry:Enterprise,13:NumberofUsers:100-249,14:NumberofUsers:250-499,15:NumberofUsers:500-999,16:NumberofUsers:1000-4999,17:NumberofUsers:5000-9999,18:NumberofUsers:10000-24999,19:NumberofUsers:25000+,84:ITSecurity:SmartCardReaders,91:ITSecurity:CAC,76:Server:MicrosoftActiveDirectory,77:Server:WindowsDesktops/Laptops,78:Server:CAServer,79:Server:RadiusServer,80:Server:VPNServer,81:Server:ExchangeServer'),(384,1,'SCM SCR3320','The compact and light-weight dongle reader SCR3320 reads and writes on all smart cards in ID-000 card format.<br /><br />The reader is ISO 7816 compliant and allows in-field firmware updates. <br /><br />The reader supports a variety of applications. Plugged in into any free USB port it is ideally suited for applications in the IT and data security domain such as secure network logon and email encryption, digital signature. It can also be used for managing SIM card content via PC applications.<br /><br />Due to its compact design the SCR3320 is ideally suited as a mobile reader device which easily fits into the user’s pocket, or can be attached to a key ring.','SCR3320 Mobile USB SIM Card Reader. Reads and writes on all smart cards in ID-000 card format.','',50,'1:OperatingSystem:Windows,2:OperatingSystem:MacOSX,3:OperatingSystem:Linux,4:OperatingSystem:Other,5:Industry:Healthcare,7:Industry:General,8:Industry:Financial,9:Industry:Retail,10:Industry:Government,12:Industry:Enterprise,13:NumberofUsers:100-249,14:NumberofUsers:250-499,15:NumberofUsers:500-999,16:NumberofUsers:1000-4999,17:NumberofUsers:5000-9999,18:NumberofUsers:10000-24999,19:NumberofUsers:25000+,84:ITSecurity:SmartCardReaders,91:ITSecurity:CAC,76:Server:MicrosoftActiveDirectory,77:Server:WindowsDesktops/Laptops,78:Server:CAServer,79:Server:RadiusServer,80:Server:VPNServer,81:Server:ExchangeServer'),(385,1,'SCM SCR3311','The SCR3311 is an ISO 7816 compliant vertical reader used for cards in ID 1 format.<br /><br />The reader’s solid base ensures stability, even when using one hand to insert a smart card. Hence, the reader is ideal for desktop and POS usage.<br /><br />The SCR3311 reader allows in-field firmware updates.  <br /><br />The SCR3311 is primarily used as desktop and point of sales terminal. The heavy base makes it ideal for one hand operation for smart card insertion and removal.<br /><br />The 2m long USB cable allows it to place the reader further away from the host PC system, supporting different set up needs for e.g. POS or banking counters.<br /><br />Typical POS applications are loyalty schemes, balance check, points redemption and e-Couponing applications.<br />Besides this the SCR3311 with its vertical card slot is also ideally suited for desktop use in applications such as logical access to computers and networks, digital signiture applications, electronic home banking and e-Commerce. ','SCR3311 USB Smart Card Reader (Heavy Weight). An ISO 7816 compliant vertical reader used for cards in ID 1 format.','',126,'1:OperatingSystem:Windows,2:OperatingSystem:MacOSX,3:OperatingSystem:Linux,4:OperatingSystem:Other,5:Industry:Healthcare,7:Industry:General,8:Industry:Financial,9:Industry:Retail,10:Industry:Government,12:Industry:Enterprise,13:NumberofUsers:100-249,14:NumberofUsers:250-499,15:NumberofUsers:500-999,16:NumberofUsers:1000-4999,17:NumberofUsers:5000-9999,18:NumberofUsers:10000-24999,19:NumberofUsers:25000+,84:ITSecurity:SmartCardReaders,91:ITSecurity:CAC,76:Server:MicrosoftActiveDirectory,77:Server:WindowsDesktops/Laptops,78:Server:CAServer,79:Server:RadiusServer,80:Server:VPNServer,81:Server:ExchangeServer'),(386,1,'SCM SCR339','The SCR339 provides a cost effective keyboard with 104 keys and an integrated ID1 contact smart card reader.<br />The reader allows secure PIN code entry directly and safely into the keyboard without being transmitted to the host.<br /><br />The SCR339 allows in-field firmware updates.','SCM SCR339 Cost-efficient keyboard with integrated ID1 contact smart card reader.','',11,'1:OperatingSystem:Windows,2:OperatingSystem:MacOSX,3:OperatingSystem:Linux,4:OperatingSystem:Other,5:Industry:Healthcare,7:Industry:General,8:Industry:Financial,9:Industry:Retail,10:Industry:Government,12:Industry:Enterprise,13:NumberofUsers:100-249,14:NumberofUsers:250-499,15:NumberofUsers:500-999,16:NumberofUsers:1000-4999,17:NumberofUsers:5000-9999,18:NumberofUsers:10000-24999,19:NumberofUsers:25000+,84:ITSecurity:SmartCardReaders,92:ITSecurity:Keyboards,76:Server:MicrosoftActiveDirectory,77:Server:WindowsDesktops/Laptops,78:Server:CAServer,79:Server:RadiusServer,80:Server:VPNServer,81:Server:ExchangeServer'),(389,1,'Goldtouch Go! Travel Keyboard-Aluminum','The Goldtouch Go! Travel Keyboard is the ONLY compact keyboard that reduces or eliminates risk factors that lead to injury. At a mere 1 lb., it allows road warriors and mobile professionals to safely work wherever their job takes them.  With keys approximately the size of those found on 14” notebooks, the keyboard can accommodate large fingers, and offers similar key feel and travel distance as found on the standard Goldtouch. Other “mini” or “compact” keyboards have shortened key travel distance which are too short or hard, and can cause significant pain from “bottoming out.”<br /><br />The compact design of the Go! Travel Keyboard makes better use of limited space environments, and allows for external mice to be placed even closer to the keyboard for reduced shoulder pain and increased comfort. The Go! Travel Keyboard comes with two protective covers (reduces exposure to impacts that could lead to key cap loss when traveling). To remove the covers just slide them into the lower groove of each side of the keyboard, adjust your keyboard and place your keyboard on top of your notebook key for an instant office (rubber backing prevents keyboard from slipping off notebook).','Goldtouch Travel Aluminum Keyboard.','',11,'1:OperatingSystem:Windows,2:OperatingSystem:MacOSX,3:OperatingSystem:Linux,4:OperatingSystem:Other,5:Industry:Healthcare,7:Industry:General,9:Industry:Retail,10:Industry:Government,12:Industry:Enterprise,13:NumberofUsers:100-249,14:NumberofUsers:250-499,15:NumberofUsers:500-999,16:NumberofUsers:1000-4999,17:NumberofUsers:5000-9999,18:NumberofUsers:10000-24999,19:NumberofUsers:25000+,92:ITSecurity:Keyboards,76:Server:MicrosoftActiveDirectory,77:Server:WindowsDesktops/Laptops,78:Server:CAServer,79:Server:RadiusServer,80:Server:VPNServer'),(390,1,'Goldtouch Go! Travel Notebook Stand-Graphite','The Goldtouch Go Laptop Stand<br />Road warriors and conference room executives now have a safer way to work with the new Goldtouch Go! Travel Notebook Stand! Made from aluminum for strength and high aesthetic appeal, the Go! Travel Notebook Stand offers proper notebook monitor height adjustment.  For ease of use and portability, it also collapses compactly into its own neoprene cover. The Go! Travel Notebook Stand is a perfect accessory to your mobile lifestyle! ','','',11,'1:OperatingSystem:Windows,2:OperatingSystem:MacOSX,3:OperatingSystem:Linux,4:OperatingSystem:Other,5:Industry:Healthcare,7:Industry:General,8:Industry:Financial,9:Industry:Retail,10:Industry:Government,12:Industry:Enterprise,13:NumberofUsers:100-249,14:NumberofUsers:250-499,15:NumberofUsers:500-999,16:NumberofUsers:1000-4999,17:NumberofUsers:5000-9999,18:NumberofUsers:10000-24999,19:NumberofUsers:25000+,92:ITSecurity:Keyboards,76:Server:MicrosoftActiveDirectory,77:Server:WindowsDesktops/Laptops,78:Server:CAServer,79:Server:RadiusServer,80:Server:VPNServer,81:Server:ExchangeServer'),(391,1,'Goldtouch Black Gel Filled Palm Supports','Not to be used as wrist rests, which place undue pressure on the nerves and tendons in the Carpal Tunnel Sheath, Goldtouch Palm Supports provide a safe respite for the hands when not typing. Made from durable gel and smooth lycra, Goldtouch Palm Supports actively support each palm in alignment with the left and right sides of the keyboard while minimizing risk from contact stress.','Goldtouch Black Palm Supports.','',11,'1:OperatingSystem:Windows,2:OperatingSystem:MacOSX,3:OperatingSystem:Linux,4:OperatingSystem:Other,5:Industry:Healthcare,7:Industry:General,8:Industry:Financial,9:Industry:Retail,10:Industry:Government,12:Industry:Enterprise,13:NumberofUsers:100-249,14:NumberofUsers:250-499,15:NumberofUsers:500-999,16:NumberofUsers:1000-4999,17:NumberofUsers:5000-9999,18:NumberofUsers:10000-24999,19:NumberofUsers:25000+,92:ITSecurity:Keyboards,76:Server:MicrosoftActiveDirectory,77:Server:WindowsDesktops/Laptops,78:Server:CAServer,79:Server:RadiusServer,80:Server:VPNServer,81:Server:ExchangeServer'),(392,1,'Goldtouch Blue Gel Filled Palm Supports','Not to be used as wrist rests, which place undue pressure on the nerves and tendons in the Carpal Tunnel Sheath, Goldtouch Palm Supports provide a safe respite for the hands when not typing. Made from durable gel and smooth lycra, Goldtouch Palm Supports actively support each palm in alignment with the left and right sides of the keyboard while minimizing risk from contact stress.','Goldtouch Blue Palm Supports.','',10,'1:OperatingSystem:Windows,2:OperatingSystem:MacOSX,3:OperatingSystem:Linux,4:OperatingSystem:Other,5:Industry:Healthcare,7:Industry:General,8:Industry:Financial,9:Industry:Retail,10:Industry:Government,12:Industry:Enterprise,13:NumberofUsers:100-249,14:NumberofUsers:250-499,15:NumberofUsers:500-999,16:NumberofUsers:1000-4999,17:NumberofUsers:5000-9999,18:NumberofUsers:10000-24999,19:NumberofUsers:25000+,92:ITSecurity:Keyboards,76:Server:MicrosoftActiveDirectory,77:Server:WindowsDesktops/Laptops,78:Server:CAServer,79:Server:RadiusServer,80:Server:VPNServer,81:Server:ExchangeServer'),(393,1,'Goldtouch ErgoSuite-Black USB Evoluent Right-Handed Corded Mouse','The Evoluent™ VerticalMouse™ 2 has a patented new shape that supports your hand in a relaxed handshake position and eliminates arm twisting. Once you experience the superior comfort, you will never go back to ordinary mice.<br /><br />The patented shape supports your hand in a relaxed handshake position that eliminates forearm twisting. You will quickly become accustomed to the improved comfort. An ordinary horizontal mouse requires your forearm to twist away from its natural position.<br /><br />The grip is the same as an ordinary mouse, just turned sideways, and the buttons are operated by the same fingers. There is virtually no retraining necessary. The mouse does not move sideways when clicking with normal force. Pointer control is as accurate as any other good mouse.','Goldtouch Black USB Right-Handed Corded Mouse.','',10,'1:OperatingSystem:Windows,2:OperatingSystem:MacOSX,3:OperatingSystem:Linux,4:OperatingSystem:Other,5:Industry:Healthcare,7:Industry:General,8:Industry:Financial,9:Industry:Retail,10:Industry:Government,12:Industry:Enterprise,13:NumberofUsers:100-249,14:NumberofUsers:250-499,15:NumberofUsers:500-999,16:NumberofUsers:1000-4999,17:NumberofUsers:5000-9999,18:NumberofUsers:10000-24999,19:NumberofUsers:25000+,92:ITSecurity:Keyboards,76:Server:MicrosoftActiveDirectory,77:Server:WindowsDesktops/Laptops,78:Server:CAServer,79:Server:RadiusServer,80:Server:VPNServer,81:Server:ExchangeServer'),(394,1,'Goldtouch ErgoSuite-ErgoSecure 2.0 USB Evoluent Right-Handed Cor','The Evoluent™ VerticalMouse™ 2 has a patented new shape that supports your hand in a relaxed handshake position and eliminates arm twisting. Once you experience the superior comfort, you will never go back to ordinary mice.<br /><br />The patented shape supports your hand in a relaxed handshake position that eliminates forearm twisting. You will quickly become accustomed to the improved comfort. An ordinary horizontal mouse requires your forearm to twist away from its natural position.<br /><br />The grip is the same as an ordinary mouse, just turned sideways, and the buttons are operated by the same fingers. There is virtually no retraining necessary. The mouse does not move sideways when clicking with normal force. Pointer control is as accurate as any other good mouse.','Goldtouch USB Right-Handed Corded Mouse.','',7,'1:OperatingSystem:Windows,2:OperatingSystem:MacOSX,3:OperatingSystem:Linux,4:OperatingSystem:Other,5:Industry:Healthcare,7:Industry:General,8:Industry:Financial,9:Industry:Retail,10:Industry:Government,12:Industry:Enterprise,13:NumberofUsers:100-249,14:NumberofUsers:250-499,15:NumberofUsers:500-999,16:NumberofUsers:1000-4999,17:NumberofUsers:5000-9999,18:NumberofUsers:10000-24999,19:NumberofUsers:25000+,92:ITSecurity:Keyboards,76:Server:MicrosoftActiveDirectory,77:Server:WindowsDesktops/Laptops,78:Server:CAServer,79:Server:RadiusServer,80:Server:VPNServer,81:Server:ExchangeServer'),(395,1,'GoldTouch CODi CT3 Duo Case w/Goldtouch ID Tag','Designed to save time and eliminate hassle while navigating airport security. The lightweight, ultra-portable CT3 Duo features two distinct pockets hinged by military grade ballistic nylon, allowing the case to lie flat while passing through airport x-ray machines, which eliminates the need to remove the laptop from the case. Travelers can simply grab the case from the conveyer with one hand and go—the case secures itself with Velcro between the compartments.','Goldtouch Case w/Goldtouch ID Tag (TSA Compliant).','',7,'1:OperatingSystem:Windows,2:OperatingSystem:MacOSX,3:OperatingSystem:Linux,4:OperatingSystem:Other,5:Industry:Healthcare,7:Industry:General,8:Industry:Financial,9:Industry:Retail,10:Industry:Government,12:Industry:Enterprise,13:NumberofUsers:100-249,14:NumberofUsers:250-499,15:NumberofUsers:500-999,16:NumberofUsers:1000-4999,17:NumberofUsers:5000-9999,18:NumberofUsers:10000-24999,19:NumberofUsers:25000+,92:ITSecurity:Keyboards,76:Server:MicrosoftActiveDirectory,77:Server:WindowsDesktops/Laptops,78:Server:CAServer,79:Server:RadiusServer,80:Server:VPNServer,81:Server:ExchangeServer'),(396,1,'SafeNet Smart Card 330','<p>SafeNet 330 Smart Card is a cryptographic file-system card with an \r\nembedded microcontroller that contains SafeNet\'s SCCOS (SafeNet \r\nCryptographic Card Operating System) operating system for improved \r\nperformance and speed. </p>\r\nSafeNet 300 Smart Card provides both functionality, and the highest \r\nlevels of security. With 32K of memory for storage of key material, \r\nSafeNet 330 Smart Card has the <strong>flexibility to integrate</strong>\r\n with hundreds of applications and products from leading vendors, and is\r\n equipped for future cryptographic functions and data management. ','Certificate-based Smart Card for Remote Access and Advanced Security Applications','',11,'1:OperatingSystem:Windows,2:OperatingSystem:MacOSX,5:Industry:Healthcare,7:Industry:General,8:Industry:Financial,9:Industry:Retail,10:Industry:Government,12:Industry:Enterprise,13:NumberofUsers:100-249,14:NumberofUsers:250-499,15:NumberofUsers:500-999,16:NumberofUsers:1000-4999,17:NumberofUsers:5000-9999,18:NumberofUsers:10000-24999,19:NumberofUsers:25000+,82:ITSecurity:SmartCards,76:Server:MicrosoftActiveDirectory,77:Server:WindowsDesktops/Laptops,78:Server:CAServer,79:Server:RadiusServer,80:Server:VPNServer,81:Server:ExchangeServer'),(397,1,'Actividentity Smart Card 64K V2C ActivClient','Smart Card 64K V2C ActivClient','Smart Card 64K V2C ActivClient','',48,'1:OperatingSystem:Windows,2:OperatingSystem:MacOSX,5:Industry:Healthcare,7:Industry:General,8:Industry:Financial,9:Industry:Retail,10:Industry:Government,12:Industry:Enterprise,13:NumberofUsers:100-249,14:NumberofUsers:250-499,15:NumberofUsers:500-999,16:NumberofUsers:1000-4999,17:NumberofUsers:5000-9999,18:NumberofUsers:10000-24999,19:NumberofUsers:25000+,82:ITSecurity:SmartCards,76:Server:MicrosoftActiveDirectory,77:Server:WindowsDesktops/Laptops,78:Server:CAServer,79:Server:RadiusServer,80:Server:VPNServer,81:Server:ExchangeServer'),(398,1,'KSI 1440 Keyboard','The KSI-1440 SB is small footprint, space saver keyboard thatintegrates a PCSC compatible, ISO-7816 smart card reader.This reader works seamlessly with all the major middlewareapplications and is Common Access Card compatible for USgovernment and DOD use. Firmware can be securely upgradedin the field.<br /><br />The KSI-1440 SB is compliant with all banking, IT standardsand certifications. It is also designed to support a wide range of e-commerce, authentication, PKI and network based security applications. It is also compatible with Smart OS™ middleware.<br /><br />USB interface allows for easy plug and play.','KSI 1440 Compact Smart Card Reader Keyboard','',17,'1:OperatingSystem:Windows,2:OperatingSystem:MacOSX,3:OperatingSystem:Linux,4:OperatingSystem:Other,5:Industry:Healthcare,7:Industry:General,8:Industry:Financial,9:Industry:Retail,10:Industry:Government,12:Industry:Enterprise,14:NumberofUsers:250-499,15:NumberofUsers:500-999,17:NumberofUsers:5000-9999,18:NumberofUsers:10000-24999,84:ITSecurity:SmartCardReaders,91:ITSecurity:CAC,92:ITSecurity:Keyboards,76:Server:MicrosoftActiveDirectory,77:Server:WindowsDesktops/Laptops,78:Server:CAServer,79:Server:RadiusServer,80:Server:VPNServer,81:Server:ExchangeServer'),(399,1,'KSI 1500 Keyboard','The KSI-1500 SB is a Professional grade keyboard that integrates a PCSC compatible, ISO-7816 smart card reader. This reader works seamlessly with all the major middleware applications and is Common Access Card compatible for US government and DOD use. The KSI-1500 SB is compliant with all banking and IT standards and certifications. It is also designed to support a wide range of e-commerce, authentication, PKI and network based security applications.<br /><br />USB interface makes it easy plug and play.','KSI 1500 Full Size PCSC compatible, ISO-7816 Smart Card Reader Keyboard.','',15,'1:OperatingSystem:Windows,2:OperatingSystem:MacOSX,3:OperatingSystem:Linux,4:OperatingSystem:Other,5:Industry:Healthcare,7:Industry:General,8:Industry:Financial,9:Industry:Retail,10:Industry:Government,12:Industry:Enterprise,13:NumberofUsers:100-249,14:NumberofUsers:250-499,15:NumberofUsers:500-999,16:NumberofUsers:1000-4999,17:NumberofUsers:5000-9999,18:NumberofUsers:10000-24999,19:NumberofUsers:25000+,84:ITSecurity:SmartCardReaders,92:ITSecurity:Keyboards,76:Server:MicrosoftActiveDirectory,77:Server:WindowsDesktops/Laptops,78:Server:CAServer,79:Server:RadiusServer,80:Server:VPNServer,81:Server:ExchangeServer'),(400,1,'KSI-1451 GFFSB Keyboard','The KSI-1451 GFFSB  USB keyboard come with an integrated silicon fingerprint reader from UPEK® NEW TCS1 and PCSC Smart Card Reader. The smart card is ISO-7816, PCSC, and EVM compatible. The smart card will work with existing employee badges.<br /><br />','KSI 1451 Keyboard USB  Biometric Keyboard','',13,'1:OperatingSystem:Windows,2:OperatingSystem:MacOSX,3:OperatingSystem:Linux,4:OperatingSystem:Other,5:Industry:Healthcare,7:Industry:General,8:Industry:Financial,9:Industry:Retail,10:Industry:Government,12:Industry:Enterprise,13:NumberofUsers:100-249,14:NumberofUsers:250-499,15:NumberofUsers:500-999,16:NumberofUsers:1000-4999,17:NumberofUsers:5000-9999,18:NumberofUsers:10000-24999,19:NumberofUsers:25000+,84:ITSecurity:SmartCardReaders,87:ITSecurity:Biometrics,92:ITSecurity:Keyboards,76:Server:MicrosoftActiveDirectory,77:Server:WindowsDesktops/Laptops,78:Server:CAServer,79:Server:RadiusServer,80:Server:VPNServer,81:Server:ExchangeServer'),(401,1,'KSI-1457 GEB Keyboard','The KSI-1457 GEB Full Size 104 USB keyboard with an integrated AuthenTec AES3400 Biometric Fingerprint reader.','KSI-1457 GEB Full Size 104 USB keyboard with AuthenTec® AES3400 Biometric Reader.','',16,'1:OperatingSystem:Windows,2:OperatingSystem:MacOSX,3:OperatingSystem:Linux,4:OperatingSystem:Other,5:Industry:Healthcare,7:Industry:General,8:Industry:Financial,9:Industry:Retail,10:Industry:Government,12:Industry:Enterprise,13:NumberofUsers:100-249,14:NumberofUsers:250-499,15:NumberofUsers:500-999,16:NumberofUsers:1000-4999,17:NumberofUsers:5000-9999,18:NumberofUsers:10000-24999,19:NumberofUsers:25000+,84:ITSecurity:SmartCardReaders,87:ITSecurity:Biometrics,92:ITSecurity:Keyboards,76:Server:MicrosoftActiveDirectory,77:Server:WindowsDesktops/Laptops,78:Server:CAServer,79:Server:RadiusServer,80:Server:VPNServer,81:Server:ExchangeServer'),(402,1,'KSI-1457 GFFB NEW UPEK TCS1 Reader','Great for securing you network data. KSI-1457 GFFB Black Full Size 104 Biometric Keyboard with an Integrated NEW UPEK TCS1 Fingerprint Reader and USB Interface.<br /><br />','KSI-1457 GFFB Black Full Size 104 Biometric Keyboard','',12,'1:OperatingSystem:Windows,2:OperatingSystem:MacOSX,3:OperatingSystem:Linux,4:OperatingSystem:Other,5:Industry:Healthcare,7:Industry:General,8:Industry:Financial,9:Industry:Retail,10:Industry:Government,12:Industry:Enterprise,13:NumberofUsers:100-249,14:NumberofUsers:250-499,15:NumberofUsers:500-999,16:NumberofUsers:1000-4999,17:NumberofUsers:5000-9999,18:NumberofUsers:10000-24999,19:NumberofUsers:25000+,84:ITSecurity:SmartCardReaders,87:ITSecurity:Biometrics,92:ITSecurity:Keyboards,76:Server:MicrosoftActiveDirectory,77:Server:WindowsDesktops/Laptops,78:Server:CAServer,79:Server:RadiusServer,80:Server:VPNServer,81:Server:ExchangeServer'),(403,1,'KSI-1448 GFFB NEW UPEK® TCS1','The KSI-1448 GFFB is a USB Compact keyboard with the integrated Upek® TCS1 biometric fingerprint reader. Secure your workstation with confidence.','KSI-1448 GFFB USB Compact keyboard.','',14,'1:OperatingSystem:Windows,2:OperatingSystem:MacOSX,3:OperatingSystem:Linux,4:OperatingSystem:Other,5:Industry:Healthcare,7:Industry:General,8:Industry:Financial,9:Industry:Retail,10:Industry:Government,12:Industry:Enterprise,13:NumberofUsers:100-249,14:NumberofUsers:250-499,15:NumberofUsers:500-999,16:NumberofUsers:1000-4999,17:NumberofUsers:5000-9999,18:NumberofUsers:10000-24999,19:NumberofUsers:25000+,84:ITSecurity:SmartCardReaders,87:ITSecurity:Biometrics,92:ITSecurity:Keyboards,76:Server:MicrosoftActiveDirectory,77:Server:WindowsDesktops/Laptops,78:Server:CAServer,79:Server:RadiusServer,80:Server:VPNServer,81:Server:ExchangeServer'),(404,1,'KSI-1003 AuthenTec® AES3400','Wombat® KSI-1003 provides unprecedented levels of security for a workstation or your entire enterprise. While reducing security costs the KSI-1003 also provides stronger password management in a small space saver design. Connectivity to the host is via USB Port. ','AuthenTec AES 3400 Biometric Fingerprint Pod','',17,'1:OperatingSystem:Windows,2:OperatingSystem:MacOSX,3:OperatingSystem:Linux,4:OperatingSystem:Other,5:Industry:Healthcare,7:Industry:General,8:Industry:Financial,9:Industry:Retail,10:Industry:Government,12:Industry:Enterprise,13:NumberofUsers:100-249,14:NumberofUsers:250-499,15:NumberofUsers:500-999,16:NumberofUsers:1000-4999,17:NumberofUsers:5000-9999,18:NumberofUsers:10000-24999,19:NumberofUsers:25000+,84:ITSecurity:SmartCardReaders,76:Server:MicrosoftActiveDirectory,77:Server:WindowsDesktops/Laptops,78:Server:CAServer,79:Server:RadiusServer,80:Server:VPNServer,81:Server:ExchangeServer'),(405,1,'KSI-1008-F','The KSI-1008-F biometric fingerprint pod is built with a NEW UPEK TCS1 Landing Chip for years reliable service. It is great for secure logon and works with most of the major security software applications.','Upek TCS1 Biometric Fingerprint Reader','',8,'1:OperatingSystem:Windows,2:OperatingSystem:MacOSX,3:OperatingSystem:Linux,4:OperatingSystem:Other,5:Industry:Healthcare,7:Industry:General,8:Industry:Financial,9:Industry:Retail,10:Industry:Government,12:Industry:Enterprise,13:NumberofUsers:100-249,14:NumberofUsers:250-499,15:NumberofUsers:500-999,16:NumberofUsers:1000-4999,17:NumberofUsers:5000-9999,18:NumberofUsers:10000-24999,19:NumberofUsers:25000+,84:ITSecurity:SmartCardReaders,76:Server:MicrosoftActiveDirectory,77:Server:WindowsDesktops/Laptops,78:Server:CAServer,79:Server:RadiusServer,80:Server:VPNServer,81:Server:ExchangeServer'),(406,1,'KSI-2105 Compact keyboard with built in trackball','The KSI-2105 Charcoal Mini Desk Keyboard with laptop style keys and built in trackball. Keyboard comes with your choice of a PS/2 or USB receiver unit. It offers full 104 key functionality. Smooth, effortless cursor movement with self cleaning trackball. The Infrared transmission protocol broadcasts up to 9 meters in a 45º conical projection giving broad receiver coverage from anywhere in the room. ','Compact keyboard built in trackball','',12,'1:OperatingSystem:Windows,2:OperatingSystem:MacOSX,3:OperatingSystem:Linux,4:OperatingSystem:Other,5:Industry:Healthcare,7:Industry:General,8:Industry:Financial,9:Industry:Retail,10:Industry:Government,12:Industry:Enterprise,13:NumberofUsers:100-249,14:NumberofUsers:250-499,15:NumberofUsers:500-999,16:NumberofUsers:1000-4999,17:NumberofUsers:5000-9999,18:NumberofUsers:10000-24999,19:NumberofUsers:25000+,84:ITSecurity:SmartCardReaders,92:ITSecurity:Keyboards,76:Server:MicrosoftActiveDirectory,77:Server:WindowsDesktops/Laptops,78:Server:CAServer,79:Server:RadiusServer,80:Server:VPNServer,81:Server:ExchangeServer'),(553,1,'Envoy Data 8GB ATA Flash Card - Industrial','Envoy Data’s ATA flash products offer reliable high performance operation in an industry standard Type 1 ultrasonic welded PC Card housing. The ATA Flash cards are available in capacities from 32MB to 2GB and can operate in either 3.3V or 5V hosts.','8GB ATA Flash Card Industrial Grade','',8,'42:Verticals:PrecisionFarming,43:Verticals:DataLogging,44:Verticals:Medical,45:Verticals:Military,47:Verticals:Surveying,48:Verticals:Other,50:PCCardType:ATAFlashDrives,65:PCCardCapacities:8GB,75:AvailableGrades:Industrial,96:IndustrialStorage:PCCards'),(554,1,'Envoy Data 8GB ATA Flash Card - Commercial','Envoy Data’s ATA flash products offer reliable high performance operation in an industry standard Type 1 ultrasonic welded PC Card housing. The ATA Flash cards are available in capacities from 32MB to 2GB and can operate in either 3.3V or 5V hosts.','8GB ATA Flash Card Commercial Grade','',7,'42:Verticals:PrecisionFarming,43:Verticals:DataLogging,44:Verticals:Medical,45:Verticals:Military,47:Verticals:Surveying,48:Verticals:Other,50:PCCardType:ATAFlashDrives,65:PCCardCapacities:8GB,74:AvailableGrades:Commercial,96:IndustrialStorage:PCCards'),(458,1,'MXI Stealth MXP Bio Gen II - 32GB - Commercial','Stealth MXP Bio Gen II - 32GB USB Self Secured Flash Drive w/ Metal Case  - MXI Commercial Grade','Stealth MXP Bio Gen II - 32GB  - MXI Commercial Grade','',8,'1:OperatingSystem:Windows,2:OperatingSystem:MacOSX,3:OperatingSystem:Linux,4:OperatingSystem:Other,5:Industry:Healthcare,7:Industry:General,8:Industry:Financial,9:Industry:Retail,10:Industry:Government,12:Industry:Enterprise,13:NumberofUsers:100-249,14:NumberofUsers:250-499,15:NumberofUsers:500-999,16:NumberofUsers:1000-4999,17:NumberofUsers:5000-9999,18:NumberofUsers:10000-24999,19:NumberofUsers:25000+,85:ITSecurity:SecureUSBStorage,76:Server:MicrosoftActiveDirectory,77:Server:WindowsDesktops/Laptops,78:Server:CAServer,79:Server:RadiusServer,80:Server:VPNServer,81:Server:ExchangeServer'),(408,1,'Gemalto .NET KEY','Gemalto .NET technology is the heart of this multi-application device allowing organizations to deploy one-time password and certificate based strong authentication under one form factor.<br /><br />The .NET Key offers all the power of a multi-application dynamic smart card in a USB device, ideal for users who require a combination of security and portability. Working in a connected mode, the SA .NET Key leverages Gemalto\'s .NET smart card technology. The device houses a Gemalto .NET smart card in the small cardlet™ format that can easily be inserted and removed. The device generates a one-time password and automatically fills in the one-time password field on a logon window. In addition to providing two-factor authentication, the .NET smart card supports certificate-based services in Microsoft’s .NET framework. It is natively supported in Windows Vista™ making smart cards easy to deploy and seamless to use without requiring any additional software or middleware.','Gemalto .NET Key Smart Card & OTP USB Device','',9,'1:OperatingSystem:Windows,2:OperatingSystem:MacOSX,3:OperatingSystem:Linux,4:OperatingSystem:Other,5:Industry:Healthcare,7:Industry:General,8:Industry:Financial,9:Industry:Retail,10:Industry:Government,12:Industry:Enterprise,13:NumberofUsers:100-249,14:NumberofUsers:250-499,15:NumberofUsers:500-999,16:NumberofUsers:1000-4999,17:NumberofUsers:5000-9999,18:NumberofUsers:10000-24999,19:NumberofUsers:25000+,95:ITSecurity:Tokens,76:Server:MicrosoftActiveDirectory,77:Server:WindowsDesktops/Laptops,78:Server:CAServer,79:Server:RadiusServer,80:Server:VPNServer,81:Server:ExchangeServer'),(409,1,'Gemalto Device Administration Service','DAS allows<br /><br />• Diversify Admin Key<br />• Manage PIN (set, change, unblock)<br />• Import digital certificates<br />• and more...<br /><br />DAS and Gemalto .NET technology offer several advantages for enterprises including<br /><br />• Turnkey solution for strong authentication and Microsoft-based PKI services<br />• Optimized TCO for companies since the solution requires no server hardware investment or training budget<br />• Rapid implementation of integrated system for secure network access, digital signature and file encryption<br />• Ease of use and minimal learning curve for IT administrators and end-users due to simple and intuitive browser-based Admin and User portals<br />• IT organizations have full control over security because end-user administrative keys are diversified through the DAS Controller, under sole control by the IT administrator<br />• Maintenance free - DAS is operated and maintained by Gemalto using the industry standard software as a service model<br />• 24 x 7 availability - DAS is backed by a rigorous SLA (Service Level Agreement) which ensures continuous availability of the service','Gemalto Device Administration Service (DAS)','',8,'1:OperatingSystem:Windows,2:OperatingSystem:MacOSX,3:OperatingSystem:Linux,4:OperatingSystem:Other,5:Industry:Healthcare,7:Industry:General,8:Industry:Financial,9:Industry:Retail,10:Industry:Government,12:Industry:Enterprise,13:NumberofUsers:100-249,14:NumberofUsers:250-499,15:NumberofUsers:500-999,16:NumberofUsers:1000-4999,17:NumberofUsers:5000-9999,18:NumberofUsers:10000-24999,19:NumberofUsers:25000+,100:ITSecurity:CMS,76:Server:MicrosoftActiveDirectory,77:Server:WindowsDesktops/Laptops,78:Server:CAServer,79:Server:RadiusServer,80:Server:VPNServer,81:Server:ExchangeServer'),(410,1,'Gemalto Smart Enterprise Guardian','Smart Enterprise Guardian (SEG) is a unique USB device based on industry standards that secures identity credentials and sensitive files with proven smart card technology. Jointly developed by Gemalto and Lexar, it protects up to 2 GB of data on a USB drive and supports strong authentication, digital signature and file encryption.<br /><br />The SEG combines Gemalto .NET technology and Lexar hardware-based memory encryption technology to provide unrivaled secure mobility. It enables enterprise of all sizes to:<br /><br />• Protect network access and confidential information<br /><br />• Enhance productivity with easy to use security services and simple administration<br /><br />• Make business transactions more efficient and safe<br /><br />• Optimize ROI with a highly interoperable solution that leverages existing IT infrastructure<br /><br />This device is one of the first personal portable security device (PPSD) that offers secure portable memory with AES 256-bit hardware-based encryption and strong authentication using Gemalto One-Time-Password or PKI (Public Key Infrastructure) services. Native support for the device is built into Windows Vista™ and also is available as a Microsoft update for Windows® XP and 2000 systems.<br /><br />The SEG features an intuitive user interface, requires no software set-up and delivers the highest levels of security and convenience. Users can easily access their enterprise Intranet, transfer sensitive files and exchange confidential e-mails from any location and from any PC. Data encryption is transparent for employees, so users with minimal PC and security knowledge can make the most of it immediately. The SEG is highly interoperable with existing IT infrastructures, simplifying IT management and reducing total cost of ownership for enterprises.','\"Gemalto Smart Enterprise Guardian • Strong Authentication & Secure Data Storage Solution\"','',9,'1:OperatingSystem:Windows,2:OperatingSystem:MacOSX,3:OperatingSystem:Linux,4:OperatingSystem:Other,5:Industry:Healthcare,7:Industry:General,8:Industry:Financial,9:Industry:Retail,10:Industry:Government,12:Industry:Enterprise,13:NumberofUsers:100-249,14:NumberofUsers:250-499,15:NumberofUsers:500-999,16:NumberofUsers:1000-4999,17:NumberofUsers:5000-9999,18:NumberofUsers:10000-24999,19:NumberofUsers:25000+,88:ITSecurity:Encryption,76:Server:MicrosoftActiveDirectory,77:Server:WindowsDesktops/Laptops,78:Server:CAServer,79:Server:RadiusServer,80:Server:VPNServer,81:Server:ExchangeServer'),(411,1,'Gemalto PC USB-TR','USB smart card reader in a fully transparent crystal package will enhance the personalization of your smart card and simplify the deployment of your smart card infrastructure.<br /><br />This compact card reader, designed to plug into a PC environment, is the ultimate smart card peripheral for a PC. It is also very simple to use and install. The user needs no technical knowledge. If you need electronic commerce, home banking or e-purse facilities, secure computer access or any of a multitude of other applications, the GemPC Twin is the smartest answer. For the first time, a solution is available that offers impressive possibilities at an exceptional price. ','Gemalto USB Reader','',17,'1:OperatingSystem:Windows,2:OperatingSystem:MacOSX,3:OperatingSystem:Linux,4:OperatingSystem:Other,5:Industry:Healthcare,7:Industry:General,8:Industry:Financial,9:Industry:Retail,10:Industry:Government,12:Industry:Enterprise,13:NumberofUsers:100-249,14:NumberofUsers:250-499,15:NumberofUsers:500-999,16:NumberofUsers:1000-4999,17:NumberofUsers:5000-9999,18:NumberofUsers:10000-24999,19:NumberofUsers:25000+,84:ITSecurity:SmartCardReaders,76:Server:MicrosoftActiveDirectory,77:Server:WindowsDesktops/Laptops,78:Server:CAServer,79:Server:RadiusServer,80:Server:VPNServer,81:Server:ExchangeServer'),(412,1,'Gemalto SEG 1GB','A smart-card based connected USB device that protects files, documents, and network identity credentials. Easily intregated in Microsoft environment. ','Gemalto SEG 1GB - 1 PACK','',7,'1:OperatingSystem:Windows,2:OperatingSystem:MacOSX,3:OperatingSystem:Linux,4:OperatingSystem:Other,5:Industry:Healthcare,7:Industry:General,8:Industry:Financial,9:Industry:Retail,10:Industry:Government,12:Industry:Enterprise,13:NumberofUsers:100-249,14:NumberofUsers:250-499,15:NumberofUsers:500-999,16:NumberofUsers:1000-4999,17:NumberofUsers:5000-9999,18:NumberofUsers:10000-24999,19:NumberofUsers:25000+,85:ITSecurity:SecureUSBStorage,76:Server:MicrosoftActiveDirectory,77:Server:WindowsDesktops/Laptops,78:Server:CAServer,79:Server:RadiusServer,80:Server:VPNServer,81:Server:ExchangeServer'),(413,1,'Gemalto SEG 2GB','A smart-card based connected USB device that protects files, documents, and network identity credentials. Easily intregated in Microsoft environment. ','Gemalto SEG 2GB - 1 PACK','',14,'1:OperatingSystem:Windows,2:OperatingSystem:MacOSX,3:OperatingSystem:Linux,4:OperatingSystem:Other,5:Industry:Healthcare,7:Industry:General,8:Industry:Financial,9:Industry:Retail,10:Industry:Government,12:Industry:Enterprise,13:NumberofUsers:100-249,14:NumberofUsers:250-499,15:NumberofUsers:500-999,16:NumberofUsers:1000-4999,17:NumberofUsers:5000-9999,18:NumberofUsers:10000-24999,19:NumberofUsers:25000+,85:ITSecurity:SecureUSBStorage,76:Server:MicrosoftActiveDirectory,77:Server:WindowsDesktops/Laptops,78:Server:CAServer,79:Server:RadiusServer,80:Server:VPNServer,81:Server:ExchangeServer'),(414,1,'Gemalto Protiva Smart Guardian FIPS 2GB','Protiva Smart Guardian provides a complete, personalized data security solution that is easy for IT administrators to deploy and manage. It supports multiple operating systems and requires no drivers so deployment is quick and efficient. In case of multiple failed passphrase entries above a pre-determined threshold, the device will lock to protect against brute force attacks and unauthorized access to the encryption keys. It can then be unlocked using a PKI-based challenge –response process by authorized user or recovered by administrator.','Gemalto Protiva Smart Guardian FIPS 2GB','',12,'1:OperatingSystem:Windows,2:OperatingSystem:MacOSX,3:OperatingSystem:Linux,4:OperatingSystem:Other,5:Industry:Healthcare,7:Industry:General,8:Industry:Financial,9:Industry:Retail,10:Industry:Government,12:Industry:Enterprise,13:NumberofUsers:100-249,14:NumberofUsers:250-499,15:NumberofUsers:500-999,16:NumberofUsers:1000-4999,17:NumberofUsers:5000-9999,18:NumberofUsers:10000-24999,19:NumberofUsers:25000+,85:ITSecurity:SecureUSBStorage,76:Server:MicrosoftActiveDirectory,77:Server:WindowsDesktops/Laptops,78:Server:CAServer,79:Server:RadiusServer,80:Server:VPNServer,81:Server:ExchangeServer'),(415,1,'Gemalto Protiva Smart Guardian FIPS w/McAFEE Anti-Virus','Protiva Smart Guardian provides a complete, personalized data security solution that is easy for IT administrators to deploy and manage. It supports multiple operating systems and requires no drivers so deployment is quick and efficient. In case of multiple failed passphrase entries above a pre-determined threshold, the device will lock to protect against brute force attacks and unauthorized access to the encryption keys. It can then be unlocked using a PKI-based challenge –response process by authorized user or recovered by administrator.','Gemalto Protiva Smart Guardian FIPS w/McAFEE Anti-Virus','',11,'1:OperatingSystem:Windows,2:OperatingSystem:MacOSX,3:OperatingSystem:Linux,4:OperatingSystem:Other,5:Industry:Healthcare,7:Industry:General,8:Industry:Financial,9:Industry:Retail,10:Industry:Government,12:Industry:Enterprise,13:NumberofUsers:100-249,14:NumberofUsers:250-499,15:NumberofUsers:500-999,16:NumberofUsers:1000-4999,17:NumberofUsers:5000-9999,18:NumberofUsers:10000-24999,19:NumberofUsers:25000+,85:ITSecurity:SecureUSBStorage,76:Server:MicrosoftActiveDirectory,77:Server:WindowsDesktops/Laptops,78:Server:CAServer,79:Server:RadiusServer,80:Server:VPNServer,81:Server:ExchangeServer'),(416,1,'Gemalto Gempc Pinpad','• Secures the Pin Code by being checked directly to the smart card and never going out to the PC<br />• Manages the Pin entry <br />• Guides the user with a large display','GEMPC Pinpad','',10,'1:OperatingSystem:Windows,2:OperatingSystem:MacOSX,3:OperatingSystem:Linux,4:OperatingSystem:Other,5:Industry:Healthcare,7:Industry:General,8:Industry:Financial,9:Industry:Retail,10:Industry:Government,12:Industry:Enterprise,13:NumberofUsers:100-249,14:NumberofUsers:250-499,15:NumberofUsers:500-999,16:NumberofUsers:1000-4999,17:NumberofUsers:5000-9999,18:NumberofUsers:10000-24999,19:NumberofUsers:25000+,84:ITSecurity:SmartCardReaders,76:Server:MicrosoftActiveDirectory,77:Server:WindowsDesktops/Laptops,78:Server:CAServer,79:Server:RadiusServer,80:Server:VPNServer,81:Server:ExchangeServer'),(417,1,'Gemalto Easy OTP Reader','The Protiva SA Easy OTP Reader  works in stand-alone mode to provide a convenient, portable solution for users of smart cards with the OATH implementation. The Protiva SA Easy OTP Reader accepts an ISO-sized smart card that generates a one-time password and displays it for the user to enter in the one-time password field during secure logons.<br /><br />    * For the enterprise, the solution provides a completely mobile tool that needs no connection to a PC to work, making it usable anywhere, anytime.<br />    * For the business operator, the solution provides the infrastructure to support strong authentication based on open standards that ensure interoperability. The security lies in the smart card<br /><br />Typical Issuer Profile<br /><br />    * Corporations that have issued or would like to issue smart cards for Physical and Logical Security as a &quot;single card&quot; and want to protect the investment in their corporate badge deployment.<br />    * Issuers who need to comply with state and federal laws requiring the use of strong authentication, including HIPAA, Sarbanes-Oxley and FERPA (Family Educational Rights and Privacy Act).<br /><br />Typical End-User Profile<br /><br />Users who access corporate resources from outside of the local area network and web email, and when traveling on for business, have a need to access protected corporate information.','Easy OTP Reader','',12,'1:OperatingSystem:Windows,2:OperatingSystem:MacOSX,3:OperatingSystem:Linux,4:OperatingSystem:Other,5:Industry:Healthcare,7:Industry:General,8:Industry:Financial,9:Industry:Retail,10:Industry:Government,12:Industry:Enterprise,13:NumberofUsers:100-249,14:NumberofUsers:250-499,15:NumberofUsers:500-999,16:NumberofUsers:1000-4999,17:NumberofUsers:5000-9999,18:NumberofUsers:10000-24999,19:NumberofUsers:25000+,84:ITSecurity:SmartCardReaders,76:Server:MicrosoftActiveDirectory,77:Server:WindowsDesktops/Laptops,78:Server:CAServer,79:Server:RadiusServer,80:Server:VPNServer,81:Server:ExchangeServer'),(418,1,'Gemalto .NET IM V2+','The Gemalto .NET IM V2+  offers new possibilities in development and use, because of its support in microsoft infrastructures.<br /><br />The Gemalto .NET Karte is supported best in Microsoft infrastructures, from development to the card management, because, the .NET card can be used for PKI application via the Microsoft Base Smard Card CSP which is already included in Microsoft Vista, older Versions of the Microsoft operating systems can be updated with the MS Base Smart Card CSP via Online Update. The necessary MiniDriver for the MS Base SC CSP, which holds the minimum card specific informations, is already on the system too.','.NET IM v2+  WHITE CARDS','',25,'1:OperatingSystem:Windows,2:OperatingSystem:MacOSX,3:OperatingSystem:Linux,4:OperatingSystem:Other,5:Industry:Healthcare,7:Industry:General,8:Industry:Financial,9:Industry:Retail,10:Industry:Government,12:Industry:Enterprise,13:NumberofUsers:100-249,14:NumberofUsers:250-499,15:NumberofUsers:500-999,16:NumberofUsers:1000-4999,17:NumberofUsers:5000-9999,18:NumberofUsers:10000-24999,19:NumberofUsers:25000+,82:ITSecurity:SmartCards,76:Server:MicrosoftActiveDirectory,77:Server:WindowsDesktops/Laptops,78:Server:CAServer,79:Server:RadiusServer,80:Server:VPNServer'),(419,1,'Gemalto Prox PU','Packaged desktop reader/writer USB and RS232 interface','Desktop contactless reader','',14,'1:OperatingSystem:Windows,2:OperatingSystem:MacOSX,3:OperatingSystem:Linux,4:OperatingSystem:Other,5:Industry:Healthcare,7:Industry:General,8:Industry:Financial,9:Industry:Retail,10:Industry:Government,12:Industry:Enterprise,13:NumberofUsers:100-249,14:NumberofUsers:250-499,15:NumberofUsers:500-999,16:NumberofUsers:1000-4999,17:NumberofUsers:5000-9999,18:NumberofUsers:10000-24999,19:NumberofUsers:25000+,84:ITSecurity:SmartCardReaders,91:ITSecurity:CAC,76:Server:MicrosoftActiveDirectory,77:Server:WindowsDesktops/Laptops,78:Server:CAServer,79:Server:RadiusServer,80:Server:VPNServer,81:Server:ExchangeServer'),(420,1,'Gemalto GemPC Card','GemPC Card compact smart card reader/writer, designed to plug into a standard PCMCIA Type II PC slot, is the ultimate smart card peripheral for laptop PC and mobile users. It is very simple to use and install. No technical knowledge is needed.<br /><br /> If you seek for electronic commerce, home banking or<br />e-purse facilities, secure computer access or any of a multitude of other applications, GemPC Card is the smartest answer. For the first time, a solution is available that offers impressive possibilities at an exceptional price.','Gemalto GemPC Card Reader','',16,'1:OperatingSystem:Windows,2:OperatingSystem:MacOSX,3:OperatingSystem:Linux,4:OperatingSystem:Other,5:Industry:Healthcare,7:Industry:General,8:Industry:Financial,9:Industry:Retail,10:Industry:Government,12:Industry:Enterprise,13:NumberofUsers:100-249,14:NumberofUsers:250-499,15:NumberofUsers:500-999,16:NumberofUsers:1000-4999,17:NumberofUsers:5000-9999,18:NumberofUsers:10000-24999,19:NumberofUsers:25000+,84:ITSecurity:SmartCardReaders,91:ITSecurity:CAC,76:Server:MicrosoftActiveDirectory,77:Server:WindowsDesktops/Laptops,78:Server:CAServer,79:Server:RadiusServer,80:Server:VPNServer,81:Server:ExchangeServer'),(421,1,'Gemalto Strong Authentication Server','Strong authentication software supporting Gemalto’s line of Strong Authentication devices and .NET smart cards. This software provides One Time Password (OTP) authentication.<br /><br />Gemalto Strong Authentication Server protects network users’ identities by performing two-factor authentication using Gemalto’s proven smart card technology.<br /><br />It is easily adapted to existing network architectures and features customer care and self service interfaces for managing end user hardware and accounts. Strong Authentication Server supports the Strong Authentication family of end user devices, which can be used when connected to the network or in standalone mode. It also works with the Gemalto .NET smart cards.<br /><br />The Gemalto Strong Authentication Server consists of the following components:<br /><br /><br />• Authentication Modules that perform end-user validation using One Time Passwords (OATH OTP, EMV CAP, SMS OTP)<br /><br />• A Customer Care interface for administrators to manage Gemalto end user devices, authentication policies, roles, users, keys, and other functions<br /><br />• A User Care interface that enables end-users to register and manage their passwords and account information.<br /><br />','Gemalto Strong Authentication Server (SA)','',8,'1:OperatingSystem:Windows,2:OperatingSystem:MacOSX,3:OperatingSystem:Linux,4:OperatingSystem:Other,5:Industry:Healthcare,7:Industry:General,8:Industry:Financial,9:Industry:Retail,10:Industry:Government,12:Industry:Enterprise,13:NumberofUsers:100-249,14:NumberofUsers:250-499,15:NumberofUsers:500-999,16:NumberofUsers:1000-4999,17:NumberofUsers:5000-9999,18:NumberofUsers:10000-24999,19:NumberofUsers:25000+,88:ITSecurity:Encryption,76:Server:MicrosoftActiveDirectory,77:Server:WindowsDesktops/Laptops,78:Server:CAServer,79:Server:RadiusServer,80:Server:VPNServer,81:Server:ExchangeServer'),(422,1,'Gemalto Gemplus ExpressCard Smart Card Reader','The Gemplus ExpressCard Smart Card Reader offers an ideal interface between a portable computer and a smart card, to control access to databases or corporate computer networks. A smart card is a plastic card that contains personal information. It\'s function can range from simple data storage to more advanced memory and processing capabilities. The Gemplus ExpressCard Smart Card Reader is reader hardware only and does not include blank smart cards or smart card management software. <br /><br />PC Express compact smart card reader/writer, designed to plug into a standard PCMCIA ExpressCard 54 PC slot, is the ultimate smart card peripheral for laptop PC and mobile users. It is very simple to use and install. No technical knowledge is needed. If you seek for electronic commerce, home banking or e-purse facilities, secure computer access or any of a multitude of other applications, PC Express is the smartest answer. For the first time, a solution is available that offers impressive possibilities at an exceptional price.<br /><br />They will open up many possibilities, including:<br /><br />* Home-banking<br />* Electronic coupons/loyalty<br />* Internet access<br />* Secure download of content<br />* computer access control,<br />* Network security<br />* People identification<br />* and more...','Gemplus ExpressCard Smart Card Reader','',12,'1:OperatingSystem:Windows,2:OperatingSystem:MacOSX,3:OperatingSystem:Linux,4:OperatingSystem:Other,5:Industry:Healthcare,7:Industry:General,8:Industry:Financial,9:Industry:Retail,10:Industry:Government,12:Industry:Enterprise,13:NumberofUsers:100-249,14:NumberofUsers:250-499,15:NumberofUsers:500-999,16:NumberofUsers:1000-4999,17:NumberofUsers:5000-9999,18:NumberofUsers:10000-24999,19:NumberofUsers:25000+,84:ITSecurity:SmartCardReaders,91:ITSecurity:CAC,76:Server:MicrosoftActiveDirectory,77:Server:WindowsDesktops/Laptops,78:Server:CAServer,79:Server:RadiusServer,80:Server:VPNServer,81:Server:ExchangeServer'),(423,1,'Gemalto PROX P2 Reader','ISO 11443 A/B + Mifare compliant contactless reader','PROX P2 Reader','',46,'1:OperatingSystem:Windows,2:OperatingSystem:MacOSX,3:OperatingSystem:Linux,4:OperatingSystem:Other,5:Industry:Healthcare,7:Industry:General,8:Industry:Financial,9:Industry:Retail,10:Industry:Government,12:Industry:Enterprise,13:NumberofUsers:100-249,14:NumberofUsers:250-499,15:NumberofUsers:500-999,16:NumberofUsers:1000-4999,17:NumberofUsers:5000-9999,18:NumberofUsers:10000-24999,19:NumberofUsers:25000+,84:ITSecurity:SmartCardReaders,76:Server:MicrosoftActiveDirectory,77:Server:WindowsDesktops/Laptops,78:Server:CAServer,79:Server:RadiusServer,80:Server:VPNServer,81:Server:ExchangeServer'),(424,1,'Gemalto SA Live Provisioning Kit (LPK)','Contactless Smart Card Reader used for SA Easy. Live provisioning and documentation.','Gemalto SA Live Provisioning Kit (LPK)','',8,'1:OperatingSystem:Windows,2:OperatingSystem:MacOSX,3:OperatingSystem:Linux,4:OperatingSystem:Other,5:Industry:Healthcare,7:Industry:General,8:Industry:Financial,9:Industry:Retail,10:Industry:Government,12:Industry:Enterprise,13:NumberofUsers:100-249,14:NumberofUsers:250-499,15:NumberofUsers:500-999,16:NumberofUsers:1000-4999,17:NumberofUsers:5000-9999,18:NumberofUsers:10000-24999,19:NumberofUsers:25000+,84:ITSecurity:SmartCardReaders,76:Server:MicrosoftActiveDirectory,77:Server:WindowsDesktops/Laptops,78:Server:CAServer,79:Server:RadiusServer,80:Server:VPNServer,81:Server:ExchangeServer'),(425,1,'Gemalto Prox CU Contactless OEM Coupler','Prox CU Contactless OEM coupler with antenna ','PROX CU Contactless OEM Coupler','',14,'1:OperatingSystem:Windows,2:OperatingSystem:MacOSX,3:OperatingSystem:Linux,4:OperatingSystem:Other,5:Industry:Healthcare,7:Industry:General,8:Industry:Financial,9:Industry:Retail,10:Industry:Government,12:Industry:Enterprise,13:NumberofUsers:100-249,14:NumberofUsers:250-499,15:NumberofUsers:500-999,16:NumberofUsers:1000-4999,17:NumberofUsers:5000-9999,18:NumberofUsers:10000-24999,19:NumberofUsers:25000+,82:ITSecurity:SmartCards,76:Server:MicrosoftActiveDirectory,77:Server:WindowsDesktops/Laptops,78:Server:CAServer,79:Server:RadiusServer,80:Server:VPNServer,81:Server:ExchangeServer'),(426,1,'Gemalto Prox-C2 Contactless OEM Coupler','Prox C2 ISO 14443 A/B + Mifare compliant contactless OEM coupler','Gemalto Prox-C2 Contactless OEM Coupler','',16,'1:OperatingSystem:Windows,2:OperatingSystem:MacOSX,3:OperatingSystem:Linux,4:OperatingSystem:Other,5:Industry:Healthcare,7:Industry:General,8:Industry:Financial,9:Industry:Retail,10:Industry:Government,12:Industry:Enterprise,13:NumberofUsers:100-249,14:NumberofUsers:250-499,15:NumberofUsers:500-999,16:NumberofUsers:1000-4999,17:NumberofUsers:5000-9999,18:NumberofUsers:10000-24999,19:NumberofUsers:25000+,95:ITSecurity:Tokens,76:Server:MicrosoftActiveDirectory,77:Server:WindowsDesktops/Laptops,78:Server:CAServer,79:Server:RadiusServer,80:Server:VPNServer,81:Server:ExchangeServer'),(427,1,'Noble Locks SFFCASE','Dell Case lock for the Ultra Small Form Factor by Noble is the Ultimate Security Entrapment provides a solid steel housing to secure computers against theft. Engineered to allow for maximum equipment cooling and anti-theft security','Dell Case lock for the Ultra Small Form Factor by Noble is the Ultimate Security Entrapment provides a solid steel housing to secure computers against theft.','',6,'1:OperatingSystem:Windows,2:OperatingSystem:MacOSX,3:OperatingSystem:Linux,4:OperatingSystem:Other,5:Industry:Healthcare,7:Industry:General,8:Industry:Financial,9:Industry:Retail,10:Industry:Government,12:Industry:Enterprise,13:NumberofUsers:100-249,14:NumberofUsers:250-499,15:NumberofUsers:500-999,16:NumberofUsers:1000-4999,17:NumberofUsers:5000-9999,18:NumberofUsers:10000-24999,19:NumberofUsers:25000+,93:ITSecurity:Locks,76:Server:MicrosoftActiveDirectory,77:Server:WindowsDesktops/Laptops,78:Server:CAServer,79:Server:RadiusServer,80:Server:VPNServer,81:Server:ExchangeServer'),(428,1,'Noble Locks NG201','Ultimate Security Rail Lock -- The Desktop/Server Rail Anti-Theft Security Kit is a custom-designed all-in-one rail solution to help protect all PCs, servers or office equipment.','Ultimate Security Rail Lock','',10,'1:OperatingSystem:Windows,2:OperatingSystem:MacOSX,3:OperatingSystem:Linux,4:OperatingSystem:Other,5:Industry:Healthcare,7:Industry:General,8:Industry:Financial,9:Industry:Retail,10:Industry:Government,12:Industry:Enterprise,13:NumberofUsers:100-249,14:NumberofUsers:250-499,15:NumberofUsers:500-999,16:NumberofUsers:1000-4999,17:NumberofUsers:5000-9999,18:NumberofUsers:10000-24999,19:NumberofUsers:25000+,93:ITSecurity:Locks,76:Server:MicrosoftActiveDirectory,77:Server:WindowsDesktops/Laptops,78:Server:CAServer,79:Server:RadiusServer,80:Server:VPNServer,81:Server:ExchangeServer'),(429,1,'Noble Locks 1GXSD3','Dell High Security Custom designed all-in-one locking solution to help protect the Dell DT system, internal components, and peripherals.Made by Noble this lock provides the most complete attachment to the chassis','Dell High Security Custom designed all-in-one locking solution to help protect the Dell DT system, internal components, and peripherals.','',7,'1:OperatingSystem:Windows,2:OperatingSystem:MacOSX,3:OperatingSystem:Linux,4:OperatingSystem:Other,5:Industry:Healthcare,7:Industry:General,8:Industry:Financial,9:Industry:Retail,10:Industry:Government,12:Industry:Enterprise,13:NumberofUsers:100-249,14:NumberofUsers:250-499,15:NumberofUsers:500-999,16:NumberofUsers:1000-4999,17:NumberofUsers:5000-9999,18:NumberofUsers:10000-24999,19:NumberofUsers:25000+,93:ITSecurity:Locks,76:Server:MicrosoftActiveDirectory,77:Server:WindowsDesktops/Laptops,78:Server:CAServer,79:Server:RadiusServer,80:Server:VPNServer,81:Server:ExchangeServer'),(430,1,'Noble Locks TANK3803','Dell High Security Custom designed all-in-one locking solution to help protect the Dell WS system, internal components, and peripherals.Made by Noble this lock provides the most complete attachment to the chassis','Dell High Security Custom designed all-in-one locking solution to help protect the Dell WS system, internal components, and peripherals.','',6,'1:OperatingSystem:Windows,2:OperatingSystem:MacOSX,3:OperatingSystem:Linux,4:OperatingSystem:Other,5:Industry:Healthcare,7:Industry:General,8:Industry:Financial,9:Industry:Retail,10:Industry:Government,12:Industry:Enterprise,13:NumberofUsers:100-249,14:NumberofUsers:250-499,15:NumberofUsers:500-999,16:NumberofUsers:1000-4999,17:NumberofUsers:5000-9999,18:NumberofUsers:10000-24999,19:NumberofUsers:25000+,93:ITSecurity:Locks,76:Server:MicrosoftActiveDirectory,77:Server:WindowsDesktops/Laptops,78:Server:CAServer,79:Server:RadiusServer,80:Server:VPNServer,81:Server:ExchangeServer'),(431,1,'Noble Locks NG040T','Universal Anti Theft Security Kit is a solution that protects both the system, monitor, and peripherals.','Universal Anti Theft Security Kit is a solution that protects both the system, monitor, and peripherals.','',7,'1:OperatingSystem:Windows,2:OperatingSystem:MacOSX,3:OperatingSystem:Linux,4:OperatingSystem:Other,5:Industry:Healthcare,7:Industry:General,8:Industry:Financial,9:Industry:Retail,10:Industry:Government,12:Industry:Enterprise,13:NumberofUsers:100-249,14:NumberofUsers:250-499,15:NumberofUsers:500-999,16:NumberofUsers:1000-4999,17:NumberofUsers:5000-9999,18:NumberofUsers:10000-24999,19:NumberofUsers:25000+,93:ITSecurity:Locks,76:Server:MicrosoftActiveDirectory,77:Server:WindowsDesktops/Laptops,78:Server:CAServer,79:Server:RadiusServer,80:Server:VPNServer,81:Server:ExchangeServer'),(432,1,'Noble Locks NG35-005','HP Lock w/ cable and monitor lock','HP Lock w/ cable and monitor lock','',9,'1:OperatingSystem:Windows,2:OperatingSystem:MacOSX,3:OperatingSystem:Linux,4:OperatingSystem:Other,5:Industry:Healthcare,7:Industry:General,8:Industry:Financial,9:Industry:Retail,10:Industry:Government,12:Industry:Enterprise,13:NumberofUsers:100-249,14:NumberofUsers:250-499,15:NumberofUsers:500-999,16:NumberofUsers:1000-4999,17:NumberofUsers:5000-9999,18:NumberofUsers:10000-24999,19:NumberofUsers:25000+,93:ITSecurity:Locks,76:Server:MicrosoftActiveDirectory,77:Server:WindowsDesktops/Laptops,78:Server:CAServer,79:Server:RadiusServer,80:Server:VPNServer,81:Server:ExchangeServer'),(433,1,'Noble Locks OSCO10','Combination Notebook Lock','Combination Notebook Lock','',4,'1:OperatingSystem:Windows,2:OperatingSystem:MacOSX,3:OperatingSystem:Linux,4:OperatingSystem:Other,5:Industry:Healthcare,7:Industry:General,8:Industry:Financial,9:Industry:Retail,10:Industry:Government,12:Industry:Enterprise,13:NumberofUsers:100-249,14:NumberofUsers:250-499,15:NumberofUsers:500-999,16:NumberofUsers:1000-4999,17:NumberofUsers:5000-9999,18:NumberofUsers:10000-24999,19:NumberofUsers:25000+,93:ITSecurity:Locks,76:Server:MicrosoftActiveDirectory,77:Server:WindowsDesktops/Laptops,78:Server:CAServer,79:Server:RadiusServer,80:Server:VPNServer,81:Server:ExchangeServer'),(434,1,'Noble Locks NG75KIT','Optiplex 960 Lock Kit','Optiplex 960 Lock Kit','',8,'1:OperatingSystem:Windows,2:OperatingSystem:MacOSX,3:OperatingSystem:Linux,4:OperatingSystem:Other,5:Industry:Healthcare,7:Industry:General,8:Industry:Financial,9:Industry:Retail,10:Industry:Government,12:Industry:Enterprise,13:NumberofUsers:100-249,14:NumberofUsers:250-499,15:NumberofUsers:500-999,16:NumberofUsers:1000-4999,17:NumberofUsers:5000-9999,18:NumberofUsers:10000-24999,19:NumberofUsers:25000+,93:ITSecurity:Locks,76:Server:MicrosoftActiveDirectory,77:Server:WindowsDesktops/Laptops,78:Server:CAServer,79:Server:RadiusServer,80:Server:VPNServer,81:Server:ExchangeServer'),(435,1,'Noble Locks NS20PRT','<table width=\"937\" cellspacing=\"0\" cellpadding=\"0\" border=\"0\" style=\"border-collapse: collapse; width: 703pt;\"><col width=\"937\" style=\"width: 703pt;\" /><tbody><tr height=\"38\" style=\"height: 28.8pt;\">\r\n  <td width=\"937\" height=\"38\" class=\"xl502\" style=\"height: 28.8pt; width: 703pt;\">Printer\r\n  Lock</td>\r\n</tr></tbody></table>','Printer Lock','',5,'1:OperatingSystem:Windows,2:OperatingSystem:MacOSX,3:OperatingSystem:Linux,4:OperatingSystem:Other,5:Industry:Healthcare,7:Industry:General,8:Industry:Financial,9:Industry:Retail,10:Industry:Government,12:Industry:Enterprise,13:NumberofUsers:100-249,14:NumberofUsers:250-499,15:NumberofUsers:500-999,16:NumberofUsers:1000-4999,17:NumberofUsers:5000-9999,18:NumberofUsers:10000-24999,19:NumberofUsers:25000+,93:ITSecurity:Locks,76:Server:MicrosoftActiveDirectory,77:Server:WindowsDesktops/Laptops,78:Server:CAServer,79:Server:RadiusServer,80:Server:VPNServer,81:Server:ExchangeServer'),(436,1,'Noble Locks 1GXMT3','Dell High Security Custom designed all-in-one locking solution to help protect the Dell MT system, internal components, and peripherals.Made by Noble this lock provides the most complete attachment to the chassis','','',10,'1:OperatingSystem:Windows,2:OperatingSystem:MacOSX,3:OperatingSystem:Linux,4:OperatingSystem:Other,5:Industry:Healthcare,7:Industry:General,8:Industry:Financial,9:Industry:Retail,10:Industry:Government,12:Industry:Enterprise,13:NumberofUsers:100-249,14:NumberofUsers:250-499,15:NumberofUsers:500-999,16:NumberofUsers:1000-4999,17:NumberofUsers:5000-9999,18:NumberofUsers:10000-24999,19:NumberofUsers:25000+,93:ITSecurity:Locks,76:Server:MicrosoftActiveDirectory,77:Server:WindowsDesktops/Laptops,78:Server:CAServer,79:Server:RadiusServer,80:Server:VPNServer,81:Server:ExchangeServer'),(437,1,'Noble Locks CB0818B','<table width=\"937\" cellspacing=\"0\" cellpadding=\"0\" border=\"0\" style=\"border-collapse: collapse; width: 703pt;\"><col width=\"937\" style=\"width: 703pt;\" /><tbody><tr height=\"38\" style=\"height: 28.8pt;\">\r\n  <td width=\"937\" height=\"38\" class=\"xl502\" style=\"height: 28.8pt; width: 703pt;\">6 Foot\r\n  Black Cable w/ circular hole and loop end</td>\r\n</tr></tbody></table>','6 Foot Black Cable w/ circular hole and loop end','',9,'1:OperatingSystem:Windows,2:OperatingSystem:MacOSX,3:OperatingSystem:Linux,4:OperatingSystem:Other,5:Industry:Healthcare,7:Industry:General,8:Industry:Financial,9:Industry:Retail,10:Industry:Government,12:Industry:Enterprise,93:ITSecurity:Locks,76:Server:MicrosoftActiveDirectory,77:Server:WindowsDesktops/Laptops,78:Server:CAServer,79:Server:RadiusServer,80:Server:VPNServer,81:Server:ExchangeServer'),(438,1,'Noble Locks NS20DH','Double Head Universal Notebook Lock w/ peripheral trap - Master Key #02','Double Head Universal Notebook Lock w/ peripheral trap - Master Key #02','',5,'1:OperatingSystem:Windows,2:OperatingSystem:MacOSX,3:OperatingSystem:Linux,4:OperatingSystem:Other,5:Industry:Healthcare,7:Industry:General,8:Industry:Financial,9:Industry:Retail,10:Industry:Government,12:Industry:Enterprise,13:NumberofUsers:100-249,14:NumberofUsers:250-499,15:NumberofUsers:500-999,16:NumberofUsers:1000-4999,17:NumberofUsers:5000-9999,18:NumberofUsers:10000-24999,19:NumberofUsers:25000+,93:ITSecurity:Locks,76:Server:MicrosoftActiveDirectory,77:Server:WindowsDesktops/Laptops,78:Server:CAServer,79:Server:RadiusServer,80:Server:VPNServer,81:Server:ExchangeServer'),(439,1,'Noble Locks UFS-NC','Monitor Lock without cable','Monitor Lock without cable','',5,'1:OperatingSystem:Windows,2:OperatingSystem:MacOSX,3:OperatingSystem:Linux,4:OperatingSystem:Other,5:Industry:Healthcare,7:Industry:General,8:Industry:Financial,9:Industry:Retail,10:Industry:Government,12:Industry:Enterprise,13:NumberofUsers:100-249,14:NumberofUsers:250-499,15:NumberofUsers:500-999,16:NumberofUsers:1000-4999,17:NumberofUsers:5000-9999,18:NumberofUsers:10000-24999,19:NumberofUsers:25000+,93:ITSecurity:Locks,76:Server:MicrosoftActiveDirectory,77:Server:WindowsDesktops/Laptops,78:Server:CAServer,79:Server:RadiusServer,80:Server:VPNServer,81:Server:ExchangeServer'),(440,1,'Noble Locks NS20DH','Double Head Universal Notebook Lock w/ peripheral trap','','',4,'1:OperatingSystem:Windows,2:OperatingSystem:MacOSX,3:OperatingSystem:Linux,4:OperatingSystem:Other,5:Industry:Healthcare,7:Industry:General,8:Industry:Financial,9:Industry:Retail,10:Industry:Government,12:Industry:Enterprise,13:NumberofUsers:100-249,14:NumberofUsers:250-499,15:NumberofUsers:500-999,16:NumberofUsers:1000-4999,17:NumberofUsers:5000-9999,18:NumberofUsers:10000-24999,19:NumberofUsers:25000+,93:ITSecurity:Locks,76:Server:MicrosoftActiveDirectory,77:Server:WindowsDesktops/Laptops,78:Server:CAServer,79:Server:RadiusServer,80:Server:VPNServer,81:Server:ExchangeServer'),(441,1,'Noble Locks NS20T','Universal Notebook Lock w/ peripheral trap','Universal Notebook Lock w/ peripheral trap','',6,'1:OperatingSystem:Windows,2:OperatingSystem:MacOSX,3:OperatingSystem:Linux,4:OperatingSystem:Other,5:Industry:Healthcare,7:Industry:General,8:Industry:Financial,9:Industry:Retail,10:Industry:Government,12:Industry:Enterprise,13:NumberofUsers:100-249,14:NumberofUsers:250-499,15:NumberofUsers:500-999,16:NumberofUsers:1000-4999,17:NumberofUsers:5000-9999,18:NumberofUsers:10000-24999,19:NumberofUsers:25000+,93:ITSecurity:Locks,76:Server:MicrosoftActiveDirectory,77:Server:WindowsDesktops/Laptops,78:Server:CAServer,79:Server:RadiusServer,80:Server:VPNServer,81:Server:ExchangeServer'),(442,1,'Noble Locks NGEK2','100% Stainless Steel High End Security anchoring unit. Anchors Notebook, Desktop or additional peripheral computer and office equipment. Secures Monitor or other peripherals as add on and to work in conjunction with all Anti-Theft Kits.','','',7,'1:OperatingSystem:Windows,2:OperatingSystem:MacOSX,3:OperatingSystem:Linux,4:OperatingSystem:Other,5:Industry:Healthcare,7:Industry:General,8:Industry:Financial,9:Industry:Retail,10:Industry:Government,12:Industry:Enterprise,13:NumberofUsers:100-249,14:NumberofUsers:250-499,15:NumberofUsers:500-999,16:NumberofUsers:1000-4999,17:NumberofUsers:5000-9999,18:NumberofUsers:10000-24999,19:NumberofUsers:25000+,93:ITSecurity:Locks,76:Server:MicrosoftActiveDirectory,77:Server:WindowsDesktops/Laptops,78:Server:CAServer,79:Server:RadiusServer,80:Server:VPNServer,81:Server:ExchangeServer'),(443,1,'Noble Locks 1GXSFF','Dell Custom Lock for the Opti SFF w/o cable Opti 520, 620, 745, 755','Dell Custom Lock for the Opti SFF w/o cable Opti 520, 620, 745, 755','',8,'1:OperatingSystem:Windows,2:OperatingSystem:MacOSX,3:OperatingSystem:Linux,4:OperatingSystem:Other,5:Industry:Healthcare,7:Industry:General,8:Industry:Financial,9:Industry:Retail,10:Industry:Government,12:Industry:Enterprise,13:NumberofUsers:100-249,14:NumberofUsers:250-499,15:NumberofUsers:500-999,16:NumberofUsers:1000-4999,17:NumberofUsers:5000-9999,18:NumberofUsers:10000-24999,19:NumberofUsers:25000+,93:ITSecurity:Locks,76:Server:MicrosoftActiveDirectory,77:Server:WindowsDesktops/Laptops,78:Server:CAServer,79:Server:RadiusServer,80:Server:VPNServer,81:Server:ExchangeServer'),(444,1,'Noble Locks 1GXMT','Dell Custom Lock for the Opti MT w/o cable Opti 320, 520, 620, 740, 745, 755','','',9,'1:OperatingSystem:Windows,2:OperatingSystem:MacOSX,3:OperatingSystem:Linux,4:OperatingSystem:Other,5:Industry:Healthcare,7:Industry:General,8:Industry:Financial,9:Industry:Retail,10:Industry:Government,12:Industry:Enterprise,13:NumberofUsers:100-249,14:NumberofUsers:250-499,15:NumberofUsers:500-999,16:NumberofUsers:1000-4999,17:NumberofUsers:5000-9999,18:NumberofUsers:10000-24999,19:NumberofUsers:25000+,93:ITSecurity:Locks,76:Server:MicrosoftActiveDirectory,77:Server:WindowsDesktops/Laptops,78:Server:CAServer,79:Server:RadiusServer,80:Server:VPNServer,81:Server:ExchangeServer'),(445,1,'Noble Locks 1GXSD','Dell Custom Lock for the Opti SD w/o cable Opti 320, 520, 620, 740, 745, 755','Dell Custom Lock for the Opti SD w/o cable Opti 320, 520, 620, 740, 745, 755','',7,'1:OperatingSystem:Windows,2:OperatingSystem:MacOSX,3:OperatingSystem:Linux,4:OperatingSystem:Other,5:Industry:Healthcare,7:Industry:General,8:Industry:Financial,9:Industry:Retail,10:Industry:Government,12:Industry:Enterprise,13:NumberofUsers:100-249,14:NumberofUsers:250-499,15:NumberofUsers:500-999,16:NumberofUsers:1000-4999,17:NumberofUsers:5000-9999,18:NumberofUsers:10000-24999,19:NumberofUsers:25000+,76:Server:MicrosoftActiveDirectory,77:Server:WindowsDesktops/Laptops,78:Server:CAServer,79:Server:RadiusServer,80:Server:VPNServer,81:Server:ExchangeServer'),(446,1,'Noble Locks NSX280','Dell Custom Lock for the Opti USFF w/o cable Opti 520, 620, 745, 755','Dell Custom Lock for the Opti USFF w/o cable Opti 520, 620, 745, 755','',6,'1:OperatingSystem:Windows,2:OperatingSystem:MacOSX,3:OperatingSystem:Linux,4:OperatingSystem:Other,5:Industry:Healthcare,7:Industry:General,8:Industry:Financial,9:Industry:Retail,10:Industry:Government,12:Industry:Enterprise,13:NumberofUsers:100-249,14:NumberofUsers:250-499,15:NumberofUsers:500-999,16:NumberofUsers:1000-4999,17:NumberofUsers:5000-9999,18:NumberofUsers:10000-24999,19:NumberofUsers:25000+,93:ITSecurity:Locks,76:Server:MicrosoftActiveDirectory,77:Server:WindowsDesktops/Laptops,78:Server:CAServer,79:Server:RadiusServer,80:Server:VPNServer,81:Server:ExchangeServer'),(447,1,'Noble Locks NS-UFS','NS-UFS Cyclinder with 4ft Cable. Connects to the Opti &amp; Workstation custom lock.','NS-UFS Cyclinder with 4ft Cable.','',7,'1:OperatingSystem:Windows,2:OperatingSystem:MacOSX,3:OperatingSystem:Linux,4:OperatingSystem:Other,5:Industry:Healthcare,7:Industry:General,8:Industry:Financial,9:Industry:Retail,10:Industry:Government,12:Industry:Enterprise,13:NumberofUsers:100-249,14:NumberofUsers:250-499,15:NumberofUsers:500-999,16:NumberofUsers:1000-4999,17:NumberofUsers:5000-9999,18:NumberofUsers:10000-24999,19:NumberofUsers:25000+,93:ITSecurity:Locks,76:Server:MicrosoftActiveDirectory,77:Server:WindowsDesktops/Laptops,78:Server:CAServer,79:Server:RadiusServer,80:Server:VPNServer,81:Server:ExchangeServer'),(448,1,'Noble Locks NGLB03','Provides strong, cable-free security. The L Bracket utilizes sheer adhesive strength on computer and screw option to desk for high security against theft','The L Bracket','',8,'1:OperatingSystem:Windows,2:OperatingSystem:MacOSX,3:OperatingSystem:Linux,4:OperatingSystem:Other,5:Industry:Healthcare,7:Industry:General,8:Industry:Financial,9:Industry:Retail,10:Industry:Government,12:Industry:Enterprise,13:NumberofUsers:100-249,14:NumberofUsers:250-499,15:NumberofUsers:500-999,16:NumberofUsers:1000-4999,17:NumberofUsers:5000-9999,18:NumberofUsers:10000-24999,19:NumberofUsers:25000+,93:ITSecurity:Locks,76:Server:MicrosoftActiveDirectory,77:Server:WindowsDesktops/Laptops,78:Server:CAServer,79:Server:RadiusServer,80:Server:VPNServer,81:Server:ExchangeServer'),(449,1,'Noble Locks NG20CT2','Universal Anti Theft Security Kit is a custom designed All in One locking solution to protect the system, Internal Components while securing Monitor, Keyboard, mouse or speaker cables.','Universal Anti Theft Security Kit','',8,'1:OperatingSystem:Windows,2:OperatingSystem:MacOSX,3:OperatingSystem:Linux,4:OperatingSystem:Other,5:Industry:Healthcare,7:Industry:General,8:Industry:Financial,9:Industry:Retail,10:Industry:Government,12:Industry:Enterprise,13:NumberofUsers:100-249,14:NumberofUsers:250-499,15:NumberofUsers:500-999,16:NumberofUsers:1000-4999,17:NumberofUsers:5000-9999,18:NumberofUsers:10000-24999,19:NumberofUsers:25000+,93:ITSecurity:Locks,76:Server:MicrosoftActiveDirectory,77:Server:WindowsDesktops/Laptops,78:Server:CAServer,79:Server:RadiusServer,80:Server:VPNServer,81:Server:ExchangeServer'),(450,1,'Noble Locks NGSX2803','Dell High Security Custom designed all-in-one locking solution to help protect the Dell USFF system, internal components, and peripherals. This lock provides the most complete attachment to the chassis','Dell High Security Custom designed all-in-one locking solution to help protect the Dell USFF system, internal components, and peripherals.','',4,'1:OperatingSystem:Windows,2:OperatingSystem:MacOSX,3:OperatingSystem:Linux,4:OperatingSystem:Other,5:Industry:Healthcare,7:Industry:General,8:Industry:Financial,9:Industry:Retail,10:Industry:Government,12:Industry:Enterprise,13:NumberofUsers:100-249,14:NumberofUsers:250-499,15:NumberofUsers:500-999,16:NumberofUsers:1000-4999,17:NumberofUsers:5000-9999,18:NumberofUsers:10000-24999,19:NumberofUsers:25000+,93:ITSecurity:Locks,76:Server:MicrosoftActiveDirectory,77:Server:WindowsDesktops/Laptops,78:Server:CAServer,79:Server:RadiusServer,80:Server:VPNServer,81:Server:ExchangeServer'),(451,1,'Noble Locks BIGCART','Dell High Security laptop cart, 28 compartments, power-charging and ventilation.Extremely secure can lock to the wall. All notebooks are secured by Nobles unique vertical storage system.','Dell High Security laptop cart','',8,'1:OperatingSystem:Windows,2:OperatingSystem:MacOSX,3:OperatingSystem:Linux,4:OperatingSystem:Other,5:Industry:Healthcare,7:Industry:General,8:Industry:Financial,9:Industry:Retail,10:Industry:Government,12:Industry:Enterprise,13:NumberofUsers:100-249,14:NumberofUsers:250-499,15:NumberofUsers:500-999,16:NumberofUsers:1000-4999,17:NumberofUsers:5000-9999,18:NumberofUsers:10000-24999,19:NumberofUsers:25000+,93:ITSecurity:Locks,76:Server:MicrosoftActiveDirectory,77:Server:WindowsDesktops/Laptops,78:Server:CAServer,79:Server:RadiusServer,80:Server:VPNServer,81:Server:ExchangeServer'),(452,1,'Noble Locks SMALLCART','Dell High Security laptop cart, 14 compartments, power-charging and ventilation.Extremely secure can lock to the wall. All notebooks are secured by Nobles unique vertical storage system.','Dell High Security laptop cart','',5,'1:OperatingSystem:Windows,2:OperatingSystem:MacOSX,3:OperatingSystem:Linux,4:OperatingSystem:Other,5:Industry:Healthcare,7:Industry:General,8:Industry:Financial,9:Industry:Retail,10:Industry:Government,12:Industry:Enterprise,13:NumberofUsers:100-249,14:NumberofUsers:250-499,15:NumberofUsers:500-999,16:NumberofUsers:1000-4999,17:NumberofUsers:5000-9999,18:NumberofUsers:10000-24999,19:NumberofUsers:25000+,93:ITSecurity:Locks,76:Server:MicrosoftActiveDirectory,77:Server:WindowsDesktops/Laptops,78:Server:CAServer,79:Server:RadiusServer,80:Server:VPNServer,81:Server:ExchangeServer'),(453,1,'Noble Locks NG100CT','Dell Rail Anti Theft Security Kit is a custom designed All in One Rail Solution to protect the systems, printers and fax machines.','Dell Rail Anti Theft Security Kit','',7,'1:OperatingSystem:Windows,2:OperatingSystem:MacOSX,3:OperatingSystem:Linux,4:OperatingSystem:Other,5:Industry:Healthcare,7:Industry:General,8:Industry:Financial,9:Industry:Retail,10:Industry:Government,12:Industry:Enterprise,13:NumberofUsers:100-249,14:NumberofUsers:250-499,15:NumberofUsers:500-999,16:NumberofUsers:1000-4999,17:NumberofUsers:5000-9999,18:NumberofUsers:10000-24999,19:NumberofUsers:25000+,93:ITSecurity:Locks,76:Server:MicrosoftActiveDirectory,77:Server:WindowsDesktops/Laptops,78:Server:CAServer,79:Server:RadiusServer,80:Server:VPNServer,81:Server:ExchangeServer'),(454,1,'Noble Locks USFFCASE','Dell Case lock for the Ultra Small Form Factor Nobles Ultimate Security Entrapment provides a solid steel housing to secure computers against theft. Engineered to allow for maximum equipment cooling and anti-theft security','Dell Case lock for the Ultra Small Form Factor','',5,'1:OperatingSystem:Windows,2:OperatingSystem:MacOSX,3:OperatingSystem:Linux,4:OperatingSystem:Other,5:Industry:Healthcare,7:Industry:General,8:Industry:Financial,9:Industry:Retail,10:Industry:Government,12:Industry:Enterprise,13:NumberofUsers:100-249,14:NumberofUsers:250-499,15:NumberofUsers:500-999,16:NumberofUsers:1000-4999,17:NumberofUsers:5000-9999,18:NumberofUsers:10000-24999,19:NumberofUsers:25000+,93:ITSecurity:Locks,76:Server:MicrosoftActiveDirectory,77:Server:WindowsDesktops/Laptops,78:Server:CAServer,79:Server:RadiusServer,80:Server:VPNServer,81:Server:ExchangeServer'),(455,1,'Noble Locks NGLB10','Provides strong, cable-free security The L Bracket utilizes sheer adhesive strength to anchor computers against theft.','The L Bracket','',8,'1:OperatingSystem:Windows,2:OperatingSystem:MacOSX,3:OperatingSystem:Linux,4:OperatingSystem:Other,5:Industry:Healthcare,7:Industry:General,8:Industry:Financial,9:Industry:Retail,10:Industry:Government,12:Industry:Enterprise,13:NumberofUsers:100-249,14:NumberofUsers:250-499,15:NumberofUsers:500-999,16:NumberofUsers:1000-4999,17:NumberofUsers:5000-9999,18:NumberofUsers:10000-24999,19:NumberofUsers:25000+,93:ITSecurity:Locks,76:Server:MicrosoftActiveDirectory,77:Server:WindowsDesktops/Laptops,78:Server:CAServer,79:Server:RadiusServer,80:Server:VPNServer,81:Server:ExchangeServer'),(456,1,'Noble Locks 1GXSFF3','Dell High Security Custom designed all-in-one locking solution to help protect the Dell SFF system, internal components, and peripherals.Made by Noble this lock provides the most complete attachment to the chassis','Dell High Security Custom designed all-in-one locking solution','',9,'1:OperatingSystem:Windows,2:OperatingSystem:MacOSX,3:OperatingSystem:Linux,4:OperatingSystem:Other,5:Industry:Healthcare,7:Industry:General,8:Industry:Financial,9:Industry:Retail,10:Industry:Government,12:Industry:Enterprise,13:NumberofUsers:100-249,14:NumberofUsers:250-499,15:NumberofUsers:500-999,16:NumberofUsers:1000-4999,17:NumberofUsers:5000-9999,18:NumberofUsers:10000-24999,19:NumberofUsers:25000+,93:ITSecurity:Locks,76:Server:MicrosoftActiveDirectory,77:Server:WindowsDesktops/Laptops,78:Server:CAServer,79:Server:RadiusServer,80:Server:VPNServer,81:Server:ExchangeServer'),(457,1,'Noble Locks NG30NT','Dell Universal Stainless Steel Combination Padlock Anti Theft Security Kit is a custom designed All in One locking solution to protect the system, Internal Components while securing Monitor, Keyboard, mouse or speaker cables.','Dell Universal Stainless Steel Combination Padlock Anti Theft Security Kit','',10,'1:OperatingSystem:Windows,2:OperatingSystem:MacOSX,3:OperatingSystem:Linux,4:OperatingSystem:Other,5:Industry:Healthcare,7:Industry:General,8:Industry:Financial,9:Industry:Retail,10:Industry:Government,12:Industry:Enterprise,13:NumberofUsers:100-249,14:NumberofUsers:250-499,15:NumberofUsers:500-999,16:NumberofUsers:1000-4999,17:NumberofUsers:5000-9999,18:NumberofUsers:10000-24999,19:NumberofUsers:25000+,93:ITSecurity:Locks,76:Server:MicrosoftActiveDirectory,77:Server:WindowsDesktops/Laptops,78:Server:CAServer,79:Server:RadiusServer,80:Server:VPNServer,81:Server:ExchangeServer'),(462,1,'MXI Stealth MXP Biometric - 4GB FIPS','Stealth MXP Biometric - 4GB USB FIPS 140-2 Level 3 Self Secured Flash Drive w/ Black Plastic Case - MXI Government FIPS 140-2 Level 3 Validated ','Stealth MXP Biometric - 4GB FIPS 140-2 Level 3 - MXI Government FIPS 140-2 Level 3 Validated','',7,'1:OperatingSystem:Windows,2:OperatingSystem:MacOSX,3:OperatingSystem:Linux,4:OperatingSystem:Other,5:Industry:Healthcare,7:Industry:General,8:Industry:Financial,9:Industry:Retail,10:Industry:Government,12:Industry:Enterprise,13:NumberofUsers:100-249,14:NumberofUsers:250-499,15:NumberofUsers:500-999,16:NumberofUsers:1000-4999,17:NumberofUsers:5000-9999,18:NumberofUsers:10000-24999,19:NumberofUsers:25000+,85:ITSecurity:SecureUSBStorage,76:Server:MicrosoftActiveDirectory,77:Server:WindowsDesktops/Laptops,78:Server:CAServer,79:Server:RadiusServer,80:Server:VPNServer,81:Server:ExchangeServer'),(463,1,'MXI Stealth MXP Biometric - 2GB FIPS','Stealth MXP Biometric - 2GB USB FIPS 140-2 Level 3 Self Secured Flash Drive w/ Black Plastic Case - MXI Government FIPS 140-2 Level 3 Validated ','Stealth MXP Biometric - 2GB FIPS 140-2 Level 3 - MXI Government FIPS 140-2 Level 3 Validated','',7,'1:OperatingSystem:Windows,2:OperatingSystem:MacOSX,3:OperatingSystem:Linux,4:OperatingSystem:Other,5:Industry:Healthcare,7:Industry:General,8:Industry:Financial,9:Industry:Retail,10:Industry:Government,12:Industry:Enterprise,13:NumberofUsers:100-249,14:NumberofUsers:250-499,15:NumberofUsers:500-999,16:NumberofUsers:1000-4999,17:NumberofUsers:5000-9999,18:NumberofUsers:10000-24999,19:NumberofUsers:25000+,85:ITSecurity:SecureUSBStorage,76:Server:MicrosoftActiveDirectory,77:Server:WindowsDesktops/Laptops,78:Server:CAServer,79:Server:RadiusServer,80:Server:VPNServer,81:Server:ExchangeServer'),(464,1,'MXI Stealth MXP Biometric - 1GB FIPS','Stealth MXP Biometric - 1GB USB FIPS 140-2 Level 3 Self Secured Flash Drive w/ Black Plastic Case - MXI Government FIPS 140-2 Level 3 Validated ','Stealth MXP Biometric - 1GB FIPS 140-2 Level 3 - MXI Government FIPS 140-2 Level 3 Validated','',7,'1:OperatingSystem:Windows,2:OperatingSystem:MacOSX,3:OperatingSystem:Linux,4:OperatingSystem:Other,5:Industry:Healthcare,7:Industry:General,8:Industry:Financial,9:Industry:Retail,10:Industry:Government,12:Industry:Enterprise,13:NumberofUsers:100-249,14:NumberofUsers:250-499,15:NumberofUsers:500-999,16:NumberofUsers:1000-4999,17:NumberofUsers:5000-9999,18:NumberofUsers:10000-24999,19:NumberofUsers:25000+,85:ITSecurity:SecureUSBStorage,76:Server:MicrosoftActiveDirectory,77:Server:WindowsDesktops/Laptops,78:Server:CAServer,79:Server:RadiusServer,80:Server:VPNServer,81:Server:ExchangeServer'),(465,1,'MXI Stealth MXP Biometric - 32GB FIPS','Stealth MXP Biometric - 32GB USB FIPS 140-2 Level 3 Self Secured Flash Drive w/ Metal Case - MXI Government FIPS 140-2 Level 3 Validated ','Stealth MXP Biometric - 32GB FIPS 140-2 Level 3 - MXI Government FIPS 140-2 Level 3 Validated','',7,'1:OperatingSystem:Windows,2:OperatingSystem:MacOSX,3:OperatingSystem:Linux,4:OperatingSystem:Other,5:Industry:Healthcare,7:Industry:General,8:Industry:Financial,9:Industry:Retail,10:Industry:Government,12:Industry:Enterprise,13:NumberofUsers:100-249,14:NumberofUsers:250-499,15:NumberofUsers:500-999,16:NumberofUsers:1000-4999,17:NumberofUsers:5000-9999,18:NumberofUsers:10000-24999,19:NumberofUsers:25000+,85:ITSecurity:SecureUSBStorage,76:Server:MicrosoftActiveDirectory,77:Server:WindowsDesktops/Laptops,78:Server:CAServer,79:Server:RadiusServer,80:Server:VPNServer,81:Server:ExchangeServer'),(466,1,'MXI Stealth MXP Biometric - 16GB FIPS','Stealth MXP Biometric - 16GB USB FIPS 140-2 Level 3 Self Secured Flash Drive w/ Metal Case - MXI Government FIPS 140-2 Level 3 Validated ','Stealth MXP Biometric - 16GB FIPS 140-2 Level 3 - MXI Government FIPS 140-2 Level 3 Validated','',5,'1:OperatingSystem:Windows,2:OperatingSystem:MacOSX,3:OperatingSystem:Linux,4:OperatingSystem:Other,5:Industry:Healthcare,7:Industry:General,8:Industry:Financial,9:Industry:Retail,10:Industry:Government,12:Industry:Enterprise,13:NumberofUsers:100-249,14:NumberofUsers:250-499,15:NumberofUsers:500-999,16:NumberofUsers:1000-4999,17:NumberofUsers:5000-9999,18:NumberofUsers:10000-24999,19:NumberofUsers:25000+,85:ITSecurity:SecureUSBStorage,76:Server:MicrosoftActiveDirectory,77:Server:WindowsDesktops/Laptops,78:Server:CAServer,79:Server:RadiusServer,80:Server:VPNServer,81:Server:ExchangeServer'),(467,1,'MXI Stealth MXP Biometric - 8GB FIPS','Stealth MXP Biometric - 8GB USB FIPS 140-2 Level 3 Self Secured Flash Drive  w/ Metal Case - MXI Government FIPS 140-2 Level 3 Validated ','Stealth MXP Biometric - 8GB FIPS 140-2 Level 3 - MXI Government FIPS 140-2 Level 3 Validated','',7,'1:OperatingSystem:Windows,2:OperatingSystem:MacOSX,3:OperatingSystem:Linux,4:OperatingSystem:Other,5:Industry:Healthcare,7:Industry:General,8:Industry:Financial,9:Industry:Retail,10:Industry:Government,12:Industry:Enterprise,13:NumberofUsers:100-249,14:NumberofUsers:250-499,15:NumberofUsers:500-999,16:NumberofUsers:1000-4999,17:NumberofUsers:5000-9999,18:NumberofUsers:10000-24999,19:NumberofUsers:25000+,85:ITSecurity:SecureUSBStorage,76:Server:MicrosoftActiveDirectory,77:Server:WindowsDesktops/Laptops,78:Server:CAServer,79:Server:RadiusServer,80:Server:VPNServer,81:Server:ExchangeServer'),(468,1,'MXI Stealth MXP Biometric - 4GB FIPS','Stealth MXP Biometric - 4GB USB FIPS 140-2 Level 3 Self Secured Flash Drive w/ Metal Case - MXI Government FIPS 140-2 Level 3 Validated ','Stealth MXP Biometric - 4GB FIPS 140-2 Level 3 - MXI Government FIPS 140-2 Level 3 Validated','',5,'1:OperatingSystem:Windows,2:OperatingSystem:MacOSX,3:OperatingSystem:Linux,4:OperatingSystem:Other,5:Industry:Healthcare,7:Industry:General,8:Industry:Financial,9:Industry:Retail,10:Industry:Government,12:Industry:Enterprise,13:NumberofUsers:100-249,14:NumberofUsers:250-499,15:NumberofUsers:500-999,16:NumberofUsers:1000-4999,17:NumberofUsers:5000-9999,18:NumberofUsers:10000-24999,19:NumberofUsers:25000+,85:ITSecurity:SecureUSBStorage,76:Server:MicrosoftActiveDirectory,77:Server:WindowsDesktops/Laptops,78:Server:CAServer,79:Server:RadiusServer,80:Server:VPNServer,81:Server:ExchangeServer'),(469,1,'MXI Stealth MXP Biometric - 2GB FIPS','Stealth MXP Biometric - 2GB USB FIPS 140-2 Level 3 Self Secured Flash Drive w/ Metal Case - MXI Government FIPS 140-2 Level 3 Validated ','Stealth MXP Biometric - 2GB FIPS 140-2 Level 3 - MXI Government FIPS 140-2 Level 3 Validated','',9,'1:OperatingSystem:Windows,2:OperatingSystem:MacOSX,3:OperatingSystem:Linux,4:OperatingSystem:Other,5:Industry:Healthcare,7:Industry:General,8:Industry:Financial,9:Industry:Retail,10:Industry:Government,12:Industry:Enterprise,13:NumberofUsers:100-249,14:NumberofUsers:250-499,15:NumberofUsers:500-999,16:NumberofUsers:1000-4999,17:NumberofUsers:5000-9999,18:NumberofUsers:10000-24999,19:NumberofUsers:25000+'),(470,1,'MXI Stealth M200 - 1GB - Commercial','Stealth M200 - 1GB USB Self Secured Flash Drive w/ Black Plastic Case - MXI Commercial Grade','Stealth M200 - 1GB  - MXI Commercial Grade','',12,'1:OperatingSystem:Windows,2:OperatingSystem:MacOSX,3:OperatingSystem:Linux,4:OperatingSystem:Other,5:Industry:Healthcare,7:Industry:General,8:Industry:Financial,9:Industry:Retail,10:Industry:Government,12:Industry:Enterprise,13:NumberofUsers:100-249,14:NumberofUsers:250-499,15:NumberofUsers:500-999,16:NumberofUsers:1000-4999,17:NumberofUsers:5000-9999,18:NumberofUsers:10000-24999,19:NumberofUsers:25000+,85:ITSecurity:SecureUSBStorage,76:Server:MicrosoftActiveDirectory,77:Server:WindowsDesktops/Laptops,78:Server:CAServer,79:Server:RadiusServer,80:Server:VPNServer,81:Server:ExchangeServer'),(471,1,'MXI Stealth M200- 2GB - Commercial','Stealth M200 - 2GB USB Self Secured Flash Drive w/ Black Plastic Case - MXI Commercial Grade','Stealth M200 - 2GB - MXI Commercial Grade','',11,'1:OperatingSystem:Windows,2:OperatingSystem:MacOSX,3:OperatingSystem:Linux,4:OperatingSystem:Other,5:Industry:Healthcare,7:Industry:General,8:Industry:Financial,9:Industry:Retail,10:Industry:Government,12:Industry:Enterprise,13:NumberofUsers:100-249,14:NumberofUsers:250-499,15:NumberofUsers:500-999,16:NumberofUsers:1000-4999,17:NumberofUsers:5000-9999,18:NumberofUsers:10000-24999,19:NumberofUsers:25000+,85:ITSecurity:SecureUSBStorage,76:Server:MicrosoftActiveDirectory,77:Server:WindowsDesktops/Laptops,78:Server:CAServer,79:Server:RadiusServer,80:Server:VPNServer,81:Server:ExchangeServer'),(472,1,'MXI Stealth M200- 4GB - Commercial','Stealth M200 - 4GB USB Self Secured Flash Drive w/ Black Plastic Case - MXI Commercial Grade','Stealth M200 - 4GB  - MXI Commercial Grade','',10,'1:OperatingSystem:Windows,2:OperatingSystem:MacOSX,3:OperatingSystem:Linux,4:OperatingSystem:Other,5:Industry:Healthcare,7:Industry:General,8:Industry:Financial,9:Industry:Retail,10:Industry:Government,12:Industry:Enterprise,13:NumberofUsers:100-249,14:NumberofUsers:250-499,15:NumberofUsers:500-999,16:NumberofUsers:1000-4999,17:NumberofUsers:5000-9999,18:NumberofUsers:10000-24999,19:NumberofUsers:25000+,85:ITSecurity:SecureUSBStorage,76:Server:MicrosoftActiveDirectory,77:Server:WindowsDesktops/Laptops,78:Server:CAServer,79:Server:RadiusServer,80:Server:VPNServer,81:Server:ExchangeServer'),(473,1,'MXI Stealth M200 - 8GB - Commercial','Stealth M200 - 8GB USB Self Secured Flash Drive w/ Black Plastic Case - MXI Commercial Grade','Stealth M200 - 8GB - MXI Commercial Grade','',11,'1:OperatingSystem:Windows,2:OperatingSystem:MacOSX,3:OperatingSystem:Linux,4:OperatingSystem:Other,5:Industry:Healthcare,7:Industry:General,8:Industry:Financial,9:Industry:Retail,10:Industry:Government,12:Industry:Enterprise,13:NumberofUsers:100-249,14:NumberofUsers:250-499,15:NumberofUsers:500-999,16:NumberofUsers:1000-4999,17:NumberofUsers:5000-9999,18:NumberofUsers:10000-24999,19:NumberofUsers:25000+,85:ITSecurity:SecureUSBStorage,76:Server:MicrosoftActiveDirectory,77:Server:WindowsDesktops/Laptops,78:Server:CAServer,79:Server:RadiusServer,80:Server:VPNServer,81:Server:ExchangeServer'),(474,1,'MXI Stealth M200 - 16GB - Commercial','Stealth M200 - 16GB USB Self Secured Flash Drive w/ Black Plastic Case - MXI Commercial Grade','Stealth M200 - 16GB - MXI Commercial Grade','',12,'1:OperatingSystem:Windows,2:OperatingSystem:MacOSX,3:OperatingSystem:Linux,4:OperatingSystem:Other,5:Industry:Healthcare,7:Industry:General,8:Industry:Financial,9:Industry:Retail,10:Industry:Government,12:Industry:Enterprise,13:NumberofUsers:100-249,14:NumberofUsers:250-499,15:NumberofUsers:500-999,16:NumberofUsers:1000-4999,17:NumberofUsers:5000-9999,18:NumberofUsers:10000-24999,19:NumberofUsers:25000+,85:ITSecurity:SecureUSBStorage,76:Server:MicrosoftActiveDirectory,77:Server:WindowsDesktops/Laptops,78:Server:CAServer,79:Server:RadiusServer,80:Server:VPNServer,81:Server:ExchangeServer'),(475,1,'MXI Stealth M200 - 32GB - Commercial','Stealth M200 - 32GB USB Self Secured Flash Drive w/ Black Plastic Case - MXI Commercial Grade','Stealth M200 - 32GB - MXI Commercial Grade','',9,'1:OperatingSystem:Windows,2:OperatingSystem:MacOSX,3:OperatingSystem:Linux,4:OperatingSystem:Other,5:Industry:Healthcare,7:Industry:General,8:Industry:Financial,9:Industry:Retail,10:Industry:Government,12:Industry:Enterprise,13:NumberofUsers:100-249,14:NumberofUsers:250-499,15:NumberofUsers:500-999,16:NumberofUsers:1000-4999,17:NumberofUsers:5000-9999,18:NumberofUsers:10000-24999,19:NumberofUsers:25000+,85:ITSecurity:SecureUSBStorage,76:Server:MicrosoftActiveDirectory,77:Server:WindowsDesktops/Laptops,78:Server:CAServer,79:Server:RadiusServer,80:Server:VPNServer,81:Server:ExchangeServer'),(476,1,'MXI Stealth M200 - 1GB  FIPS','Stealth M200 - 1GB USB FIPS 140-2 Level 3 Self Secured Flash Drive w Black Plastic Case - MXI Government FIPS 140-2 Level 3 Validated ','Stealth M200 - 1GB  FIPS 140-2 Level 3 - MXI Government FIPS 140-2 Level 3 Validated','',11,'1:OperatingSystem:Windows,2:OperatingSystem:MacOSX,3:OperatingSystem:Linux,4:OperatingSystem:Other,5:Industry:Healthcare,7:Industry:General,8:Industry:Financial,9:Industry:Retail,10:Industry:Government,12:Industry:Enterprise,13:NumberofUsers:100-249,14:NumberofUsers:250-499,15:NumberofUsers:500-999,16:NumberofUsers:1000-4999,17:NumberofUsers:5000-9999,18:NumberofUsers:10000-24999,19:NumberofUsers:25000+,85:ITSecurity:SecureUSBStorage,76:Server:MicrosoftActiveDirectory,77:Server:WindowsDesktops/Laptops,78:Server:CAServer,79:Server:RadiusServer,80:Server:VPNServer,81:Server:ExchangeServer'),(477,1,'MXI Stealth M500 - 1GB - Commercial','Stealth M500 - 1GB USB Self Secured Flash Drive w/ Black Plastic Case - MXI Commercial Grade','Stealth M500 - 1GB - MXI Commercial Grade','',9,'1:OperatingSystem:Windows,2:OperatingSystem:MacOSX,3:OperatingSystem:Linux,4:OperatingSystem:Other,5:Industry:Healthcare,7:Industry:General,8:Industry:Financial,9:Industry:Retail,10:Industry:Government,12:Industry:Enterprise,13:NumberofUsers:100-249,14:NumberofUsers:250-499,15:NumberofUsers:500-999,16:NumberofUsers:1000-4999,17:NumberofUsers:5000-9999,18:NumberofUsers:10000-24999,19:NumberofUsers:25000+,85:ITSecurity:SecureUSBStorage,76:Server:MicrosoftActiveDirectory,77:Server:WindowsDesktops/Laptops,78:Server:CAServer,79:Server:RadiusServer,80:Server:VPNServer,81:Server:ExchangeServer'),(478,1,'MXI Stealth M500 - 2GB - Commercial','Stealth M500 - 2GB USB Self Secured Flash Drive w/ Black Plastic Case - MXI Commercial Grade','Stealth M500 - 2GB - MXI Commercial Grade','',8,'1:OperatingSystem:Windows,2:OperatingSystem:MacOSX,3:OperatingSystem:Linux,4:OperatingSystem:Other,5:Industry:Healthcare,7:Industry:General,8:Industry:Financial,9:Industry:Retail,10:Industry:Government,12:Industry:Enterprise,13:NumberofUsers:100-249,14:NumberofUsers:250-499,15:NumberofUsers:500-999,16:NumberofUsers:1000-4999,17:NumberofUsers:5000-9999,18:NumberofUsers:10000-24999,19:NumberofUsers:25000+,85:ITSecurity:SecureUSBStorage,76:Server:MicrosoftActiveDirectory,77:Server:WindowsDesktops/Laptops,78:Server:CAServer,79:Server:RadiusServer,80:Server:VPNServer,81:Server:ExchangeServer'),(515,1,'MXI Stealth M500 - 1GB (20 Unit BULK Pack)','Stealth M500 - 1GB USB Self Secured Flash Drive w/ Black Plastic Case (20 Unit BULK Pack) - MXI Commercial Grade','Stealth M500 - 1GB (20 Unit BULK Pack) - MXI Commercial Grade','',9,'1:OperatingSystem:Windows,2:OperatingSystem:MacOSX,3:OperatingSystem:Linux,4:OperatingSystem:Other,5:Industry:Healthcare,7:Industry:General,8:Industry:Financial,9:Industry:Retail,10:Industry:Government,12:Industry:Enterprise,13:NumberofUsers:100-249,14:NumberofUsers:250-499,15:NumberofUsers:500-999,16:NumberofUsers:1000-4999,17:NumberofUsers:5000-9999,18:NumberofUsers:10000-24999,19:NumberofUsers:25000+,85:ITSecurity:SecureUSBStorage,76:Server:MicrosoftActiveDirectory,77:Server:WindowsDesktops/Laptops,78:Server:CAServer,79:Server:RadiusServer,80:Server:VPNServer,81:Server:ExchangeServer'),(480,1,'MXI Stealth M500 - 4GB - Commercial','Stealth M500 - 4GB USB Self Secured Flash Drive w/ Black Plastic Case - MXI Commercial Grade','Stealth M500 - 4GB  - MXI Commercial Grade','',9,'1:OperatingSystem:Windows,2:OperatingSystem:MacOSX,3:OperatingSystem:Linux,4:OperatingSystem:Other,5:Industry:Healthcare,7:Industry:General,8:Industry:Financial,9:Industry:Retail,10:Industry:Government,12:Industry:Enterprise,13:NumberofUsers:100-249,14:NumberofUsers:250-499,15:NumberofUsers:500-999,16:NumberofUsers:1000-4999,17:NumberofUsers:5000-9999,18:NumberofUsers:10000-24999,19:NumberofUsers:25000+,85:ITSecurity:SecureUSBStorage,76:Server:MicrosoftActiveDirectory,77:Server:WindowsDesktops/Laptops,78:Server:CAServer,79:Server:RadiusServer,80:Server:VPNServer,81:Server:ExchangeServer'),(481,1,'MXI Stealth M500 - 8GB - Commercial','Stealth M500 - 8GB USB Self Secured Flash Drive w/ Black Plastic Case - MXI Commercial Grade','Stealth M500 - 8GB - MXI Commercial Grade','',8,'1:OperatingSystem:Windows,2:OperatingSystem:MacOSX,3:OperatingSystem:Linux,4:OperatingSystem:Other,5:Industry:Healthcare,7:Industry:General,8:Industry:Financial,9:Industry:Retail,10:Industry:Government,12:Industry:Enterprise,13:NumberofUsers:100-249,14:NumberofUsers:250-499,15:NumberofUsers:500-999,16:NumberofUsers:1000-4999,17:NumberofUsers:5000-9999,18:NumberofUsers:10000-24999,19:NumberofUsers:25000+,85:ITSecurity:SecureUSBStorage,76:Server:MicrosoftActiveDirectory,77:Server:WindowsDesktops/Laptops,78:Server:CAServer,79:Server:RadiusServer,80:Server:VPNServer,81:Server:ExchangeServer'),