-- Table structure for table `BlockRelations`
--

CREATE TABLE `BlockRelations` (
  `brID` int(10) unsigned NOT NULL AUTO_INCREMENT,
  `bID` int(10) unsigned NOT NULL DEFAULT '0',
  `originalBID` int(10) unsigned NOT NULL DEFAULT '0',
  `relationType` varchar(50) NOT NULL,
  PRIMARY KEY (`brID`)
) ENGINE=MyISAM AUTO_INCREMENT=740 DEFAULT CHARSET=latin1;

--
-- Dumping data for table `BlockRelations`
--

INSERT INTO `BlockRelations` VALUES (1,3,2,'DUPLICATE'),(2,4,3,'DUPLICATE'),(3,5,4,'DUPLICATE'),(4,8,6,'DUPLICATE'),(5,9,7,'DUPLICATE'),(6,10,9,'DUPLICATE'),(7,13,1,'DUPLICATE'),(8,16,10,'DUPLICATE'),(9,17,12,'DUPLICATE'),(10,21,20,'DUPLICATE'),(11,33,32,'DUPLICATE'),(12,34,33,'DUPLICATE'),(13,35,34,'DUPLICATE'),(14,36,35,'DUPLICATE'),(15,37,36,'DUPLICATE'),(16,40,39,'DUPLICATE'),(17,45,44,'DUPLICATE'),(18,46,45,'DUPLICATE'),(19,48,46,'DUPLICATE'),(20,51,48,'DUPLICATE'),(21,61,60,'DUPLICATE'),(22,108,107,'DUPLICATE'),(23,115,114,'DUPLICATE'),(24,121,120,'DUPLICATE'),(25,122,121,'DUPLICATE'),(26,123,122,'DUPLICATE'),(27,124,123,'DUPLICATE'),(28,127,126,'DUPLICATE'),(29,128,124,'DUPLICATE'),(30,144,143,'DUPLICATE'),(31,145,143,'DUPLICATE'),(32,146,143,'DUPLICATE'),(33,147,143,'DUPLICATE'),(34,148,143,'DUPLICATE'),(35,149,143,'DUPLICATE'),(36,150,143,'DUPLICATE'),(37,151,143,'DUPLICATE'),(38,175,58,'DUPLICATE'),(39,176,175,'DUPLICATE'),(40,177,176,'DUPLICATE'),(41,178,75,'DUPLICATE'),(42,179,83,'DUPLICATE'),(43,180,179,'DUPLICATE'),(44,183,182,'DUPLICATE'),(45,184,15,'DUPLICATE'),(46,185,184,'DUPLICATE'),(47,186,185,'DUPLICATE'),(48,187,23,'DUPLICATE'),(49,188,26,'DUPLICATE'),(50,189,29,'DUPLICATE'),(51,190,37,'DUPLICATE'),(52,191,190,'DUPLICATE'),(53,192,191,'DUPLICATE'),(54,193,40,'DUPLICATE'),(55,194,193,'DUPLICATE'),(56,195,42,'DUPLICATE'),(57,196,51,'DUPLICATE'),(58,197,50,'DUPLICATE'),(59,198,54,'DUPLICATE'),(60,199,61,'DUPLICATE'),(61,200,56,'DUPLICATE'),(62,201,200,'DUPLICATE'),(63,202,199,'DUPLICATE'),(64,203,63,'DUPLICATE'),(65,204,65,'DUPLICATE'),(66,205,67,'DUPLICATE'),(67,206,69,'DUPLICATE'),(68,207,71,'DUPLICATE'),(69,208,73,'DUPLICATE'),(70,211,210,'DUPLICATE'),(71,212,211,'DUPLICATE'),(72,213,212,'DUPLICATE'),(73,214,177,'DUPLICATE'),(74,215,77,'DUPLICATE'),(75,216,79,'DUPLICATE'),(76,217,81,'DUPLICATE'),(77,218,85,'DUPLICATE'),(78,219,87,'DUPLICATE'),(79,220,89,'DUPLICATE'),(80,221,91,'DUPLICATE'),(81,222,93,'DUPLICATE'),(82,223,95,'DUPLICATE'),(83,224,102,'DUPLICATE'),(84,225,115,'DUPLICATE'),(85,228,227,'DUPLICATE'),(86,229,228,'DUPLICATE'),(87,232,231,'DUPLICATE'),(88,236,235,'DUPLICATE'),(89,237,236,'DUPLICATE'),(90,238,237,'DUPLICATE'),(91,239,238,'DUPLICATE'),(92,240,239,'DUPLICATE'),(93,241,240,'DUPLICATE'),(94,242,241,'DUPLICATE'),(95,244,202,'DUPLICATE'),(96,245,203,'DUPLICATE'),(97,246,204,'DUPLICATE'),(98,247,205,'DUPLICATE'),(99,248,206,'DUPLICATE'),(100,249,207,'DUPLICATE'),(101,250,213,'DUPLICATE'),(102,251,208,'DUPLICATE'),(103,252,215,'DUPLICATE'),(104,253,216,'DUPLICATE'),(105,254,217,'DUPLICATE'),(106,255,218,'DUPLICATE'),(107,256,219,'DUPLICATE'),(108,257,220,'DUPLICATE'),(109,258,221,'DUPLICATE'),(110,259,222,'DUPLICATE'),(111,260,223,'DUPLICATE'),(112,262,242,'DUPLICATE'),(113,264,171,'DUPLICATE'),(114,265,172,'DUPLICATE'),(115,266,263,'DUPLICATE'),(116,267,263,'DUPLICATE'),(117,268,173,'DUPLICATE'),(118,269,263,'DUPLICATE'),(119,270,174,'DUPLICATE'),(120,273,178,'DUPLICATE'),(121,274,262,'DUPLICATE'),(122,275,274,'DUPLICATE'),(123,276,263,'DUPLICATE'),(124,277,276,'DUPLICATE'),(125,278,276,'DUPLICATE'),(126,279,276,'DUPLICATE'),(127,282,281,'DUPLICATE'),(128,283,276,'DUPLICATE'),(129,284,282,'DUPLICATE'),(130,285,284,'DUPLICATE'),(131,286,244,'DUPLICATE'),(132,287,245,'DUPLICATE'),(133,288,246,'DUPLICATE'),(134,289,247,'DUPLICATE'),(135,290,248,'DUPLICATE'),(136,291,249,'DUPLICATE'),(137,292,250,'DUPLICATE'),(138,293,251,'DUPLICATE'),(139,294,252,'DUPLICATE'),(140,295,253,'DUPLICATE'),(141,296,254,'DUPLICATE'),(142,297,271,'DUPLICATE'),(143,298,255,'DUPLICATE'),(144,299,256,'DUPLICATE'),(145,300,257,'DUPLICATE'),(146,301,258,'DUPLICATE'),(147,302,259,'DUPLICATE'),(148,303,260,'DUPLICATE'),(149,304,297,'DUPLICATE'),(150,305,275,'DUPLICATE'),(151,306,304,'DUPLICATE'),(152,307,110,'DUPLICATE'),(153,308,307,'DUPLICATE'),(154,309,305,'DUPLICATE'),(155,310,309,'DUPLICATE'),(156,311,310,'DUPLICATE'),(157,312,293,'DUPLICATE'),(158,313,303,'DUPLICATE'),(159,314,311,'DUPLICATE'),(160,315,306,'DUPLICATE'),(161,316,273,'DUPLICATE'),(162,318,316,'DUPLICATE'),(163,320,312,'DUPLICATE'),(164,321,320,'DUPLICATE'),(165,323,312,'DUPLICATE'),(166,324,214,'DUPLICATE'),(167,325,225,'DUPLICATE'),(168,326,315,'DUPLICATE'),(169,327,314,'DUPLICATE'),(170,337,335,'DUPLICATE'),(171,338,334,'DUPLICATE'),(172,349,337,'DUPLICATE'),(173,350,348,'DUPLICATE'),(174,351,343,'DUPLICATE'),(175,352,344,'DUPLICATE'),(176,353,345,'DUPLICATE'),(177,354,346,'DUPLICATE'),(178,355,347,'DUPLICATE'),(179,356,350,'DUPLICATE'),(180,357,356,'DUPLICATE'),(181,358,351,'DUPLICATE'),(182,359,358,'DUPLICATE'),(183,360,352,'DUPLICATE'),(184,361,353,'DUPLICATE'),(185,362,354,'DUPLICATE'),(186,363,355,'DUPLICATE'),(187,364,357,'DUPLICATE'),(188,365,364,'DUPLICATE'),(189,366,359,'DUPLICATE'),(190,367,360,'DUPLICATE'),(191,368,361,'DUPLICATE'),(192,369,362,'DUPLICATE'),(193,370,363,'DUPLICATE'),(194,372,326,'DUPLICATE'),(195,373,194,'DUPLICATE'),(196,376,368,'DUPLICATE'),(197,377,367,'DUPLICATE'),(198,378,371,'DUPLICATE'),(199,379,375,'DUPLICATE'),(200,381,374,'DUPLICATE'),(201,391,380,'DUPLICATE'),(202,392,389,'DUPLICATE'),(203,393,391,'DUPLICATE'),(204,394,392,'DUPLICATE'),(205,395,349,'DUPLICATE'),(206,396,395,'DUPLICATE'),(207,398,112,'DUPLICATE'),(208,399,97,'DUPLICATE'),(209,401,400,'DUPLICATE'),(210,402,195,'DUPLICATE'),(211,403,323,'DUPLICATE'),(212,406,128,'DUPLICATE'),(213,407,401,'DUPLICATE'),(214,409,407,'DUPLICATE'),(215,410,409,'DUPLICATE'),(216,412,411,'DUPLICATE'),(217,413,408,'DUPLICATE'),(218,414,412,'DUPLICATE'),(219,417,410,'DUPLICATE'),(220,419,312,'DUPLICATE'),(221,420,296,'DUPLICATE'),(222,421,419,'DUPLICATE'),(223,422,294,'DUPLICATE'),(224,423,417,'DUPLICATE'),(225,426,372,'DUPLICATE'),(226,427,292,'DUPLICATE'),(227,428,301,'DUPLICATE'),(228,429,327,'DUPLICATE'),(229,430,287,'DUPLICATE'),(230,431,423,'DUPLICATE'),(231,432,429,'DUPLICATE'),(232,433,426,'DUPLICATE'),(233,434,431,'DUPLICATE'),(234,435,434,'DUPLICATE'),(235,436,435,'DUPLICATE'),(236,437,436,'DUPLICATE'),(237,452,399,'DUPLICATE'),(238,453,452,'DUPLICATE'),(239,454,437,'DUPLICATE'),(240,455,454,'DUPLICATE'),(241,456,432,'DUPLICATE'),(242,457,456,'DUPLICATE'),(243,459,458,'DUPLICATE'),(244,460,459,'DUPLICATE'),(245,461,460,'DUPLICATE'),(246,462,461,'DUPLICATE'),(247,463,462,'DUPLICATE'),(248,464,463,'DUPLICATE'),(249,465,464,'DUPLICATE'),(250,466,465,'DUPLICATE'),(251,469,321,'DUPLICATE'),(252,470,455,'DUPLICATE'),(253,471,466,'DUPLICATE'),(254,472,308,'DUPLICATE'),(255,473,471,'DUPLICATE'),(256,480,469,'DUPLICATE'),(257,481,480,'DUPLICATE'),(258,482,403,'DUPLICATE'),(259,483,482,'DUPLICATE'),(260,484,180,'DUPLICATE'),(261,485,484,'DUPLICATE'),(262,486,485,'DUPLICATE'),(263,491,488,'DUPLICATE'),(264,492,470,'DUPLICATE'),(265,493,492,'DUPLICATE'),(266,494,286,'DUPLICATE'),(267,495,196,'DUPLICATE'),(268,496,495,'DUPLICATE'),(269,497,496,'DUPLICATE'),(270,498,428,'DUPLICATE'),(271,499,427,'DUPLICATE'),(272,500,490,'DUPLICATE'),(273,501,491,'DUPLICATE'),(274,502,481,'DUPLICATE'),(275,503,502,'DUPLICATE'),(276,504,503,'DUPLICATE'),(277,505,422,'DUPLICATE'),(278,506,494,'DUPLICATE'),(279,507,483,'DUPLICATE'),(280,508,507,'DUPLICATE'),(281,509,508,'DUPLICATE'),(282,510,509,'DUPLICATE'),(283,511,510,'DUPLICATE'),(284,512,511,'DUPLICATE'),(285,521,290,'DUPLICATE'),(286,522,521,'DUPLICATE'),(287,523,493,'DUPLICATE'),(288,524,523,'DUPLICATE'),(289,525,524,'DUPLICATE'),(290,526,473,'DUPLICATE'),(291,527,526,'DUPLICATE'),(292,528,288,'DUPLICATE'),(293,534,506,'DUPLICATE'),(294,535,528,'DUPLICATE'),(295,537,312,'DUPLICATE'),(296,538,318,'DUPLICATE'),(297,540,312,'DUPLICATE'),(298,541,537,'DUPLICATE'),(299,542,273,'DUPLICATE'),(300,543,542,'DUPLICATE'),(301,544,543,'DUPLICATE'),(302,545,544,'DUPLICATE'),(303,546,541,'DUPLICATE'),(304,547,540,'DUPLICATE'),(305,548,527,'DUPLICATE'),(306,549,548,'DUPLICATE'),(307,550,549,'DUPLICATE'),(308,551,550,'DUPLICATE'),(309,552,551,'DUPLICATE'),(310,565,552,'DUPLICATE'),(311,566,525,'DUPLICATE'),(312,567,565,'DUPLICATE'),(313,568,534,'DUPLICATE'),(314,569,568,'DUPLICATE'),(315,570,116,'DUPLICATE'),(316,571,116,'DUPLICATE'),(317,572,546,'DUPLICATE'),(318,573,566,'DUPLICATE'),(319,574,573,'DUPLICATE'),(320,575,574,'DUPLICATE'),(321,580,575,'DUPLICATE'),(322,581,580,'DUPLICATE'),(323,582,501,'DUPLICATE'),(324,583,498,'DUPLICATE'),(325,584,581,'DUPLICATE'),(326,585,567,'DUPLICATE'),(327,586,421,'DUPLICATE'),(328,587,582,'DUPLICATE'),(329,588,584,'DUPLICATE'),(330,589,500,'DUPLICATE'),(331,590,512,'DUPLICATE'),(332,599,298,'DUPLICATE'),(334,601,589,'DUPLICATE'),(335,602,601,'DUPLICATE'),(336,603,590,'DUPLICATE'),(337,604,504,'DUPLICATE'),(338,605,583,'DUPLICATE'),(339,606,302,'DUPLICATE'),(340,607,313,'DUPLICATE'),(341,608,433,'DUPLICATE'),(342,609,291,'DUPLICATE'),(343,610,586,'DUPLICATE'),(344,611,610,'DUPLICATE'),(345,612,608,'DUPLICATE'),(346,613,585,'DUPLICATE'),(347,614,613,'DUPLICATE'),(348,615,572,'DUPLICATE'),(349,616,614,'DUPLICATE'),(350,617,587,'DUPLICATE'),(351,618,616,'DUPLICATE'),(352,619,618,'DUPLICATE'),(353,620,472,'DUPLICATE'),(354,621,617,'DUPLICATE'),(355,622,602,'DUPLICATE'),(356,623,622,'DUPLICATE'),(357,628,626,'DUPLICATE'),(358,629,545,'DUPLICATE'),(359,632,486,'DUPLICATE'),(360,635,538,'DUPLICATE'),(361,636,619,'DUPLICATE'),(362,637,603,'DUPLICATE'),(363,638,620,'DUPLICATE'),(364,639,636,'DUPLICATE'),(365,640,623,'DUPLICATE'),(366,641,637,'DUPLICATE'),(367,642,638,'DUPLICATE'),(368,643,615,'DUPLICATE'),(369,644,639,'DUPLICATE'),(370,645,605,'DUPLICATE'),(371,646,547,'DUPLICATE'),(372,647,104,'DUPLICATE'),(373,648,224,'DUPLICATE'),(374,656,612,'DUPLICATE'),(375,657,644,'DUPLICATE'),(376,658,657,'DUPLICATE'),(377,659,656,'DUPLICATE'),(378,660,646,'DUPLICATE'),(379,661,633,'DUPLICATE'),(380,662,588,'DUPLICATE'),(381,663,658,'DUPLICATE'),(382,664,660,'DUPLICATE'),(383,665,621,'DUPLICATE'),(384,666,661,'DUPLICATE'),(385,667,666,'DUPLICATE'),(386,668,667,'DUPLICATE'),(387,669,643,'DUPLICATE'),(388,670,663,'DUPLICATE'),(389,671,668,'DUPLICATE'),(390,672,671,'DUPLICATE'),(391,673,99,'DUPLICATE'),(392,674,669,'DUPLICATE'),(393,675,186,'DUPLICATE'),(394,676,198,'DUPLICATE'),(395,677,453,'DUPLICATE'),(396,678,674,'DUPLICATE'),(397,679,678,'DUPLICATE'),(398,680,604,'DUPLICATE'),(399,681,569,'DUPLICATE'),(400,682,681,'DUPLICATE'),(401,684,664,'DUPLICATE'),(402,685,679,'DUPLICATE'),(403,686,685,'DUPLICATE'),(404,687,684,'DUPLICATE'),(405,688,687,'DUPLICATE'),(406,689,688,'DUPLICATE'),(407,690,689,'DUPLICATE'),(408,691,690,'DUPLICATE'),(409,692,691,'DUPLICATE'),(410,693,692,'DUPLICATE'),(411,694,673,'DUPLICATE'),(412,695,662,'DUPLICATE'),(414,697,694,'DUPLICATE'),(415,698,672,'DUPLICATE'),(416,703,670,'DUPLICATE'),(417,704,703,'DUPLICATE'),(418,705,697,'DUPLICATE'),(419,706,695,'DUPLICATE'),(420,710,642,'DUPLICATE'),(421,711,710,'DUPLICATE'),(422,712,711,'DUPLICATE'),(423,713,682,'DUPLICATE'),(424,714,289,'DUPLICATE'),(425,715,698,'DUPLICATE'),(426,716,693,'DUPLICATE'),(427,717,505,'DUPLICATE'),(428,718,299,'DUPLICATE'),(429,720,686,'DUPLICATE'),(430,722,704,'DUPLICATE'),(431,723,722,'DUPLICATE'),(432,724,723,'DUPLICATE'),(433,727,715,'DUPLICATE'),(434,728,724,'DUPLICATE'),(435,730,729,'DUPLICATE'),(436,733,680,'DUPLICATE'),(437,734,731,'DUPLICATE'),(438,735,734,'DUPLICATE'),(439,737,736,'DUPLICATE'),(440,739,720,'DUPLICATE'),(441,740,727,'DUPLICATE'),(442,742,739,'DUPLICATE'),(443,743,728,'DUPLICATE'),(444,744,712,'DUPLICATE'),(445,745,742,'DUPLICATE'),(446,746,740,'DUPLICATE'),(447,747,641,'DUPLICATE'),(448,748,714,'DUPLICATE'),(449,749,659,'DUPLICATE'),(450,750,749,'DUPLICATE'),(451,751,295,'DUPLICATE'),(452,752,750,'DUPLICATE'),(453,753,747,'DUPLICATE'),(454,754,743,'DUPLICATE'),(455,755,645,'DUPLICATE'),(456,756,755,'DUPLICATE'),(457,757,706,'DUPLICATE'),(458,758,757,'DUPLICATE'),(459,759,733,'DUPLICATE'),(460,760,754,'DUPLICATE'),(461,761,758,'DUPLICATE'),(462,762,192,'DUPLICATE'),(463,763,756,'DUPLICATE'),(465,765,759,'DUPLICATE'),(466,766,675,'DUPLICATE'),(467,767,713,'DUPLICATE'),(468,768,535,'DUPLICATE'),(469,769,748,'DUPLICATE'),(470,770,767,'DUPLICATE'),(471,771,370,'DUPLICATE'),(473,777,635,'DUPLICATE'),(474,779,760,'DUPLICATE'),(475,780,779,'DUPLICATE'),(476,781,770,'DUPLICATE'),(477,782,769,'DUPLICATE'),(478,793,784,'DUPLICATE'),(479,795,793,'DUPLICATE'),(480,798,797,'DUPLICATE'),(481,800,799,'DUPLICATE'),(482,801,761,'DUPLICATE'),(484,805,804,'DUPLICATE'),(485,806,805,'DUPLICATE'),(486,807,806,'DUPLICATE'),(487,808,716,'DUPLICATE'),(488,809,628,'DUPLICATE'),(489,810,780,'DUPLICATE'),(490,811,810,'DUPLICATE'),(491,812,811,'DUPLICATE'),(492,813,812,'DUPLICATE'),(493,814,813,'DUPLICATE'),(494,815,705,'DUPLICATE'),(495,816,630,'DUPLICATE'),(496,817,765,'DUPLICATE'),(497,818,373,'DUPLICATE'),(498,819,744,'DUPLICATE'),(499,820,753,'DUPLICATE'),(500,821,781,'DUPLICATE'),(501,822,522,'DUPLICATE'),(502,823,745,'DUPLICATE'),(503,824,823,'DUPLICATE'),(504,825,821,'DUPLICATE'),(505,826,820,'DUPLICATE'),(507,828,822,'DUPLICATE'),(510,855,826,'DUPLICATE'),(511,856,825,'DUPLICATE'),(512,857,828,'DUPLICATE'),(513,858,816,'DUPLICATE'),(514,862,860,'DUPLICATE'),(515,863,801,'DUPLICATE'),(516,864,858,'DUPLICATE'),(517,865,864,'DUPLICATE'),(518,866,808,'DUPLICATE'),(519,867,778,'DUPLICATE'),(520,870,285,'DUPLICATE'),(521,871,197,'DUPLICATE'),(522,872,865,'DUPLICATE'),(523,873,867,'DUPLICATE'),(524,874,809,'DUPLICATE'),(525,875,872,'DUPLICATE'),(526,876,871,'DUPLICATE'),(527,877,863,'DUPLICATE'),(528,878,874,'DUPLICATE'),(529,879,876,'DUPLICATE'),(530,880,814,'DUPLICATE'),(531,881,875,'DUPLICATE'),(532,886,817,'DUPLICATE'),(533,887,881,'DUPLICATE'),(534,888,878,'DUPLICATE'),(535,889,324,'DUPLICATE'),(536,890,888,'DUPLICATE'),(537,891,886,'DUPLICATE'),(538,892,735,'DUPLICATE'),(539,893,877,'DUPLICATE'),(540,895,855,'DUPLICATE'),(541,896,856,'DUPLICATE'),(542,897,430,'DUPLICATE'),(543,898,768,'DUPLICATE'),(544,899,782,'DUPLICATE'),(545,900,499,'DUPLICATE'),(546,901,857,'DUPLICATE'),(547,902,609,'DUPLICATE'),(548,903,611,'DUPLICATE'),(549,904,873,'DUPLICATE'),(550,905,824,'DUPLICATE'),(551,906,746,'DUPLICATE'),(552,907,680,'DUPLICATE'),(553,908,866,'DUPLICATE'),(554,909,717,'DUPLICATE'),(555,910,890,'DUPLICATE'),(556,911,751,'DUPLICATE'),(557,912,420,'DUPLICATE'),(558,913,891,'DUPLICATE'),(559,914,599,'DUPLICATE'),(560,915,887,'DUPLICATE'),(561,916,665,'DUPLICATE'),(562,917,718,'DUPLICATE'),(563,918,300,'DUPLICATE'),(564,919,763,'DUPLICATE'),(565,920,606,'DUPLICATE'),(566,921,640,'DUPLICATE'),(567,922,607,'DUPLICATE'),(568,923,902,'DUPLICATE'),(569,924,677,'DUPLICATE'),(570,925,913,'DUPLICATE'),(571,927,903,'DUPLICATE'),(572,928,927,'DUPLICATE'),(573,929,925,'DUPLICATE'),(574,930,752,'DUPLICATE'),(575,931,905,'DUPLICATE'),(576,932,931,'DUPLICATE'),(577,933,928,'DUPLICATE'),(578,934,933,'DUPLICATE'),(579,935,880,'DUPLICATE'),(580,936,934,'DUPLICATE'),(581,937,929,'DUPLICATE'),(582,938,904,'DUPLICATE'),(583,939,938,'DUPLICATE'),(584,940,937,'DUPLICATE'),(585,941,915,'DUPLICATE'),(586,954,930,'DUPLICATE'),(587,955,935,'DUPLICATE'),(588,956,954,'DUPLICATE'),(589,957,955,'DUPLICATE'),(590,958,939,'DUPLICATE'),(591,959,958,'DUPLICATE'),(592,960,959,'DUPLICATE'),(593,965,936,'DUPLICATE'),(594,966,960,'DUPLICATE'),(595,967,932,'DUPLICATE'),(596,968,906,'DUPLICATE'),(597,969,907,'DUPLICATE'),(598,970,893,'DUPLICATE'),(599,972,971,'DUPLICATE'),(600,973,972,'DUPLICATE'),(601,974,973,'DUPLICATE'),(602,975,974,'DUPLICATE'),(603,976,957,'DUPLICATE'),(604,977,116,'DUPLICATE'),(605,981,980,'DUPLICATE'),(606,984,983,'DUPLICATE'),(607,986,976,'DUPLICATE'),(608,987,986,'DUPLICATE'),(609,988,987,'DUPLICATE'),(610,989,988,'DUPLICATE'),(611,990,989,'DUPLICATE'),(612,991,990,'DUPLICATE'),(613,998,970,'DUPLICATE'),(614,1012,899,'DUPLICATE'),(615,1013,991,'DUPLICATE'),(616,1015,998,'DUPLICATE'),(617,1016,1013,'DUPLICATE'),(618,1027,911,'DUPLICATE'),(619,1028,908,'DUPLICATE'),(620,1029,1016,'DUPLICATE'),(621,1033,984,'DUPLICATE'),(623,1039,1033,'DUPLICATE'),(624,1040,981,'DUPLICATE'),(625,1041,919,'DUPLICATE'),(626,1044,1043,'DUPLICATE'),(627,1045,1015,'DUPLICATE'),(628,1046,1029,'DUPLICATE'),(629,1047,967,'DUPLICATE'),(630,1048,1047,'DUPLICATE'),(631,1049,1046,'DUPLICATE'),(640,1070,1069,'DUPLICATE'),(633,1053,1045,'DUPLICATE'),(634,1054,1053,'DUPLICATE'),(636,1065,1054,'DUPLICATE'),(637,1066,909,'DUPLICATE'),(638,1067,1049,'DUPLICATE'),(639,1069,1068,'DUPLICATE'),(641,1071,1044,'DUPLICATE'),(642,1072,1070,'DUPLICATE'),(643,1073,1072,'DUPLICATE'),(644,1074,1073,'DUPLICATE'),(645,1078,818,'DUPLICATE'),(646,1079,1065,'DUPLICATE'),(647,1080,1067,'DUPLICATE'),(648,1081,1079,'DUPLICATE'),(649,1082,924,'DUPLICATE'),(650,1083,1039,'DUPLICATE'),(651,1084,1040,'DUPLICATE'),(652,1085,1081,'DUPLICATE'),(653,1086,1074,'DUPLICATE'),(654,1087,1085,'DUPLICATE'),(655,1088,1087,'DUPLICATE'),(656,1089,1088,'DUPLICATE'),(657,1090,1080,'DUPLICATE'),(658,1091,921,'DUPLICATE'),(659,1092,1089,'DUPLICATE'),(660,1093,1092,'DUPLICATE'),(661,1094,910,'DUPLICATE'),(662,1095,898,'DUPLICATE'),(663,1096,897,'DUPLICATE'),(664,1104,1090,'DUPLICATE'),(665,1105,497,'DUPLICATE'),(666,1107,680,'DUPLICATE'),(667,1108,777,'DUPLICATE'),(668,1109,895,'DUPLICATE'),(669,1110,1095,'DUPLICATE'),(670,1111,1107,'DUPLICATE'),(671,1112,1028,'DUPLICATE'),(672,1113,1104,'DUPLICATE'),(673,1114,1093,'DUPLICATE'),(674,1115,1111,'DUPLICATE'),(675,1116,1066,'DUPLICATE'),(676,1117,1114,'DUPLICATE'),(677,1118,1113,'DUPLICATE'),(678,1119,1118,'DUPLICATE'),(679,1120,1119,'DUPLICATE'),(680,1121,1120,'DUPLICATE'),(681,1122,1121,'DUPLICATE'),(682,1123,966,'DUPLICATE'),(683,1124,1123,'DUPLICATE'),(684,1125,1122,'DUPLICATE'),(685,1126,969,'DUPLICATE'),(686,1127,1125,'DUPLICATE'),(687,1128,1117,'DUPLICATE'),(688,1129,1128,'DUPLICATE'),(689,1130,1096,'DUPLICATE'),(690,1131,1116,'DUPLICATE'),(691,1132,1115,'DUPLICATE'),(692,1133,1127,'DUPLICATE'),(693,1134,632,'DUPLICATE'),(694,1136,680,'DUPLICATE'),(695,1137,1133,'DUPLICATE'),(696,1138,1132,'DUPLICATE'),(697,1142,896,'DUPLICATE'),(698,1143,1130,'DUPLICATE'),(699,1144,1137,'DUPLICATE'),(700,1145,1131,'DUPLICATE'),(701,1146,1144,'DUPLICATE'),(702,1147,1138,'DUPLICATE'),(703,1148,1129,'DUPLICATE'),(704,1149,1142,'DUPLICATE'),(705,1150,1136,'DUPLICATE'),(706,1151,918,'DUPLICATE'),(707,1152,968,'DUPLICATE'),(708,1153,1150,'DUPLICATE'),(709,1154,1146,'DUPLICATE'),(710,1155,1154,'DUPLICATE'),(711,1156,1155,'DUPLICATE'),(712,1157,1148,'DUPLICATE'),(713,1159,1126,'DUPLICATE'),(714,1160,1156,'DUPLICATE'),(715,1161,1153,'DUPLICATE'),(716,1162,1161,'DUPLICATE'),(717,1163,1162,'DUPLICATE'),(718,1168,1165,'DUPLICATE'),(719,1170,680,'DUPLICATE'),(720,1171,1167,'DUPLICATE'),(721,1173,680,'DUPLICATE'),(722,1174,201,'DUPLICATE'),(723,1175,1157,'DUPLICATE'),(724,1176,1175,'DUPLICATE'),(725,1177,1176,'DUPLICATE'),(726,1178,1082,'DUPLICATE'),(727,1179,1170,'DUPLICATE'),(728,1180,1173,'DUPLICATE'),(729,1181,1163,'DUPLICATE'),(730,1182,1160,'DUPLICATE'),(731,1183,1124,'DUPLICATE'),(732,1184,1183,'DUPLICATE'),(733,1185,1147,'DUPLICATE'),(734,1186,1048,'DUPLICATE'),(735,1187,1152,'DUPLICATE'),(736,1188,1186,'DUPLICATE'),(737,1189,1182,'DUPLICATE'),(738,1194,1189,'DUPLICATE'),(739,1195,1180,'DUPLICATE');

--
-- Table structure for table `BlockTypes`
--

CREATE TABLE `BlockTypes` (
  `btID` int(10) unsigned NOT NULL AUTO_INCREMENT,
  `btHandle` varchar(32) NOT NULL,
  `btName` varchar(128) NOT NULL,
  `btDescription` text,
  `btActiveWhenAdded` tinyint(1) NOT NULL DEFAULT '1',
  `btCopyWhenPropagate` tinyint(1) NOT NULL DEFAULT '0',
  `btIncludeAll` tinyint(1) NOT NULL DEFAULT '0',
  `btIsInternal` tinyint(1) NOT NULL DEFAULT '0',
  `btInterfaceWidth` int(10) unsigned NOT NULL DEFAULT '400',
  `btInterfaceHeight` int(10) unsigned NOT NULL DEFAULT '400',
  `pkgID` int(10) unsigned NOT NULL DEFAULT '0',
  PRIMARY KEY (`btID`),
  UNIQUE KEY `btHandle` (`btHandle`)
) ENGINE=MyISAM AUTO_INCREMENT=31 DEFAULT CHARSET=latin1;

--
-- Dumping data for table `BlockTypes`
--

INSERT INTO `BlockTypes` VALUES (1,'content','Content','HTML/WYSIWYG Editor Content.',1,0,0,0,600,400,0),(2,'html','HTML','For adding HTML by hand.',1,0,0,0,600,465,0),(3,'autonav','Auto-Nav','Creates navigation trees and sitemaps.',1,0,0,0,500,350,0),(4,'external_form','External Form','Include external forms in the filesystem and place them on pages.',1,0,0,0,300,200,0),(5,'form','Form','Build simple forms and surveys.',1,0,0,0,420,430,0),(6,'page_list','Page List','List pages based on type, area.',1,0,0,0,500,350,0),(7,'file','File','Link to files stored in the asset library.',1,0,0,0,300,250,0),(8,'image','Image','Adds images and onstates from the library to pages.',1,0,0,0,300,440,0),(9,'flash_content','Flash Content','Embeds SWF files, including flash detection.',1,0,0,0,300,240,0),(10,'guestbook','Guestbook','Adds blog-style comments (a guestbook) to your page.',1,0,1,0,300,260,0),(11,'slideshow','Slideshow','Display a running loop of images.',1,0,0,0,550,400,0),(12,'search','Search','Add a search box to your site.',1,0,0,0,400,170,0),(13,'google_map','Google Map','Enter an address and a Google Map of that location will be placed in your page.',1,0,0,0,400,220,0),(14,'video','Video Player','Embeds uploaded video into a web page. Supports AVI, WMV, Quicktime/MPEG4 and FLV formats.',1,0,0,0,300,200,0),(15,'rss_displayer','RSS Displayer','Fetch, parse and display the contents of an RSS or Atom feed.',1,0,0,0,400,170,0),(16,'youtube','YouTube Video','Embeds a YouTube Video in your web page.',1,0,0,0,400,170,0),(17,'survey','Survey','Provide a simple survey, along with results in a pie chart format.',1,0,1,0,420,300,0),(18,'date_nav','Date Navigation','A collapsible date based navigation tree',1,0,0,0,500,350,0),(19,'next_previous','Next & Previous Nav','Navigate through sibling pages.',1,0,0,0,430,300,0),(20,'tags','Tags','List pages based on type, area.',1,0,0,0,500,350,0),(21,'cart_links','Cart Links','Adds links to the Shopping Cart and Checkout page.',1,0,0,0,400,300,4),(22,'product','Product','Embeds a product in your website.',1,0,0,0,500,400,4),(23,'product_list','Product List','Displays a list of products',1,0,0,0,500,400,4),(24,'sb_add_blog','Simple Blog Post','A simple block to add a blog post.',1,0,0,0,700,500,10),(25,'sb_blog_sort','Simple Blog Sorting','Blog Sorting by Category or Tags',1,0,0,0,500,350,10),(26,'sb_blog_cal','Simple Blog Calendar','Simple Blog Calendar',1,0,0,0,350,300,10),(27,'sb_blog_list','Simple Blog List','List Blog Items based on Category.',1,0,0,0,500,350,10),(28,'print_page','Print Page','Allows users to print a page, Increase/Decrease text size and change the look of the to black/white..',1,0,0,0,400,100,11),(29,'problog_list','ProBlog List','List News Items based on type, area, or category.',1,0,0,0,500,350,13),(30,'trackback','Trackback','Trackback URLs',1,0,0,0,300,100,13);

--
-- Table structure for table `Blocks`
--

CREATE TABLE `Blocks` (
  `bID` int(10) unsigned NOT NULL AUTO_INCREMENT,
  `bName` varchar(60) DEFAULT NULL,
  `bDateAdded` datetime NOT NULL DEFAULT '0000-00-00 00:00:00',
  `bDateModified` datetime NOT NULL DEFAULT '0000-00-00 00:00:00',
  `bFilename` varchar(32) DEFAULT NULL,
  `bIsActive` varchar(1) NOT NULL DEFAULT '1',
  `btID` int(10) unsigned NOT NULL DEFAULT '0',
  `uID` int(10) unsigned DEFAULT NULL,
  PRIMARY KEY (`bID`)
) ENGINE=MyISAM AUTO_INCREMENT=1196 DEFAULT CHARSET=latin1;

--
-- Dumping data for table `Blocks`
--

INSERT INTO `Blocks` VALUES (1,NULL,'2010-10-18 19:38:52','2010-10-18 19:38:52',NULL,'1',1,1),(2,NULL,'2010-10-18 19:39:10','2010-10-18 19:39:10',NULL,'1',1,1),(3,NULL,'2010-10-18 19:45:24','2010-10-18 19:45:24',NULL,'1',1,1),(4,NULL,'2010-10-19 05:08:10','2010-10-19 05:08:37',NULL,'1',1,1),(5,NULL,'2010-10-31 18:23:34','2010-10-31 18:26:01',NULL,'1',1,1),(6,NULL,'2010-10-31 18:27:35','2010-10-31 18:27:35',NULL,'1',1,1),(7,NULL,'2010-10-31 18:28:01','2010-10-31 18:28:17',NULL,'1',1,1),(8,NULL,'2010-10-31 18:29:12','2010-10-31 18:29:12',NULL,'1',1,1),(9,NULL,'2010-10-31 18:29:26','2010-10-31 18:29:26',NULL,'1',1,1),(10,NULL,'2010-10-31 18:30:03','2010-10-31 18:31:16',NULL,'1',1,1),(11,NULL,'2010-10-31 18:32:53','2010-10-31 18:32:53',NULL,'1',1,1),(12,NULL,'2010-10-31 18:33:31','2010-10-31 18:33:31',NULL,'1',1,1),(13,NULL,'2010-11-14 10:13:05','2010-11-14 10:13:05',NULL,'1',1,1),(14,NULL,'2010-11-14 10:13:35','2010-11-14 10:13:35',NULL,'1',1,1),(15,NULL,'2010-11-14 10:15:14','2010-11-14 10:15:14',NULL,'1',1,1),(16,NULL,'2010-11-14 10:21:20','2010-11-14 10:21:20',NULL,'1',1,1),(17,NULL,'2010-11-14 10:22:27','2010-11-14 10:22:27',NULL,'1',1,1),(18,NULL,'2010-11-14 10:37:45','2010-11-14 10:37:45',NULL,'1',1,1),(19,NULL,'2010-11-14 10:38:07','2010-11-14 10:38:07',NULL,'1',1,1),(20,NULL,'2010-11-14 10:39:47','2010-11-14 10:39:47',NULL,'1',1,1),(21,NULL,'2010-11-14 10:41:16','2010-11-14 10:41:16',NULL,'1',1,1),(22,NULL,'2010-11-14 10:42:54','2010-11-14 10:42:54',NULL,'1',1,1),(23,NULL,'2010-11-14 10:44:15','2010-11-14 10:45:01',NULL,'1',1,1),(24,NULL,'2010-11-14 10:45:37','2010-11-14 10:45:47',NULL,'1',1,1),(25,NULL,'2010-11-14 10:47:46','2010-11-14 10:47:46',NULL,'1',1,1),(26,NULL,'2010-11-14 10:48:18','2010-11-14 10:48:18',NULL,'1',1,1),(27,NULL,'2010-11-14 10:48:31','2010-11-14 10:48:50',NULL,'1',1,1),(28,NULL,'2010-11-14 10:50:41','2010-11-14 10:50:41',NULL,'1',1,1),(29,NULL,'2010-11-14 10:51:08','2010-11-14 10:51:21',NULL,'1',1,1),(31,NULL,'2010-11-14 10:57:32','2010-11-14 10:57:32',NULL,'1',1,1),(32,NULL,'2010-11-14 10:58:28','2010-11-14 10:59:40',NULL,'1',1,1),(33,NULL,'2010-11-14 11:01:48','2010-11-14 11:01:48',NULL,'1',1,1),(34,NULL,'2010-11-14 11:02:21','2010-11-14 11:02:21',NULL,'1',1,1),(35,NULL,'2010-11-14 11:02:51','2010-11-14 11:02:51',NULL,'1',1,1),(36,NULL,'2010-11-14 11:03:26','2010-11-14 11:03:26',NULL,'1',1,1),(37,NULL,'2010-11-14 11:03:50','2010-11-14 11:03:50',NULL,'1',1,1),(38,NULL,'2010-11-14 11:04:45','2010-11-14 11:04:45',NULL,'1',1,1),(39,NULL,'2010-11-14 11:05:48','2010-11-14 11:05:48',NULL,'1',1,1),(40,NULL,'2010-11-14 11:07:01','2010-11-14 11:07:12',NULL,'1',1,1),(41,NULL,'2010-11-14 11:08:27','2010-11-14 11:08:27',NULL,'1',1,1),(42,NULL,'2010-11-14 11:10:34','2010-11-14 11:10:44',NULL,'1',1,1),(43,NULL,'2010-11-14 11:18:42','2010-11-14 11:18:42',NULL,'1',1,1),(44,NULL,'2010-11-14 11:21:13','2010-11-14 11:21:13',NULL,'1',1,1),(45,NULL,'2010-11-14 11:23:01','2010-11-14 11:23:28',NULL,'1',1,1),(46,NULL,'2010-11-14 11:24:12','2010-11-14 11:25:11',NULL,'1',1,1),(47,NULL,'2010-11-14 11:25:21','2010-11-14 11:25:21',NULL,'1',1,1),(48,NULL,'2010-11-14 11:26:23','2010-11-14 11:26:23',NULL,'1',1,1),(49,NULL,'2010-11-14 11:27:41','2010-11-14 11:27:41',NULL,'1',1,1),(50,NULL,'2010-11-14 11:30:05','2010-11-14 11:35:02',NULL,'1',1,1),(51,NULL,'2010-11-14 11:35:58','2010-11-14 11:37:13',NULL,'1',1,1),(52,NULL,'2010-11-14 11:37:39','2010-11-14 11:37:39',NULL,'1',1,1),(53,NULL,'2010-11-14 11:41:07','2010-11-14 11:41:07',NULL,'1',1,1),(54,NULL,'2010-11-14 11:44:13','2010-11-14 11:44:13',NULL,'1',1,1),(55,NULL,'2010-11-14 11:45:17','2010-11-14 11:45:17',NULL,'1',1,1),(56,NULL,'2010-11-14 11:46:48','2010-11-14 11:47:55',NULL,'1',1,1),(57,NULL,'2010-11-14 11:49:46','2010-11-14 11:49:46',NULL,'1',1,1),(58,NULL,'2010-11-14 11:51:26','2010-11-14 11:51:37',NULL,'1',1,1),(59,NULL,'2010-11-14 12:02:43','2010-11-14 12:02:43',NULL,'1',1,1),(60,NULL,'2010-11-14 12:05:55','2010-11-14 12:07:09',NULL,'1',1,1),(61,NULL,'2010-11-14 12:09:33','2010-11-14 12:09:33',NULL,'1',1,1),(62,NULL,'2010-11-14 12:10:34','2010-11-14 12:10:34',NULL,'1',1,1),(63,NULL,'2010-11-14 12:12:05','2010-11-14 12:12:28',NULL,'1',1,1),(64,NULL,'2010-11-14 12:14:07','2010-11-14 12:14:07',NULL,'1',1,1),(65,NULL,'2010-11-14 12:15:55','2010-11-14 12:16:07',NULL,'1',1,1),(66,NULL,'2010-11-14 12:21:00','2010-11-14 12:21:00',NULL,'1',1,1),(67,NULL,'2010-11-14 12:23:26','2010-11-14 12:23:26',NULL,'1',1,1),(68,NULL,'2010-11-14 12:28:10','2010-11-14 12:28:10',NULL,'1',1,1),(69,NULL,'2010-11-14 12:29:36','2010-11-14 12:29:48',NULL,'1',1,1),(70,NULL,'2010-11-14 12:31:02','2010-11-14 12:31:02',NULL,'1',1,1),(71,NULL,'2010-11-14 12:34:15','2010-11-14 12:34:15',NULL,'1',1,1),(72,NULL,'2010-11-14 12:35:53','2010-11-14 12:35:53',NULL,'1',1,1),(73,NULL,'2010-11-14 12:37:51','2010-11-14 12:38:05',NULL,'1',1,1),(74,NULL,'2010-11-14 12:46:15','2010-11-14 12:46:15',NULL,'1',1,1),(75,NULL,'2010-11-14 12:47:57','2010-11-14 12:48:07',NULL,'1',1,1),(76,NULL,'2010-11-14 12:51:42','2010-11-14 12:51:42',NULL,'1',1,1),(77,NULL,'2010-11-14 12:53:00','2010-11-14 12:53:00',NULL,'1',1,1),(78,NULL,'2010-11-14 12:53:46','2010-11-14 12:53:46',NULL,'1',1,1),(79,NULL,'2010-11-14 12:54:58','2010-11-14 12:54:58',NULL,'1',1,1),(80,NULL,'2010-11-14 12:55:51','2010-11-14 12:55:51',NULL,'1',1,1),(81,NULL,'2010-11-14 12:56:56','2010-11-14 12:57:04',NULL,'1',1,1),(82,NULL,'2010-11-14 12:58:02','2010-11-14 12:58:02',NULL,'1',1,1),(83,NULL,'2010-11-14 12:59:13','2010-11-14 12:59:22',NULL,'1',1,1),(84,NULL,'2010-11-14 13:06:40','2010-11-14 13:06:40',NULL,'1',1,1),(85,NULL,'2010-11-14 13:07:49','2010-11-14 13:07:49',NULL,'1',1,1),(86,NULL,'2010-11-14 13:08:37','2010-11-14 13:08:37',NULL,'1',1,1),(87,NULL,'2010-11-14 13:09:42','2010-11-14 13:09:42',NULL,'1',1,1),(88,NULL,'2010-11-14 13:11:48','2010-11-14 13:11:48',NULL,'1',1,1),(89,NULL,'2010-11-14 13:13:18','2010-11-14 13:13:18',NULL,'1',1,1),(90,NULL,'2010-11-14 13:13:59','2010-11-14 13:13:59',NULL,'1',1,1),(91,NULL,'2010-11-14 13:15:16','2010-11-14 13:15:16',NULL,'1',1,1),(92,NULL,'2010-11-14 13:16:03','2010-11-14 13:16:03',NULL,'1',1,1),(93,NULL,'2010-11-14 13:17:16','2010-11-14 13:17:16',NULL,'1',1,1),(94,NULL,'2010-11-14 13:18:03','2010-11-14 13:18:03',NULL,'1',1,1),(95,NULL,'2010-11-14 13:19:19','2010-11-14 13:19:19',NULL,'1',1,1),(96,NULL,'2010-11-14 13:20:27','2010-11-14 13:20:27',NULL,'1',1,1),(97,NULL,'2010-11-14 13:21:39','2010-11-14 13:21:51',NULL,'1',1,1),(98,NULL,'2010-11-14 13:22:44','2010-11-14 13:22:44',NULL,'1',1,1),(99,NULL,'2010-11-14 13:24:17','2010-11-14 13:24:47',NULL,'1',1,1),(100,NULL,'2010-11-14 13:25:14','2010-11-14 13:25:14',NULL,'1',2,1),(101,NULL,'2010-11-14 13:26:24','2010-11-14 13:26:24',NULL,'1',1,1),(102,NULL,'2010-11-14 13:27:59','2010-11-14 13:27:59',NULL,'1',1,1),(103,NULL,'2010-11-14 13:28:48','2010-11-14 13:28:48',NULL,'1',1,1),(104,NULL,'2010-11-14 13:30:11','2010-11-14 13:30:27',NULL,'1',1,1),(105,NULL,'2010-11-14 13:31:26','2010-11-14 13:31:26',NULL,'1',1,1),(106,NULL,'2010-11-14 13:32:51','2010-11-14 13:32:51',NULL,'1',1,1),(107,NULL,'2010-11-14 13:33:23','2010-11-14 13:33:34',NULL,'1',2,1),(108,NULL,'2010-11-14 13:34:00','2010-11-14 13:34:00',NULL,'1',2,1),(109,NULL,'2010-11-14 13:34:43','2010-11-14 13:34:43',NULL,'1',1,1),(110,NULL,'2010-11-14 13:35:43','2010-11-14 13:35:43',NULL,'1',1,1),(111,NULL,'2010-11-14 13:36:33','2010-11-14 13:36:33',NULL,'1',1,1),(112,NULL,'2010-11-14 13:37:19','2010-11-14 13:37:29',NULL,'1',1,1),(113,NULL,'2010-11-14 13:38:12','2010-11-14 13:38:12',NULL,'1',1,1),(114,NULL,'2010-11-14 13:39:07','2010-11-14 13:39:07',NULL,'1',1,1),(115,NULL,'2010-11-14 13:39:28','2010-11-14 13:39:28',NULL,'1',1,1),(116,NULL,'2010-11-19 18:51:49','2010-11-19 18:51:49',NULL,'1',22,1),(118,NULL,'2010-11-19 20:00:43','2010-11-19 20:00:43',NULL,'1',22,1),(119,NULL,'2010-11-19 20:01:26','2010-11-19 20:01:26',NULL,'1',1,1),(120,NULL,'2010-11-19 20:04:40','2010-11-19 20:05:08',NULL,'1',23,1),(121,NULL,'2010-11-19 20:05:38','2010-11-19 20:05:38',NULL,'1',23,1),(122,NULL,'2010-11-19 20:06:08','2010-11-19 20:06:08',NULL,'1',23,1),(123,NULL,'2010-11-19 20:06:43','2010-11-19 20:06:43',NULL,'1',23,1),(124,NULL,'2010-11-19 20:07:13','2010-11-19 20:07:13',NULL,'1',23,1),(125,NULL,'2010-11-19 20:17:08','2010-11-19 20:17:08',NULL,'1',1,1),(126,NULL,'2010-11-19 20:18:07','2010-11-19 20:18:07',NULL,'1',22,1),(127,NULL,'2010-11-19 20:19:41','2010-11-19 20:19:41',NULL,'1',22,1),(128,NULL,'2010-11-19 20:24:51','2010-11-19 20:24:51',NULL,'1',23,1),(129,NULL,'2010-11-19 20:28:34','2010-11-19 20:28:34',NULL,'1',1,1),(130,NULL,'2010-11-19 20:29:15','2010-11-19 20:29:15',NULL,'1',22,1),(131,NULL,'2010-11-19 20:41:24','2010-11-19 20:41:24',NULL,'1',1,1),(132,NULL,'2010-11-19 20:41:53','2010-11-19 20:42:23',NULL,'1',22,1),(133,NULL,'2010-11-19 20:47:43','2010-11-19 20:47:43',NULL,'1',1,1),(134,NULL,'2010-11-19 20:48:21','2010-11-19 20:48:21',NULL,'1',22,1),(135,NULL,'2010-11-19 20:56:21','2010-11-19 20:56:21',NULL,'1',1,1),(136,NULL,'2010-11-19 20:56:59','2010-11-19 20:56:59',NULL,'1',22,1),(137,NULL,'2010-11-19 21:02:27','2010-11-19 21:02:27',NULL,'1',1,1),(138,NULL,'2010-11-19 21:03:04','2010-11-19 21:03:04',NULL,'1',22,1),(139,NULL,'2010-11-19 21:08:11','2010-11-19 21:08:11',NULL,'1',1,1),(140,NULL,'2010-11-19 21:08:51','2010-11-19 21:08:51',NULL,'1',22,1),(141,NULL,'2010-11-19 21:14:44','2010-11-19 21:14:44',NULL,'1',1,1),(142,NULL,'2010-11-19 21:15:25','2010-11-19 21:15:25',NULL,'1',22,1),(143,NULL,'2010-11-19 21:15:56','2010-11-19 21:15:56',NULL,'1',21,1),(144,NULL,'2010-11-19 21:18:37','2010-11-19 21:18:37',NULL,'1',21,1),(145,NULL,'2010-11-19 21:19:16','2010-11-19 21:19:16',NULL,'1',21,1),(146,NULL,'2010-11-19 21:19:57','2010-11-19 21:19:57',NULL,'1',21,1),(147,NULL,'2010-11-19 21:20:36','2010-11-19 21:20:36',NULL,'1',21,1),(148,NULL,'2010-11-19 21:21:15','2010-11-19 21:21:15',NULL,'1',21,1),(149,NULL,'2010-11-19 21:21:55','2010-11-19 21:21:55',NULL,'1',21,1),(150,NULL,'2010-11-19 21:22:34','2010-11-19 21:22:34',NULL,'1',21,1),(151,NULL,'2010-11-19 21:23:14','2010-11-19 21:23:14',NULL,'1',21,1),(152,NULL,'2010-11-19 21:27:01','2010-11-19 21:27:01',NULL,'1',1,1),(153,NULL,'2010-11-19 21:27:57','2010-11-19 21:27:57',NULL,'1',22,1),(154,NULL,'2010-11-19 21:31:05','2010-11-19 21:31:05',NULL,'1',1,1),(155,NULL,'2010-11-19 21:31:56','2010-11-19 21:31:56',NULL,'1',22,1),(156,NULL,'2010-11-19 21:36:35','2010-11-19 21:36:35',NULL,'1',1,1),(157,NULL,'2010-11-19 21:37:28','2010-11-19 21:37:28',NULL,'1',22,1),(158,NULL,'2010-11-19 21:41:56','2010-11-19 21:41:56',NULL,'1',1,1),(159,NULL,'2010-11-19 21:42:40','2010-11-19 21:42:40',NULL,'1',22,1),(160,NULL,'2010-11-19 21:47:18','2010-11-19 21:47:18',NULL,'1',1,1),(161,NULL,'2010-11-19 21:48:04','2010-11-19 21:48:04',NULL,'1',22,1),(162,NULL,'2010-11-19 21:51:41','2010-11-19 21:51:41',NULL,'1',1,1),(163,NULL,'2010-11-19 21:52:27','2010-11-19 21:52:27',NULL,'1',22,1),(164,NULL,'2010-11-19 22:12:03','2010-11-19 22:12:03',NULL,'1',1,1),(165,NULL,'2010-11-20 10:39:38','2010-11-20 10:39:38',NULL,'1',1,1),(166,NULL,'2010-11-20 10:40:16','2010-11-20 10:40:16',NULL,'1',22,1),(167,NULL,'2010-11-20 10:51:03','2010-11-20 10:51:03',NULL,'1',1,1),(168,NULL,'2010-11-20 10:51:34','2010-11-20 10:51:34',NULL,'1',22,1),(169,NULL,'2010-11-20 11:06:36','2010-11-20 11:06:36',NULL,'1',1,1),(170,NULL,'2010-11-20 11:07:08','2010-11-20 11:07:08',NULL,'1',22,1),(171,NULL,'2010-11-20 11:26:01','2010-11-20 11:26:01',NULL,'1',21,1),(172,NULL,'2010-11-20 11:28:10','2010-11-20 11:28:10',NULL,'1',21,1),(173,NULL,'2010-11-20 11:28:44','2010-11-20 11:28:44',NULL,'1',21,1),(174,NULL,'2010-11-20 11:29:27','2010-11-20 11:29:27',NULL,'1',21,1),(175,NULL,'2010-11-22 20:38:32','2010-11-22 20:38:32',NULL,'1',1,1),(176,NULL,'2010-11-22 20:40:02','2010-11-22 20:40:02',NULL,'1',1,1),(177,NULL,'2010-11-22 20:41:02','2010-11-22 20:41:02',NULL,'1',1,1),(178,NULL,'2010-11-22 20:43:11','2010-11-22 20:43:11',NULL,'1',1,1),(179,NULL,'2010-11-22 20:45:56','2010-11-22 20:45:56',NULL,'1',1,1),(180,NULL,'2010-11-22 20:46:59','2010-11-22 20:46:59',NULL,'1',1,1),(181,NULL,'2010-12-29 12:14:36','2010-12-29 12:14:36',NULL,'1',1,1),(182,NULL,'2010-12-29 12:16:11','2010-12-29 12:19:29',NULL,'1',1,1),(183,NULL,'2010-12-29 12:22:38','2010-12-29 12:22:38',NULL,'1',1,1),(184,NULL,'2010-12-29 16:52:41','2010-12-29 16:52:41',NULL,'1',1,1),(185,NULL,'2010-12-29 16:53:16','2010-12-29 16:53:16',NULL,'1',1,1),(186,NULL,'2010-12-29 16:54:46','2010-12-29 16:54:46',NULL,'1',1,1),(187,NULL,'2010-12-29 17:39:56','2010-12-29 17:39:56',NULL,'1',1,1),(188,NULL,'2010-12-29 17:41:40','2010-12-29 17:41:40',NULL,'1',1,1),(189,NULL,'2010-12-29 17:42:22','2010-12-29 17:42:22',NULL,'1',1,1),(190,NULL,'2010-12-29 17:43:15','2010-12-29 17:43:32',NULL,'1',1,1),(191,NULL,'2010-12-29 17:43:58','2010-12-29 17:43:58',NULL,'1',1,1),(192,NULL,'2010-12-29 17:44:24','2010-12-29 17:44:24',NULL,'1',1,1),(193,NULL,'2010-12-29 17:46:30','2010-12-29 17:46:30',NULL,'1',1,1),(194,NULL,'2010-12-29 17:47:14','2010-12-29 17:47:14',NULL,'1',1,1),(195,NULL,'2010-12-29 17:49:10','2010-12-29 17:49:10',NULL,'1',1,1),(196,NULL,'2010-12-29 17:50:47','2010-12-29 17:50:47',NULL,'1',1,1),(197,NULL,'2010-12-29 17:58:57','2010-12-29 17:58:57',NULL,'1',1,1),(198,NULL,'2010-12-29 18:01:55','2010-12-29 18:03:36',NULL,'1',1,1),(199,NULL,'2010-12-29 18:07:05','2010-12-29 18:07:05',NULL,'1',1,1),(200,NULL,'2010-12-29 18:10:48','2010-12-29 18:10:48',NULL,'1',1,1),(201,NULL,'2010-12-29 18:12:55','2010-12-29 18:12:55',NULL,'1',1,1),(202,NULL,'2010-12-29 18:21:56','2010-12-29 18:21:56',NULL,'1',1,1),(203,NULL,'2010-12-29 18:25:28','2010-12-29 18:25:28',NULL,'1',1,1),(204,NULL,'2010-12-29 18:28:11','2010-12-29 18:28:11',NULL,'1',1,1),(205,NULL,'2010-12-29 18:35:31','2010-12-29 18:35:31',NULL,'1',1,1),(206,NULL,'2010-12-29 18:39:51','2010-12-29 18:39:51',NULL,'1',1,1),(207,NULL,'2010-12-29 18:42:47','2010-12-29 18:42:47',NULL,'1',1,1),(208,NULL,'2010-12-29 18:44:48','2010-12-29 18:44:49',NULL,'1',1,1),(209,NULL,'2010-12-29 18:47:49','2010-12-29 18:47:49',NULL,'1',1,1),(210,NULL,'2010-12-29 18:52:17','2010-12-29 18:52:17',NULL,'1',1,1),(211,NULL,'2010-12-29 18:53:33','2010-12-29 18:53:33',NULL,'1',1,1),(212,NULL,'2010-12-29 18:53:53','2010-12-29 18:53:53',NULL,'1',1,1),(213,NULL,'2010-12-29 18:54:16','2010-12-29 18:54:16',NULL,'1',1,1),(214,NULL,'2010-12-29 18:55:30','2010-12-29 18:55:30',NULL,'1',1,1),(215,NULL,'2010-12-29 18:57:41','2010-12-29 18:57:41',NULL,'1',1,1),(216,NULL,'2010-12-29 19:03:27','2010-12-29 19:03:27',NULL,'1',1,1),(217,NULL,'2010-12-29 19:05:39','2010-12-29 19:05:39',NULL,'1',1,1),(218,NULL,'2010-12-29 19:09:10','2010-12-29 19:09:10',NULL,'1',1,1),(219,NULL,'2010-12-29 19:11:23','2010-12-29 19:11:23',NULL,'1',1,1),(220,NULL,'2010-12-29 19:20:04','2010-12-29 19:20:04',NULL,'1',1,1),(221,NULL,'2010-12-29 19:27:25','2010-12-29 19:27:25',NULL,'1',1,1),(222,NULL,'2010-12-29 19:29:19','2010-12-29 19:29:20',NULL,'1',1,1),(223,NULL,'2010-12-29 19:32:03','2010-12-29 19:32:03',NULL,'1',1,1),(224,NULL,'2010-12-29 19:34:49','2010-12-29 19:34:49',NULL,'1',1,1),(225,NULL,'2010-12-29 19:38:52','2010-12-29 19:38:52',NULL,'1',1,1),(227,NULL,'2010-12-29 19:51:29','2010-12-29 19:51:29',NULL,'1',1,1),(228,NULL,'2010-12-29 19:54:03','2010-12-29 19:54:03',NULL,'1',1,1),(229,NULL,'2010-12-29 19:54:46','2010-12-29 19:54:46',NULL,'1',1,1),(230,NULL,'2010-12-29 20:54:46','2010-12-29 20:54:46',NULL,'1',1,1),(231,NULL,'2010-12-29 20:55:45','2010-12-29 20:55:58',NULL,'1',1,1),(232,NULL,'2010-12-29 20:56:30','2010-12-29 20:56:30',NULL,'1',1,1),(233,NULL,'2010-12-29 20:57:39','2010-12-29 20:57:39',NULL,'1',1,1),(234,NULL,'2010-12-29 20:58:17','2010-12-29 20:58:17',NULL,'1',1,1),(235,NULL,'2010-12-29 21:01:27','2010-12-29 21:02:10',NULL,'1',1,1),(236,NULL,'2010-12-29 21:08:18','2010-12-29 21:08:18',NULL,'1',1,1),(237,NULL,'2010-12-29 21:10:04','2010-12-29 21:11:29',NULL,'1',1,1),(238,NULL,'2010-12-29 21:32:34','2010-12-29 21:32:54',NULL,'1',1,1),(239,NULL,'2010-12-29 21:35:00','2010-12-29 21:35:00',NULL,'1',1,1),(240,NULL,'2010-12-29 21:36:12','2010-12-29 21:36:12',NULL,'1',1,1),(241,NULL,'2010-12-29 21:36:54','2010-12-29 21:38:03',NULL,'1',1,1),(242,NULL,'2010-12-29 21:40:16','2010-12-29 21:42:55',NULL,'1',1,1),(243,NULL,'2010-12-29 21:49:26','2010-12-29 21:49:26',NULL,'1',1,1),(244,NULL,'2010-12-29 21:52:33','2010-12-29 21:52:33',NULL,'1',1,1),(245,NULL,'2010-12-29 21:53:09','2010-12-29 21:53:09',NULL,'1',1,1),(246,NULL,'2010-12-29 21:53:36','2010-12-29 21:53:36',NULL,'1',1,1),(247,NULL,'2010-12-29 21:54:10','2010-12-29 21:54:10',NULL,'1',1,1),(248,NULL,'2010-12-29 21:54:44','2010-12-29 21:54:44',NULL,'1',1,1),(249,NULL,'2010-12-29 21:55:18','2010-12-29 21:55:18',NULL,'1',1,1),(250,NULL,'2010-12-29 21:56:01','2010-12-29 21:56:01',NULL,'1',1,1),(251,NULL,'2010-12-29 21:56:37','2010-12-29 21:56:37',NULL,'1',1,1),(252,NULL,'2010-12-29 21:57:14','2010-12-29 21:57:14',NULL,'1',1,1),(253,NULL,'2010-12-29 21:57:46','2010-12-29 21:57:46',NULL,'1',1,1),(254,NULL,'2010-12-29 21:58:11','2010-12-29 21:58:11',NULL,'1',1,1),(255,NULL,'2010-12-29 21:58:42','2010-12-29 21:58:42',NULL,'1',1,1),(256,NULL,'2010-12-29 21:59:09','2010-12-29 21:59:09',NULL,'1',1,1),(257,NULL,'2010-12-29 21:59:40','2010-12-29 21:59:40',NULL,'1',1,1),(258,NULL,'2010-12-29 22:00:05','2010-12-29 22:00:05',NULL,'1',1,1),(259,NULL,'2010-12-29 22:00:36','2010-12-29 22:00:36',NULL,'1',1,1),(260,NULL,'2010-12-29 22:01:07','2010-12-29 22:01:07',NULL,'1',1,1),(261,NULL,'2010-12-29 22:32:45','2010-12-29 22:32:45',NULL,'1',22,1),(262,NULL,'2011-01-01 11:57:07','2011-01-01 11:58:37',NULL,'1',1,1),(263,NULL,'2011-01-03 09:23:35','2011-01-03 09:23:35',NULL,'1',1,1),(264,NULL,'2011-01-03 09:24:04','2011-01-03 09:24:04',NULL,'1',21,1),(265,NULL,'2011-01-03 09:25:20','2011-01-03 09:25:20',NULL,'1',21,1),(266,NULL,'2011-01-03 09:25:29','2011-01-03 09:25:29',NULL,'1',1,1),(267,NULL,'2011-01-03 09:26:15','2011-01-03 09:26:15',NULL,'1',1,1),(268,NULL,'2011-01-03 09:26:37','2011-01-03 09:26:37',NULL,'1',21,1),(269,NULL,'2011-01-03 09:27:01','2011-01-03 09:27:01',NULL,'1',1,1),(270,NULL,'2011-01-03 09:27:19','2011-01-03 09:27:19',NULL,'1',21,1),(271,NULL,'2011-01-05 18:47:35','2011-01-05 18:52:23',NULL,'1',1,1),(272,NULL,'2011-01-05 18:48:14','2011-01-05 18:48:36',NULL,'1',1,1),(273,NULL,'2011-01-05 18:53:28','2011-01-05 18:53:28',NULL,'1',1,1),(274,NULL,'2011-01-05 18:56:50','2011-01-05 18:56:50',NULL,'1',1,1),(275,NULL,'2011-01-05 18:58:16','2011-01-05 18:58:16',NULL,'1',1,1),(276,NULL,'2011-01-05 19:46:22','2011-01-05 19:47:05',NULL,'1',1,1),(277,NULL,'2011-01-05 19:48:39','2011-01-05 19:48:39',NULL,'1',1,1),(278,NULL,'2011-01-05 19:49:32','2011-01-05 19:49:32',NULL,'1',1,1),(279,NULL,'2011-01-05 19:50:27','2011-01-05 19:50:27',NULL,'1',1,1),(280,NULL,'2011-01-05 19:52:02','2011-01-05 19:52:41',NULL,'1',1,1),(281,NULL,'2011-01-05 19:56:45','2011-01-05 19:57:38',NULL,'1',1,1),(282,NULL,'2011-01-05 19:58:39','2011-01-05 20:01:52',NULL,'1',1,1),(283,NULL,'2011-01-05 20:02:14','2011-01-05 20:02:14',NULL,'1',1,1),(284,NULL,'2011-01-05 20:12:49','2011-01-05 20:13:32',NULL,'1',1,1),(285,NULL,'2011-01-05 20:14:05','2011-01-05 20:14:05',NULL,'1',1,1),(286,NULL,'2011-01-07 18:57:15','2011-01-07 18:57:15',NULL,'1',1,1),(287,NULL,'2011-01-07 18:57:58','2011-01-07 18:57:58',NULL,'1',1,1),(288,NULL,'2011-01-07 18:58:43','2011-01-07 18:58:43',NULL,'1',1,1),(289,NULL,'2011-01-07 18:59:26','2011-01-07 18:59:26',NULL,'1',1,1),(290,NULL,'2011-01-07 19:00:22','2011-01-07 19:00:22',NULL,'1',1,1),(291,NULL,'2011-01-07 19:01:03','2011-01-07 19:01:03',NULL,'1',1,1),(292,NULL,'2011-01-07 19:01:45','2011-01-07 19:01:45',NULL,'1',1,1),(293,NULL,'2011-01-07 19:02:34','2011-01-07 19:02:34',NULL,'1',1,1),(294,NULL,'2011-01-07 19:04:43','2011-01-07 19:04:43',NULL,'1',1,1),(295,NULL,'2011-01-07 19:05:40','2011-01-07 19:05:40',NULL,'1',1,1),(296,NULL,'2011-01-07 19:06:23','2011-01-07 19:06:36',NULL,'1',1,1),(297,NULL,'2011-01-07 19:07:14','2011-01-07 19:07:14',NULL,'1',1,1),(298,NULL,'2011-01-07 19:07:56','2011-01-07 19:07:56',NULL,'1',1,1),(299,NULL,'2011-01-07 19:08:26','2011-01-07 19:08:26',NULL,'1',1,1),(300,NULL,'2011-01-07 19:09:06','2011-01-07 19:09:07',NULL,'1',1,1),(301,NULL,'2011-01-07 19:09:41','2011-01-07 19:09:41',NULL,'1',1,1),(302,NULL,'2011-01-07 19:10:37','2011-01-07 19:10:37',NULL,'1',1,1),(303,NULL,'2011-01-07 19:11:15','2011-01-07 19:11:16',NULL,'1',1,1),(304,NULL,'2011-01-12 15:31:45','2011-01-12 15:31:45',NULL,'1',1,1),(305,NULL,'2011-01-12 19:51:03','2011-01-12 19:51:03',NULL,'1',1,1),(306,NULL,'2011-01-14 13:02:04','2011-01-14 13:02:04',NULL,'1',1,1),(307,NULL,'2011-01-14 13:32:27','2011-01-14 13:32:27',NULL,'1',1,1),(308,NULL,'2011-01-18 12:16:05','2011-01-18 12:16:05',NULL,'1',1,1),(309,NULL,'2011-01-21 18:08:29','2011-01-21 18:08:29',NULL,'1',1,1),(310,NULL,'2011-01-21 18:10:47','2011-01-21 18:10:47',NULL,'1',1,1),(311,NULL,'2011-01-25 20:31:20','2011-01-25 20:31:20',NULL,'1',1,1),(312,NULL,'2011-01-26 09:19:41','2011-01-26 09:19:41',NULL,'1',1,1),(313,NULL,'2011-01-26 09:21:06','2011-01-26 09:21:06',NULL,'1',1,1),(314,NULL,'2011-01-26 09:25:46','2011-01-26 09:25:46',NULL,'1',1,1),(315,NULL,'2011-01-28 18:40:12','2011-01-28 18:40:12',NULL,'1',1,1),(316,NULL,'2011-01-28 18:58:28','2011-01-28 18:58:28',NULL,'1',1,1),(317,NULL,'2011-01-28 18:59:19','2011-01-28 18:59:19',NULL,'1',1,1),(318,NULL,'2011-01-28 19:00:07','2011-01-28 19:00:07',NULL,'1',1,1),(319,NULL,'2011-01-28 19:01:09','2011-01-28 19:01:09',NULL,'1',1,1),(320,NULL,'2011-01-28 19:03:30','2011-01-28 19:03:30',NULL,'1',1,1),(321,NULL,'2011-01-28 19:07:37','2011-01-28 19:07:37',NULL,'1',1,1),(322,NULL,'2011-01-28 19:09:16','2011-01-28 19:09:16',NULL,'1',1,1),(323,NULL,'2011-01-28 19:10:53','2011-01-28 19:10:53',NULL,'1',1,1),(324,NULL,'2011-01-28 19:11:51','2011-01-28 19:11:51',NULL,'1',1,1),(325,NULL,'2011-01-28 19:17:07','2011-01-28 19:17:57',NULL,'1',1,1),(326,NULL,'2011-01-29 14:54:50','2011-01-29 14:55:27',NULL,'1',1,1),(327,NULL,'2011-02-01 14:59:47','2011-02-01 14:59:47',NULL,'1',1,1),(328,NULL,'2011-02-02 17:45:26','2011-02-02 17:45:26',NULL,'1',10,1),(329,NULL,'2011-02-02 17:45:27','2011-02-02 17:45:27',NULL,'1',27,1),(330,NULL,'2011-02-02 17:45:27','2011-02-02 17:45:27',NULL,'1',25,1),(331,NULL,'2011-02-02 17:45:27','2011-02-02 17:45:27',NULL,'1',25,1),(332,NULL,'2011-02-02 17:45:27','2011-02-02 17:45:27',NULL,'1',25,1),(333,NULL,'2011-02-02 17:45:27','2011-02-02 17:45:27',NULL,'1',25,1),(334,NULL,'2011-02-02 17:46:56','2011-02-02 17:46:56',NULL,'1',1,1),(335,NULL,'2011-02-02 17:47:40','2011-02-02 17:47:50',NULL,'1',1,1),(336,NULL,'2011-02-02 17:48:47','2011-02-02 17:49:28',NULL,'1',24,1),(337,NULL,'2011-02-02 17:59:29','2011-02-02 17:59:29',NULL,'1',1,1),(338,NULL,'2011-02-09 09:36:45','2011-02-09 09:36:45',NULL,'1',1,1),(339,NULL,'2011-02-09 10:55:34','2011-02-09 10:55:34',NULL,'1',24,3),(344,NULL,'2011-02-10 12:18:11','2011-02-10 12:19:30',NULL,'1',24,3),(343,NULL,'2011-02-10 10:59:10','2011-02-10 10:59:10',NULL,'1',24,3),(345,NULL,'2011-02-10 12:29:41','2011-02-10 12:31:04',NULL,'1',24,3),(346,NULL,'2011-02-10 12:52:14','2011-02-10 12:53:31',NULL,'1',24,3),(347,NULL,'2011-02-10 12:59:47','2011-02-10 13:00:21',NULL,'1',24,3),(348,NULL,'2011-02-10 13:59:54','2011-02-10 14:02:25',NULL,'1',24,3),(349,NULL,'2011-02-10 14:04:44','2011-02-10 14:04:44',NULL,'1',1,1),(350,NULL,'2011-02-10 14:06:06','2011-02-10 14:06:06',NULL,'1',24,3),(351,NULL,'2011-02-12 16:29:52','2011-02-12 16:29:52',NULL,'1',24,3),(352,NULL,'2011-02-12 16:30:38','2011-02-12 16:30:38',NULL,'1',24,3),(353,NULL,'2011-02-12 16:30:51','2011-02-12 16:31:05',NULL,'1',24,3),(354,NULL,'2011-02-12 16:31:12','2011-02-12 16:31:12',NULL,'1',24,3),(355,NULL,'2011-02-12 16:31:22','2011-02-12 16:31:22',NULL,'1',24,3),(356,NULL,'2011-02-12 16:31:29','2011-02-12 16:31:29',NULL,'1',24,3),(357,NULL,'2011-02-12 16:32:04','2011-02-12 16:32:04',NULL,'1',24,3),(358,NULL,'2011-02-12 16:32:39','2011-02-12 16:32:39',NULL,'1',24,3),(359,NULL,'2011-02-12 16:33:00','2011-02-12 16:33:00',NULL,'1',24,3),(360,NULL,'2011-02-12 16:33:10','2011-02-12 16:33:10',NULL,'1',24,3),(361,NULL,'2011-02-12 16:33:17','2011-02-12 16:33:17',NULL,'1',24,3),(362,NULL,'2011-02-12 16:33:26','2011-02-12 16:33:26',NULL,'1',24,3),(363,NULL,'2011-02-12 16:33:40','2011-02-12 16:33:40',NULL,'1',24,3),(364,NULL,'2011-02-12 16:33:47','2011-02-12 16:33:47',NULL,'1',24,3),(365,NULL,'2011-02-12 16:35:44','2011-02-12 16:35:44',NULL,'1',24,3),(366,NULL,'2011-02-12 16:35:53','2011-02-12 16:35:53',NULL,'1',24,3),(367,NULL,'2011-02-12 16:36:01','2011-02-12 16:36:01',NULL,'1',24,3),(368,NULL,'2011-02-12 16:36:11','2011-02-12 16:36:11',NULL,'1',24,3),(369,NULL,'2011-02-12 16:36:19','2011-02-12 16:36:19',NULL,'1',24,3),(370,NULL,'2011-02-12 16:36:27','2011-02-12 16:36:27',NULL,'1',24,3),(371,NULL,'2011-02-21 09:03:35','2011-02-21 09:04:43',NULL,'1',24,3),(372,NULL,'2011-02-21 09:04:28','2011-02-21 09:04:28',NULL,'1',1,1),(373,NULL,'2011-02-21 09:10:35','2011-02-21 09:10:35',NULL,'1',1,1),(374,NULL,'2011-02-21 09:18:24','2011-02-21 09:20:29',NULL,'1',24,3),(375,NULL,'2011-02-21 09:34:28','2011-02-21 09:34:44',NULL,'1',24,3),(376,NULL,'2011-02-21 14:34:00','2011-02-21 14:34:08',NULL,'1',24,3),(377,NULL,'2011-02-21 14:34:44','2011-02-21 14:35:01',NULL,'1',24,3),(378,NULL,'2011-02-21 14:35:48','2011-02-21 14:35:48',NULL,'1',24,3),(379,NULL,'2011-02-21 14:36:54','2011-02-21 14:36:55',NULL,'1',24,3),(380,NULL,'2011-02-24 09:54:47','2011-02-24 10:28:24',NULL,'1',24,3),(381,NULL,'2011-02-24 10:08:07','2011-02-24 10:08:08',NULL,'1',24,3),(382,NULL,'2011-02-24 10:12:03','2011-02-24 10:12:03',NULL,'1',8,3),(383,NULL,'2011-02-24 10:25:30','2011-02-24 10:27:55',NULL,'1',24,3),(384,NULL,'2011-02-24 10:32:44','2011-02-24 10:32:44',NULL,'1',24,3),(385,NULL,'2011-02-24 10:34:00','2011-02-24 10:34:00',NULL,'1',24,3),(386,NULL,'2011-02-24 10:35:59','2011-02-24 10:35:59',NULL,'1',24,3),(387,NULL,'2011-02-24 10:38:33','2011-02-24 10:38:33',NULL,'1',24,3),(388,NULL,'2011-02-24 10:39:02','2011-02-24 10:39:02',NULL,'1',24,3),(389,NULL,'2011-02-24 10:40:11','2011-02-24 10:40:11',NULL,'1',24,3),(390,NULL,'2011-02-24 10:42:22','2011-02-24 10:42:22',NULL,'1',8,3),(391,NULL,'2011-02-24 10:44:31','2011-02-24 10:44:31',NULL,'1',24,3),(392,NULL,'2011-02-24 10:46:59','2011-02-24 10:46:59',NULL,'1',24,3),(393,NULL,'2011-02-24 10:47:27','2011-02-24 10:47:27',NULL,'1',24,3),(394,NULL,'2011-02-24 15:53:06','2011-02-24 15:53:06',NULL,'1',24,3),(395,NULL,'2011-02-25 17:06:30','2011-02-25 17:06:30',NULL,'1',1,1),(396,NULL,'2011-02-25 17:07:57','2011-02-25 17:08:07',NULL,'1',1,1),(397,NULL,'2011-02-25 17:09:04','2011-02-25 17:09:04',NULL,'1',2,1),(398,NULL,'2011-03-02 18:21:06','2011-03-02 18:21:45',NULL,'1',1,1),(399,NULL,'2011-03-07 22:09:46','2011-03-07 22:10:34',NULL,'1',1,1),(400,NULL,'2011-03-07 22:13:37','2011-03-07 22:15:56',NULL,'1',1,1),(401,NULL,'2011-03-07 22:17:02','2011-03-07 22:17:21',NULL,'1',1,1),(402,NULL,'2011-03-08 14:59:11','2011-03-08 14:59:11',NULL,'1',1,1),(403,NULL,'2011-03-08 15:05:53','2011-03-08 15:05:53',NULL,'1',1,1),(404,NULL,'2011-03-09 10:10:01','2011-03-09 10:10:55',NULL,'1',24,3),(405,NULL,'2011-03-09 10:20:06','2011-03-09 10:20:06',NULL,'1',24,3),(406,NULL,'2011-03-10 19:05:23','2011-03-10 19:05:23',NULL,'1',23,1),(407,NULL,'2011-03-14 20:28:05','2011-03-14 20:28:20',NULL,'1',1,1),(408,NULL,'2011-03-16 09:16:55','2011-03-16 09:18:10',NULL,'1',24,3),(409,NULL,'2011-03-20 17:57:02','2011-03-20 17:57:02',NULL,'1',1,1),(410,NULL,'2011-03-20 17:57:31','2011-03-20 17:57:31',NULL,'1',1,1),(411,NULL,'2011-03-23 09:24:58','2011-03-23 09:26:47',NULL,'1',24,3),(412,NULL,'2011-03-23 09:44:26','2011-03-23 09:44:26',NULL,'1',24,3),(413,NULL,'2011-03-23 09:45:20','2011-03-23 09:45:20',NULL,'1',24,3),(414,NULL,'2011-03-23 09:46:07','2011-03-23 09:54:50',NULL,'1',24,3),(415,NULL,'2011-03-30 09:16:24','2011-03-30 09:19:01',NULL,'1',24,3),(416,NULL,'2011-03-30 09:34:14','2011-03-30 09:34:14',NULL,'1',24,3),(417,NULL,'2011-03-30 15:14:10','2011-03-30 17:57:25',NULL,'1',1,1),(418,NULL,'2011-04-06 09:57:19','2011-04-06 09:58:41',NULL,'1',24,3),(419,NULL,'2011-04-08 14:24:28','2011-04-08 14:24:28',NULL,'1',1,1),(420,NULL,'2011-04-08 14:29:19','2011-04-08 14:29:19',NULL,'1',1,1),(421,NULL,'2011-04-08 14:30:22','2011-04-08 14:30:22',NULL,'1',1,1),(422,NULL,'2011-04-08 15:03:00','2011-04-08 15:03:00',NULL,'1',1,1),(423,NULL,'2011-04-13 21:07:07','2011-04-13 21:07:22',NULL,'1',1,1),(424,NULL,'2011-04-14 11:20:41','2011-04-14 11:25:41',NULL,'1',24,3),(425,NULL,'2011-04-14 11:30:40','2011-04-14 11:32:00',NULL,'1',24,3),(426,NULL,'2011-04-14 11:33:48','2011-04-14 11:34:32',NULL,'1',1,1),(427,NULL,'2011-04-20 12:18:28','2011-04-20 12:18:28',NULL,'1',1,1),(428,NULL,'2011-04-20 12:28:33','2011-04-20 12:28:33',NULL,'1',1,1),(429,NULL,'2011-05-04 19:23:38','2011-05-04 19:23:38',NULL,'1',1,1),(430,NULL,'2011-05-05 11:52:51','2011-05-05 11:52:52',NULL,'1',1,1),(431,NULL,'2011-05-09 13:25:31','2011-05-09 13:25:31',NULL,'1',1,1),(432,NULL,'2011-05-12 18:07:04','2011-05-12 18:07:04',NULL,'1',1,1),(433,NULL,'2011-05-13 10:37:47','2011-05-13 10:37:47',NULL,'1',1,1),(434,NULL,'2011-05-14 13:15:59','2011-05-14 13:15:59',NULL,'1',1,1),(435,NULL,'2011-05-14 13:16:30','2011-05-14 13:16:30',NULL,'1',1,1),(436,NULL,'2011-05-14 13:18:05','2011-05-14 13:18:05',NULL,'1',1,1),(437,NULL,'2011-05-14 13:20:56','2011-05-18 15:00:55',NULL,'1',1,1),(438,NULL,'2011-05-18 10:45:14','2011-05-18 10:45:14',NULL,'1',24,3),(439,NULL,'2011-05-18 10:45:26','2011-05-18 10:45:26',NULL,'1',24,3),(440,NULL,'2011-05-18 10:45:37','2011-05-18 10:45:37',NULL,'1',24,3),(441,NULL,'2011-05-18 10:45:45','2011-05-18 10:45:45',NULL,'1',24,3),(442,NULL,'2011-05-18 10:46:00','2011-05-18 10:46:00',NULL,'1',24,3),(443,NULL,'2011-05-18 10:46:07','2011-05-18 10:46:07',NULL,'1',24,3),(444,NULL,'2011-05-18 10:46:16','2011-05-18 10:46:16',NULL,'1',24,3),(445,NULL,'2011-05-18 10:46:29','2011-05-18 10:46:29',NULL,'1',24,3),(446,NULL,'2011-05-18 10:46:44','2011-05-18 10:46:44',NULL,'1',24,3),(447,NULL,'2011-05-18 10:46:49','2011-05-18 10:46:49',NULL,'1',24,3),(448,NULL,'2011-05-18 10:46:57','2011-05-18 10:46:57',NULL,'1',24,3),(449,NULL,'2011-05-18 10:47:10','2011-05-18 10:48:02',NULL,'1',24,3),(450,NULL,'2011-05-18 12:55:21','2011-05-18 12:55:21',NULL,'1',24,3),(451,NULL,'2011-05-18 12:55:41','2011-05-18 12:57:18',NULL,'1',8,3),(452,NULL,'2011-05-19 17:47:04','2011-05-19 17:47:04',NULL,'1',1,1),(453,NULL,'2011-05-19 17:48:02','2011-05-19 17:48:02',NULL,'1',1,1),(454,NULL,'2011-05-19 17:51:53','2011-05-19 17:51:53',NULL,'1',1,1),(455,NULL,'2011-05-19 17:52:30','2011-05-19 17:52:30',NULL,'1',1,1),(456,NULL,'2011-05-24 17:07:15','2011-05-24 17:07:15',NULL,'1',1,1),(457,NULL,'2011-05-24 17:14:04','2011-05-24 17:14:04',NULL,'1',1,1),(458,NULL,'2011-05-24 17:23:19','2011-05-24 17:23:19',NULL,'1',2,1),(459,NULL,'2011-05-24 17:27:34','2011-05-24 17:27:34',NULL,'1',2,1),(460,NULL,'2011-05-24 17:30:49','2011-05-24 17:30:49',NULL,'1',2,1),(461,NULL,'2011-05-24 17:37:25','2011-05-24 17:37:25',NULL,'1',2,1),(462,NULL,'2011-05-24 17:39:03','2011-05-24 17:39:03',NULL,'1',2,1),(463,NULL,'2011-05-24 17:40:59','2011-05-24 17:40:59',NULL,'1',2,1),(464,NULL,'2011-05-24 17:45:03','2011-05-24 17:45:03',NULL,'1',2,1),(465,NULL,'2011-05-24 17:45:58','2011-05-24 17:45:58',NULL,'1',2,1),(466,NULL,'2011-05-24 17:50:47','2011-05-24 17:50:47',NULL,'1',2,1),(467,NULL,'2011-05-25 11:00:42','2011-05-25 11:00:42',NULL,'1',8,3),(468,NULL,'2011-05-25 11:04:25','2011-05-25 11:12:09',NULL,'1',24,3),(469,NULL,'2011-05-25 14:19:03','2011-05-25 14:19:03',NULL,'1',1,1),(470,NULL,'2011-05-25 17:29:24','2011-05-25 17:30:04',NULL,'1',1,1),(471,NULL,'2011-05-28 09:29:58','2011-05-28 09:29:58',NULL,'1',2,1),(472,NULL,'2011-05-28 09:32:45','2011-05-28 09:32:45',NULL,'1',1,1),(473,NULL,'2011-05-31 17:13:17','2011-05-31 17:13:17',NULL,'1',2,1),(474,NULL,'2011-06-01 12:58:58','2011-06-01 12:58:58',NULL,'1',24,3),(475,NULL,'2011-06-01 13:02:01','2011-06-01 13:02:01',NULL,'1',8,3),(476,NULL,'2011-06-02 14:08:33','2011-06-02 14:08:33',NULL,'1',24,3),(477,NULL,'2011-06-02 14:41:55','2011-06-02 14:41:55',NULL,'1',8,3),(478,NULL,'2011-06-02 14:43:00','2011-06-02 14:43:00',NULL,'1',24,3),(479,NULL,'2011-06-10 11:52:30','2011-06-10 11:53:16',NULL,'1',24,3),(480,NULL,'2011-06-13 11:10:11','2011-06-13 11:10:11',NULL,'1',1,1),(481,NULL,'2011-06-14 20:24:13','2011-06-14 20:24:13',NULL,'1',1,1),(482,NULL,'2011-06-16 09:46:55','2011-06-16 09:48:18',NULL,'1',1,1),(483,NULL,'2011-06-17 18:07:41','2011-06-17 18:07:41',NULL,'1',1,1),(484,NULL,'2011-06-17 18:09:36','2011-06-17 18:09:36',NULL,'1',1,1),(485,NULL,'2011-06-17 18:11:04','2011-06-17 18:11:04',NULL,'1',1,1),(486,NULL,'2011-06-17 18:15:44','2011-06-17 18:15:44',NULL,'1',1,1),(487,NULL,'2011-06-17 18:17:02','2011-06-17 18:17:02',NULL,'1',1,1),(488,NULL,'2011-06-17 18:22:54','2011-06-17 18:22:54',NULL,'1',1,1),(489,NULL,'2011-06-17 18:23:54','2011-06-17 18:23:54',NULL,'1',1,1),(490,NULL,'2011-06-17 18:28:28','2011-06-17 18:28:28',NULL,'1',1,1),(491,NULL,'2011-06-17 18:29:08','2011-06-17 18:29:08',NULL,'1',1,1),(492,NULL,'2011-06-17 18:57:27','2011-06-17 18:57:27',NULL,'1',1,1),(493,NULL,'2011-06-21 09:20:03','2011-06-21 09:20:16',NULL,'1',1,1),(494,NULL,'2011-06-27 13:12:16','2011-06-27 13:12:16',NULL,'1',1,1),(495,NULL,'2011-06-27 20:40:00','2011-06-27 20:40:00',NULL,'1',1,1),(496,NULL,'2011-06-27 20:40:49','2011-06-27 20:40:49',NULL,'1',1,1),(497,NULL,'2011-06-27 20:41:13','2011-06-27 20:41:13',NULL,'1',1,1),(498,NULL,'2011-06-28 17:57:21','2011-06-28 17:57:21',NULL,'1',1,1),(499,NULL,'2011-06-30 18:21:57','2011-06-30 18:21:57',NULL,'1',1,1),(500,NULL,'2011-07-01 10:24:31','2011-07-01 10:24:31',NULL,'1',1,1),(501,NULL,'2011-07-01 10:26:56','2011-07-01 10:26:56',NULL,'1',1,1),(502,NULL,'2011-07-05 09:33:28','2011-07-05 09:33:28',NULL,'1',1,1),(503,NULL,'2011-07-05 09:35:01','2011-07-05 09:35:01',NULL,'1',1,1),(504,NULL,'2011-07-05 09:36:42','2011-07-05 09:36:42',NULL,'1',1,1),(505,NULL,'2011-07-05 09:40:36','2011-07-05 09:40:36',NULL,'1',1,1),(506,NULL,'2011-07-12 08:53:15','2011-07-12 08:53:15',NULL,'1',1,1),(507,NULL,'2011-07-13 14:17:02','2011-07-13 14:17:26',NULL,'1',1,1),(508,NULL,'2011-07-13 14:20:23','2011-07-13 14:20:23',NULL,'1',1,1),(509,NULL,'2011-07-13 14:21:53','2011-07-13 14:21:53',NULL,'1',1,1),(510,NULL,'2011-07-13 19:32:13','2011-07-13 19:32:38',NULL,'1',1,1),(511,NULL,'2011-07-13 19:33:20','2011-07-13 19:33:20',NULL,'1',1,1),(512,NULL,'2011-07-13 19:37:40','2011-07-13 19:37:40',NULL,'1',1,1),(513,NULL,'2011-07-18 11:30:39','2011-07-18 11:31:20',NULL,'1',24,3),(514,NULL,'2011-07-18 11:43:40','2011-07-18 11:43:40',NULL,'1',24,3),(515,NULL,'2011-07-18 11:49:52','2011-07-18 11:52:15',NULL,'1',24,3),(516,NULL,'2011-07-18 12:02:54','2011-07-18 12:03:25',NULL,'1',24,3),(517,NULL,'2011-07-18 12:08:04','2011-07-18 12:08:35',NULL,'1',24,3),(518,NULL,'2011-07-18 12:18:42','2011-07-18 12:18:42',NULL,'1',24,3),(519,NULL,'2011-07-18 12:25:52','2011-07-18 12:28:49',NULL,'1',24,3),(520,NULL,'2011-07-18 12:36:26','2011-07-18 12:37:51',NULL,'1',24,3),(521,NULL,'2011-07-18 13:30:21','2011-07-18 13:30:21',NULL,'1',1,1),(522,NULL,'2011-07-18 13:32:37','2011-07-18 13:32:52',NULL,'1',1,1),(523,NULL,'2011-07-19 20:02:00','2011-07-19 20:02:00',NULL,'1',1,1),(524,NULL,'2011-07-19 20:02:50','2011-07-19 20:02:50',NULL,'1',1,1),(525,NULL,'2011-07-20 10:22:31','2011-07-20 10:22:31',NULL,'1',1,1),(526,NULL,'2011-07-22 18:47:04','2011-07-22 18:47:04',NULL,'1',2,1),(527,NULL,'2011-07-22 18:48:14','2011-07-22 18:48:14',NULL,'1',2,1),(528,NULL,'2011-07-27 12:00:57','2011-07-27 12:01:17',NULL,'1',1,1),(529,NULL,'2011-07-27 14:10:52','2011-07-27 14:10:52',NULL,'1',24,3),(530,NULL,'2011-07-27 14:13:06','2011-07-27 14:13:06',NULL,'1',24,3),(531,NULL,'2011-07-27 14:13:29','2011-07-27 14:13:29',NULL,'1',24,3),(532,NULL,'2011-07-27 14:15:05','2011-07-27 14:15:57',NULL,'1',24,3),(533,NULL,'2011-08-01 13:50:34','2011-08-01 13:57:36',NULL,'1',24,3),(534,NULL,'2011-08-03 10:22:41','2011-08-03 10:22:41',NULL,'1',1,1),(535,NULL,'2011-08-03 10:24:23','2011-08-03 10:24:23',NULL,'1',1,1),(536,NULL,'2011-08-03 20:28:49','2011-08-03 20:28:49',NULL,'1',1,1),(537,NULL,'2011-08-03 20:32:03','2011-08-03 20:32:03',NULL,'1',1,1),(538,NULL,'2011-08-03 20:34:10','2011-08-03 20:34:10',NULL,'1',1,1),(539,NULL,'2011-08-03 20:36:07','2011-08-03 20:36:07',NULL,'1',1,1),(540,NULL,'2011-08-03 20:39:08','2011-08-03 20:39:08',NULL,'1',1,1),(541,NULL,'2011-08-03 20:41:11','2011-08-03 20:41:11',NULL,'1',1,1),(542,NULL,'2011-08-03 20:42:13','2011-08-03 20:42:13',NULL,'1',1,1),(543,NULL,'2011-08-03 20:42:46','2011-08-03 20:42:46',NULL,'1',1,1),(544,NULL,'2011-08-03 20:43:27','2011-08-03 20:43:35',NULL,'1',1,1),(545,NULL,'2011-08-03 20:43:50','2011-08-03 20:43:50',NULL,'1',1,1),(546,NULL,'2011-08-03 20:45:30','2011-08-03 20:45:30',NULL,'1',1,1),(547,NULL,'2011-08-03 20:46:07','2011-08-03 20:46:07',NULL,'1',1,1),(548,NULL,'2011-08-03 20:55:46','2011-08-03 20:55:46',NULL,'1',2,1),(549,NULL,'2011-08-04 22:06:00','2011-08-04 22:11:23',NULL,'1',2,1),(550,NULL,'2011-08-04 22:12:46','2011-08-04 22:12:46',NULL,'1',2,1),(551,NULL,'2011-08-04 22:14:19','2011-08-04 22:14:19',NULL,'1',2,1),(552,NULL,'2011-08-04 22:22:14','2011-08-04 22:22:14',NULL,'1',2,1),(553,NULL,'2011-08-05 13:46:38','2011-08-05 13:46:38',NULL,'1',24,3),(554,NULL,'2011-08-05 13:49:33','2011-08-05 13:49:33',NULL,'1',24,3),(555,NULL,'2011-08-05 13:50:50','2011-08-05 13:50:50',NULL,'1',24,3),(556,NULL,'2011-08-05 13:51:38','2011-08-05 13:53:33',NULL,'1',24,3),(557,NULL,'2011-08-05 14:00:39','2011-08-05 14:00:39',NULL,'1',24,3),(558,NULL,'2011-08-05 14:01:32','2011-08-05 14:01:32',NULL,'1',24,3),(559,NULL,'2011-08-05 14:03:17','2011-08-05 14:06:25',NULL,'1',24,3),(560,NULL,'2011-08-05 14:08:10','2011-08-05 14:08:10',NULL,'1',24,3),(561,NULL,'2011-08-05 14:19:40','2011-08-05 14:19:40',NULL,'1',24,3),(562,NULL,'2011-08-05 14:22:34','2011-08-05 14:23:35',NULL,'1',24,3),(563,NULL,'2011-08-05 14:25:55','2011-08-05 14:25:55',NULL,'1',24,3),(564,NULL,'2011-08-10 14:14:49','2011-08-10 14:16:48',NULL,'1',24,3),(565,NULL,'2011-08-10 20:23:52','2011-08-10 20:23:52',NULL,'1',2,1),(566,NULL,'2011-08-10 20:26:13','2011-08-10 20:26:21',NULL,'1',1,1),(567,NULL,'2011-08-15 15:47:36','2011-08-15 15:47:36',NULL,'1',2,1),(568,NULL,'2011-08-15 15:49:17','2011-08-15 15:49:43',NULL,'1',1,1),(569,NULL,'2011-08-15 15:50:38','2011-08-15 15:50:38',NULL,'1',1,1),(570,NULL,'2011-08-16 15:47:46','2011-08-16 15:47:46',NULL,'1',22,1),(571,NULL,'2011-08-16 15:58:49','2011-08-16 15:58:49',NULL,'1',22,1),(572,NULL,'2011-08-20 09:39:00','2011-08-20 09:39:00',NULL,'1',1,1),(573,NULL,'2011-08-21 08:10:23','2011-08-21 08:13:44',NULL,'1',1,1),(574,NULL,'2011-08-21 08:14:16','2011-08-21 08:14:27',NULL,'1',1,1),(575,NULL,'2011-08-21 08:19:32','2011-08-21 08:19:32',NULL,'1',1,1),(576,NULL,'2011-08-22 11:28:43','2011-08-22 11:28:43',NULL,'1',24,3),(577,NULL,'2011-08-22 11:28:52','2011-08-22 11:28:52',NULL,'1',24,3),(578,NULL,'2011-08-22 11:28:58','2011-08-22 11:28:58',NULL,'1',24,3),(579,NULL,'2011-08-22 11:29:54','2011-08-22 11:29:54',NULL,'1',24,3),(580,NULL,'2011-08-23 18:31:56','2011-08-23 18:32:04',NULL,'1',1,1),(581,NULL,'2011-08-29 18:20:09','2011-08-29 18:20:09',NULL,'1',1,1),(582,NULL,'2011-09-01 12:11:33','2011-09-01 12:11:33',NULL,'1',1,1),(583,NULL,'2011-09-01 12:31:39','2011-09-01 12:31:39',NULL,'1',1,1),(584,NULL,'2011-09-01 16:40:33','2011-09-01 16:40:33',NULL,'1',1,1),(585,NULL,'2011-09-01 16:41:54','2011-09-01 16:41:54',NULL,'1',2,1),(586,NULL,'2011-09-01 16:45:46','2011-09-01 16:45:46',NULL,'1',1,1),(587,NULL,'2011-09-02 09:20:25','2011-09-02 09:20:25',NULL,'1',1,1),(588,NULL,'2011-09-04 10:16:14','2011-09-04 10:16:23',NULL,'1',1,1),(589,NULL,'2011-09-06 15:20:02','2011-09-06 15:20:02',NULL,'1',1,1),(590,NULL,'2011-09-08 13:44:56','2011-09-08 13:44:56',NULL,'1',1,1),(591,NULL,'2011-09-12 11:32:41','2011-09-12 11:32:41',NULL,'1',24,3),(592,NULL,'2011-09-12 11:32:51','2011-09-12 11:32:51',NULL,'1',24,3),(593,NULL,'2011-09-12 11:33:20','2011-09-12 11:33:20',NULL,'1',24,3),(594,NULL,'2011-09-12 11:34:26','2011-09-12 11:34:26',NULL,'1',8,3),(595,NULL,'2011-09-12 11:35:31','2011-09-12 11:35:31',NULL,'1',24,3),(596,NULL,'2011-09-12 11:35:52','2011-09-12 11:35:52',NULL,'1',24,3),(597,NULL,'2011-09-12 11:35:57','2011-09-12 11:35:57',NULL,'1',24,3),(598,NULL,'2011-09-12 11:36:11','2011-09-12 11:36:11',NULL,'1',24,3),(599,NULL,'2011-09-12 13:13:50','2011-09-12 13:13:50',NULL,'1',1,1),(601,NULL,'2011-09-12 13:28:38','2011-09-12 13:28:38',NULL,'1',1,1),(602,NULL,'2011-09-12 18:35:37','2011-09-12 18:35:37',NULL,'1',1,1),(603,NULL,'2011-09-12 18:39:21','2011-09-12 18:39:21',NULL,'1',1,1),(604,NULL,'2011-09-12 18:42:09','2011-09-12 18:42:09',NULL,'1',1,1),(605,NULL,'2011-09-13 12:56:41','2011-09-13 12:59:06',NULL,'1',1,1),(606,NULL,'2011-09-13 13:08:22','2011-09-13 13:08:22',NULL,'1',1,1),(607,NULL,'2011-09-13 13:11:59','2011-09-13 13:11:59',NULL,'1',1,1),(608,NULL,'2011-09-13 13:14:29','2011-09-13 13:14:29',NULL,'1',1,1),(609,NULL,'2011-09-13 13:17:01','2011-09-13 13:17:50',NULL,'1',1,1),(610,NULL,'2011-09-13 13:23:49','2011-09-13 13:23:49',NULL,'1',1,1),(611,NULL,'2011-09-13 13:24:43','2011-09-13 13:25:09',NULL,'1',1,1),(612,NULL,'2011-09-13 13:33:12','2011-09-13 13:33:12',NULL,'1',1,1),(613,NULL,'2011-09-13 20:12:41','2011-09-13 20:12:41',NULL,'1',2,1),(614,NULL,'2011-09-13 20:14:30','2011-09-13 20:14:30',NULL,'1',2,1),(615,NULL,'2011-09-16 10:54:44','2011-09-16 10:54:44',NULL,'1',1,1),(616,NULL,'2011-09-16 18:06:37','2011-09-16 18:06:37',NULL,'1',2,1),(617,NULL,'2011-09-19 11:47:44','2011-09-19 11:47:44',NULL,'1',1,1),(618,NULL,'2011-09-19 16:56:03','2011-09-19 16:56:03',NULL,'1',2,1),(619,NULL,'2011-09-19 16:57:11','2011-09-19 16:57:11',NULL,'1',2,1),(620,NULL,'2011-09-23 10:24:33','2011-09-23 10:24:48',NULL,'1',1,1),(621,NULL,'2011-09-26 14:57:34','2011-09-26 14:57:48',NULL,'1',1,1),(622,NULL,'2011-09-27 17:24:07','2011-09-27 17:24:07',NULL,'1',1,1),(623,NULL,'2011-09-30 09:10:52','2011-09-30 09:10:52',NULL,'1',1,1),(624,NULL,'2011-09-30 09:26:30','2011-09-30 09:28:42',NULL,'1',24,3),(625,NULL,'2011-09-30 10:21:10','2011-09-30 10:21:24',NULL,'1',24,3),(626,NULL,'2011-10-03 19:44:22','2011-10-03 19:44:22',NULL,'1',1,1),(627,NULL,'2011-10-03 19:45:00','2011-10-03 19:45:00',NULL,'1',1,1),(628,NULL,'2011-10-03 19:45:42','2011-10-03 19:45:42',NULL,'1',1,1),(629,NULL,'2011-10-03 19:48:00','2011-10-03 19:48:00',NULL,'1',1,1),(630,NULL,'2011-10-03 19:52:05','2011-10-03 19:52:05',NULL,'1',1,1),(631,NULL,'2011-10-03 19:52:21','2011-10-03 19:52:21',NULL,'1',1,1),(632,NULL,'2011-10-03 19:54:13','2011-10-03 19:54:13',NULL,'1',1,1),(633,NULL,'2011-10-03 19:57:39','2011-10-03 19:57:39',NULL,'1',1,1),(634,NULL,'2011-10-03 19:58:00','2011-10-03 19:58:00',NULL,'1',1,1),(635,NULL,'2011-10-03 20:00:43','2011-10-03 20:00:43',NULL,'1',1,1),(636,NULL,'2011-10-03 20:01:40','2011-10-03 20:01:40',NULL,'1',2,1),(637,NULL,'2011-10-03 22:56:34','2011-10-03 22:56:34',NULL,'1',1,1),(638,NULL,'2011-10-05 10:53:15','2011-10-05 10:53:15',NULL,'1',1,1),(639,NULL,'2011-10-10 09:47:47','2011-10-10 09:47:47',NULL,'1',2,1),(640,NULL,'2011-10-10 10:10:06','2011-10-10 10:10:06',NULL,'1',1,1),(641,NULL,'2011-10-10 10:22:21','2011-10-10 10:22:21',NULL,'1',1,1),(642,NULL,'2011-10-10 10:27:32','2011-10-10 10:27:32',NULL,'1',1,1),(643,NULL,'2011-10-10 11:10:00','2011-10-10 11:10:00',NULL,'1',1,1),(644,NULL,'2011-10-11 10:41:16','2011-10-11 10:41:16',NULL,'1',2,1),(645,NULL,'2011-10-18 12:16:20','2011-10-18 12:16:20',NULL,'1',1,1),(646,NULL,'2011-10-18 12:20:07','2011-10-18 12:20:07',NULL,'1',1,1),(647,NULL,'2011-10-19 17:08:57','2011-10-19 17:08:57',NULL,'1',1,1),(648,NULL,'2011-10-19 17:09:37','2011-10-19 17:09:37',NULL,'1',1,1),(649,NULL,'2011-10-27 10:28:10','2011-10-27 10:30:14',NULL,'1',24,3),(650,NULL,'2011-10-27 11:04:52','2011-10-27 11:06:22',NULL,'1',24,3),(654,NULL,'2011-10-27 11:48:04','2011-10-27 11:48:04',NULL,'1',24,3),(652,NULL,'2011-10-27 11:46:29','2011-10-27 11:46:29',NULL,'1',24,3),(653,NULL,'2011-10-27 11:46:43','2011-10-27 11:46:43',NULL,'1',24,3),(655,NULL,'2011-10-27 11:56:23','2011-10-27 11:57:33',NULL,'1',24,3),(656,NULL,'2011-10-31 12:35:02','2011-10-31 12:35:02',NULL,'1',1,1),(657,NULL,'2011-10-31 15:36:35','2011-10-31 15:39:15',NULL,'1',2,1),(658,NULL,'2011-10-31 15:40:40','2011-10-31 15:40:40',NULL,'1',2,1),(659,NULL,'2011-10-31 15:41:42','2011-10-31 15:41:42',NULL,'1',1,1),(660,NULL,'2011-11-01 20:31:29','2011-11-01 20:31:29',NULL,'1',1,1),(661,NULL,'2011-11-01 20:32:24','2011-11-01 20:32:24',NULL,'1',1,1),(662,NULL,'2011-11-01 20:34:08','2011-11-01 20:34:08',NULL,'1',1,1),(663,NULL,'2011-11-02 10:28:11','2011-11-02 10:28:11',NULL,'1',2,1),(664,NULL,'2011-11-02 17:57:22','2011-11-02 17:57:22',NULL,'1',1,1),(665,NULL,'2011-11-03 18:58:40','2011-11-03 18:58:40',NULL,'1',1,1),(666,NULL,'2011-11-07 12:41:40','2011-11-07 12:41:40',NULL,'1',1,1),(667,NULL,'2011-11-07 12:42:42','2011-11-07 12:42:42',NULL,'1',1,1),(668,NULL,'2011-11-07 12:43:15','2011-11-07 12:43:15',NULL,'1',1,1),(669,NULL,'2011-11-09 19:55:35','2011-11-09 19:55:35',NULL,'1',1,1),(670,NULL,'2011-11-15 20:53:45','2011-11-15 20:53:45',NULL,'1',2,1),(671,NULL,'2011-11-16 12:39:26','2011-11-16 12:39:26',NULL,'1',1,1),(672,NULL,'2011-11-16 19:54:54','2011-11-16 19:54:54',NULL,'1',1,1),(673,NULL,'2011-11-18 09:47:29','2011-11-18 09:47:49',NULL,'1',1,1),(674,NULL,'2011-11-18 13:36:55','2011-11-18 13:37:02',NULL,'1',1,1),(675,NULL,'2011-11-18 14:54:39','2011-11-18 14:54:39',NULL,'1',1,1),(676,NULL,'2011-11-18 14:55:41','2011-11-18 14:55:41',NULL,'1',1,1),(677,NULL,'2011-11-28 11:42:34','2011-11-28 11:42:34',NULL,'1',1,1),(678,NULL,'2011-11-30 13:51:09','2011-11-30 13:51:19',NULL,'1',1,1),(679,NULL,'2011-11-30 13:52:06','2011-11-30 13:52:06',NULL,'1',1,1),(680,NULL,'2011-11-30 13:52:38','2011-11-30 13:52:38',NULL,'1',1,1),(681,NULL,'2011-12-06 12:43:20','2011-12-06 12:43:20',NULL,'1',1,1),(682,NULL,'2011-12-06 12:44:10','2011-12-06 12:44:10',NULL,'1',1,1),(683,NULL,'2011-12-08 21:51:42','2011-12-08 21:51:42',NULL,'1',28,1),(684,NULL,'2011-12-12 13:53:05','2011-12-12 13:53:05',NULL,'1',1,1),(685,NULL,'2011-12-12 13:56:27','2011-12-12 13:56:27',NULL,'1',1,1),(686,NULL,'2011-12-12 13:58:20','2011-12-12 13:58:20',NULL,'1',1,1),(687,NULL,'2011-12-13 21:45:14','2011-12-13 21:45:14',NULL,'1',1,1),(688,NULL,'2011-12-13 21:45:56','2011-12-13 21:45:56',NULL,'1',1,1),(689,NULL,'2011-12-14 09:08:21','2011-12-14 09:08:21',NULL,'1',1,1),(690,NULL,'2011-12-14 12:16:16','2011-12-14 12:16:16',NULL,'1',1,1),(691,NULL,'2011-12-14 12:16:36','2011-12-14 12:16:36',NULL,'1',1,1),(692,NULL,'2011-12-15 19:17:33','2011-12-15 19:17:48',NULL,'1',1,1),(693,NULL,'2011-12-15 19:18:18','2011-12-15 19:18:18',NULL,'1',1,1),(694,NULL,'2011-12-20 09:16:09','2011-12-20 09:16:09',NULL,'1',1,1),(695,NULL,'2011-12-20 16:43:00','2011-12-20 16:43:22',NULL,'1',1,1),(697,NULL,'2011-12-21 10:19:03','2011-12-21 10:23:12',NULL,'1',1,1),(698,NULL,'2011-12-27 14:26:19','2011-12-27 14:26:32',NULL,'1',1,1),(699,NULL,'2011-12-29 11:40:24','2011-12-29 11:40:24',NULL,'1',24,3),(700,NULL,'2011-12-29 11:40:29','2011-12-29 11:40:29',NULL,'1',24,3),(701,NULL,'2011-12-29 11:40:40','2011-12-29 11:40:40',NULL,'1',24,3),(702,NULL,'2011-12-29 11:42:15','2011-12-29 11:42:15',NULL,'1',24,3),(703,NULL,'2012-01-02 11:42:32','2012-01-02 11:42:32',NULL,'1',2,1),(704,NULL,'2012-01-02 11:44:04','2012-01-20 10:13:58',NULL,'1',2,1),(705,NULL,'2012-01-03 11:35:00','2012-01-03 11:35:10',NULL,'1',1,1),(706,NULL,'2012-01-05 11:49:06','2012-01-05 11:49:16',NULL,'1',1,1),(707,NULL,'2012-01-05 12:30:49','2012-01-05 12:30:49',NULL,'1',24,3),(708,NULL,'2012-01-05 12:31:09','2012-01-05 12:31:09',NULL,'1',24,3),(709,NULL,'2012-01-05 12:31:33','2012-01-05 12:32:30',NULL,'1',24,3),(710,NULL,'2012-01-09 09:56:22','2012-01-09 09:56:41',NULL,'1',1,1),(711,NULL,'2012-01-09 09:59:11','2012-01-09 09:59:11',NULL,'1',1,1),(712,NULL,'2012-01-09 10:01:21','2012-01-09 10:01:21',NULL,'1',1,1),(713,NULL,'2012-01-11 09:48:08','2012-01-11 09:48:08',NULL,'1',1,1),(714,NULL,'2012-01-11 09:52:32','2012-01-11 09:52:32',NULL,'1',1,1),(715,NULL,'2012-01-11 09:56:43','2012-01-11 09:56:43',NULL,'1',1,1),(716,NULL,'2012-01-11 10:02:21','2012-01-11 10:02:21',NULL,'1',1,1),(717,NULL,'2012-01-11 10:07:19','2012-01-11 10:07:19',NULL,'1',1,1),(718,NULL,'2012-01-11 10:10:55','2012-01-11 10:10:55',NULL,'1',1,1),(719,NULL,'2012-01-12 14:22:35','2012-01-12 14:26:01',NULL,'1',24,3),(720,NULL,'2012-01-12 15:27:21','2012-01-12 15:27:21',NULL,'1',1,1),(721,NULL,'2012-01-18 15:58:21','2012-01-18 15:58:42',NULL,'1',24,3),(722,NULL,'2012-01-20 13:40:52','2012-01-20 13:40:52',NULL,'1',2,1),(723,NULL,'2012-01-23 20:00:57','2012-01-23 20:23:24',NULL,'1',2,1),(724,NULL,'2012-01-23 20:24:30','2012-01-23 20:24:30',NULL,'1',2,1),(725,NULL,'2012-01-25 15:02:35','2012-01-25 15:02:35',NULL,'1',24,3),(726,NULL,'2012-01-25 15:08:58','2012-01-25 15:16:07',NULL,'1',24,3),(727,NULL,'2012-01-26 10:11:16','2012-01-26 10:11:16',NULL,'1',1,1),(728,NULL,'2012-01-26 19:30:09','2012-01-26 19:30:09',NULL,'1',2,1),(729,NULL,'2012-01-26 19:33:07','2012-01-26 19:33:07',NULL,'1',1,1),(730,NULL,'2012-01-26 19:33:53','2012-01-26 19:33:53',NULL,'1',1,1),(731,NULL,'2012-01-26 19:34:39','2012-01-26 19:34:39',NULL,'1',1,1),(732,NULL,'2012-01-26 19:36:10','2012-01-26 19:36:10',NULL,'1',1,1),(733,NULL,'2012-01-26 19:38:36','2012-01-26 19:38:36',NULL,'1',1,1),(734,NULL,'2012-01-26 19:39:16','2012-01-26 19:39:16',NULL,'1',1,1),(735,NULL,'2012-01-26 19:40:02','2012-01-26 19:40:10',NULL,'1',1,1),(736,NULL,'2012-01-27 13:49:36','2012-01-27 13:50:10',NULL,'1',24,3),(737,NULL,'2012-01-27 14:43:41','2012-01-27 14:44:02',NULL,'1',24,3),(738,NULL,'2012-01-27 14:47:25','2012-01-27 14:49:07',NULL,'1',24,3),(739,NULL,'2012-01-30 11:54:03','2012-01-30 11:54:03',NULL,'1',1,1),(740,NULL,'2012-01-30 11:54:54','2012-01-30 11:55:03',NULL,'1',1,1),(741,NULL,'2012-01-31 10:19:00','2012-01-31 10:24:25',NULL,'1',24,3),(742,NULL,'2012-02-02 08:58:22','2012-02-02 08:58:22',NULL,'1',1,1),(743,NULL,'2012-02-02 14:39:11','2012-02-02 14:39:11',NULL,'1',2,1),(744,NULL,'2012-02-03 11:36:29','2012-02-03 11:36:29',NULL,'1',1,1),(745,NULL,'2012-02-06 12:37:59','2012-02-06 12:39:03',NULL,'1',1,1),(746,NULL,'2012-02-06 12:39:34','2012-02-06 12:40:07',NULL,'1',1,1),(747,NULL,'2012-02-08 13:14:21','2012-02-08 13:14:21',NULL,'1',1,1),(748,NULL,'2012-02-08 13:15:37','2012-02-08 13:15:37',NULL,'1',1,1),(749,NULL,'2012-02-08 13:17:19','2012-02-08 13:17:19',NULL,'1',1,1),(750,NULL,'2012-02-08 13:18:02','2012-02-08 13:18:02',NULL,'1',1,1),(751,NULL,'2012-02-08 13:19:05','2012-02-08 13:19:05',NULL,'1',1,1),(752,NULL,'2012-02-08 13:19:51','2012-02-08 13:19:51',NULL,'1',1,1),(753,NULL,'2012-02-08 13:53:31','2012-02-08 13:53:32',NULL,'1',1,1),(754,NULL,'2012-02-08 19:10:51','2012-02-08 19:10:51',NULL,'1',2,1),(755,NULL,'2012-02-13 09:17:18','2012-02-13 09:17:34',NULL,'1',1,1),(756,NULL,'2012-02-13 09:19:47','2012-02-13 09:19:47',NULL,'1',1,1),(757,NULL,'2012-02-14 19:14:02','2012-02-14 19:14:19',NULL,'1',1,1),(758,NULL,'2012-02-17 13:34:18','2012-02-17 13:34:18',NULL,'1',1,1),(759,NULL,'2012-02-17 13:39:15','2012-02-17 13:39:15',NULL,'1',1,1),(760,NULL,'2012-02-21 19:01:19','2012-02-21 19:01:19',NULL,'1',2,1),(761,NULL,'2012-02-21 19:06:08','2012-02-21 19:06:08',NULL,'1',1,1),(762,NULL,'2012-02-24 19:39:24','2012-02-24 19:39:24',NULL,'1',1,1),(763,NULL,'2012-02-27 16:48:55','2012-02-28 09:49:56',NULL,'1',1,1),(765,NULL,'2012-02-29 11:12:48','2012-02-29 11:12:48',NULL,'1',1,1),(766,NULL,'2012-02-29 22:59:20','2012-02-29 22:59:20',NULL,'1',1,1),(767,NULL,'2012-02-29 23:00:45','2012-02-29 23:00:45',NULL,'1',1,1),(768,NULL,'2012-02-29 23:01:50','2012-02-29 23:01:50',NULL,'1',1,1),(769,NULL,'2012-02-29 23:02:15','2012-02-29 23:02:15',NULL,'1',1,1),(770,NULL,'2012-02-29 23:02:50','2012-02-29 23:02:50',NULL,'1',1,1),(771,NULL,'2012-03-07 11:00:38','2012-03-07 11:00:48',NULL,'1',24,3),(774,NULL,'2012-03-07 11:12:42','2012-03-07 11:12:42',NULL,'1',27,1),(775,NULL,'2012-03-07 11:12:53','2012-03-07 11:13:28',NULL,'1',27,1),(776,NULL,'2012-03-12 19:41:30','2012-03-12 19:41:30',NULL,'1',1,1),(777,NULL,'2012-03-12 19:46:05','2012-03-12 19:46:05',NULL,'1',1,1),(778,NULL,'2012-03-12 19:51:26','2012-03-12 19:51:26',NULL,'1',1,1),(779,NULL,'2012-03-12 19:54:27','2012-03-12 19:54:27',NULL,'1',2,1),(780,NULL,'2012-03-18 10:05:40','2012-03-18 10:05:40',NULL,'1',2,1),(781,NULL,'2012-03-19 12:42:36','2012-03-19 12:42:36',NULL,'1',1,1),(782,NULL,'2012-03-20 17:13:01','2012-03-20 17:13:01',NULL,'1',1,1),(784,NULL,'2012-03-22 18:42:23','2012-03-22 18:42:23','templates/simple','1',29,1),(785,NULL,'2012-03-22 18:42:23','2012-03-22 18:42:23','templates/mobile','1',29,1),(786,NULL,'2012-03-22 18:42:23','2012-03-22 18:42:23','categories','1',29,1),(787,NULL,'2012-03-22 18:42:23','2012-03-22 18:42:23','tags','1',29,1),(788,NULL,'2012-03-22 18:42:23','2012-03-22 18:42:23','tag_cloud','1',29,1),(789,NULL,'2012-03-22 18:42:23','2012-03-22 18:42:23','archive','1',29,1),(790,NULL,'2012-03-22 18:42:23','2012-03-22 18:42:23','nuvo_guestbook','1',10,1),(791,NULL,'2012-03-22 18:42:23','2012-03-22 18:42:23',NULL,'1',19,1),(792,NULL,'2012-03-22 18:42:23','2012-03-22 18:42:23',NULL,'1',30,1),(793,NULL,'2012-03-22 18:49:29','2012-03-22 18:49:29','templates/simple','1',29,1),(794,NULL,'2012-03-22 18:51:00','2012-03-22 18:51:00','blog_post','1',1,1),(795,NULL,'2012-03-22 18:52:20','2012-03-22 18:52:20','simple','1',29,1),(796,NULL,'2012-03-22 18:58:12','2012-03-22 18:58:12',NULL,'1',1,1),(797,NULL,'2012-03-22 18:59:34','2012-03-22 19:06:12',NULL,'1',1,1),(798,NULL,'2012-03-22 19:10:35','2012-03-22 19:10:35',NULL,'1',1,1),(799,NULL,'2012-03-23 08:27:13','2012-03-23 08:27:13','blog_post','1',1,3),(800,NULL,'2012-03-23 08:27:59','2012-03-23 08:27:59','blog_post','1',1,3),(801,NULL,'2012-03-25 19:16:23','2012-03-25 19:16:38',NULL,'1',1,1),(802,NULL,'2012-03-27 12:57:13','2012-03-27 12:57:13','blog_post','1',1,3),(804,NULL,'2012-03-27 13:06:43','2012-03-27 13:06:43','blog_post','1',1,3),(805,NULL,'2012-03-27 13:08:05','2012-03-27 13:08:05','blog_post','1',1,3),(806,NULL,'2012-03-27 13:08:37','2012-03-27 13:08:37','blog_post','1',1,3),(807,NULL,'2012-03-27 13:08:55','2012-03-27 13:08:55','blog_post','1',1,3),(808,NULL,'2012-04-02 14:38:23','2012-04-02 14:38:23',NULL,'1',1,1),(809,NULL,'2012-04-02 14:44:49','2012-04-02 14:44:49',NULL,'1',1,1),(810,NULL,'2012-04-03 13:33:40','2012-04-03 13:33:40',NULL,'1',2,1),(811,NULL,'2012-04-03 13:34:46','2012-04-03 13:36:12',NULL,'1',2,1),(812,NULL,'2012-04-10 07:08:06','2012-04-10 07:08:06',NULL,'1',2,1),(813,NULL,'2012-04-17 09:56:19','2012-04-17 09:56:19',NULL,'1',2,1),(814,NULL,'2012-04-17 16:50:20','2012-04-17 16:50:20',NULL,'1',2,1),(815,NULL,'2012-04-24 08:58:11','2012-04-24 08:58:11',NULL,'1',1,1),(816,NULL,'2012-05-04 10:19:40','2012-05-04 10:19:40',NULL,'1',1,1),(817,NULL,'2012-05-04 10:20:25','2012-05-04 10:21:19',NULL,'1',1,1),(818,NULL,'2012-05-09 05:52:50','2012-05-09 05:52:50',NULL,'1',1,1),(819,NULL,'2012-05-09 10:07:48','2012-05-09 10:07:48',NULL,'1',1,1),(820,NULL,'2012-05-22 19:37:32','2012-05-22 19:38:10',NULL,'1',1,1),(821,NULL,'2012-05-22 19:39:56','2012-05-22 19:39:56',NULL,'1',1,1),(822,NULL,'2012-05-22 19:40:27','2012-05-22 19:40:27',NULL,'1',1,1),(823,NULL,'2012-05-22 19:41:13','2012-05-22 19:41:13',NULL,'1',1,1),(824,NULL,'2012-05-22 19:43:19','2012-05-22 19:43:19',NULL,'1',1,1),(825,NULL,'2012-05-22 19:43:59','2012-05-22 19:43:59',NULL,'1',1,1),(826,NULL,'2012-05-23 10:33:47','2012-05-23 10:33:47',NULL,'1',1,1),(828,NULL,'2012-05-23 10:34:35','2012-05-23 10:34:35',NULL,'1',1,1),(840,NULL,'2012-05-24 13:25:31','2012-05-24 13:25:31','blog_post','1',1,3),(842,NULL,'2012-05-24 13:25:47','2012-05-24 13:25:47','blog_post','1',1,3),(841,NULL,'2012-05-24 13:25:39','2012-05-24 13:25:39','blog_post','1',1,3),(848,NULL,'2012-05-24 13:39:05','2012-05-24 13:39:05','blog_post','1',1,3),(847,NULL,'2012-05-24 13:37:09','2012-05-24 13:37:09','blog_post','1',1,3),(849,NULL,'2012-05-24 13:43:46','2012-05-24 13:43:46','blog_post','1',1,3),(851,NULL,'2012-05-24 13:50:47','2012-05-24 13:50:47','blog_post','1',1,3),(852,NULL,'2012-05-24 13:59:14','2012-05-24 13:59:14','blog_post','1',1,3),(853,NULL,'2012-05-24 14:05:49','2012-05-24 14:05:49','blog_post','1',1,3),(855,NULL,'2012-06-04 15:37:41','2012-06-04 15:39:48',NULL,'1',1,1),(856,NULL,'2012-06-04 15:40:59','2012-06-04 15:40:59',NULL,'1',1,1),(857,NULL,'2012-06-04 15:41:43','2012-06-04 15:41:43',NULL,'1',1,1),(858,NULL,'2012-06-06 15:35:35','2012-06-06 15:35:35',NULL,'1',1,1),(860,NULL,'2012-06-08 13:17:32','2012-06-08 13:17:32','blog_post','1',1,3),(861,NULL,'2012-06-08 13:21:22','2012-06-08 13:21:22','blog_post','1',1,3),(862,NULL,'2012-06-08 13:22:27','2012-06-08 13:22:27','blog_post','1',1,3),(863,NULL,'2012-06-11 17:13:51','2012-06-11 17:13:51',NULL,'1',1,1),(864,NULL,'2012-06-12 11:48:59','2012-06-12 11:48:59',NULL,'1',1,1),(865,NULL,'2012-06-13 09:03:14','2012-06-13 09:03:14',NULL,'1',1,1),(866,NULL,'2012-06-13 13:20:02','2012-06-13 13:20:19',NULL,'1',1,1),(867,NULL,'2012-06-14 11:18:00','2012-06-14 11:18:00',NULL,'1',1,1),(869,NULL,'2012-06-14 14:40:46','2012-06-14 14:40:46','blog_post','1',1,3),(870,NULL,'2012-06-16 20:22:20','2012-06-16 20:22:20',NULL,'1',1,1),(871,NULL,'2012-06-16 20:50:47','2012-06-16 20:50:47',NULL,'1',1,1),(872,NULL,'2012-06-20 14:10:33','2012-06-20 14:10:33',NULL,'1',1,1),(873,NULL,'2012-06-26 14:15:43','2012-06-26 14:15:43',NULL,'1',1,1),(874,NULL,'2012-06-27 10:42:11','2012-06-27 10:42:12',NULL,'1',1,1),(875,NULL,'2012-06-28 14:29:29','2012-06-28 14:29:29',NULL,'1',1,1),(876,NULL,'2012-06-29 08:25:19','2012-06-29 08:25:19',NULL,'1',1,1),(877,NULL,'2012-07-01 18:23:44','2012-07-01 18:23:44',NULL,'1',1,1),(878,NULL,'2012-07-01 18:59:58','2012-07-01 18:59:58',NULL,'1',1,1),(879,NULL,'2012-07-01 19:02:29','2012-07-01 19:02:29',NULL,'1',1,1),(880,NULL,'2012-07-04 10:29:28','2012-07-04 10:29:28',NULL,'1',2,1),(881,NULL,'2012-07-09 10:27:50','2012-07-09 10:27:50',NULL,'1',1,1),(884,NULL,'2012-07-09 13:36:31','2012-07-09 13:36:31','blog_post','1',1,3),(885,NULL,'2012-07-09 14:26:34','2012-07-09 14:26:34','blog_post','1',1,3),(886,NULL,'2012-07-09 15:02:13','2012-07-09 15:02:13',NULL,'1',1,1),(887,NULL,'2012-07-11 08:32:41','2012-07-11 08:32:41',NULL,'1',1,1),(888,NULL,'2012-07-16 11:38:00','2012-07-16 11:38:08',NULL,'1',1,1),(889,NULL,'2012-07-17 09:42:48','2012-07-17 09:42:48',NULL,'1',1,1),(890,NULL,'2012-07-17 21:49:16','2012-07-17 21:49:16',NULL,'1',1,1),(891,NULL,'2012-07-18 09:05:40','2012-07-18 09:05:40',NULL,'1',1,1),(892,NULL,'2012-07-18 09:06:53','2012-07-18 09:06:53',NULL,'1',1,1),(893,NULL,'2012-07-18 18:58:53','2012-07-18 18:58:53',NULL,'1',1,1),(894,NULL,'2012-07-19 13:28:31','2012-07-19 13:28:31','blog_post','1',1,3),(895,NULL,'2012-07-24 10:43:12','2012-07-24 10:43:12',NULL,'1',1,1),(896,NULL,'2012-07-24 10:43:36','2012-07-24 10:43:36',NULL,'1',1,1),(897,NULL,'2012-07-24 10:43:55','2012-07-24 10:43:55',NULL,'1',1,1),(898,NULL,'2012-07-24 10:44:15','2012-07-24 10:44:15',NULL,'1',1,1),(899,NULL,'2012-07-24 10:44:41','2012-07-24 10:44:41',NULL,'1',1,1),(900,NULL,'2012-07-24 10:45:00','2012-07-24 10:45:00',NULL,'1',1,1),(901,NULL,'2012-07-24 10:45:51','2012-07-24 10:45:51',NULL,'1',1,1),(902,NULL,'2012-07-24 10:46:13','2012-07-24 10:46:13',NULL,'1',1,1),(903,NULL,'2012-07-24 10:46:38','2012-07-24 10:46:38',NULL,'1',1,1),(904,NULL,'2012-07-24 10:46:54','2012-07-24 10:46:54',NULL,'1',1,1),(905,NULL,'2012-07-24 10:47:19','2012-07-24 10:47:19',NULL,'1',1,1),(906,NULL,'2012-07-24 10:48:10','2012-07-24 10:48:10',NULL,'1',1,1),(907,NULL,'2012-07-24 10:48:34','2012-07-24 10:48:34',NULL,'1',1,1),(908,NULL,'2012-07-24 10:49:02','2012-07-24 10:49:02',NULL,'1',1,1),(909,NULL,'2012-07-24 10:49:19','2012-07-24 10:49:19',NULL,'1',1,1),(910,NULL,'2012-07-24 10:49:43','2012-07-24 10:49:43',NULL,'1',1,1),(911,NULL,'2012-07-24 10:50:07','2012-07-24 10:50:07',NULL,'1',1,1),(912,NULL,'2012-07-24 10:50:44','2012-07-24 10:50:44',NULL,'1',1,1),(913,NULL,'2012-07-24 10:51:35','2012-07-24 10:51:35',NULL,'1',1,1),(914,NULL,'2012-07-24 10:51:59','2012-07-24 10:51:59',NULL,'1',1,1),(915,NULL,'2012-07-24 10:52:16','2012-07-24 10:52:16',NULL,'1',1,1),(916,NULL,'2012-07-24 10:52:45','2012-07-24 10:52:45',NULL,'1',1,1),(917,NULL,'2012-07-24 10:53:01','2012-07-24 10:53:01',NULL,'1',1,1),(918,NULL,'2012-07-24 10:53:28','2012-07-24 10:53:28',NULL,'1',1,1),(919,NULL,'2012-07-24 10:53:45','2012-07-24 10:53:45',NULL,'1',1,1),(920,NULL,'2012-07-24 10:54:07','2012-07-24 10:54:07',NULL,'1',1,1),(921,NULL,'2012-07-24 10:54:40','2012-07-24 10:54:40',NULL,'1',1,1),(922,NULL,'2012-07-24 10:54:57','2012-07-24 10:54:58',NULL,'1',1,1),(923,NULL,'2012-08-01 08:11:39','2012-08-01 08:11:39',NULL,'1',1,1),(924,NULL,'2012-08-06 14:23:31','2012-08-06 14:24:24',NULL,'1',1,1),(925,NULL,'2012-08-07 05:30:26','2012-08-07 05:30:27',NULL,'1',1,1),(926,NULL,'2012-08-13 15:36:22','2012-08-13 15:36:22','blog_post','1',1,3),(927,NULL,'2012-08-13 15:47:02','2012-08-13 15:47:02',NULL,'1',1,1),(928,NULL,'2012-08-14 09:22:36','2012-08-14 09:22:36',NULL,'1',1,1),(929,NULL,'2012-08-20 08:47:34','2012-08-20 08:47:34',NULL,'1',1,1),(930,NULL,'2012-08-20 08:52:34','2012-08-20 08:52:34',NULL,'1',1,1),(931,NULL,'2012-08-20 11:01:07','2012-08-20 11:03:40',NULL,'1',1,1),(932,NULL,'2012-08-20 11:10:06','2012-08-20 11:10:06',NULL,'1',1,1),(933,NULL,'2012-08-20 13:06:32','2012-08-20 13:06:32',NULL,'1',1,1),(934,NULL,'2012-08-20 13:26:09','2012-08-20 13:26:09',NULL,'1',1,1),(935,NULL,'2012-08-20 19:11:30','2012-08-20 19:11:30',NULL,'1',2,1),(936,NULL,'2012-08-23 15:54:47','2012-08-23 15:54:47',NULL,'1',1,1),(937,NULL,'2012-08-24 09:39:04','2012-08-24 09:39:04',NULL,'1',1,1),(938,NULL,'2012-09-06 18:13:35','2012-09-06 18:13:35',NULL,'1',1,1),(939,NULL,'2012-09-06 18:18:17','2012-09-06 18:18:17',NULL,'1',1,1),(940,NULL,'2012-09-06 18:18:51','2012-09-06 18:18:51',NULL,'1',1,1),(941,NULL,'2012-09-10 09:08:15','2012-09-10 09:08:15',NULL,'1',1,1),(942,NULL,'2012-09-10 10:09:13','2012-09-10 10:09:13','blog_post','1',1,3),(943,NULL,'2012-09-10 10:16:41','2012-09-10 10:16:41','blog_post','1',1,3),(944,NULL,'2012-09-10 10:25:02','2012-09-10 10:25:02','blog_post','1',1,3),(946,NULL,'2012-09-10 10:28:36','2012-09-10 10:28:36','blog_post','1',1,3),(949,NULL,'2012-09-10 10:33:03','2012-09-10 10:33:03','blog_post','1',1,3),(950,NULL,'2012-09-10 10:35:41','2012-09-10 10:35:41','blog_post','1',1,3),(951,NULL,'2012-09-10 10:39:44','2012-09-10 10:39:45','blog_post','1',1,3),(952,NULL,'2012-09-10 10:46:07','2012-09-10 10:46:07','blog_post','1',1,3),(953,NULL,'2012-09-17 09:33:42','2012-09-17 09:33:43','blog_post','1',1,3),(954,NULL,'2012-09-18 09:52:12','2012-09-18 09:52:12',NULL,'1',1,1),(955,NULL,'2012-09-18 10:13:05','2012-09-18 10:13:05',NULL,'1',2,1),(956,NULL,'2012-09-20 10:45:42','2012-09-20 10:45:42',NULL,'1',1,1),(957,NULL,'2012-09-24 17:41:18','2012-09-24 17:41:18',NULL,'1',2,1),(958,NULL,'2012-09-25 12:37:19','2012-09-25 12:41:39',NULL,'1',1,1),(959,NULL,'2012-09-28 09:41:56','2012-09-28 09:41:56',NULL,'1',1,1),(960,NULL,'2012-09-28 09:44:47','2012-09-28 09:44:47',NULL,'1',1,1),(961,NULL,'2012-09-28 10:47:16','2012-09-28 10:47:16','blog_post','1',1,3),(962,NULL,'2012-09-28 12:44:03','2012-09-28 12:44:03','blog_post','1',1,3),(964,NULL,'2012-10-01 09:36:29','2012-10-01 09:36:29','blog_post','1',1,3),(965,NULL,'2012-10-05 07:19:22','2012-10-05 07:19:22',NULL,'1',1,1),(966,NULL,'2012-10-05 07:19:59','2012-10-05 07:19:59',NULL,'1',1,1),(967,NULL,'2012-10-05 07:20:33','2012-10-05 07:20:33',NULL,'1',1,1),(968,NULL,'2012-10-05 07:21:03','2012-10-05 07:21:03',NULL,'1',1,1),(969,NULL,'2012-10-05 07:21:38','2012-10-05 07:21:38',NULL,'1',1,1),(970,NULL,'2012-10-05 10:07:24','2012-10-05 10:07:24',NULL,'1',1,1),(971,NULL,'2012-10-09 18:39:16','2012-10-09 18:39:16',NULL,'1',2,1),(972,NULL,'2012-10-09 18:44:05','2012-10-09 18:44:05',NULL,'1',2,1),(973,NULL,'2012-10-09 18:46:16','2012-10-09 18:46:16',NULL,'1',2,1),(974,NULL,'2012-10-09 18:48:12','2012-10-09 18:48:12',NULL,'1',2,1),(975,NULL,'2012-10-09 18:49:10','2012-10-09 18:49:10',NULL,'1',2,1),(976,NULL,'2012-10-09 18:55:37','2012-10-09 18:55:37',NULL,'1',2,1),(977,NULL,'2012-10-14 12:54:38','2012-10-14 12:54:38',NULL,'1',22,1),(978,NULL,'2012-10-14 12:58:58','2012-10-14 13:01:02',NULL,'1',23,1),(979,NULL,'2012-10-14 13:01:39','2012-10-14 13:01:39',NULL,'1',1,1),(980,NULL,'2012-10-14 13:05:52','2012-10-14 13:05:52',NULL,'1',1,1),(981,NULL,'2012-10-14 13:06:35','2012-10-14 13:06:35',NULL,'1',1,1),(982,NULL,'2012-10-14 13:08:57','2012-10-14 13:08:57',NULL,'1',1,1),(983,NULL,'2012-10-14 13:14:22','2012-10-14 13:26:04',NULL,'1',1,1),(984,NULL,'2012-10-14 13:26:46','2012-10-14 13:26:46',NULL,'1',1,1),(985,NULL,'2012-10-15 10:57:31','2012-10-15 10:57:31','blog_post','1',1,3),(986,NULL,'2012-10-17 08:03:49','2012-10-17 08:03:49',NULL,'1',2,1),(987,NULL,'2012-10-17 10:30:25','2012-10-17 10:34:40',NULL,'1',2,1),(988,NULL,'2012-10-17 10:37:00','2012-10-17 10:37:00',NULL,'1',2,1),(989,NULL,'2012-10-17 10:38:41','2012-10-17 10:38:41',NULL,'1',2,1),(990,NULL,'2012-10-17 10:40:13','2012-10-17 10:40:34',NULL,'1',2,1),(991,NULL,'2012-10-17 10:47:11','2012-10-17 10:49:28',NULL,'1',2,1),(1160,NULL,'2013-06-03 11:19:30','2013-06-03 11:19:30',NULL,'1',2,1),(996,NULL,'2012-10-19 11:14:12','2012-10-19 11:14:12','blog_post','1',1,3),(997,NULL,'2012-10-22 09:50:10','2012-10-22 09:50:10','blog_post','1',1,3),(998,NULL,'2012-10-23 18:48:46','2012-10-23 18:48:46',NULL,'1',1,1),(1004,NULL,'2012-10-29 10:18:49','2012-10-29 10:18:49','blog_post','1',1,3),(1009,NULL,'2012-10-29 12:59:43','2012-10-29 12:59:43','blog_post','1',1,3),(1005,NULL,'2012-10-29 10:19:55','2012-10-29 10:19:55','blog_post','1',1,3),(1010,NULL,'2012-10-29 13:00:11','2012-10-29 13:00:11','blog_post','1',1,3),(1008,NULL,'2012-10-29 12:08:20','2012-10-29 12:08:20','blog_post','1',1,3),(1011,NULL,'2012-10-31 11:32:14','2012-10-31 11:32:15','blog_post','1',1,3),(1012,NULL,'2012-11-07 21:44:22','2012-11-07 21:44:22',NULL,'1',1,1),(1013,NULL,'2012-11-12 07:22:48','2012-11-12 07:22:48',NULL,'1',2,1),(1014,NULL,'2012-11-12 11:35:21','2012-11-12 11:35:21','blog_post','1',1,3),(1015,NULL,'2012-11-12 19:58:57','2012-11-12 19:58:57',NULL,'1',1,1),(1016,NULL,'2012-11-14 10:33:45','2012-11-14 10:33:45',NULL,'1',2,1),(1019,NULL,'2012-11-14 12:08:26','2012-11-14 12:08:26','blog_post','1',1,3),(1023,NULL,'2012-11-16 12:51:22','2012-11-16 12:51:22','blog_post','1',1,3),(1021,NULL,'2012-11-16 09:37:23','2012-11-16 09:37:23','blog_post','1',1,3),(1022,NULL,'2012-11-16 09:40:25','2012-11-16 09:40:25','blog_post','1',1,3),(1024,NULL,'2012-11-30 09:42:15','2012-11-30 09:42:15','blog_post','1',1,3),(1026,NULL,'2012-11-30 10:24:50','2012-11-30 10:24:50','blog_post','1',1,3),(1027,NULL,'2012-12-04 15:53:27','2012-12-04 15:53:27',NULL,'1',1,1),(1028,NULL,'2012-12-04 15:54:12','2012-12-04 15:54:12',NULL,'1',1,1),(1029,NULL,'2012-12-04 18:08:41','2012-12-04 18:08:41',NULL,'1',2,1),(1030,NULL,'2012-12-05 09:32:29','2012-12-05 09:32:29','blog_post','1',1,3),(1031,NULL,'2012-12-07 09:40:35','2012-12-07 09:40:35','blog_post','1',1,3),(1032,NULL,'2012-12-07 09:42:29','2012-12-07 09:42:29','blog_post','1',1,3),(1033,NULL,'2012-12-12 17:54:23','2012-12-12 17:54:23',NULL,'1',1,1),(1035,NULL,'2012-12-17 15:20:17','2012-12-17 15:20:18','blog_post','1',1,3),(1037,NULL,'2012-12-18 10:56:29','2012-12-18 10:56:29','blog_post','1',1,3),(1038,NULL,'2012-12-18 14:47:44','2012-12-18 14:47:44','blog_post','1',1,3),(1039,NULL,'2012-12-19 20:50:59','2012-12-19 20:51:09',NULL,'1',1,1),(1040,NULL,'2012-12-19 20:52:07','2012-12-19 20:52:22',NULL,'1',1,1),(1041,NULL,'2012-12-26 13:38:07','2012-12-26 13:38:07',NULL,'1',1,1),(1042,NULL,'2013-01-01 17:32:08','2013-01-01 17:32:08',NULL,'1',1,1),(1043,NULL,'2013-01-01 17:33:01','2013-01-01 17:33:28',NULL,'1',22,1),(1044,NULL,'2013-01-01 17:37:06','2013-01-01 17:37:06',NULL,'1',22,1),(1045,NULL,'2013-01-01 17:57:05','2013-01-01 17:57:05',NULL,'1',1,1),(1046,NULL,'2013-01-01 18:02:59','2013-01-01 18:02:59',NULL,'1',2,1),(1047,NULL,'2013-01-04 07:54:34','2013-01-04 07:54:34',NULL,'1',1,1),(1048,NULL,'2013-01-04 07:56:34','2013-01-04 07:56:34',NULL,'1',1,1),(1049,NULL,'2013-01-04 09:09:42','2013-01-04 09:09:42',NULL,'1',2,1),(1071,NULL,'2013-01-15 22:37:33','2013-01-15 22:37:33',NULL,'1',22,1),(1070,NULL,'2013-01-15 22:36:53','2013-01-15 22:36:53',NULL,'1',1,1),(1053,NULL,'2013-01-04 09:50:42','2013-01-04 09:50:42',NULL,'1',1,1),(1054,NULL,'2013-01-05 07:03:00','2013-01-05 07:03:00',NULL,'1',1,1),(1060,NULL,'2013-01-07 13:31:36','2013-01-07 13:31:36','blog_post','1',1,3),(1062,NULL,'2013-01-09 11:07:14','2013-01-09 11:07:14','blog_post','1',1,3),(1065,NULL,'2013-01-09 12:50:02','2013-01-09 12:50:02',NULL,'1',1,1),(1066,NULL,'2013-01-11 09:04:31','2013-01-11 09:04:31',NULL,'1',1,1),(1067,NULL,'2013-01-15 22:29:26','2013-01-15 22:29:26',NULL,'1',2,1),(1068,NULL,'2013-01-15 22:32:19','2013-01-15 22:32:19',NULL,'1',1,1),(1069,NULL,'2013-01-15 22:33:52','2013-01-15 22:33:52',NULL,'1',1,1),(1072,NULL,'2013-01-15 22:38:20','2013-01-15 22:38:20',NULL,'1',1,1),(1073,NULL,'2013-01-15 22:38:52','2013-01-15 22:39:19',NULL,'1',1,1),(1074,NULL,'2013-01-15 22:40:49','2013-01-15 22:40:49',NULL,'1',1,1),(1075,NULL,'2013-01-15 22:41:36','2013-01-15 22:41:59',NULL,'1',2,1),(1076,NULL,'2013-01-21 12:57:41','2013-01-21 12:57:41','blog_post','1',1,3),(1077,NULL,'2013-01-21 13:07:41','2013-01-21 13:07:41','blog_post','1',1,3),(1078,NULL,'2013-01-21 17:16:19','2013-01-21 17:16:19',NULL,'1',1,1),(1079,NULL,'2013-01-23 22:53:14','2013-01-23 22:53:14',NULL,'1',1,1),(1080,NULL,'2013-01-23 22:54:43','2013-01-23 22:54:43',NULL,'1',2,1),(1081,NULL,'2013-01-23 22:57:19','2013-01-23 22:57:19',NULL,'1',1,1),(1082,NULL,'2013-01-24 14:55:10','2013-01-24 14:55:10',NULL,'1',1,1),(1083,NULL,'2013-01-25 08:20:38','2013-01-25 08:20:38',NULL,'1',1,1),(1084,NULL,'2013-01-25 08:21:08','2013-01-25 08:21:08',NULL,'1',1,1),(1085,NULL,'2013-01-27 13:51:10','2013-01-27 13:51:10',NULL,'1',1,1),(1086,NULL,'2013-01-29 21:06:09','2013-01-29 21:06:09',NULL,'1',1,1),(1087,NULL,'2013-01-31 13:57:21','2013-01-31 13:57:21',NULL,'1',1,1),(1088,NULL,'2013-01-31 14:00:19','2013-01-31 14:00:19',NULL,'1',1,1),(1089,NULL,'2013-02-01 08:25:45','2013-02-01 08:25:45',NULL,'1',1,1),(1090,NULL,'2013-02-07 22:27:25','2013-02-07 22:27:26',NULL,'1',2,1),(1091,NULL,'2013-02-15 13:50:01','2013-02-15 13:50:01',NULL,'1',1,1),(1092,NULL,'2013-02-21 14:52:59','2013-02-21 14:52:59',NULL,'1',1,1),(1093,NULL,'2013-02-21 15:02:32','2013-02-21 15:02:32',NULL,'1',1,1),(1094,NULL,'2013-02-22 13:15:29','2013-02-22 13:15:29',NULL,'1',1,1),(1095,NULL,'2013-02-27 09:59:49','2013-02-27 09:59:49',NULL,'1',1,1),(1096,NULL,'2013-02-27 10:00:30','2013-02-27 10:00:30',NULL,'1',1,1),(1098,NULL,'2013-03-05 12:39:51','2013-03-05 12:39:51','blog_post','1',1,3),(1103,NULL,'2013-03-05 12:59:40','2013-03-05 12:59:40','blog_post','1',1,3),(1104,NULL,'2013-03-06 11:52:37','2013-03-06 11:52:37',NULL,'1',2,1),(1105,NULL,'2013-03-08 20:04:23','2013-03-08 20:04:33',NULL,'1',1,1),(1106,NULL,'2013-03-08 20:08:47','2013-03-08 20:08:47',NULL,'1',1,1),(1107,NULL,'2013-03-08 20:12:17','2013-03-08 20:12:17',NULL,'1',1,1),(1108,NULL,'2013-03-08 20:13:19','2013-03-08 20:13:19',NULL,'1',1,1),(1109,NULL,'2013-03-11 10:30:42','2013-03-11 10:30:42',NULL,'1',1,1),(1110,NULL,'2013-03-11 10:31:23','2013-03-11 10:31:35',NULL,'1',1,1),(1111,NULL,'2013-03-11 10:33:06','2013-03-11 10:33:06',NULL,'1',1,1),(1112,NULL,'2013-03-12 09:51:53','2013-03-12 09:51:53',NULL,'1',1,1),(1113,NULL,'2013-03-13 18:59:29','2013-03-13 18:59:29',NULL,'1',2,1),(1114,NULL,'2013-03-14 17:27:51','2013-03-14 17:27:51',NULL,'1',1,1),(1115,NULL,'2013-03-18 08:40:36','2013-03-18 08:40:36',NULL,'1',1,1),(1116,NULL,'2013-03-18 08:41:44','2013-03-18 08:41:44',NULL,'1',1,1),(1117,NULL,'2013-03-18 14:47:16','2013-03-18 14:47:16',NULL,'1',1,1),(1118,NULL,'2013-03-18 18:07:38','2013-03-18 18:07:38',NULL,'1',2,1),(1119,NULL,'2013-03-18 18:10:53','2013-03-18 18:10:53',NULL,'1',2,1),(1120,NULL,'2013-03-18 18:12:54','2013-03-18 18:12:54',NULL,'1',2,1),(1121,NULL,'2013-03-18 18:14:38','2013-03-18 18:14:38',NULL,'1',2,1),(1122,NULL,'2013-03-21 10:24:27','2013-03-21 10:24:27',NULL,'1',2,1),(1123,NULL,'2013-03-25 13:24:10','2013-03-25 13:24:10',NULL,'1',1,1),(1124,NULL,'2013-03-25 13:24:37','2013-03-25 13:24:37',NULL,'1',1,1),(1125,NULL,'2013-03-28 19:37:44','2013-03-28 19:37:44',NULL,'1',2,1),(1126,NULL,'2013-04-02 15:50:16','2013-04-02 15:50:16',NULL,'1',1,1),(1127,NULL,'2013-04-03 19:24:27','2013-04-03 19:24:27',NULL,'1',2,1),(1128,NULL,'2013-04-15 19:19:29','2013-04-15 19:19:30',NULL,'1',1,1),(1129,NULL,'2013-04-16 08:28:21','2013-04-16 08:28:21',NULL,'1',1,1),(1130,NULL,'2013-04-16 11:59:34','2013-04-16 11:59:34',NULL,'1',1,1),(1131,NULL,'2013-04-16 12:00:44','2013-04-16 12:00:44',NULL,'1',1,1),(1132,NULL,'2013-04-17 08:54:29','2013-04-17 08:54:29',NULL,'1',1,1),(1133,NULL,'2013-04-18 18:11:53','2013-04-18 18:11:53',NULL,'1',2,1),(1134,NULL,'2013-04-18 18:12:57','2013-04-18 18:14:15',NULL,'1',1,1),(1135,NULL,'2013-04-18 18:14:49','2013-04-18 18:14:49',NULL,'1',1,1),(1136,NULL,'2013-04-18 18:16:57','2013-04-18 18:16:57',NULL,'1',1,1),(1137,NULL,'2013-04-18 18:19:30','2013-04-18 18:19:30',NULL,'1',2,1),(1138,NULL,'2013-04-22 08:58:38','2013-04-22 08:58:38',NULL,'1',1,1),(1141,NULL,'2013-04-22 10:40:56','2013-04-22 10:40:57','blog_post','1',1,3),(1142,NULL,'2013-04-26 09:44:09','2013-04-26 09:44:09',NULL,'1',1,1),(1143,NULL,'2013-04-26 09:45:12','2013-04-26 09:45:12',NULL,'1',1,1),(1144,NULL,'2013-04-26 09:52:40','2013-04-26 09:52:40',NULL,'1',2,1),(1145,NULL,'2013-04-29 13:02:33','2013-04-29 13:02:33',NULL,'1',1,1),(1146,NULL,'2013-04-30 16:37:16','2013-04-30 16:37:16',NULL,'1',2,1),(1147,NULL,'2013-05-01 10:52:57','2013-05-01 10:53:16',NULL,'1',1,1),(1148,NULL,'2013-05-02 19:38:04','2013-05-02 19:38:04',NULL,'1',1,1),(1149,NULL,'2013-05-06 16:28:42','2013-05-06 16:28:42',NULL,'1',1,1),(1150,NULL,'2013-05-06 16:41:58','2013-05-06 16:44:11',NULL,'1',1,1),(1151,NULL,'2013-05-06 16:47:22','2013-05-06 16:47:22',NULL,'1',1,1),(1152,NULL,'2013-05-08 09:59:31','2013-05-08 09:59:31',NULL,'1',1,1),(1153,NULL,'2013-05-09 09:33:11','2013-05-09 09:33:11',NULL,'1',1,1),(1154,NULL,'2013-05-09 09:58:25','2013-05-09 09:58:25',NULL,'1',2,1),(1155,NULL,'2013-05-09 10:01:16','2013-05-09 10:01:16',NULL,'1',2,1),(1156,NULL,'2013-05-20 20:13:50','2013-05-20 20:13:50',NULL,'1',2,1),(1157,NULL,'2013-05-27 15:39:48','2013-05-27 15:39:49',NULL,'1',1,1),(1158,NULL,'2013-05-30 11:20:05','2013-05-30 11:20:05','blog_post','1',1,3),(1159,NULL,'2013-06-03 08:15:55','2013-06-03 08:15:55',NULL,'1',1,1),(1161,NULL,'2013-06-10 09:55:39','2013-06-10 09:55:39',NULL,'1',1,1),(1162,NULL,'2013-06-10 10:05:04','2013-06-10 10:06:15',NULL,'1',1,1),(1163,NULL,'2013-06-10 11:47:28','2013-06-10 11:47:28',NULL,'1',1,1),(1164,NULL,'2013-06-10 18:39:21','2013-06-10 18:39:21',NULL,'1',1,1),(1165,NULL,'2013-06-10 18:39:45','2013-06-10 18:39:45',NULL,'1',1,1),(1166,NULL,'2013-06-10 18:42:47','2013-06-10 18:42:47',NULL,'1',1,1),(1167,NULL,'2013-06-10 18:43:02','2013-06-10 18:43:02',NULL,'1',1,1),(1168,NULL,'2013-06-10 18:46:00','2013-06-10 18:46:00',NULL,'1',1,1),(1169,NULL,'2013-06-10 18:52:58','2013-06-10 18:52:58',NULL,'1',1,1),(1170,NULL,'2013-06-10 18:54:11','2013-06-10 18:54:11',NULL,'1',1,1),(1171,NULL,'2013-06-10 18:55:12','2013-06-10 18:55:12',NULL,'1',1,1),(1172,NULL,'2013-06-10 18:55:54','2013-06-10 18:55:54',NULL,'1',1,1),(1173,NULL,'2013-06-10 18:56:42','2013-06-10 18:56:42',NULL,'1',1,1),(1174,NULL,'2013-06-10 19:26:01','2013-06-10 19:26:01',NULL,'1',1,1),(1175,NULL,'2013-06-10 19:35:25','2013-06-10 19:35:25',NULL,'1',1,1),(1176,NULL,'2013-06-10 19:37:53','2013-06-10 19:37:53',NULL,'1',1,1),(1177,NULL,'2013-06-10 19:40:14','2013-06-10 19:40:14',NULL,'1',1,1),(1178,NULL,'2013-06-11 07:19:34','2013-06-11 07:19:34',NULL,'1',1,1),(1179,NULL,'2013-06-13 12:15:13','2013-06-13 12:15:13',NULL,'1',1,1),(1180,NULL,'2013-06-13 12:16:04','2013-06-13 12:16:04',NULL,'1',1,1),(1181,NULL,'2013-06-13 12:16:51','2013-06-13 12:16:51',NULL,'1',1,1),(1182,NULL,'2013-06-17 10:03:11','2013-06-17 10:03:11',NULL,'1',2,1),(1183,NULL,'2013-06-25 09:50:38','2013-06-25 09:50:38',NULL,'1',1,1),(1184,NULL,'2013-06-25 09:51:43','2013-06-25 09:55:29',NULL,'1',1,1),(1185,NULL,'2013-06-25 09:57:49','2013-06-25 09:58:20',NULL,'1',1,1),(1186,NULL,'2013-06-25 09:59:02','2013-06-25 09:59:11',NULL,'1',1,1),(1187,NULL,'2013-06-25 10:00:04','2013-06-25 10:00:04',NULL,'1',1,1),(1188,NULL,'2013-06-25 10:50:49','2013-06-25 10:50:49',NULL,'1',1,1),(1189,NULL,'2013-06-25 10:56:26','2013-06-25 10:56:26',NULL,'1',2,1),(1190,NULL,'2013-06-26 10:13:19','2013-06-26 10:13:19','blog_post','1',1,3),(1191,NULL,'2013-06-26 10:15:14','2013-06-26 10:15:14','blog_post','1',1,3),(1193,NULL,'2013-06-27 11:53:29','2013-06-27 11:53:29','blog_post','1',1,3),(1194,NULL,'2013-07-09 09:36:33','2013-07-09 09:36:33',NULL,'1',2,1),(1195,NULL,'2013-07-16 14:55:59','2013-07-16 14:55:59',NULL,'1',1,1);

--
-- Table structure for table `CollectionAttributeValues`
--

CREATE TABLE `CollectionAttributeValues` (
  `cID` int(10) unsigned NOT NULL DEFAULT '0',
  `cvID` int(10) unsigned NOT NULL DEFAULT '0',
  `akID` int(10) unsigned NOT NULL DEFAULT '0',
  `avID` int(10) unsigned NOT NULL DEFAULT '0',
  PRIMARY KEY (`cID`,`cvID`,`akID`,`avID`)
) ENGINE=MyISAM DEFAULT CHARSET=latin1;

--
-- Dumping data for table `CollectionAttributeValues`
--

INSERT INTO `CollectionAttributeValues` VALUES (1,7,1,97),(1,7,2,98),(1,7,3,99),(1,7,4,100),(1,8,1,97),(1,8,2,98),(1,8,3,99),(1,8,4,100),(1,9,1,97),(1,9,2,98),(1,9,3,99),(1,9,4,100),(1,10,1,97),(1,10,2,98),(1,10,3,99),(1,10,4,100),(1,11,1,97),(1,11,2,98),(1,11,3,99),(1,11,4,100),(1,12,1,97),(1,12,2,98),(1,12,3,99),(1,12,4,100),(1,13,1,97),(1,13,2,98),(1,13,3,99),(1,13,4,100),(1,14,1,97),(1,14,2,98),(1,14,3,99),(1,14,4,100),(1,15,1,97),(1,15,2,98),(1,15,3,99),(1,15,4,100),(1,16,1,8875),(1,16,2,8876),(1,16,3,8877),(1,16,4,8878),(66,2,1,1),(66,2,2,2),(66,2,3,3),(66,2,4,4),(66,3,1,101),(66,3,2,102),(66,3,3,103),(66,3,4,104),(66,4,1,101),(66,4,2,102),(66,4,3,103),(66,4,4,104),(66,5,1,101),(66,5,2,102),(66,5,3,103),(66,5,4,104),(66,6,1,101),(66,6,2,102),(66,6,3,103),(66,6,4,104),(66,7,1,101),(66,7,2,102),(66,7,3,103),(66,7,4,104),(67,2,1,5),(67,2,2,6),(67,2,3,7),(67,2,4,8),(67,3,1,105),(67,3,2,106),(67,3,3,107),(67,3,4,108),(67,4,1,105),(67,4,2,106),(67,4,3,107),(67,4,4,108),(67,5,1,105),(67,5,2,106),(67,5,3,107),(67,5,4,108),(67,6,1,105),(67,6,2,106),(67,6,3,107),(67,6,4,108),(67,7,1,105),(67,7,2,106),(67,7,3,107),(67,7,4,108),(67,8,1,8879),(67,8,2,8880),(67,8,3,8881),(67,8,4,8882),(68,2,1,9),(68,2,2,10),(68,2,3,11),(68,2,4,12),(68,3,1,109),(68,3,2,110),(68,3,3,111),(68,3,4,112),(68,4,1,109),(68,4,2,110),(68,4,3,111),(68,4,4,112),(68,5,1,109),(68,5,2,110),(68,5,3,111),(68,5,4,112),(69,2,1,13),(69,2,2,14),(69,2,3,15),(69,2,4,16),(69,3,1,113),(69,3,2,114),(69,3,3,115),(69,3,4,116),(69,4,1,113),(69,4,2,114),(69,4,3,115),(69,4,4,116),(69,5,1,113),(69,5,2,114),(69,5,3,115),(69,5,4,116),(70,2,1,17),(70,2,2,18),(70,2,3,19),(70,2,4,20),(70,3,1,117),(70,3,2,118),(70,3,3,119),(70,3,4,120),(70,4,1,117),(70,4,2,118),(70,4,3,119),(70,4,4,120),(70,5,1,117),(70,5,2,118),(70,5,3,119),(70,5,4,120),(71,2,1,21),(71,2,2,22),(71,2,3,23),(71,2,4,24),(71,3,1,121),(71,3,2,122),(71,3,3,123),(71,3,4,124),(71,4,1,121),(71,4,2,122),(71,4,3,123),(71,4,4,124),(71,5,1,121),(71,5,2,122),(71,5,3,123),(71,5,4,124),(71,6,1,121),(71,6,2,122),(71,6,3,123),(71,6,4,124),(71,7,1,121),(71,7,2,122),(71,7,3,123),(71,7,4,124),(71,8,1,121),(71,8,2,122),(71,8,3,123),(71,8,4,124),(71,9,1,121),(71,9,2,122),(71,9,3,123),(71,9,4,124),(71,10,1,121),(71,10,2,122),(71,10,3,123),(71,10,4,124),(71,11,1,121),(71,11,2,122),(71,11,3,123),(71,11,4,124),(71,12,1,121),(71,12,2,122),(71,12,3,123),(71,12,4,124),(71,13,1,121),(71,13,2,122),(71,13,3,123),(71,13,4,124),(72,2,1,25),(72,2,2,26),(72,2,3,27),(72,2,4,28),(72,3,1,125),(72,3,2,126),(72,3,3,127),(72,3,4,128),(72,4,1,125),(72,4,2,126),(72,4,3,127),(72,4,4,128),(72,5,1,125),(72,5,2,126),(72,5,3,127),(72,5,4,128),(72,6,1,125),(72,6,2,126),(72,6,3,127),(72,6,4,128),(72,7,1,125),(72,7,2,126),(72,7,3,127),(72,7,4,128),(72,8,1,125),(72,8,2,126),(72,8,3,127),(72,8,4,128),(72,9,1,125),(72,9,2,126),(72,9,3,127),(72,9,4,128),(72,10,1,125),(72,10,2,126),(72,10,3,127),(72,10,4,128),(73,2,1,29),(73,2,2,30),(73,2,3,31),(73,2,4,32),(73,3,1,129),(73,3,2,130),(73,3,3,131),(73,3,4,132),(73,4,1,129),(73,4,2,130),(73,4,3,131),(73,4,4,132),(73,5,1,129),(73,5,2,130),(73,5,3,131),(73,5,4,132),(73,6,1,129),(73,6,2,130),(73,6,3,131),(73,6,4,132),(74,2,1,33),(74,2,2,34),(74,2,3,35),(74,2,4,36),(74,3,1,133),(74,3,2,134),(74,3,3,135),(74,3,4,136),(74,4,1,133),(74,4,2,134),(74,4,3,135),(74,4,4,136),(74,5,1,133),(74,5,2,134),(74,5,3,135),(74,5,4,136),(74,6,1,133),(74,6,2,134),(74,6,3,135),(74,6,4,136),(74,7,1,133),(74,7,2,134),(74,7,3,135),(74,7,4,136),(74,8,1,133),(74,8,2,134),(74,8,3,135),(74,8,4,136),(74,9,1,133),(74,9,2,134),(74,9,3,135),(74,9,4,136),(74,10,1,133),(74,10,2,134),(74,10,3,135),(74,10,4,136),(74,11,1,133),(74,11,2,134),(74,11,3,135),(74,11,4,136),(74,12,1,133),(74,12,2,134),(74,12,3,135),(74,12,4,136),(74,13,1,133),(74,13,2,134),(74,13,3,135),(74,13,4,136),(74,14,1,133),(74,14,2,134),(74,14,3,135),(74,14,4,136),(74,15,1,133),(74,15,2,134),(74,15,3,135),(74,15,4,136),(75,2,1,37),(75,2,2,38),(75,2,3,39),(75,2,4,40),(75,3,1,137),(75,3,2,138),(75,3,3,139),(75,3,4,140),(75,4,1,137),(75,4,2,138),(75,4,3,139),(75,4,4,140),(75,5,1,137),(75,5,2,138),(75,5,3,139),(75,5,4,140),(75,6,1,137),(75,6,2,138),(75,6,3,139),(75,6,4,140),(75,7,1,137),(75,7,2,138),(75,7,3,139),(75,7,4,140),(75,8,1,137),(75,8,2,138),(75,8,3,139),(75,8,4,140),(76,2,1,41),(76,2,2,42),(76,2,3,43),(76,2,4,44),(76,3,1,141),(76,3,2,142),(76,3,3,143),(76,3,4,144),(76,4,1,141),(76,4,2,142),(76,4,3,143),(76,4,4,144),(76,5,1,141),(76,5,2,142),(76,5,3,143),(76,5,4,144),(76,6,1,141),(76,6,2,142),(76,6,3,143),(76,6,4,144),(77,2,1,45),(77,2,2,46),(77,2,3,47),(77,2,4,48),(77,3,1,145),(77,3,2,146),(77,3,3,147),(77,3,4,148),(77,4,1,145),(77,4,2,146),(77,4,3,147),(77,4,4,148),(77,5,1,145),(77,5,2,146),(77,5,3,147),(77,5,4,148),(77,6,1,145),(77,6,2,146),(77,6,3,147),(77,6,4,148),(77,7,1,8883),(77,7,2,8884),(77,7,3,8885),(77,7,4,8886),(77,8,1,8883),(77,8,2,8884),(77,8,3,8885),(77,8,4,8886),(78,2,1,49),(78,2,2,50),(78,2,3,51),(78,2,4,52),(78,3,1,149),(78,3,2,150),(78,3,3,151),(78,3,4,152),(78,4,1,203),(78,4,2,204),(78,4,3,205),(78,4,4,206),(78,5,1,203),(78,5,2,204),(78,5,3,205),(78,5,4,206),(78,6,1,203),(78,6,2,204),(78,6,3,205),(78,6,4,206),(78,7,1,203),(78,7,2,204),(78,7,3,205),(78,7,4,206),(78,8,1,203),(78,8,2,204),(78,8,3,205),(78,8,4,206),(78,9,1,203),(78,9,2,204),(78,9,3,205),(78,9,4,206),(78,10,1,203),(78,10,2,204),(78,10,3,205),(78,10,4,206),(78,11,1,203),(78,11,2,204),(78,11,3,205),(78,11,4,206),(79,2,1,53),(79,2,2,54),(79,2,3,55),(79,2,4,56),(79,3,1,153),(79,3,2,154),(79,3,3,155),(79,3,4,156),(79,4,1,153),(79,4,2,154),(79,4,3,155),(79,4,4,156),(79,5,1,153),(79,5,2,154),(79,5,3,155),(79,5,4,156),(79,6,1,153),(79,6,2,154),(79,6,3,155),(79,6,4,156),(79,7,1,153),(79,7,2,154),(79,7,3,155),(79,7,4,156),(79,8,1,153),(79,8,2,154),(79,8,3,155),(79,8,4,156),(79,9,1,153),(79,9,2,154),(79,9,3,155),(79,9,4,156),(79,10,1,153),(79,10,2,154),(79,10,3,155),(79,10,4,156),(79,11,1,153),(79,11,2,154),(79,11,3,155),(79,11,4,156),(79,12,1,153),(79,12,2,154),(79,12,3,155),(79,12,4,156),(79,13,1,153),(79,13,2,154),(79,13,3,155),(79,13,4,156),(79,14,1,153),(79,14,2,154),(79,14,3,155),(79,14,4,156),(80,2,1,57),(80,2,2,58),(80,2,3,59),(80,2,4,60),(80,3,1,157),(80,3,2,158),(80,3,3,159),(80,3,4,160),(80,4,1,157),(80,4,2,158),(80,4,3,159),(80,4,4,160),(80,5,1,157),(80,5,2,158),(80,5,3,159),(80,5,4,160),(80,6,1,157),(80,6,2,158),(80,6,3,159),(80,6,4,160),(80,7,1,157),(80,7,2,158),(80,7,3,159),(80,7,4,160),(80,8,1,157),(80,8,2,158),(80,8,3,159),(80,8,4,160),(80,9,1,157),(80,9,2,158),(80,9,3,159),(80,9,4,160),(80,10,1,157),(80,10,2,158),(80,10,3,159),(80,10,4,160),(80,11,1,157),(80,11,2,158),(80,11,3,159),(80,11,4,160),(81,2,1,61),(81,2,2,62),(81,2,3,63),(81,2,4,64),(81,3,1,161),(81,3,2,162),(81,3,3,163),(81,3,4,164),(81,4,1,161),(81,4,2,162),(81,4,3,163),(81,4,4,164),(81,5,1,161),(81,5,2,162),(81,5,3,163),(81,5,4,164),(81,6,1,161),(81,6,2,162),(81,6,3,163),(81,6,4,164),(81,7,1,161),(81,7,2,162),(81,7,3,163),(81,7,4,164),(81,8,1,161),(81,8,2,162),(81,8,3,163),(81,8,4,164),(81,9,1,161),(81,9,2,162),(81,9,3,163),(81,9,4,164),(81,10,1,161),(81,10,2,162),(81,10,3,163),(81,10,4,164),(81,11,1,161),(81,11,2,162),(81,11,3,163),(81,11,4,164),(82,2,1,65),(82,2,2,66),(82,2,3,67),(82,2,4,68),(82,3,1,165),(82,3,2,166),(82,3,3,167),(82,3,4,168),(82,4,1,165),(82,4,2,166),(82,4,3,167),(82,4,4,168),(82,5,1,165),(82,5,2,166),(82,5,3,167),(82,5,4,168),(82,6,1,165),(82,6,2,166),(82,6,3,167),(82,6,4,168),(82,7,1,165),(82,7,2,166),(82,7,3,167),(82,7,4,168),(82,8,1,165),(82,8,2,166),(82,8,3,167),(82,8,4,168),(82,9,1,165),(82,9,2,166),(82,9,3,167),(82,9,4,168),(82,10,1,165),(82,10,2,166),(82,10,3,167),(82,10,4,168),(82,11,1,165),(82,11,2,166),(82,11,3,167),(82,11,4,168),(83,2,1,69),(83,2,2,70),(83,2,3,71),(83,2,4,72),(83,3,1,169),(83,3,2,170),(83,3,3,171),(83,3,4,172),(83,4,1,169),(83,4,2,170),(83,4,3,171),(83,4,4,172),(83,5,1,169),(83,5,2,170),(83,5,3,171),(83,5,4,172),(83,6,1,169),(83,6,2,170),(83,6,3,171),(83,6,4,172),(83,7,1,169),(83,7,2,170),(83,7,3,171),(83,7,4,172),(83,8,1,169),(83,8,2,170),(83,8,3,171),(83,8,4,172),(83,9,1,169),(83,9,2,170),(83,9,3,171),(83,9,4,172),(83,10,1,169),(83,10,2,170),(83,10,3,171),(83,10,4,172),(83,11,1,169),(83,11,2,170),(83,11,3,171),(83,11,4,172),(83,12,1,169),(83,12,2,170),(83,12,3,171),(83,12,4,172),(84,2,1,73),(84,2,2,74),(84,2,3,75),(84,2,4,76),(84,3,1,173),(84,3,2,174),(84,3,3,175),(84,3,4,176),(84,4,1,173),(84,4,2,174),(84,4,3,175),(84,4,4,176),(84,5,1,173),(84,5,2,174),(84,5,3,175),(84,5,4,176),(84,6,1,173),(84,6,2,174),(84,6,3,175),(84,6,4,176),(84,7,1,8887),(84,7,2,8888),(84,7,3,8889),(84,7,4,8890),(85,2,1,77),(85,2,2,78),(85,2,3,79),(85,2,4,80),(85,3,1,177),(85,3,2,178),(85,3,3,179),(85,3,4,180),(85,4,1,177),(85,4,2,178),(85,4,3,179),(85,4,4,180),(85,5,1,177),(85,5,2,178),(85,5,3,179),(85,5,4,180),(86,2,1,81),(86,2,2,82),(86,2,3,83),(86,2,4,84),(86,3,1,181),(86,3,2,182),(86,3,3,183),(86,3,4,184),(86,4,1,181),(86,4,2,182),(86,4,3,183),(86,4,4,184),(86,5,1,181),(86,5,2,182),(86,5,3,183),(86,5,4,184),(86,6,1,181),(86,6,2,182),(86,6,3,183),(86,6,4,184),(86,7,1,181),(86,7,2,182),(86,7,3,183),(86,7,4,184),(86,8,1,181),(86,8,2,182),(86,8,3,183),(86,8,4,184),(86,9,1,181),(86,9,2,182),(86,9,3,183),(86,9,4,184),(86,10,1,181),(86,10,2,182),(86,10,3,183),(86,10,4,184),(86,11,1,181),(86,11,2,182),(86,11,3,183),(86,11,4,184),(86,12,1,181),(86,12,2,182),(86,12,3,183),(86,12,4,184),(86,13,1,181),(86,13,2,182),(86,13,3,183),(86,13,4,184),(86,14,1,181),(86,14,2,182),(86,14,3,183),(86,14,4,184),(86,15,1,181),(86,15,2,182),(86,15,3,183),(86,15,4,184),(86,16,1,181),(86,16,2,182),(86,16,3,183),(86,16,4,184),(86,17,1,181),(86,17,2,182),(86,17,3,183),(86,17,4,184),(86,18,1,181),(86,18,2,182),(86,18,3,183),(86,18,4,184),(86,19,1,181),(86,19,2,182),(86,19,3,183),(86,19,4,184),(86,20,1,181),(86,20,2,182),(86,20,3,183),(86,20,4,184),(86,21,1,181),(86,21,2,182),(86,21,3,183),(86,21,4,184),(86,22,1,181),(86,22,2,182),(86,22,3,183),(86,22,4,184),(86,23,1,181),(86,23,2,182),(86,23,3,183),(86,23,4,184),(86,24,1,181),(86,24,2,182),(86,24,3,183),(86,24,4,184),(86,25,1,181),(86,25,2,182),(86,25,3,183),(86,25,4,184),(86,26,1,181),(86,26,2,182),(86,26,3,183),(86,26,4,184),(86,27,1,181),(86,27,2,182),(86,27,3,183),(86,27,4,184),(86,28,1,181),(86,28,2,182),(86,28,3,183),(86,28,4,184),(86,29,1,181),(86,29,2,182),(86,29,3,183),(86,29,4,184),(86,30,1,181),(86,30,2,182),(86,30,3,183),(86,30,4,184),(86,31,1,181),(86,31,2,182),(86,31,3,183),(86,31,4,184),(86,32,1,181),(86,32,2,182),(86,32,3,183),(86,32,4,184),(86,33,1,181),(86,33,2,182),(86,33,3,183),(86,33,4,184),(86,34,1,181),(86,34,2,182),(86,34,3,183),(86,34,4,184),(86,35,1,181),(86,35,2,182),(86,35,3,183),(86,35,4,184),(86,36,1,181),(86,36,2,182),(86,36,3,183),(86,36,4,184),(86,37,1,181),(86,37,2,182),(86,37,3,183),(86,37,4,184),(86,38,1,181),(86,38,2,182),(86,38,3,183),(86,38,4,184),(86,39,1,181),(86,39,2,182),(86,39,3,183),(86,39,4,184),(86,40,1,181),(86,40,2,182),(86,40,3,183),(86,40,4,184),(86,41,1,181),(86,41,2,182),(86,41,3,183),(86,41,4,184),(86,42,1,181),(86,42,2,182),(86,42,3,183),(86,42,4,184),(86,43,1,181),(86,43,2,182),(86,43,3,183),(86,43,4,184),(86,44,1,181),(86,44,2,182),(86,44,3,183),(86,44,4,184),(86,45,1,181),(86,45,2,182),(86,45,3,183),(86,45,4,184),(86,46,1,181),(86,46,2,182),(86,46,3,183),(86,46,4,184),(86,47,1,181),(86,47,2,182),(86,47,3,183),(86,47,4,184),(86,48,1,181),(86,48,2,182),(86,48,3,183),(86,48,4,184),(86,49,1,181),(86,49,2,182),(86,49,3,183),(86,49,4,184),(86,50,1,181),(86,50,2,182),(86,50,3,183),(86,50,4,184),(86,51,1,181),(86,51,2,182),(86,51,3,183),(86,51,4,184),(86,52,1,181),(86,52,2,182),(86,52,3,183),(86,52,4,184),(86,53,1,181),(86,53,2,182),(86,53,3,183),(86,53,4,184),(86,54,1,181),(86,54,2,182),(86,54,3,183),(86,54,4,184),(86,55,1,181),(86,55,2,182),(86,55,3,183),(86,55,4,184),(86,56,1,181),(86,56,2,182),(86,56,3,183),(86,56,4,184),(86,57,1,181),(86,57,2,182),(86,57,3,183),(86,57,4,184),(86,58,1,181),(86,58,2,182),(86,58,3,183),(86,58,4,184),(86,59,1,181),(86,59,2,182),(86,59,3,183),(86,59,4,184),(86,60,1,181),(86,60,2,182),(86,60,3,183),(86,60,4,184),(86,61,1,181),(86,61,2,182),(86,61,3,183),(86,61,4,184),(86,62,1,181),(86,62,2,182),(86,62,3,183),(86,62,4,184),(86,63,1,181),(86,63,2,182),(86,63,3,183),(86,63,4,184),(86,64,1,181),(86,64,2,182),(86,64,3,183),(86,64,4,184),(86,65,1,181),(86,65,2,182),(86,65,3,183),(86,65,4,184),(86,66,1,181),(86,66,2,182),(86,66,3,183),(86,66,4,184),(86,67,1,181),(86,67,2,182),(86,67,3,183),(86,67,4,184),(86,68,1,181),(86,68,2,182),(86,68,3,183),(86,68,4,184),(86,69,1,181),(86,69,2,182),(86,69,3,183),(86,69,4,184),(86,70,1,181),(86,70,2,182),(86,70,3,183),(86,70,4,184),(86,71,1,181),(86,71,2,182),(86,71,3,183),(86,71,4,184),(86,72,1,181),(86,72,2,182),(86,72,3,183),(86,72,4,184),(86,73,1,181),(86,73,2,182),(86,73,3,183),(86,73,4,184),(86,74,1,181),(86,74,2,182),(86,74,3,183),(86,74,4,184),(86,75,1,181),(86,75,2,182),(86,75,3,183),(86,75,4,184),(86,76,1,181),(86,76,2,182),(86,76,3,183),(86,76,4,184),(86,77,1,181),(86,77,2,182),(86,77,3,183),(86,77,4,184),(86,78,1,181),(86,78,2,182),(86,78,3,183),(86,78,4,184),(86,79,1,181),(86,79,2,182),(86,79,3,183),(86,79,4,184),(86,80,1,181),(86,80,2,182),(86,80,3,183),(86,80,4,184),(86,81,1,181),(86,81,2,182),(86,81,3,183),(86,81,4,184),(86,82,1,181),(86,82,2,182),(86,82,3,183),(86,82,4,184),(86,83,1,181),(86,83,2,182),(86,83,3,183),(86,83,4,184),(86,84,1,181),(86,84,2,182),(86,84,3,183),(86,84,4,184),(86,85,1,181),(86,85,2,182),(86,85,3,183),(86,85,4,184),(86,86,1,181),(86,86,2,182),(86,86,3,183),(86,86,4,184),(86,87,1,181),(86,87,2,182),(86,87,3,183),(86,87,4,184),(86,88,1,181),(86,88,2,182),(86,88,3,183),(86,88,4,184),(86,89,1,181),(86,89,2,182),(86,89,3,183),(86,89,4,184),(86,90,1,181),(86,90,2,182),(86,90,3,183),(86,90,4,184),(86,91,1,181),(86,91,2,182),(86,91,3,183),(86,91,4,184),(86,92,1,181),(86,92,2,182),(86,92,3,183),(86,92,4,184),(86,93,1,181),(86,93,2,182),(86,93,3,183),(86,93,4,184),(86,94,1,181),(86,94,2,182),(86,94,3,183),(86,94,4,184),(86,95,1,181),(86,95,2,182),(86,95,3,183),(86,95,4,184),(86,96,1,181),(86,96,2,182),(86,96,3,183),(86,96,4,184),(86,97,1,181),(86,97,2,182),(86,97,3,183),(86,97,4,184),(86,98,1,181),(86,98,2,182),(86,98,3,183),(86,98,4,184),(86,99,1,181),(86,99,2,182),(86,99,3,183),(86,99,4,184),(86,100,1,181),(86,100,2,182),(86,100,3,183),(86,100,4,184),(86,101,1,181),(86,101,2,182),(86,101,3,183),(86,101,4,184),(86,102,1,181),(86,102,2,182),(86,102,3,183),(86,102,4,184),(86,103,1,181),(86,103,2,182),(86,103,3,183),(86,103,4,184),(86,104,1,181),(86,104,2,182),(86,104,3,183),(86,104,4,184),(86,105,1,181),(86,105,2,182),(86,105,3,183),(86,105,4,184),(86,106,1,181),(86,106,2,182),(86,106,3,183),(86,106,4,184),(86,107,1,181),(86,107,2,182),(86,107,3,183),(86,107,4,184),(86,108,1,181),(86,108,2,182),(86,108,3,183),(86,108,4,184),(86,109,1,181),(86,109,2,182),(86,109,3,183),(86,109,4,184),(86,110,1,181),(86,110,2,182),(86,110,3,183),(86,110,4,184),(86,111,1,181),(86,111,2,182),(86,111,3,183),(86,111,4,184),(86,112,1,181),(86,112,2,182),(86,112,3,183),(86,112,4,184),(86,113,1,181),(86,113,2,182),(86,113,3,183),(86,113,4,184),(86,114,1,181),(86,114,2,182),(86,114,3,183),(86,114,4,184),(86,115,1,181),(86,115,2,182),(86,115,3,183),(86,115,4,184),(86,116,1,181),(86,116,2,182),(86,116,3,183),(86,116,4,184),(86,117,1,181),(86,117,2,182),(86,117,3,183),(86,117,4,184),(87,2,1,85),(87,2,2,86),(87,2,3,87),(87,2,4,88),(87,3,1,185),(87,3,2,186),(87,3,3,187),(87,3,4,188),(87,4,1,185),(87,4,2,186),(87,4,3,187),(87,4,4,188),(87,5,1,185),(87,5,2,186),(87,5,3,187),(87,5,4,188),(87,6,1,185),(87,6,2,186),(87,6,3,187),(87,6,4,188),(87,7,1,185),(87,7,2,186),(87,7,3,187),(87,7,4,188),(87,8,1,185),(87,8,2,186),(87,8,3,187),(87,8,4,188),(87,9,1,185),(87,9,2,186),(87,9,3,187),(87,9,4,188),(87,10,1,185),(87,10,2,186),(87,10,3,187),(87,10,4,188),(87,11,1,185),(87,11,2,186),(87,11,3,187),(87,11,4,188),(87,12,1,185),(87,12,2,186),(87,12,3,187),(87,12,4,188),(87,13,1,185),(87,13,2,186),(87,13,3,187),(87,13,4,188),(87,14,1,185),(87,14,2,186),(87,14,3,187),(87,14,4,188),(87,15,1,185),(87,15,2,186),(87,15,3,187),(87,15,4,188),(88,2,1,89),(88,2,2,90),(88,2,3,91),(88,2,4,92),(88,3,1,189),(88,3,2,190),(88,3,3,191),(88,3,4,192),(88,4,1,189),(88,4,2,190),(88,4,3,191),(88,4,4,192),(88,5,1,189),(88,5,2,190),(88,5,3,191),(88,5,4,192),(88,6,1,189),(88,6,2,190),(88,6,3,191),(88,6,4,192),(88,7,1,189),(88,7,2,190),(88,7,3,191),(88,7,4,192),(88,8,1,189),(88,8,2,190),(88,8,3,191),(88,8,4,192),(88,9,1,189),(88,9,2,190),(88,9,3,191),(88,9,4,192),(88,10,1,189),(88,10,2,190),(88,10,3,191),(88,10,4,192),(88,11,1,189),(88,11,2,190),(88,11,3,191),(88,11,4,192),(88,12,1,189),(88,12,2,190),(88,12,3,191),(88,12,4,192),(88,13,1,189),(88,13,2,190),(88,13,3,191),(88,13,4,192),(88,14,1,189),(88,14,2,190),(88,14,3,191),(88,14,4,192),(88,15,1,189),(88,15,2,190),(88,15,3,191),(88,15,4,192),(88,16,1,189),(88,16,2,190),(88,16,3,191),(88,16,4,192),(88,17,1,189),(88,17,2,190),(88,17,3,191),(88,17,4,192),(88,18,1,189),(88,18,2,190),(88,18,3,191),(88,18,4,192),(88,19,1,189),(88,19,2,190),(88,19,3,191),(88,19,4,192),(88,20,1,189),(88,20,2,190),(88,20,3,191),(88,20,4,192),(88,21,1,189),(88,21,2,190),(88,21,3,191),(88,21,4,192),(88,22,1,189),(88,22,2,190),(88,22,3,191),(88,22,4,192),(88,23,1,189),(88,23,2,190),(88,23,3,191),(88,23,4,192),(88,24,1,189),(88,24,2,190),(88,24,3,191),(88,24,4,192),(88,25,1,189),(88,25,2,190),(88,25,3,191),(88,25,4,192),(88,26,1,189),(88,26,2,190),(88,26,3,191),(88,26,4,192),(88,27,1,189),(88,27,2,190),(88,27,3,191),(88,27,4,192),(88,28,1,189),(88,28,2,190),(88,28,3,191),(88,28,4,192),(88,29,1,189),(88,29,2,190),(88,29,3,191),(88,29,4,192),(88,30,1,189),(88,30,2,190),(88,30,3,191),(88,30,4,192),(88,31,1,189),(88,31,2,190),(88,31,3,191),(88,31,4,192),(88,32,1,189),(88,32,2,190),(88,32,3,191),(88,32,4,192),(88,33,1,189),(88,33,2,190),(88,33,3,191),(88,33,4,192),(88,34,1,189),(88,34,2,190),(88,34,3,191),(88,34,4,192),(88,35,1,189),(88,35,2,190),(88,35,3,191),(88,35,4,192),(88,36,1,189),(88,36,2,190),(88,36,3,191),(88,36,4,192),(88,37,1,189),(88,37,2,190),(88,37,3,191),(88,37,4,192),(88,38,1,189),(88,38,2,190),(88,38,3,191),(88,38,4,192),(88,39,1,189),(88,39,2,190),(88,39,3,191),(88,39,4,192),(88,40,1,189),(88,40,2,190),(88,40,3,191),(88,40,4,192),(88,41,1,189),(88,41,2,190),(88,41,3,191),(88,41,4,192),(88,42,1,189),(88,42,2,190),(88,42,3,191),(88,42,4,192),(88,43,1,189),(88,43,2,190),(88,43,3,191),(88,43,4,192),(88,44,1,189),(88,44,2,190),(88,44,3,191),(88,44,4,192),(88,45,1,189),(88,45,2,190),(88,45,3,191),(88,45,4,192),(88,46,1,189),(88,46,2,190),(88,46,3,191),(88,46,4,192),(88,47,1,189),(88,47,2,190),(88,47,3,191),(88,47,4,192),(88,48,1,189),(88,48,2,190),(88,48,3,191),(88,48,4,192),(88,49,1,189),(88,49,2,190),(88,49,3,191),(88,49,4,192),(88,50,1,189),(88,50,2,190),(88,50,3,191),(88,50,4,192),(88,51,1,189),(88,51,2,190),(88,51,3,191),(88,51,4,192),(88,52,1,189),(88,52,2,190),(88,52,3,191),(88,52,4,192),(88,53,1,189),(88,53,2,190),(88,53,3,191),(88,53,4,192),(88,54,1,189),(88,54,2,190),(88,54,3,191),(88,54,4,192),(88,55,1,189),(88,55,2,190),(88,55,3,191),(88,55,4,192),(88,56,1,189),(88,56,2,190),(88,56,3,191),(88,56,4,192),(88,57,1,189),(88,57,2,190),(88,57,3,191),(88,57,4,192),(88,58,1,189),(88,58,2,190),(88,58,3,191),(88,58,4,192),(88,59,1,189),(88,59,2,190),(88,59,3,191),(88,59,4,192),(88,60,1,189),(88,60,2,190),(88,60,3,191),(88,60,4,192),(88,61,1,189),(88,61,2,190),(88,61,3,191),(88,61,4,192),(88,62,1,189),(88,62,2,190),(88,62,3,191),(88,62,4,192),(88,63,1,189),(88,63,2,190),(88,63,3,191),(88,63,4,192),(88,64,1,189),(88,64,2,190),(88,64,3,191),(88,64,4,192),(88,65,1,189),(88,65,2,190),(88,65,3,191),(88,65,4,192),(88,66,1,189),(88,66,2,190),(88,66,3,191),(88,66,4,192),(88,67,1,189),(88,67,2,190),(88,67,3,191),(88,67,4,192),(88,68,1,189),(88,68,2,190),(88,68,3,191),(88,68,4,192),(89,2,1,93),(89,2,2,94),(89,2,3,95),(89,2,4,96),(89,3,1,193),(89,3,2,194),(89,3,3,195),(89,3,4,196),(89,4,1,193),(89,4,2,194),(89,4,3,195),(89,4,4,196),(89,5,1,193),(89,5,2,194),(89,5,3,195),(89,5,4,196),(89,6,1,193),(89,6,2,194),(89,6,3,195),(89,6,4,196),(89,7,1,193),(89,7,2,194),(89,7,3,195),(89,7,4,196),(93,2,1,207),(93,2,2,208),(93,2,3,209),(93,2,4,210),(93,3,1,207),(93,3,2,208),(93,3,3,209),(93,3,4,210),(93,4,1,207),(93,4,2,208),(93,4,3,209),(93,4,4,210),(93,5,1,207),(93,5,2,208),(93,5,3,209),(93,5,4,210),(93,6,1,207),(93,6,2,208),(93,6,3,209),(93,6,4,210),(93,7,1,207),(93,7,2,208),(93,7,3,209),(93,7,4,210),(93,8,1,207),(93,8,2,208),(93,8,3,209),(93,8,4,210),(93,9,1,207),(93,9,2,208),(93,9,3,209),(93,9,4,210),(93,10,1,207),(93,10,2,208),(93,10,3,209),(93,10,4,210),(93,11,1,207),(93,11,2,208),(93,11,3,209),(93,11,4,210),(93,12,1,207),(93,12,2,208),(93,12,3,209),(93,12,4,210),(93,13,1,207),(93,13,2,208),(93,13,3,209),(93,13,4,210),(93,14,1,207),(93,14,2,208),(93,14,3,209),(93,14,4,210),(93,15,1,207),(93,15,2,208),(93,15,3,209),(93,15,4,210),(93,16,1,207),(93,16,2,208),(93,16,3,209),(93,16,4,210),(93,17,1,207),(93,17,2,208),(93,17,3,209),(93,17,4,210),(93,18,1,207),(93,18,2,208),(93,18,3,209),(93,18,4,210),(93,19,1,207),(93,19,2,208),(93,19,3,209),(93,19,4,210),(93,20,1,207),(93,20,2,208),(93,20,3,209),(93,20,4,210),(93,21,1,207),(93,21,2,208),(93,21,3,209),(93,21,4,210),(93,22,1,207),(93,22,2,208),(93,22,3,209),(93,22,4,210),(93,23,1,207),(93,23,2,208),(93,23,3,209),(93,23,4,210),(93,24,1,207),(93,24,2,208),(93,24,3,209),(93,24,4,210),(93,25,1,207),(93,25,2,208),(93,25,3,209),(93,25,4,210),(94,2,1,211),(94,2,2,212),(94,2,3,213),(94,2,4,214),(94,3,1,211),(94,3,2,212),(94,3,3,213),(94,3,4,214),(94,4,1,211),(94,4,2,212),(94,4,3,213),(94,4,4,214),(94,5,1,211),(94,5,2,212),(94,5,3,213),(94,5,4,214),(94,6,1,211),(94,6,2,212),(94,6,3,213),(94,6,4,214),(94,7,1,211),(94,7,2,212),(94,7,3,213),(94,7,4,214),(94,8,1,211),(94,8,2,212),(94,8,3,213),(94,8,4,214),(94,9,1,211),(94,9,2,212),(94,9,3,213),(94,9,4,214),(94,10,1,211),(94,10,2,212),(94,10,3,213),(94,10,4,214),(94,11,1,211),(94,11,2,212),(94,11,3,213),(94,11,4,214),(95,2,1,215),(95,2,2,216),(95,2,3,217),(95,2,4,218),(95,3,1,215),(95,3,2,216),(95,3,3,217),(95,3,4,218),(95,4,1,215),(95,4,2,216),(95,4,3,217),(95,4,4,218),(95,5,1,215),(95,5,2,216),(95,5,3,217),(95,5,4,218),(95,6,1,215),(95,6,2,216),(95,6,3,217),(95,6,4,218),(95,7,1,215),(95,7,2,216),(95,7,3,217),(95,7,4,218),(95,8,1,215),(95,8,2,216),(95,8,3,217),(95,8,4,218),(95,9,1,215),(95,9,2,216),(95,9,3,217),(95,9,4,218),(95,10,1,215),(95,10,2,216),(95,10,3,217),(95,10,4,218),(95,11,1,215),(95,11,2,216),(95,11,3,217),(95,11,4,218),(95,12,1,215),(95,12,2,216),(95,12,3,217),(95,12,4,218),(96,2,1,219),(96,2,2,220),(96,2,3,221),(96,2,4,222),(96,3,1,219),(96,3,2,220),(96,3,3,221),(96,3,4,222),(96,4,1,219),(96,4,2,220),(96,4,3,221),(96,4,4,222),(96,5,1,219),(96,5,2,220),(96,5,3,221),(96,5,4,222),(96,6,1,219),(96,6,2,220),(96,6,3,221),(96,6,4,222),(96,7,1,219),(96,7,2,220),(96,7,3,221),(96,7,4,222),(96,8,1,219),(96,8,2,220),(96,8,3,221),(96,8,4,222),(96,9,1,219),(96,9,2,220),(96,9,3,221),(96,9,4,222),(96,10,1,219),(96,10,2,220),(96,10,3,221),(96,10,4,222),(96,11,1,219),(96,11,2,220),(96,11,3,221),(96,11,4,222),(96,12,1,219),(96,12,2,220),(96,12,3,221),(96,12,4,222),(97,2,1,223),(97,2,2,224),(97,2,3,225),(97,2,4,226),(97,3,1,223),(97,3,2,224),(97,3,3,225),(97,3,4,226),(97,4,1,223),(97,4,2,224),(97,4,3,225),(97,4,4,226),(97,5,1,223),(97,5,2,224),(97,5,3,225),(97,5,4,226),(97,6,1,223),(97,6,2,224),(97,6,3,225),(97,6,4,226),(97,7,1,223),(97,7,2,224),(97,7,3,225),(97,7,4,226),(97,8,1,223),(97,8,2,224),(97,8,3,225),(97,8,4,226),(97,9,1,223),(97,9,2,224),(97,9,3,225),(97,9,4,226),(97,10,1,223),(97,10,2,224),(97,10,3,225),(97,10,4,226),(97,11,1,223),(97,11,2,224),(97,11,3,225),(97,11,4,226),(97,12,1,223),(97,12,2,224),(97,12,3,225),(97,12,4,226),(98,2,1,227),(98,2,2,228),(98,2,3,229),(98,2,4,230),(98,3,1,227),(98,3,2,228),(98,3,3,229),(98,3,4,230),(98,4,1,227),(98,4,2,228),(98,4,3,229),(98,4,4,230),(98,5,1,227),(98,5,2,228),(98,5,3,229),(98,5,4,230),(98,6,1,227),(98,6,2,228),(98,6,3,229),(98,6,4,230),(98,7,1,227),(98,7,2,228),(98,7,3,229),(98,7,4,230),(98,8,1,227),(98,8,2,228),(98,8,3,229),(98,8,4,230),(98,9,1,227),(98,9,2,228),(98,9,3,229),(98,9,4,230),(100,2,1,233),(100,2,2,234),(100,2,3,235),(100,2,4,236),(100,3,1,233),(100,3,2,234),(100,3,3,235),(100,3,4,236),(100,4,1,233),(100,4,2,234),(100,4,3,235),(100,4,4,236),(100,5,1,233),(100,5,2,234),(100,5,3,235),(100,5,4,236),(100,6,1,233),(100,6,2,234),(100,6,3,235),(100,6,4,236),(100,7,1,233),(100,7,2,234),(100,7,3,235),(100,7,4,236),(100,8,1,233),(100,8,2,234),(100,8,3,235),(100,8,4,236),(100,9,1,233),(100,9,2,234),(100,9,3,235),(100,9,4,236),(100,10,1,233),(100,10,2,234),(100,10,3,235),(100,10,4,236),(100,11,1,233),(100,11,2,234),(100,11,3,235),(100,11,4,236),(100,12,1,233),(100,12,2,234),(100,12,3,235),(100,12,4,236),(100,13,1,233),(100,13,2,234),(100,13,3,235),(100,13,4,236),(100,14,1,233),(100,14,2,234),(100,14,3,235),(100,14,4,236),(101,2,1,237),(101,2,2,238),(101,2,3,239),(101,2,4,240),(101,3,1,237),(101,3,2,238),(101,3,3,239),(101,3,4,240),(101,4,1,237),(101,4,2,238),(101,4,3,239),(101,4,4,240),(101,5,1,237),(101,5,2,238),(101,5,3,239),(101,5,4,240),(101,6,1,237),(101,6,2,238),(101,6,3,239),(101,6,4,240),(101,7,1,237),(101,7,2,238),(101,7,3,239),(101,7,4,240),(101,8,1,237),(101,8,2,238),(101,8,3,239),(101,8,4,240),(101,9,1,237),(101,9,2,238),(101,9,3,239),(101,9,4,240),(102,2,1,241),(102,2,2,242),(102,2,3,243),(102,2,4,244),(102,3,1,241),(102,3,2,242),(102,3,3,243),(102,3,4,244),(102,4,1,241),(102,4,2,242),(102,4,3,243),(102,4,4,244),(102,5,1,241),(102,5,2,242),(102,5,3,243),(102,5,4,244),(102,6,1,241),(102,6,2,242),(102,6,3,243),(102,6,4,244),(102,7,1,241),(102,7,2,242),(102,7,3,243),(102,7,4,244),(102,8,1,241),(102,8,2,242),(102,8,3,243),(102,8,4,244),(103,2,1,245),(103,2,2,246),(103,2,3,247),(103,2,4,248),(103,3,1,245),(103,3,2,246),(103,3,3,247),(103,3,4,248),(103,4,1,245),(103,4,2,246),(103,4,3,247),(103,4,4,248),(103,5,1,245),(103,5,2,246),(103,5,3,247),(103,5,4,248),(103,6,1,245),(103,6,2,246),(103,6,3,247),(103,6,4,248),(103,7,1,245),(103,7,2,246),(103,7,3,247),(103,7,4,248),(103,8,1,245),(103,8,2,246),(103,8,3,247),(103,8,4,248),(104,2,1,249),(104,2,2,250),(104,2,3,251),(104,2,4,252),(104,3,1,249),(104,3,2,250),(104,3,3,251),(104,3,4,252),(104,4,1,249),(104,4,2,250),(104,4,3,251),(104,4,4,252),(104,5,1,249),(104,5,2,250),(104,5,3,251),(104,5,4,252),(104,6,1,249),(104,6,2,250),(104,6,3,251),(104,6,4,252),(104,7,1,249),(104,7,2,250),(104,7,3,251),(104,7,4,252),(104,8,1,249),(104,8,2,250),(104,8,3,251),(104,8,4,252),(105,2,1,253),(105,2,2,254),(105,2,3,255),(105,2,4,256),(105,3,1,253),(105,3,2,254),(105,3,3,255),(105,3,4,256),(105,4,1,253),(105,4,2,254),(105,4,3,255),(105,4,4,256),(105,5,1,253),(105,5,2,254),(105,5,3,255),(105,5,4,256),(105,6,1,253),(105,6,2,254),(105,6,3,255),(105,6,4,256),(105,7,1,253),(105,7,2,254),(105,7,3,255),(105,7,4,256),(105,8,1,253),(105,8,2,254),(105,8,3,255),(105,8,4,256),(106,2,1,257),(106,2,2,258),(106,2,3,259),(106,2,4,260),(106,3,1,257),(106,3,2,258),(106,3,3,259),(106,3,4,260),(106,4,1,257),(106,4,2,258),(106,4,3,259),(106,4,4,260),(106,5,1,257),(106,5,2,258),(106,5,3,259),(106,5,4,260),(106,6,1,257),(106,6,2,258),(106,6,3,259),(106,6,4,260),(106,7,1,257),(106,7,2,258),(106,7,3,259),(106,7,4,260),(106,8,1,257),(106,8,2,258),(106,8,3,259),(106,8,4,260),(106,9,1,257),(106,9,2,258),(106,9,3,259),(106,9,4,260),(106,10,1,257),(106,10,2,258),(106,10,3,259),(106,10,4,260),(106,11,1,257),(106,11,2,258),(106,11,3,259),(106,11,4,260),(106,12,1,257),(106,12,2,258),(106,12,3,259),(106,12,4,260),(106,13,1,257),(106,13,2,258),(106,13,3,259),(106,13,4,260),(106,14,1,257),(106,14,2,258),(106,14,3,259),(106,14,4,260),(106,15,1,257),(106,15,2,258),(106,15,3,259),(106,15,4,260),(106,16,1,257),(106,16,2,258),(106,16,3,259),(106,16,4,260),(107,2,1,261),(107,2,2,262),(107,2,3,263),(107,2,4,264),(107,3,1,261),(107,3,2,262),(107,3,3,263),(107,3,4,264),(107,4,1,261),(107,4,2,262),(107,4,3,263),(107,4,4,264),(107,5,1,261),(107,5,2,262),(107,5,3,263),(107,5,4,264),(107,6,1,261),(107,6,2,262),(107,6,3,263),(107,6,4,264),(107,7,1,261),(107,7,2,262),(107,7,3,263),(107,7,4,264),(107,8,1,261),(107,8,2,262),(107,8,3,263),(107,8,4,264),(108,2,1,265),(108,2,2,266),(108,2,3,267),(108,2,4,268),(108,3,1,265),(108,3,2,266),(108,3,3,267),(108,3,4,268),(108,4,1,265),(108,4,2,266),(108,4,3,267),(108,4,4,268),(108,5,1,265),(108,5,2,266),(108,5,3,267),(108,5,4,268),(108,6,1,265),(108,6,2,266),(108,6,3,267),(108,6,4,268),(108,7,1,265),(108,7,2,266),(108,7,3,267),(108,7,4,268),(108,8,1,265),(108,8,2,266),(108,8,3,267),(108,8,4,268),(108,9,1,265),(108,9,2,266),(108,9,3,267),(108,9,4,268),(110,1,4,270),(111,1,4,269),(138,2,1,276),(138,2,2,277),(138,2,3,278),(138,2,4,279),(138,3,1,276),(138,3,2,277),(138,3,3,278),(138,3,4,279),(138,4,1,276),(138,4,2,277),(138,4,3,278),(138,4,4,279),(138,5,1,276),(138,5,2,277),(138,5,3,278),(138,5,4,279),(138,6,1,276),(138,6,2,277),(138,6,3,278),(138,6,4,279),(138,7,1,276),(138,7,2,277),(138,7,3,278),(138,7,4,279),(138,8,1,276),(138,8,2,277),(138,8,3,278),(138,8,4,279),(138,9,1,276),(138,9,2,277),(138,9,3,278),(138,9,4,279),(138,10,1,276),(138,10,2,277),(138,10,3,278),(138,10,4,279),(138,11,1,276),(138,11,2,277),(138,11,3,278),(138,11,4,279),(138,12,1,276),(138,12,2,277),(138,12,3,278),(138,12,4,279),(138,13,1,276),(138,13,2,277),(138,13,3,278),(138,13,4,279),(153,2,1,355),(153,2,2,356),(153,2,3,357),(153,2,4,358),(153,3,1,360),(153,3,2,361),(153,3,3,362),(153,3,4,363),(153,4,1,360),(153,4,2,361),(153,4,3,362),(153,4,4,363),(153,5,1,360),(153,5,2,361),(153,5,3,362),(153,5,4,363),(153,6,1,360),(153,6,2,361),(153,6,3,362),(153,6,4,363),(153,7,1,360),(153,7,2,361),(153,7,3,362),(153,7,4,363),(154,2,1,364),(154,2,2,365),(154,2,3,366),(154,2,4,367),(154,3,1,364),(154,3,2,365),(154,3,3,366),(154,3,4,367),(154,4,1,364),(154,4,2,365),(154,4,3,366),(154,4,4,367),(154,5,1,364),(154,5,2,365),(154,5,3,366),(154,5,4,367),(154,6,1,364),(154,6,2,365),(154,6,3,366),(154,6,4,367),(155,2,1,370),(155,2,2,371),(155,2,3,372),(155,2,4,373),(155,3,1,370),(155,3,2,371),(155,3,3,372),(155,3,4,373),(155,4,1,370),(155,4,2,371),(155,4,3,372),(155,4,4,373),(155,5,1,370),(155,5,2,371),(155,5,3,372),(155,5,4,373),(155,6,1,370),(155,6,2,371),(155,6,3,372),(155,6,4,373),(156,2,1,618),(156,2,2,619),(156,2,3,620),(156,2,4,621),(156,3,1,618),(156,3,2,619),(156,3,3,620),(156,3,4,621),(156,4,1,618),(156,4,2,619),(156,4,3,620),(156,4,4,621),(157,2,1,634),(157,2,2,635),(157,2,3,636),(157,2,4,637),(157,3,1,634),(157,3,2,635),(157,3,3,636),(157,3,4,637),(157,4,1,634),(157,4,2,635),(157,4,3,636),(157,4,4,637),(157,5,1,634),(157,5,2,635),(157,5,3,636),(157,5,4,637),(157,6,1,634),(157,6,2,635),(157,6,3,636),(157,6,4,637),(157,7,1,634),(157,7,2,635),(157,7,3,636),(157,7,4,637),(157,8,1,634),(157,8,2,635),(157,8,3,636),(157,8,4,637),(157,9,1,634),(157,9,2,635),(157,9,3,636),(157,9,4,637),(157,10,1,634),(157,10,2,635),(157,10,3,636),(157,10,4,637),(157,11,1,634),(157,11,2,635),(157,11,3,636),(157,11,4,637),(158,2,1,641),(158,2,2,642),(158,2,3,643),(158,2,4,644),(158,3,1,641),(158,3,2,642),(158,3,3,643),(158,3,4,644),(158,4,1,641),(158,4,2,642),(158,4,3,643),(158,4,4,644),(159,2,1,645),(159,2,2,646),(159,2,3,647),(159,2,4,648),(159,3,1,645),(159,3,2,646),(159,3,3,647),(159,3,4,648),(160,2,1,742),(160,2,2,743),(160,2,3,744),(160,2,4,745),(160,3,1,742),(160,3,2,743),(160,3,3,744),(160,3,4,745),(160,4,1,742),(160,4,2,743),(160,4,3,744),(160,4,4,745),(160,5,1,742),(160,5,2,743),(160,5,3,744),(160,5,4,745),(160,6,1,742),(160,6,2,743),(160,6,3,744),(160,6,4,745),(160,7,1,742),(160,7,2,743),(160,7,3,744),(160,7,4,745),(160,8,1,742),(160,8,2,743),(160,8,3,744),(160,8,4,745),(160,9,1,742),(160,9,2,743),(160,9,3,744),(160,9,4,745),(160,10,1,742),(160,10,2,743),(160,10,3,744),(160,10,4,745),(160,11,1,742),(160,11,2,743),(160,11,3,744),(160,11,4,745),(160,12,1,742),(160,12,2,743),(160,12,3,744),(160,12,4,745),(160,13,1,742),(160,13,2,743),(160,13,3,744),(160,13,4,745),(160,14,1,742),(160,14,2,743),(160,14,3,744),(160,14,4,745),(160,15,1,742),(160,15,2,743),(160,15,3,744),(160,15,4,745),(160,16,1,742),(160,16,2,743),(160,16,3,744),(160,16,4,745),(160,17,1,742),(160,17,2,743),(160,17,3,744),(160,17,4,745),(160,18,1,742),(160,18,2,743),(160,18,3,744),(160,18,4,745),(160,19,1,742),(160,19,2,743),(160,19,3,744),(160,19,4,745),(160,20,1,742),(160,20,2,743),(160,20,3,744),(160,20,4,745),(160,21,1,742),(160,21,2,743),(160,21,3,744),(160,21,4,745),(160,22,1,742),(160,22,2,743),(160,22,3,744),(160,22,4,745),(161,2,1,754),(161,2,2,755),(161,2,3,756),(161,2,4,757),(161,3,1,754),(161,3,2,755),(161,3,3,756),(161,3,4,757),(161,4,1,754),(161,4,2,755),(161,4,3,756),(161,4,4,757),(161,5,1,754),(161,5,2,755),(161,5,3,756),(161,5,4,757),(161,6,1,754),(161,6,2,755),(161,6,3,756),(161,6,4,757),(161,7,1,754),(161,7,2,755),(161,7,3,756),(161,7,4,757),(162,2,1,897),(162,2,2,898),(162,2,3,899),(162,2,4,900),(162,3,1,897),(162,3,2,898),(162,3,3,899),(162,3,4,900),(162,4,1,897),(162,4,2,898),(162,4,3,899),(162,4,4,900),(162,5,1,897),(162,5,2,898),(162,5,3,899),(162,5,4,900),(162,6,1,897),(162,6,2,898),(162,6,3,899),(162,6,4,900),(162,7,1,897),(162,7,2,898),(162,7,3,899),(162,7,4,900),(162,8,1,897),(162,8,2,898),(162,8,3,899),(162,8,4,900),(162,9,1,897),(162,9,2,898),(162,9,3,899),(162,9,4,900),(162,10,1,897),(162,10,2,898),(162,10,3,899),(162,10,4,900),(162,11,1,897),(162,11,2,898),(162,11,3,899),(162,11,4,900),(162,12,1,897),(162,12,2,898),(162,12,3,899),(162,12,4,900),(162,13,1,897),(162,13,2,898),(162,13,3,899),(162,13,4,900),(162,14,1,897),(162,14,2,898),(162,14,3,899),(162,14,4,900),(162,15,1,897),(162,15,2,898),(162,15,3,899),(162,15,4,900),(162,16,1,897),(162,16,2,898),(162,16,3,899),(162,16,4,900),(163,2,1,901),(163,2,2,902),(163,2,3,903),(163,2,4,904),(163,3,1,901),(163,3,2,902),(163,3,3,903),(163,3,4,904),(163,4,1,901),(163,4,2,902),(163,4,3,903),(163,4,4,904),(163,5,1,901),(163,5,2,902),(163,5,3,903),(163,5,4,904),(163,6,1,901),(163,6,2,902),(163,6,3,903),(163,6,4,904),(163,7,1,901),(163,7,2,902),(163,7,3,903),(163,7,4,904),(163,8,1,901),(163,8,2,902),(163,8,3,903),(163,8,4,904),(163,9,1,901),(163,9,2,902),(163,9,3,903),(163,9,4,904),(163,10,1,901),(163,10,2,902),(163,10,3,903),(163,10,4,904),(163,11,1,901),(163,11,2,902),(163,11,3,903),(163,11,4,904),(163,12,1,901),(163,12,2,902),(163,12,3,903),(163,12,4,904),(163,13,1,901),(163,13,2,902),(163,13,3,903),(163,13,4,904),(163,14,1,901),(163,14,2,902),(163,14,3,903),(163,14,4,904),(163,15,1,901),(163,15,2,902),(163,15,3,903),(163,15,4,904),(163,16,1,901),(163,16,2,902),(163,16,3,903),(163,16,4,904),(163,17,1,901),(163,17,2,902),(163,17,3,903),(163,17,4,904),(164,2,1,905),(164,2,2,906),(164,2,3,907),(164,2,4,908),(164,3,1,905),(164,3,2,906),(164,3,3,907),(164,3,4,908),(164,4,1,905),(164,4,2,906),(164,4,3,907),(164,4,4,908),(164,5,1,905),(164,5,2,906),(164,5,3,907),(164,5,4,908),(164,6,1,905),(164,6,2,906),(164,6,3,907),(164,6,4,908),(164,7,1,905),(164,7,2,906),(164,7,3,907),(164,7,4,908),(164,8,1,905),(164,8,2,906),(164,8,3,907),(164,8,4,908),(164,9,1,905),(164,9,2,906),(164,9,3,907),(164,9,4,908),(164,10,1,905),(164,10,2,906),(164,10,3,907),(164,10,4,908),(164,11,1,905),(164,11,2,906),(164,11,3,907),(164,11,4,908),(164,12,1,905),(164,12,2,906),(164,12,3,907),(164,12,4,908),(164,13,1,905),(164,13,2,906),(164,13,3,907),(164,13,4,908),(164,14,1,905),(164,14,2,906),(164,14,3,907),(164,14,4,908),(164,15,1,905),(164,15,2,906),(164,15,3,907),(164,15,4,908),(164,16,1,905),(164,16,2,906),(164,16,3,907),(164,16,4,908),(164,17,1,905),(164,17,2,906),(164,17,3,907),(164,17,4,908),(164,18,1,905),(164,18,2,906),(164,18,3,907),(164,18,4,908),(164,19,1,905),(164,19,2,906),(164,19,3,907),(164,19,4,908),(164,20,1,905),(164,20,2,906),(164,20,3,907),(164,20,4,908),(164,21,1,905),(164,21,2,906),(164,21,3,907),(164,21,4,908),(164,22,1,905),(164,22,2,906),(164,22,3,907),(164,22,4,908),(164,23,1,905),(164,23,2,906),(164,23,3,907),(164,23,4,908),(167,1,4,938),(167,2,4,938),(168,2,1,939),(168,2,2,940),(168,2,3,941),(168,2,4,942),(168,3,1,939),(168,3,2,940),(168,3,3,941),(168,3,4,942),(168,4,1,939),(168,4,2,940),(168,4,3,941),(168,4,4,942),(168,5,1,939),(168,5,2,940),(168,5,3,941),(168,5,4,942),(168,6,1,939),(168,6,2,940),(168,6,3,941),(168,6,4,942),(168,7,1,939),(168,7,2,940),(168,7,3,941),(168,7,4,942),(168,8,1,939),(168,8,2,940),(168,8,3,941),(168,8,4,942),(168,9,1,939),(168,9,2,940),(168,9,3,941),(168,9,4,942),(168,10,1,939),(168,10,2,940),(168,10,3,941),(168,10,4,942),(168,11,1,939),(168,11,2,940),(168,11,3,941),(168,11,4,942),(168,12,1,939),(168,12,2,940),(168,12,3,941),(168,12,4,942),(168,13,1,939),(168,13,2,940),(168,13,3,941),(168,13,4,942),(168,14,1,939),(168,14,2,940),(168,14,3,941),(168,14,4,942),(168,15,1,939),(168,15,2,940),(168,15,3,941),(168,15,4,942),(168,16,1,939),(168,16,2,940),(168,16,3,941),(168,16,4,942),(168,17,1,939),(168,17,2,940),(168,17,3,941),(168,17,4,942),(168,18,1,939),(168,18,2,940),(168,18,3,941),(168,18,4,942),(168,19,1,939),(168,19,2,940),(168,19,3,941),(168,19,4,942),(168,20,1,939),(168,20,2,940),(168,20,3,941),(168,20,4,942),(168,21,1,939),(168,21,2,940),(168,21,3,941),(168,21,4,942),(168,22,1,939),(168,22,2,940),(168,22,3,941),(168,22,4,942),(168,23,1,939),(168,23,2,940),(168,23,3,941),(168,23,4,942),(168,24,1,939),(168,24,2,940),(168,24,3,941),(168,24,4,942),(168,25,1,939),(168,25,2,940),(168,25,3,941),(168,25,4,942),(168,26,1,939),(168,26,2,940),(168,26,3,941),(168,26,4,942),(168,27,1,939),(168,27,2,940),(168,27,3,941),(168,27,4,942),(168,28,1,939),(168,28,2,940),(168,28,3,941),(168,28,4,942),(168,29,1,939),(168,29,2,940),(168,29,3,941),(168,29,4,942),(168,30,1,939),(168,30,2,940),(168,30,3,941),(168,30,4,942),(168,31,1,939),(168,31,2,940),(168,31,3,941),(168,31,4,942),(168,32,1,939),(168,32,2,940),(168,32,3,941),(168,32,4,942),(168,33,1,939),(168,33,2,940),(168,33,3,941),(168,33,4,942),(168,34,1,939),(168,34,2,940),(168,34,3,941),(168,34,4,942),(168,35,1,939),(168,35,2,940),(168,35,3,941),(168,35,4,942),(168,36,1,939),(168,36,2,940),(168,36,3,941),(168,36,4,942),(168,37,1,939),(168,37,2,940),(168,37,3,941),(168,37,4,942),(168,38,1,939),(168,38,2,940),(168,38,3,941),(168,38,4,942),(168,39,1,939),(168,39,2,940),(168,39,3,941),(168,39,4,942),(168,40,1,939),(168,40,2,940),(168,40,3,941),(168,40,4,942),(168,41,1,939),(168,41,2,940),(168,41,3,941),(168,41,4,942),(168,42,1,939),(168,42,2,940),(168,42,3,941),(168,42,4,942),(168,43,1,939),(168,43,2,940),(168,43,3,941),(168,43,4,942),(168,44,1,939),(168,44,2,940),(168,44,3,941),(168,44,4,942),(168,45,1,939),(168,45,2,940),(168,45,3,941),(168,45,4,942),(168,46,1,939),(168,46,2,940),(168,46,3,941),(168,46,4,942),(168,47,1,939),(168,47,2,940),(168,47,3,941),(168,47,4,942),(168,48,1,939),(168,48,2,940),(168,48,3,941),(168,48,4,942),(168,49,1,939),(168,49,2,940),(168,49,3,941),(168,49,4,942),(168,50,1,939),(168,50,2,940),(168,50,3,941),(168,50,4,942),(168,51,1,939),(168,51,2,940),(168,51,3,941),(168,51,4,942),(168,52,1,939),(168,52,2,940),(168,52,3,941),(168,52,4,942),(168,53,1,939),(168,53,2,940),(168,53,3,941),(168,53,4,942),(168,54,1,939),(168,54,2,940),(168,54,3,941),(168,54,4,942),(168,55,1,939),(168,55,2,940),(168,55,3,941),(168,55,4,942),(168,56,1,939),(168,56,2,940),(168,56,3,941),(168,56,4,942),(168,57,1,939),(168,57,2,940),(168,57,3,941),(168,57,4,942),(168,57,75,7281),(168,58,1,939),(168,58,2,940),(168,58,3,941),(168,58,4,942),(168,58,75,7281),(168,59,1,939),(168,59,2,940),(168,59,3,941),(168,59,4,942),(168,59,75,7281),(173,2,1,2057),(173,2,2,2058),(173,2,3,2059),(173,2,4,2060),(173,3,1,2057),(173,3,2,2058),(173,3,3,2059),(173,3,4,2060),(173,4,1,2057),(173,4,2,2058),(173,4,3,2059),(173,4,4,2060),(173,5,1,2057),(173,5,2,2058),(173,5,3,2059),(173,5,4,2060),(173,6,1,2057),(173,6,2,2058),(173,6,3,2059),(173,6,4,2060),(173,7,1,2057),(173,7,2,2058),(173,7,3,2059),(173,7,4,2060),(173,8,1,2057),(173,8,2,2058),(173,8,3,2059),(173,8,4,2060),(173,9,1,2057),(173,9,2,2058),(173,9,3,2059),(173,9,4,2060),(173,10,1,2057),(173,10,2,2058),(173,10,3,2059),(173,10,4,2060),(173,11,1,2057),(173,11,2,2058),(173,11,3,2059),(173,11,4,2060),(173,12,1,2057),(173,12,2,2058),(173,12,3,2059),(173,12,4,2060),(174,2,1,2061),(174,2,2,2062),(174,2,3,2063),(174,2,4,2064),(174,3,1,2061),(174,3,2,2062),(174,3,3,2063),(174,3,4,2064),(174,4,1,2061),(174,4,2,2062),(174,4,3,2063),(174,4,4,2064),(174,5,1,2061),(174,5,2,2062),(174,5,3,2063),(174,5,4,2064),(174,6,1,2061),(174,6,2,2062),(174,6,3,2063),(174,6,4,2064),(174,7,1,2061),(174,7,2,2062),(174,7,3,2063),(174,7,4,2064),(174,8,1,2061),(174,8,2,2062),(174,8,3,2063),(174,8,4,2064),(174,9,1,2061),(174,9,2,2062),(174,9,3,2063),(174,9,4,2064),(174,10,1,2061),(174,10,2,2062),(174,10,3,2063),(174,10,4,2064),(174,11,1,2061),(174,11,2,2062),(174,11,3,2063),(174,11,4,2064),(175,2,1,2315),(175,2,2,2316),(175,2,3,2317),(175,2,4,2318),(175,3,1,2315),(175,3,2,2316),(175,3,3,2317),(175,3,4,2318),(175,4,1,2315),(175,4,2,2316),(175,4,3,2317),(175,4,4,2318),(175,5,1,2315),(175,5,2,2316),(175,5,3,2317),(175,5,4,2318),(175,6,1,2315),(175,6,2,2316),(175,6,3,2317),(175,6,4,2318),(175,7,1,2315),(175,7,2,2316),(175,7,3,2317),(175,7,4,2318),(175,8,1,2315),(175,8,2,2316),(175,8,3,2317),(175,8,4,2318),(175,9,1,2315),(175,9,2,2316),(175,9,3,2317),(175,9,4,2318),(175,10,1,2315),(175,10,2,2316),(175,10,3,2317),(175,10,4,2318),(175,11,1,2315),(175,11,2,2316),(175,11,3,2317),(175,11,4,2318),(175,12,1,2315),(175,12,2,2316),(175,12,3,2317),(175,12,4,2318),(175,13,1,2315),(175,13,2,2316),(175,13,3,2317),(175,13,4,2318),(175,14,1,2315),(175,14,2,2316),(175,14,3,2317),(175,14,4,2318),(175,15,1,2315),(175,15,2,2316),(175,15,3,2317),(175,15,4,2318),(175,16,1,2315),(175,16,2,2316),(175,16,3,2317),(175,16,4,2318),(175,17,1,2315),(175,17,2,2316),(175,17,3,2317),(175,17,4,2318),(175,18,1,2315),(175,18,2,2316),(175,18,3,2317),(175,18,4,2318),(175,19,1,2315),(175,19,2,2316),(175,19,3,2317),(175,19,4,2318),(175,20,1,2315),(175,20,2,2316),(175,20,3,2317),(175,20,4,2318),(175,21,1,2315),(175,21,2,2316),(175,21,3,2317),(175,21,4,2318),(175,22,1,2315),(175,22,2,2316),(175,22,3,2317),(175,22,4,2318),(175,23,1,2315),(175,23,2,2316),(175,23,3,2317),(175,23,4,2318),(175,24,1,2315),(175,24,2,2316),(175,24,3,2317),(175,24,4,2318),(175,25,1,2315),(175,25,2,2316),(175,25,3,2317),(175,25,4,2318),(175,26,1,2315),(175,26,2,2316),(175,26,3,2317),(175,26,4,2318),(175,27,1,2315),(175,27,2,2316),(175,27,3,2317),(175,27,4,2318),(175,28,1,2315),(175,28,2,2316),(175,28,3,2317),(175,28,4,2318),(176,2,1,2319),(176,2,2,2320),(176,2,3,2321),(176,2,4,2322),(176,3,1,2319),(176,3,2,2320),(176,3,3,2321),(176,3,4,2322),(176,4,1,2319),(176,4,2,2320),(176,4,3,2321),(176,4,4,2322),(176,5,1,2319),(176,5,2,2320),(176,5,3,2321),(176,5,4,2322),(176,6,1,2319),(176,6,2,2320),(176,6,3,2321),(176,6,4,2322),(176,7,1,2319),(176,7,2,2320),(176,7,3,2321),(176,7,4,2322),(176,8,1,2319),(176,8,2,2320),(176,8,3,2321),(176,8,4,2322),(176,9,1,2319),(176,9,2,2320),(176,9,3,2321),(176,9,4,2322),(176,10,1,2319),(176,10,2,2320),(176,10,3,2321),(176,10,4,2322),(176,11,1,2319),(176,11,2,2320),(176,11,3,2321),(176,11,4,2322),(176,12,1,2319),(176,12,2,2320),(176,12,3,2321),(176,12,4,2322),(176,13,1,2319),(176,13,2,2320),(176,13,3,2321),(176,13,4,2322),(176,14,1,2319),(176,14,2,2320),(176,14,3,2321),(176,14,4,2322),(176,15,1,2319),(176,15,2,2320),(176,15,3,2321),(176,15,4,2322),(176,16,1,2319),(176,16,2,2320),(176,16,3,2321),(176,16,4,2322),(176,17,1,2319),(176,17,2,2320),(176,17,3,2321),(176,17,4,2322),(176,18,1,2319),(176,18,2,2320),(176,18,3,2321),(176,18,4,2322),(176,19,1,2319),(176,19,2,2320),(176,19,3,2321),(176,19,4,2322),(176,20,1,2319),(176,20,2,2320),(176,20,3,2321),(176,20,4,2322),(176,21,1,2319),(176,21,2,2320),(176,21,3,2321),(176,21,4,2322),(179,2,1,3103),(179,2,2,3104),(179,2,3,3105),(179,2,4,3106),(179,3,1,3103),(179,3,2,3104),(179,3,3,3105),(179,3,4,3106),(179,4,1,3103),(179,4,2,3104),(179,4,3,3105),(179,4,4,3106),(179,5,1,3103),(179,5,2,3104),(179,5,3,3105),(179,5,4,3106),(179,6,1,3103),(179,6,2,3104),(179,6,3,3105),(179,6,4,3106),(179,7,1,3103),(179,7,2,3104),(179,7,3,3105),(179,7,4,3106),(179,8,1,3103),(179,8,2,3104),(179,8,3,3105),(179,8,4,3106),(179,9,1,3103),(179,9,2,3104),(179,9,3,3105),(179,9,4,3106),(179,10,1,3103),(179,10,2,3104),(179,10,3,3105),(179,10,4,3106),(179,11,1,3103),(179,11,2,3104),(179,11,3,3105),(179,11,4,3106),(180,2,1,3107),(180,2,2,3108),(180,2,3,3109),(180,2,4,3110),(180,3,1,3111),(180,3,2,3112),(180,3,3,3113),(180,3,4,3114),(180,4,1,3111),(180,4,2,3112),(180,4,3,3113),(180,4,4,3114),(180,5,1,3111),(180,5,2,3112),(180,5,3,3113),(180,5,4,3114),(180,6,1,3111),(180,6,2,3112),(180,6,3,3113),(180,6,4,3114),(180,7,1,3111),(180,7,2,3112),(180,7,3,3113),(180,7,4,3114),(180,8,1,3111),(180,8,2,3112),(180,8,3,3113),(180,8,4,3114),(180,9,1,3111),(180,9,2,3112),(180,9,3,3113),(180,9,4,3114),(180,10,1,3111),(180,10,2,3112),(180,10,3,3113),(180,10,4,3114),(180,11,1,3111),(180,11,2,3112),(180,11,3,3113),(180,11,4,3114),(180,12,1,3111),(180,12,2,3112),(180,12,3,3113),(180,12,4,3114),(180,13,1,3111),(180,13,2,3112),(180,13,3,3113),(180,13,4,3114),(180,14,1,3111),(180,14,2,3112),(180,14,3,3113),(180,14,4,3114),(181,2,1,3115),(181,2,2,3116),(181,2,3,3117),(181,2,4,3118),(181,3,1,3115),(181,3,2,3116),(181,3,3,3117),(181,3,4,3118),(181,4,1,3115),(181,4,2,3116),(181,4,3,3117),(181,4,4,3118),(181,5,1,3115),(181,5,2,3116),(181,5,3,3117),(181,5,4,3118),(181,6,1,3115),(181,6,2,3116),(181,6,3,3117),(181,6,4,3118),(181,7,1,3115),(181,7,2,3116),(181,7,3,3117),(181,7,4,3118),(181,8,1,3115),(181,8,2,3116),(181,8,3,3117),(181,8,4,3118),(181,9,1,3115),(181,9,2,3116),(181,9,3,3117),(181,9,4,3118),(181,10,1,3115),(181,10,2,3116),(181,10,3,3117),(181,10,4,3118),(181,11,1,3115),(181,11,2,3116),(181,11,3,3117),(181,11,4,3118),(181,12,1,3115),(181,12,2,3116),(181,12,3,3117),(181,12,4,3118),(181,13,1,3115),(181,13,2,3116),(181,13,3,3117),(181,13,4,3118),(181,14,1,3115),(181,14,2,3116),(181,14,3,3117),(181,14,4,3118),(181,15,1,3115),(181,15,2,3116),(181,15,3,3117),(181,15,4,3118),(181,16,1,3115),(181,16,2,3116),(181,16,3,3117),(181,16,4,3118),(181,17,1,3115),(181,17,2,3116),(181,17,3,3117),(181,17,4,3118),(181,18,1,3115),(181,18,2,3116),(181,18,3,3117),(181,18,4,3118),(182,2,1,6649),(182,2,2,6650),(182,2,3,6651),(182,2,4,6652),(182,3,1,6649),(182,3,2,6650),(182,3,3,6651),(182,3,4,6652),(182,4,1,6649),(182,4,2,6650),(182,4,3,6651),(182,4,4,6652),(182,5,1,6649),(182,5,2,6650),(182,5,3,6651),(182,5,4,6652),(182,6,1,6649),(182,6,2,6650),(182,6,3,6651),(182,6,4,6652),(182,7,1,6649),(182,7,2,6650),(182,7,3,6651),(182,7,4,6652),(182,8,1,8863),(182,8,2,8864),(182,8,3,8865),(182,8,4,8866),(183,2,1,6653),(183,2,2,6654),(183,2,3,6655),(183,2,4,6656),(183,3,1,6653),(183,3,2,6654),(183,3,3,6655),(183,3,4,6656),(183,4,1,6653),(183,4,2,6654),(183,4,3,6655),(183,4,4,6656),(183,5,1,6653),(183,5,2,6654),(183,5,3,6655),(183,5,4,6656),(183,6,1,6653),(183,6,2,6654),(183,6,3,6655),(183,6,4,6656),(183,7,1,6653),(183,7,2,6654),(183,7,3,6655),(183,7,4,6656),(183,8,1,6653),(183,8,2,6654),(183,8,3,6655),(183,8,4,6656),(183,9,1,6653),(183,9,2,6654),(183,9,3,6655),(183,9,4,6656),(183,10,1,6653),(183,10,2,6654),(183,10,3,6655),(183,10,4,6656),(183,11,1,6653),(183,11,2,6654),(183,11,3,6655),(183,11,4,6656),(183,12,1,8867),(183,12,2,8868),(183,12,3,8869),(183,12,4,8870),(183,13,1,8871),(183,13,2,8872),(183,13,3,8873),(183,13,4,8874),(183,14,1,8871),(183,14,2,8872),(183,14,3,8873),(183,14,4,8874),(183,15,1,8871),(183,15,2,8872),(183,15,3,8873),(183,15,4,8874),(184,2,1,7192),(184,2,2,7193),(184,2,3,7194),(184,2,4,7195),(184,3,1,7192),(184,3,2,7193),(184,3,3,7194),(184,3,4,7195),(184,4,1,7192),(184,4,2,7193),(184,4,3,7194),(184,4,4,7195),(184,5,1,7192),(184,5,2,7193),(184,5,3,7194),(184,5,4,7195),(184,6,1,7192),(184,6,2,7193),(184,6,3,7194),(184,6,4,7195),(184,7,1,7192),(184,7,2,7193),(184,7,3,7194),(184,7,4,7195),(184,8,1,7192),(184,8,2,7193),(184,8,3,7194),(184,8,4,7195),(184,9,1,7192),(184,9,2,7193),(184,9,3,7194),(184,9,4,7195),(184,10,1,7192),(184,10,2,7193),(184,10,3,7194),(184,10,4,7195),(184,11,1,7192),(184,11,2,7193),(184,11,3,7194),(184,11,4,7195),(184,12,1,7192),(184,12,2,7193),(184,12,3,7194),(184,12,4,7195),(184,13,1,7192),(184,13,2,7193),(184,13,3,7194),(184,13,4,7195),(184,14,1,7192),(184,14,2,7193),(184,14,3,7194),(184,14,4,7195),(184,15,1,7192),(184,15,2,7193),(184,15,3,7194),(184,15,4,7195),(184,16,1,7192),(184,16,2,7193),(184,16,3,7194),(184,16,4,7195),(184,17,1,7192),(184,17,2,7193),(184,17,3,7194),(184,17,4,7195),(193,1,4,7282),(193,1,75,7283),(200,1,1,7285),(200,1,2,7286),(200,1,3,7287),(200,1,4,7289),(200,1,11,7284),(200,1,74,7291),(200,1,76,7288),(200,1,77,7290),(201,2,1,7292),(201,2,2,7293),(201,2,3,7294),(201,2,4,7295),(201,3,1,7292),(201,3,2,7293),(201,3,3,7294),(201,3,4,7295),(201,4,1,7292),(201,4,2,7293),(201,4,3,7294),(201,4,4,7295),(202,1,1,7297),(202,1,2,7298),(202,1,3,7299),(202,1,4,7301),(202,1,11,7296),(202,1,74,7303),(202,1,76,7300),(202,1,77,7302),(202,2,1,7297),(202,2,2,7298),(202,2,3,7299),(202,2,4,7301),(202,2,11,7296),(202,2,74,7303),(202,2,76,7300),(202,2,77,7302),(203,1,1,7334),(203,1,2,7335),(203,1,3,7336),(203,1,4,7338),(203,1,11,7333),(203,1,74,7340),(203,1,76,7337),(203,1,77,7339),(203,2,1,7346),(203,2,2,7347),(203,2,3,7348),(203,2,4,7350),(203,2,11,7345),(203,2,74,7352),(203,2,76,7349),(203,2,77,7351),(203,3,1,7346),(203,3,2,7347),(203,3,3,7348),(203,3,4,7350),(203,3,11,7345),(203,3,74,7352),(203,3,76,7349),(203,3,77,7351),(203,4,1,7346),(203,4,2,7347),(203,4,3,7348),(203,4,4,7350),(203,4,11,7345),(203,4,74,7352),(203,4,76,7349),(203,4,77,7351),(203,5,1,7346),(203,5,2,7347),(203,5,3,7348),(203,5,4,7350),(203,5,11,7345),(203,5,74,7352),(203,5,76,7349),(203,5,77,7351),(204,1,1,7752),(204,1,2,7753),(204,1,3,7754),(204,1,4,7756),(204,1,11,7751),(204,1,74,7758),(204,1,76,7755),(204,1,77,7757),(205,1,1,7760),(205,1,2,7761),(205,1,3,7762),(205,1,4,7764),(205,1,11,7759),(205,1,74,7766),(205,1,76,7763),(205,1,77,7765),(206,1,1,7768),(206,1,2,7769),(206,1,3,7770),(206,1,4,7772),(206,1,11,7767),(206,1,74,7774),(206,1,76,7771),(206,1,77,7773),(206,2,1,7784),(206,2,2,7785),(206,2,3,7786),(206,2,4,7788),(206,2,11,7783),(206,2,74,7790),(206,2,76,7787),(206,2,77,7789),(207,1,1,7776),(207,1,2,7777),(207,1,3,7778),(207,1,4,7780),(207,1,11,7775),(207,1,74,7782),(207,1,76,7779),(207,1,77,7781),(208,1,1,7792),(208,1,2,7793),(208,1,3,7794),(208,1,4,7796),(208,1,11,7791),(208,1,74,7798),(208,1,76,7795),(208,1,77,7797),(209,1,1,7800),(209,1,2,7801),(209,1,3,7802),(209,1,4,7804),(209,1,11,7799),(209,1,74,7806),(209,1,76,7803),(209,1,77,7805),(210,1,1,7808),(210,1,2,7809),(210,1,3,7810),(210,1,4,7812),(210,1,11,7807),(210,1,74,7814),(210,1,76,7811),(210,1,77,7813),(211,1,1,7816),(211,1,2,7817),(211,1,3,7818),(211,1,4,7820),(211,1,11,7815),(211,1,74,7822),(211,1,76,7819),(211,1,77,7821),(212,1,1,7986),(212,1,2,7987),(212,1,3,7988),(212,1,4,7990),(212,1,11,7985),(212,1,74,7992),(212,1,76,7989),(212,1,77,7991),(212,2,1,7986),(212,2,2,7987),(212,2,3,7988),(212,2,4,7990),(212,2,11,7985),(212,2,74,7992),(212,2,76,7989),(212,2,77,7991),(213,1,1,7994),(213,1,2,7995),(213,1,3,7996),(213,1,4,7998),(213,1,11,7993),(213,1,74,8000),(213,1,76,7997),(213,1,77,7999),(214,1,1,8105),(214,1,2,8106),(214,1,3,8107),(214,1,4,8109),(214,1,11,8104),(214,1,74,8111),(214,1,76,8108),(214,1,77,8110),(215,1,1,8330),(215,1,2,8331),(215,1,3,8332),(215,1,4,8334),(215,1,11,8329),(215,1,74,8336),(215,1,76,8333),(215,1,77,8335),(216,1,1,8338),(216,1,2,8339),(216,1,3,8340),(216,1,4,8342),(216,1,11,8337),(216,1,74,8344),(216,1,76,8341),(216,1,77,8343),(217,1,1,8478),(217,1,2,8479),(217,1,3,8480),(217,1,4,8482),(217,1,11,8477),(217,1,74,8484),(217,1,76,8481),(217,1,77,8483),(218,1,1,8693),(218,1,2,8694),(218,1,3,8695),(218,1,4,8697),(218,1,11,8692),(218,1,74,8699),(218,1,76,8696),(218,1,77,8698),(219,1,1,9082),(219,1,2,9083),(219,1,3,9084),(219,1,4,9086),(219,1,11,9081),(219,1,74,9088),(219,1,76,9085),(219,1,77,9087),(220,1,1,9090),(220,1,2,9091),(220,1,3,9092),(220,1,4,9094),(220,1,11,9089),(220,1,74,9096),(220,1,76,9093),(220,1,77,9095),(221,1,1,9100),(221,1,2,9101),(221,1,3,9102),(221,1,4,9104),(221,1,11,9099),(221,1,74,9106),(221,1,76,9103),(221,1,77,9105),(222,1,1,9108),(222,1,2,9109),(222,1,3,9110),(222,1,4,9112),(222,1,11,9107),(222,1,74,9114),(222,1,76,9111),(222,1,77,9113),(223,1,1,9118),(223,1,2,9119),(223,1,3,9120),(223,1,4,9122),(223,1,11,9117),(223,1,74,9124),(223,1,76,9121),(223,1,77,9123),(224,1,1,9128),(224,1,2,9129),(224,1,3,9130),(224,1,4,9132),(224,1,11,9127),(224,1,74,9134),(224,1,76,9131),(224,1,77,9133),(225,1,1,9138),(225,1,2,9139),(225,1,3,9140),(225,1,4,9142),(225,1,11,9137),(225,1,74,9144),(225,1,76,9141),(225,1,77,9143),(226,1,1,9150),(226,1,2,9151),(226,1,3,9152),(226,1,4,9154),(226,1,11,9149),(226,1,74,9156),(226,1,76,9153),(226,1,77,9155),(227,1,1,9221),(227,1,2,9222),(227,1,3,9223),(227,1,4,9225),(227,1,11,9220),(227,1,74,9227),(227,1,76,9224),(227,1,77,9226),(228,1,1,9307),(228,1,2,9308),(228,1,3,9309),(228,1,4,9311),(228,1,11,9306),(228,1,74,9313),(228,1,76,9310),(228,1,77,9312),(229,1,1,9329),(229,1,2,9330),(229,1,3,9331),(229,1,4,9333),(229,1,11,9328),(229,1,74,9335),(229,1,76,9332),(229,1,77,9334),(230,1,1,9365),(230,1,2,9366),(230,1,3,9367),(230,1,4,9369),(230,1,11,9364),(230,1,74,9371),(230,1,76,9368),(230,1,77,9370),(232,8,81,13240),(232,9,81,13241),(234,2,1,9513),(234,2,2,9514),(234,2,3,9515),(234,2,4,9516),(234,3,1,9513),(234,3,2,9514),(234,3,3,9515),(234,3,4,9516),(234,4,1,9513),(234,4,2,9514),(234,4,3,9515),(234,4,4,9516),(234,5,1,9513),(234,5,2,9514),(234,5,3,9515),(234,5,4,9516),(234,6,1,9513),(234,6,2,9514),(234,6,3,9515),(234,6,4,9516),(234,7,1,9513),(234,7,2,9514),(234,7,3,9515),(234,7,4,9516),(236,1,1,9626),(236,1,2,9627),(236,1,3,9628),(236,1,4,9630),(236,1,11,9625),(236,1,74,9632),(236,1,76,9629),(236,1,77,9631),(238,1,1,10037),(238,1,2,10038),(238,1,3,10039),(238,1,4,10041),(238,1,11,10036),(238,1,74,10043),(238,1,76,10040),(238,1,77,10042),(239,1,1,10189),(239,1,2,10190),(239,1,3,10191),(239,1,4,10193),(239,1,11,10188),(239,1,74,10195),(239,1,76,10192),(239,1,77,10194),(240,1,1,10297),(240,1,2,10298),(240,1,3,10299),(240,1,4,10301),(240,1,11,10296),(240,1,74,10303),(240,1,76,10300),(240,1,77,10302),(241,1,1,10361),(241,1,2,10362),(241,1,3,10363),(241,1,4,10365),(241,1,11,10360),(241,1,74,10367),(241,1,76,10364),(241,1,77,10366),(242,1,1,10371),(242,1,2,10372),(242,1,3,10373),(242,1,4,10375),(242,1,11,10370),(242,1,74,10377),(242,1,76,10374),(242,1,77,10376),(243,1,1,10383),(243,1,2,10384),(243,1,3,10385),(243,1,4,10387),(243,1,11,10382),(243,1,74,10389),(243,1,76,10386),(243,1,77,10388),(244,1,1,10399),(244,1,2,10400),(244,1,3,10401),(244,1,4,10403),(244,1,11,10398),(244,1,74,10405),(244,1,76,10402),(244,1,77,10404),(245,1,1,10419),(245,1,2,10420),(245,1,3,10421),(245,1,4,10423),(245,1,11,10418),(245,1,74,10425),(245,1,76,10422),(245,1,77,10424),(246,1,1,10670),(246,1,2,10671),(246,1,3,10672),(246,1,4,10674),(246,1,11,10669),(246,1,74,10676),(246,1,76,10673),(246,1,77,10675),(247,1,1,10764),(247,1,2,10765),(247,1,3,10766),(247,1,4,10768),(247,1,11,10763),(247,1,74,10770),(247,1,76,10767),(247,1,77,10769),(248,1,1,10774),(248,1,2,10775),(248,1,3,10776),(248,1,4,10778),(248,1,11,10773),(248,1,74,10780),(248,1,76,10777),(248,1,77,10779),(249,1,1,10802),(249,1,2,10803),(249,1,3,10804),(249,1,4,10806),(249,1,11,10801),(249,1,74,10808),(249,1,76,10805),(249,1,77,10807),(250,1,1,10812),(250,1,2,10813),(250,1,3,10814),(250,1,4,10816),(250,1,11,10811),(250,1,74,10818),(250,1,76,10815),(250,1,77,10817),(251,1,1,11491),(251,1,2,11492),(251,1,3,11493),(251,1,4,11495),(251,1,11,11490),(251,1,74,11497),(251,1,76,11494),(251,1,77,11496),(252,1,1,11509),(252,1,2,11510),(252,1,3,11511),(252,1,4,11513),(252,1,11,11508),(252,1,74,11515),(252,1,76,11512),(252,1,77,11514),(253,1,1,11915),(253,1,2,11916),(253,1,3,11917),(253,1,4,11919),(253,1,11,11914),(253,1,74,11921),(253,1,76,11918),(253,1,77,11920),(254,1,1,12452),(254,1,2,12453),(254,1,3,12454),(254,1,4,12456),(254,1,11,12451),(254,1,74,12458),(254,1,76,12455),(254,1,77,12457),(255,1,1,12460),(255,1,2,12461),(255,1,3,12462),(255,1,4,12464),(255,1,11,12459),(255,1,74,12466),(255,1,76,12463),(255,1,77,12465),(256,1,1,13631),(256,1,2,13632),(256,1,3,13633),(256,1,4,13635),(256,1,11,13630),(256,1,74,13637),(256,1,76,13634),(256,1,77,13636),(257,1,1,13738),(257,1,2,13739),(257,1,3,13740),(257,1,4,13742),(257,1,11,13737),(257,1,74,13744),(257,1,76,13741),(257,1,77,13743),(258,1,1,13798),(258,1,2,13799),(258,1,3,13800),(258,1,4,13802),(258,1,11,13797),(258,1,74,13804),(258,1,76,13801),(258,1,77,13803),(259,2,1,14203),(259,2,2,14204),(259,2,3,14205),(259,2,4,14206),(259,3,1,14203),(259,3,2,14204),(259,3,3,14205),(259,3,4,14206),(259,4,1,14203),(259,4,2,14204),(259,4,3,14205),(259,4,4,14206),(259,5,1,14226),(259,5,2,14227),(259,5,3,14228),(259,5,4,14229),(259,6,1,14226),(259,6,2,14227),(259,6,3,14228),(259,6,4,14229),(259,7,1,14226),(259,7,2,14227),(259,7,3,14228),(259,7,4,14229),(259,8,1,14367),(259,8,2,14368),(259,8,3,14369),(259,8,4,14370),(259,9,1,14367),(259,9,2,14368),(259,9,3,14369),(259,9,4,14370),(259,10,1,14367),(259,10,2,14368),(259,10,3,14369),(259,10,4,14370),(259,11,1,14367),(259,11,2,14368),(259,11,3,14369),(259,11,4,14370),(259,12,1,14367),(259,12,2,14368),(259,12,3,14369),(259,12,4,14370),(259,13,1,14367),(259,13,2,14368),(259,13,3,14369),(259,13,4,14370),(259,14,1,14367),(259,14,2,14368),(259,14,3,14369),(259,14,4,14370),(259,15,1,14367),(259,15,2,14368),(259,15,3,14369),(259,15,4,14370),(263,1,1,14278),(263,1,2,14279),(263,1,3,14280),(263,1,4,14282),(263,1,11,14277),(263,1,74,14284),(263,1,76,14281),(263,1,77,14283),(264,1,1,14287),(264,1,2,14288),(264,1,3,14289),(264,1,4,14291),(264,1,11,14286),(264,1,74,14293),(264,1,76,14290),(264,1,77,14292),(266,1,1,14398),(266,1,2,14399),(266,1,3,14400),(266,1,4,14402),(266,1,11,14397),(266,1,74,14404),(266,1,76,14401),(266,1,77,14403),(267,1,1,14406),(267,1,2,14407),(267,1,3,14408),(267,1,4,14410),(267,1,11,14405),(267,1,74,14412),(267,1,76,14409),(267,1,77,14411),(268,1,1,14821),(268,1,2,14822),(268,1,3,14823),(268,1,4,14825),(268,1,11,14820),(268,1,74,14827),(268,1,76,14824),(268,1,77,14826),(269,1,1,14831),(269,1,2,14832),(269,1,3,14833),(269,1,4,14835),(269,1,11,14830),(269,1,74,14837),(269,1,76,14834),(269,1,77,14836),(270,2,1,14854),(270,2,2,14855),(270,2,3,14856),(270,2,4,14857),(270,3,1,14858),(270,3,2,14859),(270,3,3,14860),(270,3,4,14861),(270,4,1,14858),(270,4,2,14859),(270,4,3,14860),(270,4,4,14861),(270,5,1,14858),(270,5,2,14859),(270,5,3,14860),(270,5,4,14861),(270,6,1,14858),(270,6,2,14859),(270,6,3,14860),(270,6,4,14861),(270,7,1,14858),(270,7,2,14859),(270,7,3,14860),(270,7,4,14861),(270,8,1,14858),(270,8,2,14859),(270,8,3,14860),(270,8,4,14861),(270,9,1,14858),(270,9,2,14859),(270,9,3,14860),(270,9,4,14861),(270,10,1,14858),(270,10,2,14859),(270,10,3,14860),(270,10,4,14861),(271,2,1,18370),(271,2,2,18371),(271,2,3,18372),(271,2,4,18373),(271,3,1,18370),(271,3,2,18371),(271,3,3,18372),(271,3,4,18373),(271,4,1,18370),(271,4,2,18371),(271,4,3,18372),(271,4,4,18373),(271,5,1,18370),(271,5,2,18371),(271,5,3,18372),(271,5,4,18373),(271,6,1,18370),(271,6,2,18371),(271,6,3,18372),(271,6,4,18373),(271,7,1,18819),(271,7,2,18820),(271,7,3,18821),(271,7,4,18822),(271,8,1,18819),(271,8,2,18820),(271,8,3,18821),(271,8,4,18822),(271,9,1,18819),(271,9,2,18820),(271,9,3,18821),(271,9,4,18822),(272,1,1,18399),(272,1,2,18400),(272,1,3,18401),(272,1,4,18403),(272,1,11,18398),(272,1,74,18405),(272,1,76,18402),(272,1,77,18404),(273,1,1,18702),(273,1,2,18703),(273,1,3,18704),(273,1,4,18706),(273,1,11,18701),(273,1,74,18708),(273,1,76,18705),(273,1,77,18707),(274,2,1,18839),(274,2,2,18840),(274,2,3,18841),(274,2,4,18842),(274,3,1,18839),(274,3,2,18840),(274,3,3,18841),(274,3,4,18842),(274,4,1,18839),(274,4,2,18840),(274,4,3,18841),(274,4,4,18842),(275,2,1,18843),(275,2,2,18844),(275,2,3,18845),(275,2,4,18846),(275,3,1,18843),(275,3,2,18844),(275,3,3,18845),(275,3,4,18846),(275,4,1,18843),(275,4,2,18844),(275,4,3,18845),(275,4,4,18846),(276,2,1,18847),(276,2,2,18848),(276,2,3,18849),(276,2,4,18850),(276,3,1,18847),(276,3,2,18848),(276,3,3,18849),(276,3,4,18850),(276,4,1,18847),(276,4,2,18848),(276,4,3,18849),(276,4,4,18850),(277,2,1,18851),(277,2,2,18852),(277,2,3,18853),(277,2,4,18854),(277,3,1,18851),(277,3,2,18852),(277,3,3,18853),(277,3,4,18854),(277,4,1,18855),(277,4,2,18856),(277,4,3,18857),(277,4,4,18858),(277,5,1,18855),(277,5,2,18856),(277,5,3,18857),(277,5,4,18858),(277,6,1,18855),(277,6,2,18856),(277,6,3,18857),(277,6,4,18858),(281,1,1,20481),(281,1,2,20482),(281,1,3,20483),(281,1,4,20485),(281,1,11,20480),(281,1,74,20487),(281,1,76,20484),(281,1,77,20486),(282,1,1,20489),(282,1,2,20490),(282,1,3,20491),(282,1,4,20493),(282,1,11,20488),(282,1,74,20495),(282,1,76,20492),(282,1,77,20494),(283,1,1,20601),(283,1,2,20602),(283,1,3,20603),(283,1,4,20605),(283,1,11,20600),(283,1,74,20607),(283,1,76,20604),(283,1,77,20606);

--
-- Table structure for table `CollectionSearchIndexAttributes`
--

CREATE TABLE `CollectionSearchIndexAttributes` (
  `cID` int(11) unsigned NOT NULL DEFAULT '0',
  `ak_meta_title` text,
  `ak_meta_description` text,
  `ak_meta_keywords` text,
  `ak_exclude_nav` tinyint(4) DEFAULT '0',
  `ak_exclude_page_list` tinyint(4) DEFAULT '0',
  `ak_header_extra_content` text,
  `ak_exclude_search_index` tinyint(4) DEFAULT '0',
  `ak_exclude_sitemapxml` tinyint(4) DEFAULT '0',
  `ak_tags` text,
  `ak_blog_author` text,
  `ak_blog_section` tinyint(4) DEFAULT '0',
  `ak_blog_category` text,
  `ak_thumbnail` int(11) DEFAULT '0',
  `ak_post_location` text,
  `ak_jbx_force_ssl` tinyint(4) DEFAULT '0',
  PRIMARY KEY (`cID`)
) ENGINE=MyISAM DEFAULT CHARSET=latin1;

--
-- Dumping data for table `CollectionSearchIndexAttributes`
--

INSERT INTO `CollectionSearchIndexAttributes` VALUES (65,NULL,NULL,NULL,0,0,NULL,0,0,NULL,NULL,0,NULL,0,NULL,0),(64,NULL,NULL,NULL,0,0,NULL,0,0,NULL,NULL,0,NULL,0,NULL,0),(66,'Grimaldi’s offers over 100 years of coal-fired brick oven pizza experience making us the most award-winning pizzeria in the country!','Grimaldi’s serves authentic New York style thin crust pizza in an upscale, family-oriented pizzeria.','brick oven pizza, coal fired pizza, best New York pizza, New York style thin crust pizza, pizzeria, Brooklyn pizza, authentic NY pizza, patsy grimaldi, pizza restaurant, NY pizza, first pizzeria, Brooklyn Grimaldi’s, art of coal fired cooking, coal brick oven, NYC pizza, pizza empire, pizza business, Joe Ciolli, Frank Ciolli, Eric Greenwald',0,0,NULL,0,0,NULL,NULL,0,NULL,0,NULL,0),(68,'Grimaldi\'s Pizzeria serves hand-tossed pizza and calzones, salads and dessert in a traditional full-service, family-oriented pizzeria.','Grimaldi’s serves authentic New York style thin crust pizza in an upscale, family-oriented pizzeria.','brick oven pizza, coal fired pizza, best New York pizza, New York style thin crust pizza, pizzeria, Brooklyn pizza, Grimaldi’s corporate office, people at Grimaldis, pizza restaurant, NY pizza, pizza dough, NY water, coal brick oven, NYC pizza, world famous pizza, Grimaldi’s employment , careers at Grimaldi’s, pizza jobs,  signature coal burning oven',0,0,NULL,0,0,NULL,NULL,0,NULL,0,NULL,0),(69,'We care about our communities. Grimaldi’s proudly supports our local charities, schools and organizations.','Grimaldi’s serves authentic New York style thin crust pizza in an upscale, family-oriented pizzeria.','brick oven pizza, coal fired pizza, best New York pizza, New York style thin crust pizza, pizzeria, charity donations, Grimaldi’s fundraiser, charitable giving, donation request, NY pizza, Ask Grimaldis, frequently asked questions, sponsorship request, coal brick oven, donations, raffle items',0,0,NULL,0,0,NULL,NULL,0,NULL,0,NULL,0),(70,'Grimaldi\'s offers over 100 years of pizza-making traditions and the tantalizing aroma of pizza and calzones baked to perfection in the signature coal burning oven.','Grimaldi’s serves authentic New York style thin crust pizza in an upscale, family-oriented pizzeria.','brick oven pizza, coal fired pizza, best New York pizza, New York style thin crust pizza, pizzeria, Brooklyn pizza, holiday gift cards, patsy grimaldi, pizza restaurant, NY pizza, pizza dough, NY water, coal brick oven, NYC pizza, world famous pizza, fresh pizza ingredients , signature coal burning oven',0,0,NULL,0,0,NULL,NULL,0,NULL,0,NULL,0),(84,'Got something to say? Share your Grimaldi’s experience with us.','Grimaldi’s serves authentic New York style thin crust pizza in an upscale, family-oriented pizzeria.','talk to grimaldis, email club, newsletter, join club, sign up for coupons, VIP email club, brick oven pizza, coal fired pizza, best New York pizza, New York style thin crust pizza, pizzeria, Brooklyn pizza, holiday gift cards, patsy grimaldi’s, pizza restaurant, NY pizza, best pizza Phoenix, best pizza Scottsdale, best pizza Houston, best pizza San Antonio, best pizza Las Vegas, best pizza Dallas, best pizza Tucson, pizza dough, NY water, coal brick oven, NYC pizza, best pizza South Carolina, best pizza Chandler, Best pizza grapevine, best pizza Vegas strip, best pizza corpus Christi, best pizza fort myers, best pizza palm beach, best pizza tampa',0,0,NULL,0,0,NULL,NULL,0,NULL,0,NULL,0),(75,'Hand picked for your pizza experience. Only at Grimaldi\'s!','Fresh ingredients, “secret recipe” dough and sauce and handmade mozzarella make Grimaldi’s the most award-winning pizzeria in the United States.','',0,0,NULL,0,0,NULL,NULL,0,NULL,0,NULL,0),(74,'Pizza and wine…a perfect pair!','Fresh ingredients, “secret recipe” dough and sauce and handmade mozzarella make Grimaldi’s the most award-winning pizzeria in the United States.','',0,0,NULL,0,0,NULL,NULL,0,NULL,0,NULL,0),(76,'Grimaldi’s grub is authentically New York. Don’t take our word for it…try it for yourself!','Fresh ingredients, “secret recipe” dough and sauce and handmade mozzarella make Grimaldi’s the most award-winning pizzeria in the United States.','',0,0,NULL,0,0,NULL,NULL,0,NULL,0,NULL,0),(81,'The best pizza in the Southwest! Now Serving in the Lone Star State!','Grimaldi’s serves authentic New York style thin crust pizza in an upscale, family-oriented pizzeria.','brick oven pizza, coal fired pizza, best New York pizza, New York style thin crust pizza, pizzeria, Brooklyn pizza, holiday gift cards, patsy grimaldi, pizza restaurant, NY pizza, pizza dough, NY water, coal brick oven, NYC pizza, world famous pizza, fresh pizza ingredients , signature coal burning oven',0,0,NULL,0,0,NULL,NULL,0,NULL,0,NULL,0),(106,'Grimaldi\'s Pizzeria - The Woodlands, TX','Grimaldi’s serves authentic New York style thin crust pizza in an upscale, family-oriented pizzeria.','brick oven pizza, coal fired pizza, best New York pizza, New York style thin crust pizza, pizzeria, Brooklyn pizza, holiday gift cards, patsy grimaldi, pizza restaurant, NY pizza, pizza dough, NY water, coal brick oven, NYC pizza, world famous pizza, fresh pizza ingredients , signature coal burning oven',0,0,NULL,0,0,NULL,NULL,0,NULL,0,NULL,0),(1,'Grimaldi\'s Pizzeria. The pizza that made the Brooklyn Bridge famous.','Grimaldi’s serves authentic New York style thin crust pizza in an upscale, family-oriented pizzeria.','brick oven pizza, coal fired pizza, best New York pizza, New York style thin crust pizza, pizzeria, Brooklyn pizza, holiday gift cards, patsy grimaldi’s, pizza restaurant, NY pizza, best pizza Phoenix, best pizza Scottsdale, best pizza Houston, best pizza San Antonio, best pizza Las Vegas, best pizza Dallas, best pizza Tucson, pizza dough, NY water, coal brick oven, NYC pizza, best pizza South Carolina, best pizza Chandler, Best pizza grapevine, best pizza Vegas strip, best pizza corpus Christi, best pizza fort myers, best pizza palm beach, best pizza tampa',0,0,NULL,0,0,NULL,NULL,0,NULL,0,NULL,0),(77,'Now serving authentic coal fired, thin crust pizza in a city near you!','Grimaldi’s serves authentic New York style thin crust pizza in an upscale, family-oriented pizzeria.','brick oven pizza, coal fired pizza, best New York pizza, New York style thin crust pizza, pizzeria, Brooklyn pizza, holiday gift cards, patsy grimaldi’s, pizza restaurant, NY pizza, best pizza Phoenix, best pizza Scottsdale, best pizza Houston, best pizza San Antonio, best pizza Las Vegas, best pizza Dallas, best pizza Tucson, pizza dough, NY water, coal brick oven, NYC pizza, best pizza South Carolina, best pizza Chandler, Best pizza grapevine, best pizza Vegas strip, best pizza corpus Christi, best pizza fort myers, best pizza palm beach, best pizza tampa',0,0,NULL,0,0,NULL,NULL,0,NULL,0,NULL,0),(79,'Pizza. The new Steak! Now serving in the South East!','Grimaldi’s serves authentic New York style thin crust pizza in an upscale, family-oriented pizzeria.','brick oven pizza, coal fired pizza, best New York pizza, New York style thin crust pizza, pizzeria, Brooklyn pizza, holiday gift cards, patsy grimaldi, pizza restaurant, NY pizza, pizza dough, NY water, coal brick oven, NYC pizza, world famous pizza, fresh pizza ingredients , signature coal burning oven',0,0,NULL,0,0,NULL,NULL,0,NULL,0,NULL,0),(101,'Grimaldi\'s Pizzeria - Summerlin, NV','Grimaldi’s serves authentic New York style thin crust pizza in an upscale, family-oriented pizzeria.','brick oven pizza, coal fired pizza, best New York pizza, New York style thin crust pizza, pizzeria, Brooklyn pizza, holiday gift cards, patsy grimaldi, pizza restaurant, NY pizza, pizza dough, NY water, coal brick oven, NYC pizza, world famous pizza, fresh pizza ingredients , signature coal burning oven',0,0,NULL,0,0,NULL,NULL,0,NULL,0,NULL,0),(82,'Grimaldi\'s Pizzeria serves hand-tossed pizza and calzones, salads and dessert in a traditional full-service, family-oriented pizzeria.','Grimaldi’s serves authentic New York style thin crust pizza in an upscale, family-oriented pizzeria.','brick oven pizza, coal fired pizza, best New York pizza, New York style thin crust pizza, pizzeria, Brooklyn pizza, Grimaldi’s corporate office, people at Grimaldis, pizza restaurant, NY pizza, pizza dough, NY water, coal brick oven, NYC pizza, world famous pizza, Grimaldi’s employment , careers at Grimaldi’s, pizza jobs,  signature coal burning oven',0,0,NULL,0,0,NULL,NULL,0,NULL,0,NULL,0),(73,'Pizza and dessert…a perfect pair!','Fresh ingredients, “secret recipe” dough and sauce and handmade mozzarella make Grimaldi’s the most award-winning pizzeria in the United States.','',0,0,NULL,0,0,NULL,NULL,0,NULL,0,NULL,0),(86,'Got something to say? Share your Grimaldi’s experience with us.','Grimaldi’s serves authentic New York style thin crust pizza in an upscale, family-oriented pizzeria.','talk to grimaldis, email club, newsletter, join club, sign up for coupons, VIP email club',0,0,NULL,0,0,NULL,NULL,0,NULL,0,NULL,0),(138,'','','',0,0,NULL,0,0,NULL,NULL,0,NULL,0,NULL,0),(42,NULL,NULL,NULL,0,0,NULL,0,0,NULL,NULL,0,NULL,0,NULL,0),(87,'Grimaldi\'s Pizzeria serves hand-tossed pizza and calzones, salads and dessert in a traditional full-service, family-oriented pizzeria.','Grimaldi’s serves authentic New York style thin crust pizza in an upscale, family-oriented pizzeria.','brick oven pizza, coal fired pizza, best New York pizza, New York style thin crust pizza, pizzeria, Brooklyn pizza, Grimaldi’s corporate office, people at Grimaldis, pizza restaurant, NY pizza, pizza dough, NY water, coal brick oven, NYC pizza, world famous pizza, Grimaldi’s employment , careers at Grimaldi’s, pizza jobs,  signature coal burning oven',0,0,NULL,0,0,NULL,NULL,0,NULL,0,NULL,0),(88,'Grimaldi\'s offers over 100 years of pizza-making traditions and the tantalizing aroma of pizza and calzones baked to perfection in the signature coal burning oven.','Grimaldi’s serves authentic New York style thin crust pizza in an upscale, family-oriented pizzeria.','brick oven pizza, coal fired pizza, best New York pizza, New York style thin crust pizza, pizzeria, Brooklyn pizza, holiday gift cards, patsy grimaldi, pizza restaurant, NY pizza, pizza dough, NY water, coal brick oven, NYC pizza, world famous pizza, fresh pizza ingredients , signature coal burning oven',0,0,NULL,0,0,NULL,NULL,0,NULL,0,NULL,0),(89,'Grimaldi’s offers over 100 years of coal-fired brick oven pizza experience making us the most award-winning pizzeria in the country!','Grimaldi’s serves authentic New York style thin crust pizza in an upscale, family-oriented pizzeria.','brick oven pizza, coal fired pizza, best New York pizza, New York style thin crust pizza, pizzeria, Brooklyn pizza, authentic NY pizza, patsy grimaldi, pizza restaurant, NY pizza, first pizzeria, Brooklyn Grimaldi’s, art of coal fired cooking, coal brick oven, NYC pizza, pizza empire, pizza business, Joe Ciolli, Frank Ciolli, Eric Greenwald',0,0,NULL,0,0,NULL,NULL,0,NULL,0,NULL,0),(95,'Grimaldi\'s Pizzeria - North Scottsdale, Arizona','Grimaldi’s serves authentic New York style thin crust pizza in an upscale, family-oriented pizzeria.','brick oven pizza, coal fired pizza, best New York pizza, New York style thin crust pizza, pizzeria, Brooklyn pizza, holiday gift cards, patsy grimaldi, pizza restaurant, NY pizza, pizza dough, NY water, coal brick oven, NYC pizza, world famous pizza, fresh pizza ingredients , signature coal burning oven',0,0,NULL,0,0,NULL,NULL,0,NULL,0,NULL,0),(94,'Grimaldi\'s Pizzeria - Gilbert, Arizona','Grimaldi’s serves authentic New York style thin crust pizza in an upscale, family-oriented pizzeria.','brick oven pizza, coal fired pizza, best New York pizza, New York style thin crust pizza, pizzeria, Brooklyn pizza, holiday gift cards, patsy grimaldi, pizza restaurant, NY pizza, pizza dough, NY water, coal brick oven, NYC pizza, world famous pizza, fresh pizza ingredients , signature coal burning oven',0,0,NULL,0,0,NULL,NULL,0,NULL,0,NULL,0),(93,'Grimaldi\'s Pizzeria - Chandler, Arizona','Grimaldi’s serves authentic New York style thin crust pizza in an upscale, family-oriented pizzeria.','brick oven pizza, coal fired pizza, best New York pizza, New York style thin crust pizza, pizzeria, Brooklyn pizza, holiday gift cards, patsy grimaldi, pizza restaurant, NY pizza, pizza dough, NY water, coal brick oven, NYC pizza, world famous pizza, fresh pizza ingredients , signature coal burning oven',0,0,NULL,0,0,NULL,NULL,0,NULL,0,NULL,0),(78,'The best pizza in the Southwest!','Grimaldi’s serves authentic New York style thin crust pizza in an upscale, family-oriented pizzeria.','brick oven pizza, coal fired pizza, best New York pizza, New York style thin crust pizza, pizzeria, Brooklyn pizza, holiday gift cards, patsy grimaldi, pizza restaurant, NY pizza, pizza dough, NY water, coal brick oven, NYC pizza, world famous pizza, fresh pizza ingredients , signature coal burning oven',0,0,NULL,0,0,NULL,NULL,0,NULL,0,NULL,0),(97,'Grimaldi\'s Pizzeria - Peoria, Arizona','Grimaldi’s serves authentic New York style thin crust pizza in an upscale, family-oriented pizzeria.','brick oven pizza, coal fired pizza, best New York pizza, New York style thin crust pizza, pizzeria, Brooklyn pizza, holiday gift cards, patsy grimaldi, pizza restaurant, NY pizza, pizza dough, NY water, coal brick oven, NYC pizza, world famous pizza, fresh pizza ingredients , signature coal burning oven',0,0,NULL,0,0,NULL,NULL,0,NULL,0,NULL,0),(100,'Grimaldi\'s Pizzeria - Las Vegas, NV','Grimaldi’s serves authentic New York style thin crust pizza in an upscale, family-oriented pizzeria.','brick oven pizza, coal fired pizza, best New York pizza, New York style thin crust pizza, pizzeria, Brooklyn pizza, holiday gift cards, patsy grimaldi, pizza restaurant, NY pizza, pizza dough, NY water, coal brick oven, NYC pizza, world famous pizza, fresh pizza ingredients , signature coal burning oven',0,0,NULL,0,0,NULL,NULL,0,NULL,0,NULL,0),(80,'The best pizza in the Southwest!','Grimaldi’s serves authentic New York style thin crust pizza in an upscale, family-oriented pizzeria.','brick oven pizza, coal fired pizza, best New York pizza, New York style thin crust pizza, pizzeria, Brooklyn pizza, holiday gift cards, patsy grimaldi, pizza restaurant, NY pizza, pizza dough, NY water, coal brick oven, NYC pizza, world famous pizza, fresh pizza ingredients , signature coal burning oven',0,0,NULL,0,0,NULL,NULL,0,NULL,0,NULL,0),(102,'Grimaldi\'s Pizzeria - Sparks, NV','Grimaldi’s serves authentic New York style thin crust pizza in an upscale, family-oriented pizzeria.','brick oven pizza, coal fired pizza, best New York pizza, New York style thin crust pizza, pizzeria, Brooklyn pizza, holiday gift cards, patsy grimaldi, pizza restaurant, NY pizza, pizza dough, NY water, coal brick oven, NYC pizza, world famous pizza, fresh pizza ingredients , signature coal burning oven',0,0,NULL,0,0,NULL,NULL,0,NULL,0,NULL,0),(103,'Grimaldi\'s Pizzeria - Allen, TX','Grimaldi’s serves authentic New York style thin crust pizza in an upscale, family-oriented pizzeria.','brick oven pizza, coal fired pizza, best New York pizza, New York style thin crust pizza, pizzeria, Brooklyn pizza, holiday gift cards, patsy grimaldi, pizza restaurant, NY pizza, pizza dough, NY water, coal brick oven, NYC pizza, world famous pizza, fresh pizza ingredients , signature coal burning oven',0,0,NULL,0,0,NULL,NULL,0,NULL,0,NULL,0),(178,NULL,NULL,NULL,0,0,NULL,0,0,NULL,NULL,0,NULL,0,NULL,0),(105,'Grimaldi\'s Pizzeria - Sugarland, TX','Grimaldi’s serves authentic New York style thin crust pizza in an upscale, family-oriented pizzeria.','brick oven pizza, coal fired pizza, best New York pizza, New York style thin crust pizza, pizzeria, Brooklyn pizza, holiday gift cards, patsy grimaldi, pizza restaurant, NY pizza, pizza dough, NY water, coal brick oven, NYC pizza, world famous pizza, fresh pizza ingredients , signature coal burning oven',0,0,NULL,0,0,NULL,NULL,0,NULL,0,NULL,0),(107,'Grimaldi\'s Pizzeria - San Antonio, TX','Grimaldi’s serves authentic New York style thin crust pizza in an upscale, family-oriented pizzeria.','brick oven pizza, coal fired pizza, best New York pizza, New York style thin crust pizza, pizzeria, Brooklyn pizza, holiday gift cards, patsy grimaldi, pizza restaurant, NY pizza, pizza dough, NY water, coal brick oven, NYC pizza, world famous pizza, fresh pizza ingredients , signature coal burning oven',0,0,NULL,0,0,NULL,NULL,0,NULL,0,NULL,0),(110,NULL,NULL,NULL,1,0,NULL,0,0,NULL,NULL,0,NULL,0,NULL,0),(153,'','','',0,0,NULL,0,0,NULL,NULL,0,NULL,0,NULL,0),(122,NULL,NULL,NULL,0,0,NULL,0,0,NULL,NULL,0,NULL,0,NULL,0),(137,NULL,NULL,NULL,0,0,NULL,0,0,NULL,NULL,0,NULL,0,NULL,0),(139,NULL,NULL,NULL,0,0,NULL,0,0,NULL,NULL,0,NULL,0,NULL,0),(140,NULL,NULL,NULL,0,0,NULL,0,0,NULL,NULL,0,NULL,0,NULL,0),(141,NULL,NULL,NULL,0,0,NULL,0,0,NULL,NULL,0,NULL,0,NULL,0),(142,NULL,NULL,NULL,0,0,NULL,0,0,NULL,NULL,0,NULL,0,NULL,0),(143,NULL,NULL,NULL,0,0,NULL,0,0,NULL,NULL,0,NULL,0,NULL,0),(144,NULL,NULL,NULL,0,0,NULL,0,0,NULL,NULL,0,NULL,0,NULL,0),(146,NULL,NULL,NULL,0,0,NULL,0,0,NULL,NULL,0,NULL,0,NULL,0),(147,NULL,NULL,NULL,0,0,NULL,0,0,NULL,NULL,0,NULL,0,NULL,0),(148,NULL,NULL,NULL,0,0,NULL,0,0,NULL,NULL,0,NULL,0,NULL,0),(149,NULL,NULL,NULL,0,0,NULL,0,0,NULL,NULL,0,NULL,0,NULL,0),(150,NULL,NULL,NULL,0,0,NULL,0,0,NULL,NULL,0,NULL,0,NULL,0),(151,NULL,NULL,NULL,0,0,NULL,0,0,NULL,NULL,0,NULL,0,NULL,0),(152,NULL,NULL,NULL,0,0,NULL,0,0,NULL,NULL,0,NULL,0,NULL,0),(121,NULL,NULL,NULL,0,0,NULL,0,0,NULL,NULL,0,NULL,0,NULL,0),(158,'','','',0,0,NULL,0,0,NULL,NULL,0,NULL,0,NULL,0),(155,'','','',0,0,NULL,0,0,NULL,NULL,0,NULL,0,NULL,0),(156,'','','',0,0,NULL,0,0,NULL,NULL,0,NULL,0,NULL,0),(112,NULL,NULL,NULL,0,0,NULL,0,0,NULL,NULL,0,NULL,0,NULL,0),(113,NULL,NULL,NULL,0,0,NULL,0,0,NULL,NULL,0,NULL,0,NULL,0),(161,'','','',0,0,NULL,0,0,NULL,NULL,0,NULL,0,NULL,0),(119,NULL,NULL,NULL,0,0,NULL,0,0,NULL,NULL,0,NULL,0,NULL,0),(116,NULL,NULL,NULL,0,0,NULL,0,0,NULL,NULL,0,NULL,0,NULL,0),(117,NULL,NULL,NULL,0,0,NULL,0,0,NULL,NULL,0,NULL,0,NULL,0),(118,NULL,NULL,NULL,0,0,NULL,0,0,NULL,NULL,0,NULL,0,NULL,0),(115,NULL,NULL,NULL,0,0,NULL,0,0,NULL,NULL,0,NULL,0,NULL,0),(133,NULL,NULL,NULL,0,0,NULL,0,0,NULL,NULL,0,NULL,0,NULL,0),(136,NULL,NULL,NULL,0,0,NULL,0,0,NULL,NULL,0,NULL,0,NULL,0),(111,NULL,NULL,NULL,1,0,NULL,0,0,NULL,NULL,0,NULL,0,NULL,0),(157,'','','',0,0,NULL,0,0,NULL,NULL,0,NULL,0,NULL,0),(170,NULL,NULL,NULL,0,0,NULL,0,0,NULL,NULL,0,NULL,0,NULL,0),(159,'','','',0,0,NULL,0,0,NULL,NULL,0,NULL,0,NULL,0),(177,NULL,NULL,NULL,0,0,NULL,0,0,NULL,NULL,0,NULL,0,NULL,0),(175,'','','',0,0,NULL,0,0,NULL,NULL,0,NULL,0,NULL,0),(163,'','','',0,0,NULL,0,0,NULL,NULL,0,NULL,0,NULL,0),(164,'','','',0,0,NULL,0,0,NULL,NULL,0,NULL,0,NULL,0),(168,'','','',0,0,NULL,0,0,NULL,NULL,1,NULL,0,NULL,0),(172,NULL,NULL,NULL,0,0,NULL,0,0,NULL,NULL,0,NULL,0,NULL,0),(173,'','','grimaldis, grimaldi\'s, grimaldis pizzeria, coal-fired oven pizza',0,0,NULL,0,0,NULL,NULL,0,NULL,0,NULL,0),(174,'','','grimaldis pizzeria, grimaldis, grimaldi\'s, coal-fired pizza',0,0,NULL,0,0,NULL,NULL,0,NULL,0,NULL,0),(176,'','','',0,0,NULL,0,0,NULL,NULL,0,NULL,0,NULL,0),(162,'','','',0,0,NULL,0,0,NULL,NULL,0,NULL,0,NULL,0),(179,'','','grimaldis pizzeria at the Palazzo, palazzo pizza, pizza las vegas grimaldis',0,0,NULL,0,0,NULL,NULL,0,NULL,0,NULL,0),(180,'','','grimaldis grapevine texas, grapevine texas pizzeria, grapevine pizza',0,0,NULL,0,0,NULL,NULL,0,NULL,0,NULL,0),(167,NULL,NULL,NULL,1,0,NULL,0,0,NULL,NULL,0,NULL,0,NULL,0),(182,'','Grimaldi’s serves authentic New York style thin crust pizza in an upscale, family-oriented pizzeria.','brick oven pizza, coal fired pizza, best New York pizza, New York style thin crust pizza, pizzeria, Brooklyn pizza, holiday gift cards, patsy grimaldi’s, pizza restaurant, NY pizza, best pizza Phoenix, best pizza Scottsdale, best pizza Houston, best pizza San Antonio, best pizza Las Vegas, best pizza Dallas, best pizza Tucson, pizza dough, NY water, coal brick oven, NYC pizza, best pizza South Carolina, best pizza Chandler, Best pizza grapevine, best pizza Vegas strip, best pizza corpus Christi, best pizza fort myers,, best pizza palm beach, best pizza tampa',0,0,NULL,0,0,NULL,NULL,0,NULL,0,NULL,0),(184,'Grimaldi\'s Pizzeria in Citrus Park Tampa, Florida','Grimaldi\'s Pizzeria in Citrus Park Tampa, Florida','Grimaldi\'s Pizzeria in Citrus Park Tampa, Florida',0,0,NULL,0,0,NULL,NULL,0,NULL,0,NULL,0),(185,NULL,NULL,NULL,0,0,NULL,0,0,NULL,NULL,0,NULL,0,NULL,0),(186,NULL,NULL,NULL,0,0,NULL,0,0,NULL,NULL,0,NULL,0,NULL,0),(187,NULL,NULL,NULL,0,0,NULL,0,0,NULL,NULL,0,NULL,0,NULL,0),(193,NULL,NULL,NULL,1,0,NULL,0,0,NULL,NULL,1,NULL,0,NULL,0),(194,NULL,NULL,NULL,0,0,NULL,0,0,NULL,NULL,0,NULL,0,NULL,0),(196,NULL,NULL,NULL,0,0,NULL,0,0,NULL,NULL,0,NULL,0,NULL,0),(197,NULL,NULL,NULL,0,0,NULL,0,0,NULL,NULL,0,NULL,0,NULL,0),(198,NULL,NULL,NULL,0,0,NULL,0,0,NULL,NULL,0,NULL,0,NULL,0),(199,NULL,NULL,NULL,0,0,NULL,0,0,NULL,NULL,0,NULL,0,NULL,0),(200,'','','',0,0,NULL,0,0,'\n','0',0,'\nNews\n',0,NULL,0),(202,'','','',0,0,NULL,0,0,'\n','0',0,'\nNews\n',159,NULL,0),(203,'','','',0,0,NULL,0,0,'\nGrimaldis Pizzeria, Best of Las Vegas, Las Vegas Review Journal, Pizza\n','0',0,'\n',0,NULL,0),(67,'Grimaldi\'s offers over 100 years of pizza-making traditions and the tantalizing aroma of pizza and calzones baked to perfection in the signature coal burning oven.','Grimaldi’s serves authentic New York style thin crust pizza in an upscale, family-oriented pizzeria.','brick oven pizza, coal fired pizza, best New York pizza, New York style thin crust pizza, pizzeria, Brooklyn pizza, holiday gift cards, patsy grimaldi’s, pizza restaurant, NY pizza, best pizza Phoenix, best pizza Scottsdale, best pizza Houston, best pizza San Antonio, best pizza Las Vegas, best pizza Dallas, best pizza Tucson, pizza dough, NY water, coal brick oven, NYC pizza, best pizza South Carolina, best pizza Chandler, Best pizza grapevine, best pizza Vegas strip, best pizza corpus Christi, best pizza fort myers, best pizza palm beach, best pizza tampa',0,0,NULL,0,0,NULL,NULL,0,NULL,0,NULL,0),(204,'','','',0,0,NULL,0,0,'\nGrapevine\nTexas\nGrimaldi\'s Pizzeria\nRestaurant Expansion\n','0',0,'\nNews\n',0,NULL,0),(160,'','','',0,0,NULL,0,0,NULL,NULL,0,NULL,0,NULL,0),(207,'','','',0,0,NULL,0,0,'\nGrimaldi\'s Pizzeria\nTop Ten\nScottsdale\nArizona\nPizza Lovers\n','0',0,'\nNews\n',0,NULL,0),(208,'','','',0,0,NULL,0,0,'\nGrimaldi\'s Pizzeria\nPalazzo\nLas Vegas\n','0',0,'\nNews\n',0,NULL,0),(209,'','','',0,0,NULL,0,0,'\nGrimaldi\'s Pizzeria\nWoodlands Texas\n','0',0,'\nNews\n',0,NULL,0),(210,'','','',0,0,NULL,0,0,'\nGrimaldi\'s Pizzeria\nConey Island\nNew York\n','0',0,'\nNews\n',0,NULL,0),(211,'','','',0,0,NULL,0,0,'\nGrimaldi\'s Pizzeria\nGeneral Mills\nThe Munchies\n','0',0,'\nNews\n',0,NULL,0),(171,NULL,NULL,NULL,0,0,NULL,0,0,NULL,NULL,0,NULL,0,NULL,0),(104,'Grimaldi\'s Pizzeria - Dallas, TX','Grimaldi’s serves authentic New York style thin crust pizza in an upscale, family-oriented pizzeria.','brick oven pizza, coal fired pizza, best New York pizza, New York style thin crust pizza, pizzeria, Brooklyn pizza, holiday gift cards, patsy grimaldi, pizza restaurant, NY pizza, pizza dough, NY water, coal brick oven, NYC pizza, world famous pizza, fresh pizza ingredients , signature coal burning oven',0,0,NULL,0,0,NULL,NULL,0,NULL,0,NULL,0),(108,'Grimaldi\'s Pizzeria - Corpus Christi, TX','Grimaldi’s serves authentic New York style thin crust pizza in an upscale, family-oriented pizzeria.','brick oven pizza, coal fired pizza, best New York pizza, New York style thin crust pizza, pizzeria, Brooklyn pizza, holiday gift cards, patsy grimaldi, pizza restaurant, NY pizza, pizza dough, NY water, coal brick oven, NYC pizza, world famous pizza, fresh pizza ingredients , signature coal burning oven',0,0,NULL,0,0,NULL,NULL,0,NULL,0,NULL,0),(216,'','','',0,0,NULL,0,0,'\nGrimaldi\'s Pizzeria\nPizza\nMount Pleasant\nSouth Carolina\nComing Soon\n','0',0,'\n',0,NULL,0),(214,'','','',0,0,NULL,0,0,'\nGrimaldi\'s Pizzeria\nFlorida\nClematis\nWest Palm Beach\nPalm Beach Post\n','0',0,'\nNews\n',0,NULL,0),(215,'','','',0,0,NULL,0,0,'\nGrapevine\nTexas\nGrimaldi\'s Pizzeria\nNow Open!\nPizza\nLunch\nDinner\n','0',0,'\nNews\n',173,NULL,0),(212,'','','',0,0,NULL,0,0,'\nGrapevine\nTexas\nGrimaldi\'s Pizzeria\nNation\'s Restaurant News\n','0',0,'\nNews\n',0,NULL,0),(145,NULL,NULL,NULL,0,0,NULL,0,0,NULL,NULL,0,NULL,0,NULL,0),(213,'','','',0,0,NULL,0,0,'\nGrapevine\nTexas\nGrimaldi\'s Pizzeria\n','0',0,'\nNews\n',0,NULL,0),(217,'','','',0,0,NULL,0,0,'\nGrimaldi\'s Pizzeria\nPalazzo\nLas Vegas\nPizzeria\nNow Open\nThe Shoppes at The Palazzo\n','0',0,'\nNews\n',0,NULL,0),(218,'','','',0,0,NULL,0,0,'\nLas Vegas\nThe Shoppes at The Palazzo\nGrimaldis Pizzeria\nNevada\nHaute Living\n','0',0,'\nNews\n',0,NULL,0),(183,'','Grimaldi’s serves authentic New York style thin crust pizza in an upscale, family-oriented pizzeria.','brick oven pizza, coal fired pizza, best New York pizza, New York style thin crust pizza, pizzeria, Brooklyn pizza, holiday gift cards, patsy grimaldi’s, pizza restaurant, NY pizza, best pizza Phoenix, best pizza Scottsdale, best pizza Houston, best pizza San Antonio, best pizza Las Vegas, best pizza Dallas, best pizza Tucson, pizza dough, NY water, coal brick oven, NYC pizza, best pizza South Carolina, best pizza Chandler, Best pizza grapevine, best pizza Vegas strip, best pizza corpus Christi, best pizza fort myers, best pizza palm beach, best pizza tampa',0,0,NULL,0,0,NULL,NULL,0,NULL,0,NULL,0),(120,NULL,NULL,NULL,0,0,NULL,0,0,NULL,NULL,0,NULL,0,NULL,0),(154,'','','',0,0,NULL,0,0,NULL,NULL,0,NULL,0,NULL,0),(205,'','','',0,0,NULL,0,0,'\nGrimaldi\'s Pizzeria\nKaty Texas\nCinco Ranch\nLaCenterra\n','0',0,'\nNews\n',0,NULL,0),(219,'','','',0,0,NULL,0,0,'\nGrimaldi\'s Pizzeria\nLas Vegas\nGrand Opening\nThe Palazzo\nGrimaldi\'s\n','0',0,'\nNews\n',0,NULL,0),(220,'','','',0,0,NULL,0,0,'\nGrimaldi\'s Pizzeria\nMount Pleasant\nGrand Opening\nDelicious Pizza\nNew York Pizza\n','0',0,'\n',0,NULL,0),(221,'','','',0,0,NULL,0,0,'\nGrimaldi\'s Pizzeria\nNew York\nDelicious Pizza\nNew York Pizza\nFood and Drink\n','0',0,'\n',213,NULL,0),(222,'','','',0,0,NULL,0,0,'\nGrimaldi\'s Pizzeria\nPizza Lovers\nGrimaldi\'s\nNew York Pizza\nWest Village\n','0',0,'\n',0,NULL,0),(223,'','','',0,0,NULL,0,0,'\nGrimaldi\'s Pizzeria\nPizza Lovers\nLas Vegas\nDelicious Pizza\nBest Pizza in Las Vegas\n','0',0,'\n',214,NULL,0),(224,'','','',0,0,NULL,0,0,'\nGrimaldi\'s Pizzeria\nPizza Lovers\nLas Vegas\nPizza\nDelicious Pizza\nSunset Strip\n','0',0,'\n',215,NULL,0),(225,'','','',0,0,NULL,0,0,'\nGrimaldi\'s Pizzeria\nDelicious Pizza\nBirthday Coupon\nBirthday Pizza\n','0',0,'\n',216,NULL,0),(226,'','','',0,0,NULL,0,0,'\nGrimaldi\'s Pizzeria\nCheesecake\nDelicious Cheesecake\nFall\nChocolate\n','0',0,'\n',0,NULL,0),(227,'','','',0,0,NULL,0,0,'\n','0',0,'\n',219,NULL,0),(228,'','','',0,0,NULL,0,0,'\nGrimaldi\'s Pizzeria\nPizza Lovers\nPizza\nGrimaldis Pizzeria\nGrand Opening\nGrimaldi\'s\nNew York Pizza\n','0',0,'\n',0,NULL,0),(229,'','','',0,0,NULL,0,0,'\nGrimaldi\'s Pizzeria\nPizza Lovers\nGrimaldis Pizzeria\nGrimaldi\'s\nNew York Pizza\nBest Pizza in Arizona\nAmazing Pizza\nAZ Pizza\n','0',0,'\n',0,NULL,0),(230,'','','',0,0,NULL,0,0,'\nGrimaldi\'s Pizzeria\nPizza Lovers\nPizza\nGrimaldis Pizzeria\nGrand Opening\nGrimaldi\'s\nDelicious Pizza\nNew York Pizza\nBest Pizza\nNew Location\n','0',0,'\n',0,NULL,0),(232,NULL,NULL,NULL,0,0,NULL,0,0,NULL,NULL,0,NULL,0,NULL,1),(233,NULL,NULL,NULL,0,0,NULL,0,0,NULL,NULL,0,NULL,0,NULL,0),(234,'','grimaldis gift certificates','grimaldis gift certificates',0,0,NULL,0,0,NULL,NULL,0,NULL,0,NULL,0),(235,NULL,NULL,NULL,0,0,NULL,0,0,NULL,NULL,0,NULL,0,NULL,0),(236,'','','',0,0,NULL,0,0,'\nGrimaldi\'s Pizzeria\nRestaurant Expansion\nGrimaldis Pizzeria\nGrand Opening\nGrimaldi\'s\nGrimaldis\nBest Pizza in Texas\nKaty Texas Pizza\n','0',0,'\n',0,NULL,0),(237,'','','',0,0,NULL,0,0,'\nGrimaldi\'s Pizzeria\nGrand Opening\nGrimaldi\'s\nDelicious Pizza\nNew York Pizza\nBest Pizza\nGrimaldis\nGrimaldis pizza\nbest pizza in california\n','0',0,'\n',0,NULL,0),(238,'','','',0,0,NULL,0,0,'\nPizza Lovers\nNew York Pizza\nGrimaldis\nGrimaldis pizza\nGift Cards\npizza deals\n','0',0,'\n',0,NULL,0),(239,'','','',0,0,NULL,0,0,'\nGrimaldi\'s Pizzeria\nPizza Lovers\nGrand Opening\nGrimaldi\'s\nEl Segundo Pizza\nCalifornia Pizza\n','0',0,'\n',0,NULL,0),(240,'','','',0,0,NULL,0,0,'\nGrimaldi\'s Pizzeria\nPizza Lovers\nPizza\nGrimaldi\'s\nNew York Pizza\nGift Cards\npizza deals\n','0',0,'\n',226,NULL,0),(241,'','','',0,0,NULL,0,0,'\nGrimaldi\'s Pizzeria\nPizza Lovers\nNew York\nGrimaldi\'s\nDelicious Pizza\nNew York Pizza\nBrooklyn Pizza\n','0',0,'\n',0,NULL,0),(242,'','','',0,0,NULL,0,0,'\nGrimaldi\'s Pizzeria\nGrimaldi\'s\nCheesecake\nDelicious Cheesecake\nAmazing Cheesecake\nPumpkin Cheesecake\nPumpkin\n','0',0,'\n',228,NULL,0),(243,'','','',0,0,NULL,0,0,'\nGrimaldi\'s Pizzeria\nGrimaldis Pizzeria\nGrand Opening\nGrimaldi\'s\nDelicious Pizza\nNew York Pizza\nGrimaldis\nDenver Pizza\n','0',0,'\n',0,NULL,0),(244,'','','',0,0,NULL,0,0,'\nGrimaldi\'s Pizzeria\nPizza Lovers\nNew York\nDelicious Pizza\nNew York Pizza\nGrimaldis\nGrimaldis pizza\nBrooklyn Pizza\n','0',0,'\n',0,NULL,0),(245,'','','',0,0,NULL,0,0,'\nGrimaldi\'s Pizzeria\nGrimaldis Pizzeria\nGrimaldi\'s\nCheesecake\nDelicious Cheesecake\nAmazing Cheesecake\nNew Cheesecake\n','0',0,'\n',0,NULL,0),(114,NULL,NULL,NULL,0,0,NULL,0,0,NULL,NULL,0,NULL,0,NULL,0),(201,'','','',0,0,NULL,0,0,NULL,NULL,0,NULL,0,NULL,0),(246,'','','',0,0,NULL,0,0,'\nGrimaldi\'s Pizzeria\nPizza Lovers\nGrimaldi\'s\nDelicious Pizza\nNew York Pizza\nAmazing Pizza\nGrimaldis\nGreat Pizza\n','0',0,'\n',230,NULL,0),(247,'','','',0,0,NULL,0,0,'\nGrimaldi\'s Pizzeria\nPizza Lovers\nGrimaldis Pizzeria\nGrimaldi\'s\nGift Cards\nHolidays\nHoliday Ideas\nHoliday Deals\n','0',0,'\n',0,NULL,0),(263,'','','',0,0,NULL,0,0,'\n','0',0,'\n',0,NULL,0),(249,'','','',0,0,NULL,0,0,'\nGrimaldi\'s Pizzeria\nGrimaldis Pizzeria\nGrimaldi\'s\nGift Cards\nHolidays\nHoliday Deals\nholiday gift ideas\n','0',0,'\n',0,NULL,0),(250,'','','',0,0,NULL,0,0,'\nGrimaldi\'s Pizzeria\nPizza Lovers\nGrimaldi\'s\nDelicious Pizza\ndc ranch\n','0',0,'\n',233,NULL,0),(251,'','','',0,0,NULL,0,0,'\nGrimaldi\'s Pizzeria\nPizza Lovers\nPizza\nGrimaldis Pizzeria\nGrimaldi\'s\nDelicious Pizza\nNew York Pizza\n','0',0,'\n',234,NULL,0),(252,'','','',0,0,NULL,0,0,'\nGrimaldi\'s Pizzeria\nGrimaldi\'s\nCheesecake\nDelicious Cheesecake\nNew Cheesecake\nHoliday Dessert\nHoliday Cheesecake\n','0',0,'\n',0,NULL,0),(253,'','','',0,0,NULL,0,0,'\nGrimaldi\'s Pizzeria\nPizza Lovers\nGrimaldi\'s\nDelicious Pizza\nNew York Pizza\nBrooklyn Pizza\n','0',0,'\n',236,NULL,0),(254,'','','',0,0,NULL,0,0,'\nGrimaldi\'s Pizzeria\nPizza Lovers\nGrimaldi\'s\nDelicious Pizza\nNew York Pizza\nAmazing Pizza\n','0',0,'\n',0,NULL,0),(255,'','','',0,0,NULL,0,0,'\nGrimaldi\'s Pizzeria\nPizza Lovers\nGrimaldis Pizzeria\nGrimaldi\'s\nDelicious Pizza\nAmazing Pizza\n','0',0,'\n',0,NULL,0),(256,'','','',0,0,NULL,0,0,'\nTexas\nGrimaldi\'s Pizzeria\nPizza\nGrimaldis\nSterling Moore\nDallas Cowboys\nShops at Park Lane\nDallas\nSanta\'s Helpers\n','0',0,'\nNews\n',0,NULL,0),(257,'','','',0,0,NULL,0,0,'\nGrimaldi\'s Pizzeria\nFlorida\nGrimaldis\nLiteracy\nCountryside\nSeason of Giving\nGift\nBook\nRead\n','0',0,'\n',0,NULL,0),(258,'','','',0,0,NULL,0,0,'\nGrimaldi\'s Pizzeria\nPizza\nCheesecake\nAmaretto Cheesecake\nDisaronno\nButterscotch Toffee Cheesecake\nWinter\n','0',0,'\n',0,NULL,0),(71,'Grimaldi’s Pizzeria. The pizza that made the Brooklyn Bridge Famous.','Fresh ingredients, “secret recipe” dough and sauce and handmade mozzarella make Grimaldi’s the most award-winning pizzeria in the United States.','',0,0,NULL,0,0,NULL,NULL,0,NULL,0,NULL,0),(72,'Grimaldi’s grub is authentically New York. Don’t take our word for it…try it for yourself!','Fresh ingredients, “secret recipe” dough and sauce and handmade mozzarella make Grimaldi’s the most award-winning pizzeria in the United States.','',0,0,NULL,0,0,NULL,NULL,0,NULL,0,NULL,0),(206,'','','',0,0,NULL,0,0,'\nGrimaldi\'s Pizzeria\nRestaurant Week\nBell Tower Shops\nFort Myers\nFlorida\n','0',0,'\nNews\n',0,NULL,0),(98,'Grimaldi\'s Pizzeria - Tucson, Arizona','Grimaldi’s serves authentic New York style thin crust pizza in an upscale, family-oriented pizzeria.','brick oven pizza, coal fired pizza, best New York pizza, New York style thin crust pizza, pizzeria, Brooklyn pizza, holiday gift cards, patsy grimaldi, pizza restaurant, NY pizza, pizza dough, NY water, coal brick oven, NYC pizza, world famous pizza, fresh pizza ingredients , signature coal burning oven',0,0,NULL,0,0,NULL,NULL,0,NULL,0,NULL,0),(96,'Grimaldi\'s Pizzeria - Scottsdale, Arizona','Grimaldi’s serves authentic New York style thin crust pizza in an upscale, family-oriented pizzeria.','brick oven pizza, coal fired pizza, best New York pizza, New York style thin crust pizza, pizzeria, Brooklyn pizza, holiday gift cards, patsy grimaldi, pizza restaurant, NY pizza, pizza dough, NY water, coal brick oven, NYC pizza, world famous pizza, fresh pizza ingredients , signature coal burning oven',0,0,NULL,0,0,NULL,NULL,0,NULL,0,NULL,0),(83,'Share your good taste with friends and family... give a Grimaldi\'s Gift Card!','Grimaldi’s serves authentic New York style thin crust pizza in an upscale, family-oriented pizzeria.','gift cards, pizza gifts, best pizza, holiday gift ideas, mothers day gift cards, fathers day gift cards, gift giving ideas, holiday gift cards',0,0,NULL,0,0,NULL,NULL,0,NULL,0,NULL,0),(85,'Got something to say? Share your Grimaldi’s experience with us.','Grimaldi’s serves authentic New York style thin crust pizza in an upscale, family-oriented pizzeria.','talk to grimaldis, email club, newsletter, join club, sign up for coupons, VIP email club',0,0,NULL,0,0,NULL,NULL,0,NULL,0,NULL,0),(259,'','','',0,0,NULL,0,0,NULL,NULL,0,NULL,0,NULL,0),(260,'','','',0,0,NULL,0,0,NULL,NULL,0,NULL,0,NULL,0),(261,'','','',0,0,NULL,0,0,'\nGrimaldi\'s Pizzeria\nScottsdale\nGrimaldis Pizzeria\nPhoenix Children\'s Hospital\nCelebration\n','0',0,'\n',0,NULL,0),(262,'','','',0,0,NULL,0,0,'\nGrimaldi\'s Pizzeria\nScottsdale\nGrimaldis Pizzeria\nPhoenix Children\'s Hospital\nCelebration\nMayor Jim Lane\nFebruary \n','0',0,'\n',0,NULL,0),(264,'','','',0,0,NULL,0,0,'\nGrimaldi\'s Pizzeria\nGrimaldis Pizzeria\nCelebration\nNational Pizza Week\n','0',0,'\n',0,NULL,0),(265,'','','',0,0,NULL,0,0,'\nGrimaldi\'s Pizzeria\nGrimaldis Pizzeria\nCalifornia Pizza\nEl Segundo \n','0',0,'\n',0,NULL,0),(266,'','','',0,0,NULL,0,0,'\nGrimaldi\'s Pizzeria\nPizza\nGrimaldis Pizzeria\nChef\n','0',0,'\n',0,NULL,0),(267,'','','',0,0,NULL,0,0,'\nGrimaldi\'s Pizzeria\nScottsdale\nGrimaldis Pizzeria\nNorth Valley Magazine \n','0',0,'\n',0,NULL,0),(181,'','','grimaldis countryside, grimaldis clearwater florida, clearwater pizza',0,0,NULL,0,0,NULL,NULL,0,NULL,0,NULL,0),(268,'','','',0,0,NULL,0,0,'\nGrimaldi\'s Pizzeria\nPizza\nGrimaldis Pizzeria\nWine\n','0',0,'\n',0,NULL,0),(269,'','','',0,0,NULL,0,0,'\nGrimaldi\'s Pizzeria\nGrimaldis Pizzeria\nGreat Pizza\nWine List\n','0',0,'\n',0,NULL,0),(270,'','','',0,0,NULL,0,0,NULL,NULL,0,NULL,0,NULL,0),(248,'','','',0,0,NULL,0,0,'\nGrimaldi\'s Pizzeria\nGrimaldis Pizzeria\nGrimaldi\'s\nGrimaldis\nHolidays\nBooks\n','0',0,'\n',232,NULL,0),(271,'','','',0,0,NULL,0,0,NULL,NULL,0,NULL,0,NULL,0),(272,'','','',0,0,NULL,0,0,'\nGrimaldi\'s Pizzeria\nFlorida\nPizza\nGrimaldis Pizzeria\nCelebration\nwestshore plaza\n','0',0,'\n',0,NULL,0),(273,'','','',0,0,NULL,0,0,'\nGrimaldi\'s, Grimaldi\'s Pizzeria, Tuesday Tasting, Wine, Pizza\n','0',0,'\n',0,NULL,0),(274,'','','',0,0,NULL,0,0,NULL,NULL,0,NULL,0,NULL,0),(275,'','','',0,0,NULL,0,0,NULL,NULL,0,NULL,0,NULL,0),(276,'','','',0,0,NULL,0,0,NULL,NULL,0,NULL,0,NULL,0),(277,'','','',0,0,NULL,0,0,NULL,NULL,0,NULL,0,NULL,0),(279,NULL,NULL,NULL,0,0,NULL,0,0,NULL,NULL,0,NULL,0,NULL,0),(281,'','','',0,0,NULL,0,0,'\nGrimaldi\'s\nSummer\nLunch Specials\nHappy Hour\n','0',0,'\n',0,NULL,0),(282,'','','',0,0,NULL,0,0,'\nGrimaldi\'s Pizzeria\nPizza\nSummer\nLunch Specials\nHappy Hour\nTampa\n','0',0,'\n',0,NULL,0),(283,'','','',0,0,NULL,0,0,'\nGrimaldi\'s Pizzeria\nPizza\nGrimaldi\'s\nBBQ Chicken\n','0',0,'\n',0,NULL,0);

--
-- Table structure for table `CollectionVersionAreaLayouts`
--

CREATE TABLE `CollectionVersionAreaLayouts` (
  `cvalID` int(10) unsigned NOT NULL AUTO_INCREMENT,
  `cID` int(10) unsigned DEFAULT '0',
  `cvID` int(10) unsigned DEFAULT '0',
  `arHandle` varchar(255) DEFAULT NULL,
  `layoutID` int(10) unsigned NOT NULL DEFAULT '0',
  `position` int(10) DEFAULT '1000',
  `areaNameNumber` int(10) unsigned DEFAULT '0',
  PRIMARY KEY (`cvalID`),
  KEY `areaLayoutsIndex` (`cID`,`cvID`,`arHandle`)
) ENGINE=MyISAM DEFAULT CHARSET=latin1;

--
-- Dumping data for table `CollectionVersionAreaLayouts`
--


--
-- Table structure for table `CollectionVersionAreaStyles`
--

CREATE TABLE `CollectionVersionAreaStyles` (
  `cID` int(10) unsigned NOT NULL DEFAULT '0',
  `cvID` int(10) unsigned NOT NULL DEFAULT '0',
  `arHandle` varchar(255) NOT NULL,
  `csrID` int(10) unsigned NOT NULL DEFAULT '0',
  PRIMARY KEY (`cID`,`cvID`,`arHandle`)
) ENGINE=MyISAM DEFAULT CHARSET=latin1;

--
-- Dumping data for table `CollectionVersionAreaStyles`
--

INSERT INTO `CollectionVersionAreaStyles` VALUES (147,3,'Main',13),(148,3,'Main',13),(149,3,'Main',13),(150,3,'Main',13),(151,3,'Main',13),(152,3,'Main',13),(149,4,'Main',13),(152,4,'Main',13),(151,4,'Main',13),(147,4,'Main',13),(150,4,'Main',13),(148,4,'Main',13);

--
-- Table structure for table `CollectionVersionBlockPermissions`
--

CREATE TABLE `CollectionVersionBlockPermissions` (
  `cID` int(10) unsigned NOT NULL DEFAULT '0',
  `cvID` int(10) unsigned NOT NULL DEFAULT '1',
  `bID` int(10) unsigned NOT NULL DEFAULT '0',
  `gID` int(10) unsigned NOT NULL DEFAULT '0',
  `uID` int(10) unsigned NOT NULL DEFAULT '0',
  `cbgPermissions` varchar(32) DEFAULT NULL,
  PRIMARY KEY (`cID`,`cvID`,`bID`,`gID`,`uID`)
) ENGINE=MyISAM DEFAULT CHARSET=latin1;

--
-- Dumping data for table `CollectionVersionBlockPermissions`
--


--
-- Table structure for table `CollectionVersionBlockStyles`
--

CREATE TABLE `CollectionVersionBlockStyles` (
  `cID` int(10) unsigned NOT NULL DEFAULT '0',
  `cvID` int(10) unsigned NOT NULL DEFAULT '0',
  `bID` int(10) unsigned NOT NULL DEFAULT '0',
  `arHandle` varchar(255) NOT NULL,
  `csrID` int(10) unsigned NOT NULL DEFAULT '0',
  PRIMARY KEY (`cID`,`cvID`,`bID`,`arHandle`)
) ENGINE=MyISAM DEFAULT CHARSET=latin1;

--
-- Dumping data for table `CollectionVersionBlockStyles`
--

INSERT INTO `CollectionVersionBlockStyles` VALUES (1,4,1,'Label',0),(1,5,1,'Label',0),(1,4,3,'Main',0),(1,5,4,'Main',1),(1,6,1,'Label',0),(1,6,4,'Main',2),(1,7,1,'Label',0),(1,7,4,'Main',2),(1,8,1,'Label',0),(66,5,9,'Main',3),(1,8,5,'Main',2),(66,6,8,'Label',0),(66,5,8,'Label',0),(66,6,10,'Main',4),(1,9,1,'Label',0),(1,9,5,'Main',2),(66,7,8,'Label',0),(1,10,13,'Label',0),(67,5,11,'Label',0),(66,7,16,'Main',4),(67,6,11,'Label',0),(67,5,17,'Main',0),(67,7,11,'Label',0),(67,7,18,'Main_Top',0),(67,7,19,'Label2',0),(71,5,31,'Label',0),(67,7,21,'Main_Bottom',0),(71,6,31,'Label',0),(71,5,33,'Main',0),(71,7,31,'Label',0),(71,6,34,'Main',0),(71,8,31,'Label',0),(71,7,35,'Main',0),(71,9,31,'Label',0),(71,8,36,'Main',0),(72,5,38,'Label',0),(71,9,37,'Main',0),(74,5,43,'Label',0),(72,5,40,'Main',0),(74,6,43,'Label',0),(74,5,45,'Main',0),(74,7,43,'Label',0),(74,6,46,'Main',0),(74,7,48,'Main',5),(74,8,43,'Label',0),(74,8,48,'Main',6),(74,9,43,'Label',0),(74,10,43,'Label',0),(74,9,51,'Main',6),(74,10,51,'Main',6),(93,4,59,'Label',0),(86,5,105,'Label',0),(93,4,61,'Main',0),(86,5,106,'Main',0),(89,5,113,'Label',0),(86,5,108,'Main',0),(89,5,115,'Main',0),(137,1,116,'Product',0),(137,2,116,'Product',0),(138,4,121,'Main',0),(138,5,122,'Main',0),(138,6,123,'Main',0),(138,7,124,'Main',7),(137,3,116,'Product',0),(137,3,118,'Main',8),(137,3,119,'Label',0),(139,1,116,'Product',0),(139,2,116,'Product',0),(139,3,116,'Product',0),(139,4,116,'Product',0),(139,4,125,'Label',0),(139,4,126,'Main',9),(139,5,116,'Product',0),(139,5,125,'Label',0),(140,1,116,'Product',0),(139,5,127,'Main',9),(138,8,128,'Main',7),(140,2,116,'Product',0),(140,3,116,'Product',0),(140,3,130,'Main',10),(141,1,116,'Product',0),(141,2,116,'Product',0),(141,3,116,'Product',0),(141,3,132,'Main',11),(142,1,116,'Product',0),(142,2,116,'Product',0),(142,3,116,'Product',0),(142,3,134,'Main',12),(143,1,116,'Product',0),(143,2,116,'Product',0),(143,3,116,'Product',0),(143,3,136,'Main',13),(144,1,116,'Product',0),(144,2,116,'Product',0),(144,3,116,'Product',0),(144,3,138,'Main',13),(145,1,116,'Product',0),(145,2,116,'Product',0),(145,3,116,'Product',0),(145,3,140,'Main',13),(146,1,116,'Product',0),(146,2,116,'Product',0),(146,3,143,'Main',13),(146,3,142,'Main',13),(137,4,144,'Main',13),(137,4,118,'Main',8),(139,6,145,'Main',13),(139,6,127,'Main',9),(140,4,146,'Main',13),(140,4,130,'Main',10),(141,4,147,'Main',13),(141,4,132,'Main',11),(142,4,148,'Main',13),(142,4,134,'Main',12),(143,4,149,'Main',13),(143,4,136,'Main',13),(144,4,150,'Main',13),(144,4,138,'Main',13),(145,4,151,'Main',13),(145,4,140,'Main',13),(147,1,116,'Product',0),(147,2,116,'Product',0),(147,3,116,'Product',0),(147,3,143,'Main',0),(147,3,153,'Main',13),(148,1,116,'Product',0),(148,2,116,'Product',0),(148,3,116,'Product',0),(148,3,143,'Main',0),(148,3,155,'Main',13),(149,1,116,'Product',0),(149,2,116,'Product',0),(149,3,116,'Product',0),(149,3,143,'Main',0),(149,3,157,'Main',13),(150,1,116,'Product',0),(150,2,116,'Product',0),(150,3,116,'Product',0),(150,3,143,'Main',0),(150,3,159,'Main',13),(151,1,116,'Product',0),(151,2,116,'Product',0),(151,3,116,'Product',0),(151,3,143,'Main',0),(151,3,161,'Main',13),(152,1,116,'Product',0),(152,2,116,'Product',0),(152,3,116,'Product',0),(152,3,143,'Main',0),(152,3,163,'Main',13),(138,9,128,'Main',7),(153,4,166,'Main',13),(154,3,168,'Main',13),(155,3,170,'Main',13),(138,10,128,'Main',7),(138,10,171,'Main',13),(153,5,172,'Main',13),(153,5,166,'Main',13),(154,4,173,'Main',13),(154,4,168,'Main',13),(155,4,174,'Main',13),(155,4,170,'Main',13),(78,6,57,'Label',0),(78,7,57,'Label',0),(78,6,175,'Main',0),(78,8,57,'Label',0),(78,7,176,'Main',0),(80,5,74,'Label',0),(78,8,177,'Main',0),(81,5,82,'Label',0),(80,5,178,'Main',0),(81,6,82,'Label',0),(81,5,179,'Main',0),(81,6,180,'Main',0),(156,4,181,'Label',0),(1,11,13,'Label',0),(156,4,183,'Main',0),(1,11,14,'Main',0),(1,12,13,'Label',0),(1,11,184,'Small_Block',0),(1,12,14,'Main',0),(1,13,13,'Label',0),(1,12,185,'Small_Block',0),(1,13,14,'Main',0),(69,5,25,'Label',0),(1,13,186,'Small_Block',0),(68,5,22,'Label',0),(68,5,24,'Main',0),(68,5,187,'Main',0),(70,5,28,'Label',0),(69,5,27,'Main',0),(69,5,188,'Main',0),(71,10,31,'Label',0),(70,5,189,'Main',0),(71,11,31,'Label',0),(71,10,190,'Main',0),(71,12,31,'Label',0),(71,11,191,'Main',0),(72,6,38,'Label',0),(71,12,192,'Main',0),(72,7,38,'Label',0),(72,6,193,'Main',0),(73,5,41,'Label',0),(72,7,194,'Main',0),(74,11,43,'Label',0),(73,5,195,'Main',0),(75,5,49,'Label',0),(74,11,196,'Main',6),(76,5,53,'Label',0),(75,5,197,'Main',0),(93,5,59,'Label',0),(76,5,198,'Main',0),(77,5,55,'Label',0),(93,5,199,'Main',0),(77,6,55,'Label',0),(77,5,200,'Main',0),(93,6,59,'Label',0),(77,6,201,'Main',0),(94,4,62,'Label',0),(93,6,202,'Main',0),(95,4,64,'Label',0),(94,4,203,'Main',0),(96,4,66,'Label',0),(95,4,204,'Main',0),(97,4,68,'Label',0),(96,4,205,'Main',0),(98,4,70,'Label',0),(97,4,206,'Main',0),(79,5,72,'Label',0),(98,4,207,'Main',0),(157,4,209,'Label',0),(79,5,208,'Main',0),(157,5,209,'Label',0),(157,4,211,'Main',0),(157,6,209,'Label',0),(157,5,212,'Main',0),(78,9,57,'Label',0),(157,6,213,'Main',0),(100,4,76,'Label',0),(78,9,214,'Main',0),(101,4,78,'Label',0),(100,4,215,'Main',0),(102,4,80,'Label',0),(101,4,216,'Main',0),(103,4,84,'Label',0),(102,4,217,'Main',0),(104,4,86,'Label',0),(103,4,218,'Main',0),(105,4,88,'Label',0),(104,4,219,'Main',0),(106,4,90,'Label',0),(105,4,220,'Main',0),(107,4,92,'Label',0),(106,4,221,'Main',0),(108,4,94,'Label',0),(107,4,222,'Main',0),(84,5,101,'Label',0),(108,4,223,'Main',0),(89,6,113,'Label',0),(84,5,224,'Main',0),(86,6,106,'Main',0),(89,6,225,'Main',0),(86,6,105,'Label',0),(86,7,105,'Label',0),(86,7,106,'Main',0),(86,8,105,'Label',0),(86,7,228,'Main',0),(86,8,106,'Main',0),(158,4,230,'Label',0),(86,8,229,'Main',0),(86,9,105,'Label',0),(158,4,232,'Main',0),(86,9,106,'Main',0),(86,9,229,'Main',0),(86,10,105,'Label',0),(86,10,106,'Main',0),(86,10,229,'Main',0),(86,11,105,'Label',0),(86,10,236,'Main',0),(86,11,106,'Main',0),(86,11,229,'Main',0),(86,12,105,'Label',0),(86,11,237,'Main',0),(86,12,106,'Main',0),(86,12,238,'Main',13),(86,13,105,'Label',0),(86,13,106,'Main',0),(86,14,105,'Label',0),(86,13,239,'Main',13),(86,14,106,'Main',0),(86,15,105,'Label',0),(86,14,240,'Main',13),(86,15,106,'Main',0),(86,16,105,'Label',0),(86,15,241,'Main',13),(86,16,106,'Main',0),(83,5,98,'Label',0),(86,16,242,'Main',13),(83,5,99,'Main',0),(83,5,243,'Main',13),(93,7,59,'Label',0),(94,5,62,'Label',0),(93,7,244,'Main',0),(95,5,64,'Label',0),(94,5,245,'Main',0),(96,5,66,'Label',0),(95,5,246,'Main',0),(97,5,68,'Label',0),(96,5,247,'Main',0),(98,5,70,'Label',0),(97,5,248,'Main',0),(157,7,209,'Label',0),(98,5,249,'Main',0),(79,6,72,'Label',0),(157,7,250,'Main',0),(100,5,76,'Label',0),(79,6,251,'Main',0),(101,5,78,'Label',0),(100,5,252,'Main',0),(102,5,80,'Label',0),(101,5,253,'Main',0),(103,5,84,'Label',0),(102,5,254,'Main',0),(104,5,86,'Label',0),(103,5,255,'Main',0),(105,5,88,'Label',0),(104,5,256,'Main',0),(106,5,90,'Label',0),(105,5,257,'Main',0),(107,5,92,'Label',0),(106,5,258,'Main',0),(108,5,94,'Label',0),(107,5,259,'Main',0),(83,6,98,'Label',0),(108,5,260,'Main',0),(83,6,99,'Main',0),(83,6,261,'Main',14),(83,7,98,'Label',0),(83,7,99,'Main',0),(83,7,261,'Main',13),(137,5,119,'Label',0),(137,5,144,'Main',13),(137,5,118,'Main',8),(140,5,129,'Label',0),(140,5,146,'Main',13),(140,5,130,'Main',10),(139,7,125,'Label',0),(139,7,145,'Main',13),(139,7,127,'Main',9),(141,5,131,'Label',0),(141,5,147,'Main',13),(141,5,132,'Main',11),(142,5,133,'Label',0),(142,5,148,'Main',13),(142,5,134,'Main',12),(143,5,135,'Label',0),(143,5,149,'Main',13),(143,5,136,'Main',13),(149,4,143,'Main',0),(149,4,156,'Label',0),(149,4,157,'Main',13),(144,5,137,'Label',0),(144,5,150,'Main',13),(144,5,138,'Main',13),(145,5,139,'Label',0),(145,5,151,'Main',13),(145,5,140,'Main',13),(152,4,143,'Main',0),(152,4,162,'Label',0),(152,4,163,'Main',13),(151,4,143,'Main',0),(151,4,160,'Label',0),(151,4,161,'Main',13),(146,4,141,'Label',0),(146,4,143,'Main',13),(146,4,142,'Main',13),(147,4,143,'Main',0),(147,4,152,'Label',0),(147,4,153,'Main',13),(150,4,143,'Main',0),(150,4,158,'Label',0),(150,4,159,'Main',13),(148,4,143,'Main',0),(148,4,154,'Label',0),(148,4,155,'Main',13),(86,17,105,'Label',0),(86,17,106,'Main',0),(86,17,262,'Main',13),(138,11,128,'Main',7),(138,11,263,'Main',16),(138,11,264,'Main',15),(154,5,268,'Main',20),(153,6,266,'Main',18),(153,6,265,'Main',17),(153,6,166,'Main',13),(155,5,170,'Main',13),(154,5,168,'Main',13),(154,5,267,'Main',19),(155,5,269,'Main',21),(155,5,270,'Main',22),(80,6,74,'Label',0),(160,4,271,'Main',13),(80,6,273,'Main',0),(160,4,272,'Label',0),(86,18,105,'Label',0),(86,18,106,'Main',0),(86,19,105,'Label',0),(86,18,274,'Main',13),(86,19,106,'Main',0),(138,12,164,'Label',0),(86,19,275,'Main',13),(154,6,168,'Main',13),(138,12,264,'Main',15),(138,12,128,'Main',7),(138,12,276,'Main',23),(153,7,265,'Main',17),(153,7,166,'Main',13),(153,7,277,'Main',24),(154,6,278,'Main',25),(154,6,268,'Main',20),(155,6,170,'Main',13),(155,6,279,'Main',26),(155,6,270,'Main',22),(161,4,283,'Main',27),(161,4,282,'Main',28),(161,5,280,'Label',0),(161,5,283,'Main',27),(161,6,280,'Label',0),(161,5,284,'Main',28),(161,6,283,'Main',27),(161,6,285,'Main',28),(93,8,59,'Label',0),(94,6,62,'Label',0),(93,8,286,'Main',0),(95,6,64,'Label',0),(94,6,287,'Main',0),(96,6,66,'Label',0),(95,6,288,'Main',0),(97,6,68,'Label',0),(96,6,289,'Main',0),(98,6,70,'Label',0),(97,6,290,'Main',0),(157,8,209,'Label',0),(98,6,291,'Main',0),(79,7,72,'Label',0),(157,8,292,'Main',0),(100,6,76,'Label',0),(79,7,293,'Main',0),(101,6,78,'Label',0),(100,6,294,'Main',0),(102,6,80,'Label',0),(101,6,295,'Main',0),(102,6,296,'Main',0),(103,6,84,'Label',0),(160,5,272,'Label',0),(160,5,297,'Main',13),(104,6,86,'Label',0),(103,6,298,'Main',0),(105,6,88,'Label',0),(104,6,299,'Main',0),(106,6,90,'Label',0),(105,6,300,'Main',0),(107,6,92,'Label',0),(106,6,301,'Main',0),(108,6,94,'Label',0),(107,6,302,'Main',0),(108,6,303,'Main',0),(160,6,272,'Label',0),(86,20,105,'Label',0),(160,6,304,'Main',13),(86,20,106,'Main',0),(86,20,305,'Main',13),(160,7,272,'Label',0),(87,5,109,'Label',0),(160,7,306,'Main',13),(87,5,307,'Main',0),(87,6,109,'Label',0),(87,6,308,'Main',0),(86,21,105,'Label',0),(86,21,106,'Main',0),(86,22,105,'Label',0),(86,21,309,'Main',13),(86,22,106,'Main',0),(86,22,310,'Main',13),(86,23,105,'Label',0),(86,23,106,'Main',0),(86,23,311,'Main',13),(79,8,72,'Label',0),(108,7,94,'Label',0),(79,8,312,'Main',0),(86,24,105,'Label',0),(108,7,313,'Main',0),(86,24,106,'Main',0),(86,24,314,'Main',13),(160,8,272,'Label',0),(79,9,72,'Label',0),(160,8,315,'Main',13),(163,3,312,'Main',0),(79,9,316,'Main',0),(79,10,72,'Label',0),(162,4,319,'Label',0),(79,10,318,'Main',0),(162,3,320,'Main',0),(78,10,57,'Label',0),(162,4,321,'Main',0),(164,3,323,'Main',0),(89,7,113,'Label',0),(78,10,324,'Main',0),(89,7,325,'Main',0),(160,9,272,'Label',0),(160,9,326,'Main',13),(86,25,105,'Label',0),(86,25,106,'Main',0),(86,25,327,'Main',13),(167,1,333,'Main',0),(168,3,335,'Main',29),(168,4,334,'Label',0),(168,4,335,'Main',30),(168,4,336,'Main',0),(168,5,334,'Label',0),(168,5,336,'Main',0),(168,5,337,'Main',31),(168,8,338,'Label',0),(168,6,337,'Main',31),(168,7,349,'Main',31),(168,6,338,'Label',0),(168,8,349,'Main',31),(168,8,343,'Main',0),(168,8,344,'Main',0),(168,8,345,'Main',0),(168,8,346,'Main',0),(168,8,347,'Main',0),(168,8,350,'Main',0),(168,9,338,'Label',0),(168,9,349,'Main',31),(168,10,338,'Label',0),(168,9,344,'Main',0),(168,9,345,'Main',0),(168,9,346,'Main',0),(168,9,347,'Main',0),(168,9,350,'Main',0),(168,9,351,'Main',0),(168,10,349,'Main',31),(168,10,351,'Main',0),(168,10,353,'Main',0),(168,10,354,'Main',0),(168,10,355,'Main',0),(168,10,356,'Main',0),(168,11,338,'Label',0),(168,10,352,'Main',0),(168,11,349,'Main',31),(168,11,351,'Main',0),(168,11,352,'Main',0),(168,11,353,'Main',0),(168,11,354,'Main',0),(168,11,355,'Main',0),(168,12,338,'Label',0),(168,11,357,'Main',0),(168,12,349,'Main',31),(168,13,338,'Label',0),(168,12,352,'Main',0),(168,12,353,'Main',0),(168,12,354,'Main',0),(168,12,355,'Main',0),(168,12,357,'Main',0),(168,12,358,'Main',0),(168,13,349,'Main',31),(168,13,360,'Main',0),(168,13,361,'Main',0),(168,13,362,'Main',0),(168,13,363,'Main',0),(168,13,364,'Main',0),(168,15,369,'Main',0),(168,13,359,'Main',0),(168,15,370,'Main',0),(168,15,349,'Main',31),(168,15,338,'Label',0),(168,14,349,'Main',31),(168,15,368,'Main',0),(168,15,367,'Main',0),(168,15,366,'Main',0),(168,15,365,'Main',0),(168,16,338,'Label',0),(168,16,349,'Main',31),(168,16,370,'Main',0),(168,16,369,'Main',0),(168,16,368,'Main',0),(168,16,367,'Main',0),(168,16,366,'Main',0),(168,16,365,'Main',0),(160,10,272,'Label',0),(72,8,38,'Label',0),(160,10,372,'Main',13),(72,8,373,'Main',0),(168,17,338,'Label',0),(168,17,349,'Main',31),(168,17,370,'Main',0),(168,17,369,'Main',0),(168,17,377,'Main',0),(168,17,378,'Main',0),(168,17,366,'Main',0),(168,17,365,'Main',0),(168,17,379,'Main',0),(168,17,374,'Main',0),(168,17,376,'Main',0),(168,18,338,'Label',0),(168,18,349,'Main',31),(168,18,370,'Main',0),(168,18,369,'Main',0),(168,18,376,'Main',0),(168,18,377,'Main',0),(168,18,366,'Main',0),(168,18,365,'Main',0),(168,18,378,'Main',0),(168,19,338,'Label',0),(168,18,379,'Main',0),(168,18,381,'Main',0),(168,19,349,'Main',31),(168,19,370,'Main',0),(168,19,369,'Main',0),(168,19,376,'Main',0),(168,19,377,'Main',0),(168,19,366,'Main',0),(168,19,365,'Main',0),(168,19,378,'Main',0),(168,19,381,'Main',0),(168,19,379,'Main',0),(168,20,338,'Label',0),(168,19,382,'Main',0),(168,19,383,'Main',0),(168,19,391,'Main',0),(168,20,349,'Main',31),(168,20,370,'Main',0),(168,20,369,'Main',0),(168,20,376,'Main',0),(168,20,377,'Main',0),(168,20,366,'Main',0),(168,20,365,'Main',0),(168,20,378,'Main',0),(168,20,381,'Main',0),(168,20,379,'Main',0),(168,21,338,'Label',0),(168,20,382,'Main',0),(168,20,383,'Main',0),(168,20,393,'Main',0),(168,20,392,'Main',0),(168,21,349,'Main',31),(168,21,370,'Main',0),(168,21,369,'Main',0),(168,21,376,'Main',0),(168,21,377,'Main',0),(168,21,366,'Main',0),(168,21,365,'Main',0),(168,21,378,'Main',0),(168,21,381,'Main',0),(168,21,379,'Main',0),(168,21,393,'Main',0),(168,21,382,'Main',0),(168,21,383,'Main',0),(168,21,394,'Main',0),(168,22,338,'Label',0),(168,22,370,'Main',0),(168,22,369,'Main',0),(168,22,376,'Main',0),(168,22,377,'Main',0),(168,22,366,'Main',0),(168,22,365,'Main',0),(168,22,378,'Main',0),(168,22,381,'Main',0),(168,22,379,'Main',0),(168,22,393,'Main',0),(168,22,382,'Main',0),(168,22,383,'Main',0),(168,22,394,'Main',0),(168,22,395,'Main',31),(171,2,116,'Product',0),(170,2,116,'Product',0),(171,1,116,'Product',0),(170,1,116,'Product',0),(168,23,396,'Main',31),(88,5,111,'Label',0),(88,6,111,'Label',0),(88,5,398,'Main',0),(88,6,398,'Main',32),(82,5,96,'Label',0),(88,7,111,'Label',0),(82,5,399,'Main',0),(88,7,400,'Main',13),(88,8,111,'Label',0),(88,8,401,'Main',13),(73,6,41,'Label',0),(164,4,322,'Label',0),(73,6,402,'Main',0),(164,4,403,'Main',0),(168,24,338,'Label',0),(168,24,396,'Main',31),(168,24,397,'Main',0),(168,24,370,'Main',0),(168,24,369,'Main',0),(168,24,376,'Main',0),(168,24,377,'Main',0),(168,24,366,'Main',0),(168,24,365,'Main',0),(168,24,378,'Main',0),(168,24,381,'Main',0),(168,24,379,'Main',0),(168,24,393,'Main',0),(168,24,382,'Main',0),(168,24,383,'Main',0),(172,1,116,'Product',0),(138,13,164,'Label',0),(138,13,276,'Main',23),(138,13,264,'Main',15),(138,13,406,'Main',7),(88,9,111,'Label',0),(88,9,407,'Main',13),(168,25,338,'Label',0),(168,25,396,'Main',31),(168,25,397,'Main',0),(168,25,370,'Main',0),(168,25,369,'Main',0),(168,25,376,'Main',0),(168,25,377,'Main',0),(168,25,366,'Main',0),(168,25,365,'Main',0),(168,25,378,'Main',0),(168,25,381,'Main',0),(168,25,379,'Main',0),(168,25,393,'Main',0),(168,25,382,'Main',0),(168,25,383,'Main',0),(168,25,404,'Main',0),(168,25,405,'Main',0),(88,10,111,'Label',0),(88,11,111,'Label',0),(88,10,409,'Main',13),(88,11,410,'Main',13),(168,26,338,'Label',0),(168,26,396,'Main',31),(168,26,397,'Main',0),(168,26,370,'Main',0),(168,26,369,'Main',0),(168,26,376,'Main',0),(168,26,377,'Main',0),(168,26,366,'Main',0),(168,26,365,'Main',0),(168,26,378,'Main',0),(168,26,381,'Main',0),(168,26,379,'Main',0),(168,26,393,'Main',0),(168,26,382,'Main',0),(168,26,383,'Main',0),(168,26,404,'Main',0),(168,26,405,'Main',0),(168,26,408,'Main',0),(168,27,338,'Label',0),(168,27,396,'Main',31),(168,27,397,'Main',0),(168,27,370,'Main',0),(168,27,369,'Main',0),(168,27,376,'Main',0),(168,27,377,'Main',0),(168,27,366,'Main',0),(168,27,365,'Main',0),(168,27,378,'Main',0),(168,27,381,'Main',0),(168,27,379,'Main',0),(168,27,393,'Main',0),(168,27,382,'Main',0),(168,27,383,'Main',0),(168,27,404,'Main',0),(168,27,405,'Main',0),(168,28,338,'Label',0),(168,27,413,'Main',0),(168,27,412,'Main',0),(168,28,396,'Main',31),(168,28,397,'Main',0),(168,28,370,'Main',0),(168,28,369,'Main',0),(168,28,376,'Main',0),(168,28,377,'Main',0),(168,28,366,'Main',0),(168,28,365,'Main',0),(168,28,378,'Main',0),(168,28,381,'Main',0),(168,28,379,'Main',0),(168,28,393,'Main',0),(168,28,382,'Main',0),(168,28,383,'Main',0),(168,28,404,'Main',0),(168,28,405,'Main',0),(168,28,413,'Main',0),(168,28,414,'Main',0),(168,29,338,'Label',0),(168,29,396,'Main',31),(168,29,397,'Main',0),(168,29,370,'Main',0),(168,29,369,'Main',0),(168,29,376,'Main',0),(168,29,377,'Main',0),(168,29,366,'Main',0),(168,29,365,'Main',0),(168,29,378,'Main',0),(168,29,381,'Main',0),(168,29,379,'Main',0),(168,29,393,'Main',0),(168,29,382,'Main',0),(168,29,383,'Main',0),(168,29,404,'Main',0),(168,29,405,'Main',0),(168,29,413,'Main',0),(168,29,414,'Main',0),(88,12,111,'Label',0),(88,12,417,'Main',13),(168,30,338,'Label',0),(168,30,396,'Main',31),(168,30,397,'Main',0),(168,30,370,'Main',0),(168,30,369,'Main',0),(168,30,376,'Main',0),(168,30,377,'Main',0),(168,30,366,'Main',0),(168,30,365,'Main',0),(168,30,378,'Main',0),(168,30,381,'Main',0),(168,30,379,'Main',0),(168,30,393,'Main',0),(168,30,382,'Main',0),(168,30,383,'Main',0),(168,30,404,'Main',0),(168,30,405,'Main',0),(168,30,413,'Main',0),(168,30,414,'Main',0),(168,30,415,'Main',0),(168,30,416,'Main',0),(102,7,80,'Label',0),(163,4,317,'Label',0),(163,4,419,'Main',0),(163,5,317,'Label',0),(102,7,420,'Main',0),(100,7,76,'Label',0),(163,5,421,'Main',0),(100,7,422,'Main',0),(88,13,111,'Label',0),(88,13,423,'Main',13),(168,31,338,'Label',0),(168,31,396,'Main',31),(168,31,397,'Main',0),(168,31,370,'Main',0),(168,31,369,'Main',0),(168,31,376,'Main',0),(168,31,377,'Main',0),(168,31,366,'Main',0),(168,31,365,'Main',0),(168,31,378,'Main',0),(168,31,381,'Main',0),(168,31,379,'Main',0),(168,31,393,'Main',0),(168,31,382,'Main',0),(168,31,383,'Main',0),(168,31,404,'Main',0),(168,31,405,'Main',0),(168,31,413,'Main',0),(168,31,414,'Main',0),(168,31,415,'Main',0),(168,31,416,'Main',0),(168,31,418,'Main',0),(160,11,272,'Label',0),(160,11,426,'Main',13),(157,9,209,'Label',0),(106,7,90,'Label',0),(157,9,427,'Main',0),(106,7,428,'Main',0),(86,26,105,'Label',0),(86,26,106,'Main',0),(86,26,429,'Main',13),(94,7,62,'Label',0),(94,7,430,'Main',0),(88,14,111,'Label',0),(88,14,431,'Main',13),(86,27,105,'Label',0),(86,27,106,'Main',0),(86,27,432,'Main',13),(160,12,272,'Label',0),(160,12,433,'Main',13),(88,15,111,'Label',0),(88,16,111,'Label',0),(88,15,434,'Main',13),(88,17,111,'Label',0),(88,16,435,'Main',13),(88,18,111,'Label',0),(88,17,436,'Main',13),(88,18,437,'Main',13),(168,32,338,'Label',0),(168,32,396,'Main',31),(168,32,397,'Main',0),(168,32,370,'Main',0),(168,32,369,'Main',0),(168,32,376,'Main',0),(168,32,377,'Main',0),(168,32,366,'Main',0),(168,32,365,'Main',0),(168,32,378,'Main',0),(168,32,381,'Main',0),(168,32,379,'Main',0),(168,32,393,'Main',0),(168,32,382,'Main',0),(168,32,383,'Main',0),(168,32,404,'Main',0),(168,32,405,'Main',0),(168,32,413,'Main',0),(168,32,414,'Main',0),(168,32,415,'Main',0),(168,32,416,'Main',0),(168,32,418,'Main',0),(168,32,424,'Main',0),(168,32,425,'Main',0),(168,33,338,'Label',0),(168,33,396,'Main',31),(168,33,397,'Main',0),(168,33,370,'Main',0),(168,33,369,'Main',0),(168,33,376,'Main',0),(168,33,377,'Main',0),(168,33,366,'Main',0),(168,33,365,'Main',0),(168,33,378,'Main',0),(168,33,381,'Main',0),(168,33,379,'Main',0),(168,33,393,'Main',0),(168,33,382,'Main',0),(168,33,383,'Main',0),(168,33,404,'Main',0),(168,33,405,'Main',0),(168,33,413,'Main',0),(168,33,414,'Main',0),(168,33,415,'Main',0),(168,33,416,'Main',0),(168,33,418,'Main',0),(168,33,424,'Main',0),(168,33,425,'Main',0),(168,33,449,'Main',0),(82,6,96,'Label',0),(82,7,96,'Label',0),(82,6,452,'Main',0),(88,19,111,'Label',0),(82,7,453,'Main',0),(88,20,111,'Label',0),(88,19,454,'Main',13),(88,20,455,'Main',13),(86,28,105,'Label',0),(86,28,106,'Main',0),(86,29,105,'Label',0),(86,28,456,'Main',13),(86,29,106,'Main',0),(86,30,105,'Label',0),(86,29,457,'Main',13),(86,30,106,'Main',0),(86,31,105,'Label',0),(86,31,106,'Main',0),(86,32,105,'Label',0),(86,31,459,'Main',0),(86,32,106,'Main',0),(86,33,105,'Label',0),(86,32,460,'Main',0),(86,33,106,'Main',0),(86,34,105,'Label',0),(86,33,461,'Main',0),(86,34,106,'Main',0),(86,35,105,'Label',0),(86,34,462,'Main',0),(86,35,106,'Main',0),(86,36,105,'Label',0),(86,35,463,'Main',0),(86,36,106,'Main',0),(86,37,105,'Label',0),(86,36,464,'Main',0),(86,37,106,'Main',0),(86,38,105,'Label',0),(86,37,465,'Main',0),(86,38,106,'Main',0),(86,38,466,'Main',0),(88,21,470,'Main',13),(162,5,469,'Main',0),(88,21,111,'Label',0),(162,5,319,'Label',0),(168,34,396,'Main',31),(86,39,105,'Label',0),(86,39,106,'Main',0),(87,7,109,'Label',0),(86,39,471,'Main',0),(87,7,472,'Main',0),(86,40,105,'Label',0),(86,40,106,'Main',0),(86,40,473,'Main',0),(168,35,338,'Label',0),(168,35,396,'Main',31),(168,35,397,'Main',0),(168,35,370,'Main',0),(168,35,369,'Main',0),(168,35,376,'Main',0),(168,35,377,'Main',0),(168,35,366,'Main',0),(168,35,365,'Main',0),(168,35,378,'Main',0),(168,35,381,'Main',0),(168,35,379,'Main',0),(168,35,393,'Main',0),(168,35,382,'Main',0),(168,35,383,'Main',0),(168,35,404,'Main',0),(168,35,405,'Main',0),(168,35,413,'Main',0),(168,35,414,'Main',0),(168,35,415,'Main',0),(168,35,416,'Main',0),(168,35,418,'Main',0),(168,35,424,'Main',0),(168,35,425,'Main',0),(168,35,449,'Main',0),(168,35,450,'Main',0),(168,35,451,'Main',0),(168,35,468,'Main',0),(168,35,467,'Main',0),(168,36,338,'Label',0),(168,36,396,'Main',31),(168,36,397,'Main',0),(168,36,370,'Main',0),(168,36,369,'Main',0),(168,36,376,'Main',0),(168,36,377,'Main',0),(168,36,366,'Main',0),(168,36,365,'Main',0),(168,36,378,'Main',0),(168,36,381,'Main',0),(168,36,379,'Main',0),(168,36,393,'Main',0),(168,36,382,'Main',0),(168,36,383,'Main',0),(168,36,404,'Main',0),(168,36,405,'Main',0),(168,36,413,'Main',0),(168,36,414,'Main',0),(168,36,415,'Main',0),(168,36,416,'Main',0),(168,36,418,'Main',0),(168,36,424,'Main',0),(168,36,425,'Main',0),(168,36,449,'Main',0),(168,36,450,'Main',0),(168,36,451,'Main',0),(168,36,468,'Main',0),(168,36,467,'Main',0),(168,36,474,'Main',0),(168,36,475,'Main',0),(168,37,338,'Label',0),(168,37,396,'Main',31),(168,37,397,'Main',0),(168,37,370,'Main',0),(168,37,369,'Main',0),(168,37,376,'Main',0),(168,37,377,'Main',0),(168,37,366,'Main',0),(168,37,365,'Main',0),(168,37,378,'Main',0),(168,37,381,'Main',0),(168,37,379,'Main',0),(168,37,393,'Main',0),(168,37,382,'Main',0),(168,37,383,'Main',0),(168,37,404,'Main',0),(168,37,405,'Main',0),(168,37,413,'Main',0),(168,37,414,'Main',0),(168,37,415,'Main',0),(168,37,416,'Main',0),(168,37,418,'Main',0),(168,37,424,'Main',0),(168,37,425,'Main',0),(168,37,449,'Main',0),(168,37,450,'Main',0),(168,37,451,'Main',0),(168,37,468,'Main',0),(168,37,467,'Main',0),(168,37,474,'Main',0),(168,37,475,'Main',0),(168,37,476,'Main',0),(168,37,477,'Main',0),(168,37,478,'Main',0),(162,6,319,'Label',0),(162,6,480,'Main',0),(162,7,319,'Label',0),(162,7,481,'Main',0),(164,5,322,'Label',0),(164,5,482,'Main',0),(164,6,322,'Label',0),(81,7,82,'Label',0),(164,6,483,'Main',0),(81,8,82,'Label',0),(81,7,484,'Main',0),(81,9,82,'Label',0),(81,8,485,'Main',0),(174,4,487,'Label',0),(81,9,486,'Main',0),(88,22,111,'Label',0),(174,4,491,'Main',0),(88,22,492,'Main',13),(88,23,111,'Label',0),(88,23,493,'Main',13),(93,9,59,'Label',0),(74,12,43,'Label',0),(93,9,494,'Main',0),(74,13,43,'Label',0),(74,12,495,'Main',6),(74,14,43,'Label',0),(74,13,496,'Main',6),(74,14,497,'Main',6),(106,8,90,'Label',0),(106,8,498,'Main',0),(157,10,209,'Label',0),(173,4,489,'Label',0),(157,10,499,'Main',0),(174,5,487,'Label',0),(173,4,500,'Main',0),(174,5,501,'Main',0),(162,8,319,'Label',0),(162,9,319,'Label',0),(162,8,502,'Main',0),(162,10,319,'Label',0),(162,9,503,'Main',0),(100,8,76,'Label',0),(162,10,504,'Main',0),(100,8,505,'Main',0),(93,10,59,'Label',0),(93,10,506,'Main',0),(164,7,322,'Label',0),(164,8,322,'Label',0),(164,7,507,'Main',0),(164,9,322,'Label',0),(164,8,508,'Main',0),(164,10,322,'Label',0),(164,9,509,'Main',0),(164,11,322,'Label',0),(164,10,510,'Main',0),(164,12,322,'Label',0),(164,11,511,'Main',0),(164,12,512,'Main',0),(168,38,338,'Label',0),(168,38,396,'Main',31),(168,38,397,'Main',0),(168,38,370,'Main',0),(168,38,369,'Main',0),(168,38,376,'Main',0),(168,38,377,'Main',0),(168,38,366,'Main',0),(168,38,365,'Main',0),(168,38,378,'Main',0),(168,38,381,'Main',0),(168,38,379,'Main',0),(168,38,393,'Main',0),(168,38,382,'Main',0),(168,38,383,'Main',0),(168,38,404,'Main',0),(168,38,405,'Main',0),(168,38,413,'Main',0),(168,38,414,'Main',0),(168,38,415,'Main',0),(168,38,416,'Main',0),(168,38,418,'Main',0),(168,38,424,'Main',0),(168,38,425,'Main',0),(168,38,449,'Main',0),(168,38,450,'Main',0),(168,38,451,'Main',0),(168,38,468,'Main',0),(168,38,467,'Main',0),(168,38,474,'Main',0),(168,38,475,'Main',0),(168,38,476,'Main',0),(168,38,477,'Main',0),(168,38,478,'Main',0),(168,38,479,'Main',0),(97,7,68,'Label',0),(97,8,68,'Label',0),(97,7,521,'Main',0),(97,8,522,'Main',0),(88,24,111,'Label',0),(88,25,111,'Label',0),(88,24,523,'Main',13),(88,26,111,'Label',0),(88,25,524,'Main',13),(88,26,525,'Main',13),(86,41,105,'Label',0),(86,41,106,'Main',0),(86,42,105,'Label',0),(86,41,526,'Main',0),(86,42,106,'Main',0),(86,42,527,'Main',0),(95,7,64,'Label',0),(168,39,338,'Label',0),(95,7,528,'Main',0),(168,39,396,'Main',31),(168,39,397,'Main',0),(168,39,370,'Main',0),(168,39,369,'Main',0),(168,39,376,'Main',0),(168,39,377,'Main',0),(168,39,366,'Main',0),(168,39,365,'Main',0),(168,39,378,'Main',0),(168,39,381,'Main',0),(168,39,379,'Main',0),(168,39,393,'Main',0),(168,39,382,'Main',0),(168,39,383,'Main',0),(168,39,404,'Main',0),(168,39,405,'Main',0),(168,39,413,'Main',0),(168,39,414,'Main',0),(168,39,415,'Main',0),(168,39,416,'Main',0),(168,39,418,'Main',0),(168,39,424,'Main',0),(168,39,425,'Main',0),(168,39,449,'Main',0),(168,39,450,'Main',0),(168,39,451,'Main',0),(168,39,468,'Main',0),(168,39,467,'Main',0),(168,39,474,'Main',0),(168,39,475,'Main',0),(168,39,476,'Main',0),(168,39,477,'Main',0),(168,39,478,'Main',0),(168,39,479,'Main',0),(168,39,513,'Main',0),(168,39,514,'Main',0),(168,39,515,'Main',0),(168,39,516,'Main',0),(168,39,517,'Main',0),(168,39,518,'Main',0),(168,39,519,'Main',0),(168,39,520,'Main',0),(93,11,59,'Label',0),(95,8,64,'Label',0),(93,11,534,'Main',0),(79,11,72,'Label',0),(95,8,535,'Main',0),(175,3,537,'Main',0),(175,4,536,'Label',0),(79,11,538,'Main',0),(176,3,540,'Main',0),(80,7,74,'Label',0),(175,4,541,'Main',0),(80,8,74,'Label',0),(80,7,542,'Main',0),(80,9,74,'Label',0),(80,8,543,'Main',0),(80,10,74,'Label',0),(80,9,544,'Main',0),(175,5,536,'Label',0),(80,10,545,'Main',0),(176,4,539,'Label',0),(175,5,546,'Main',0),(86,43,105,'Label',0),(176,4,547,'Main',0),(86,43,106,'Main',0),(86,43,548,'Main',0),(86,44,105,'Label',0),(86,44,106,'Main',0),(86,45,105,'Label',0),(86,44,549,'Main',0),(86,45,106,'Main',0),(86,46,105,'Label',0),(86,45,550,'Main',0),(86,46,106,'Main',0),(86,47,105,'Label',0),(86,46,551,'Main',0),(86,47,106,'Main',0),(86,47,552,'Main',0),(168,40,338,'Label',0),(168,40,396,'Main',31),(168,40,397,'Main',0),(168,40,370,'Main',0),(168,40,369,'Main',0),(168,40,376,'Main',0),(168,40,377,'Main',0),(168,40,366,'Main',0),(168,40,365,'Main',0),(168,40,378,'Main',0),(168,40,381,'Main',0),(168,40,379,'Main',0),(168,40,393,'Main',0),(168,40,382,'Main',0),(168,40,383,'Main',0),(168,40,404,'Main',0),(168,40,405,'Main',0),(168,40,413,'Main',0),(168,40,414,'Main',0),(168,40,415,'Main',0),(168,40,416,'Main',0),(168,40,418,'Main',0),(168,40,424,'Main',0),(168,40,425,'Main',0),(168,40,449,'Main',0),(168,40,450,'Main',0),(168,40,451,'Main',0),(168,40,468,'Main',0),(168,40,467,'Main',0),(168,40,474,'Main',0),(168,40,475,'Main',0),(168,40,476,'Main',0),(168,40,477,'Main',0),(168,40,478,'Main',0),(168,40,479,'Main',0),(168,40,513,'Main',0),(168,40,514,'Main',0),(168,40,515,'Main',0),(168,40,516,'Main',0),(168,40,517,'Main',0),(168,40,518,'Main',0),(168,40,519,'Main',0),(168,40,520,'Main',0),(168,40,532,'Main',0),(168,40,533,'Main',0),(168,41,338,'Label',0),(168,41,396,'Main',31),(168,41,397,'Main',0),(168,41,370,'Main',0),(168,41,369,'Main',0),(168,41,376,'Main',0),(168,41,377,'Main',0),(168,41,366,'Main',0),(168,41,365,'Main',0),(168,41,378,'Main',0),(168,41,381,'Main',0),(168,41,379,'Main',0),(168,41,393,'Main',0),(168,41,382,'Main',0),(168,41,383,'Main',0),(168,41,404,'Main',0),(168,41,405,'Main',0),(168,41,413,'Main',0),(168,41,414,'Main',0),(168,41,415,'Main',0),(168,41,416,'Main',0),(168,41,418,'Main',0),(168,41,424,'Main',0),(168,41,425,'Main',0),(168,41,449,'Main',0),(168,41,450,'Main',0),(168,41,451,'Main',0),(168,41,468,'Main',0),(168,41,467,'Main',0),(168,41,474,'Main',0),(168,41,475,'Main',0),(168,41,476,'Main',0),(168,41,477,'Main',0),(168,41,478,'Main',0),(168,41,479,'Main',0),(168,41,513,'Main',0),(168,41,514,'Main',0),(168,41,515,'Main',0),(168,41,516,'Main',0),(168,41,517,'Main',0),(168,41,518,'Main',0),(168,41,519,'Main',0),(168,41,520,'Main',0),(168,41,532,'Main',0),(168,41,533,'Main',0),(168,41,556,'Main',0),(168,41,559,'Main',0),(168,41,561,'Main',0),(168,41,562,'Main',0),(168,41,563,'Main',0),(86,48,105,'Label',0),(86,48,106,'Main',0),(88,27,111,'Label',0),(86,48,565,'Main',0),(88,27,566,'Main',13),(86,49,105,'Label',0),(86,49,106,'Main',0),(93,12,59,'Label',0),(86,49,567,'Main',0),(93,13,59,'Label',0),(93,12,568,'Main',0),(93,13,569,'Main',0),(177,1,116,'Product',0),(178,1,116,'Product',0),(177,2,570,'Product',0),(178,2,116,'Product',0),(178,3,571,'Product',0),(175,6,536,'Label',0),(175,6,572,'Main',0),(88,28,111,'Label',0),(88,29,111,'Label',0),(88,28,573,'Main',13),(88,30,111,'Label',0),(88,29,574,'Main',13),(88,30,575,'Main',13),(168,42,338,'Label',0),(168,42,396,'Main',31),(168,42,397,'Main',0),(168,42,370,'Main',0),(168,42,369,'Main',0),(168,42,376,'Main',0),(168,42,377,'Main',0),(168,42,366,'Main',0),(168,42,365,'Main',0),(168,42,378,'Main',0),(168,42,381,'Main',0),(168,42,379,'Main',0),(168,42,393,'Main',0),(168,42,382,'Main',0),(168,42,383,'Main',0),(168,42,404,'Main',0),(168,42,405,'Main',0),(168,42,413,'Main',0),(168,42,414,'Main',0),(168,42,415,'Main',0),(168,42,416,'Main',0),(168,42,418,'Main',0),(168,42,424,'Main',0),(168,42,425,'Main',0),(168,42,449,'Main',0),(168,42,450,'Main',0),(168,42,451,'Main',0),(168,42,468,'Main',0),(168,42,467,'Main',0),(168,42,474,'Main',0),(168,42,475,'Main',0),(168,42,476,'Main',0),(168,42,477,'Main',0),(168,42,478,'Main',0),(168,42,479,'Main',0),(168,42,513,'Main',0),(168,42,514,'Main',0),(168,42,515,'Main',0),(168,42,516,'Main',0),(168,42,517,'Main',0),(168,42,518,'Main',0),(168,42,519,'Main',0),(168,42,520,'Main',0),(168,42,532,'Main',0),(168,42,533,'Main',0),(168,42,556,'Main',0),(168,42,559,'Main',0),(168,42,561,'Main',0),(168,42,562,'Main',0),(168,42,563,'Main',0),(168,42,564,'Main',0),(88,31,111,'Label',0),(88,31,580,'Main',13),(88,32,111,'Label',0),(88,32,581,'Main',13),(174,6,487,'Label',0),(106,9,90,'Label',0),(174,6,582,'Main',0),(88,33,111,'Label',0),(106,9,583,'Main',0),(86,50,105,'Label',0),(88,33,584,'Main',13),(86,50,106,'Main',0),(163,6,317,'Label',0),(86,50,585,'Main',0),(163,6,586,'Main',0),(174,7,487,'Label',0),(174,7,587,'Main',0),(88,34,111,'Label',0),(88,34,588,'Main',13),(173,5,489,'Label',0),(173,5,589,'Main',0),(164,13,322,'Label',0),(164,13,590,'Main',0),(173,6,601,'Main',0),(173,6,489,'Label',0),(103,7,599,'Main',0),(103,7,84,'Label',0),(168,43,396,'Main',31),(173,7,489,'Label',0),(164,14,322,'Label',0),(173,7,602,'Main',0),(162,11,319,'Label',0),(164,14,603,'Main',0),(106,10,90,'Label',0),(162,11,604,'Main',0),(107,7,92,'Label',0),(106,10,605,'Main',0),(108,8,94,'Label',0),(107,7,606,'Main',0),(160,13,272,'Label',0),(108,8,607,'Main',0),(98,7,70,'Label',0),(160,13,608,'Main',13),(163,7,317,'Label',0),(98,7,609,'Main',0),(163,8,317,'Label',0),(163,7,610,'Main',0),(160,14,272,'Label',0),(163,8,611,'Main',0),(160,14,612,'Main',13),(86,51,105,'Label',0),(86,51,106,'Main',0),(86,52,105,'Label',0),(86,51,613,'Main',0),(86,52,106,'Main',0),(86,52,614,'Main',0),(175,7,536,'Label',0),(175,7,615,'Main',0),(86,53,105,'Label',0),(86,53,106,'Main',0),(86,53,616,'Main',0),(174,8,487,'Label',0),(174,8,617,'Main',0),(86,54,105,'Label',0),(86,54,106,'Main',0),(86,55,105,'Label',0),(86,54,618,'Main',0),(86,55,106,'Main',0),(86,55,619,'Main',0),(87,8,109,'Label',0),(87,8,620,'Main',0),(174,9,487,'Label',0),(174,9,621,'Main',0),(173,8,489,'Label',0),(173,8,622,'Main',0),(173,9,489,'Label',0),(168,44,338,'Label',0),(173,9,623,'Main',0),(168,44,396,'Main',31),(168,44,397,'Main',0),(168,44,370,'Main',0),(168,44,369,'Main',0),(168,44,376,'Main',0),(168,44,377,'Main',0),(168,44,366,'Main',0),(168,44,365,'Main',0),(168,44,378,'Main',0),(168,44,381,'Main',0),(168,44,379,'Main',0),(168,44,393,'Main',0),(168,44,382,'Main',0),(168,44,383,'Main',0),(168,44,404,'Main',0),(168,44,405,'Main',0),(168,44,413,'Main',0),(168,44,414,'Main',0),(168,44,415,'Main',0),(168,44,416,'Main',0),(168,44,418,'Main',0),(168,44,424,'Main',0),(168,44,425,'Main',0),(168,44,449,'Main',0),(168,44,450,'Main',0),(168,44,451,'Main',0),(168,44,468,'Main',0),(168,44,467,'Main',0),(168,44,474,'Main',0),(168,44,475,'Main',0),(168,44,476,'Main',0),(168,44,477,'Main',0),(168,44,478,'Main',0),(168,44,479,'Main',0),(168,44,513,'Main',0),(168,44,514,'Main',0),(168,44,515,'Main',0),(168,44,516,'Main',0),(168,44,517,'Main',0),(168,44,518,'Main',0),(168,44,519,'Main',0),(168,44,520,'Main',0),(168,44,532,'Main',0),(168,44,533,'Main',0),(168,44,556,'Main',0),(168,44,559,'Main',0),(168,44,561,'Main',0),(168,44,562,'Main',0),(168,44,563,'Main',0),(168,44,564,'Main',0),(168,44,579,'Main',0),(168,44,598,'Main',0),(168,44,594,'Main',0),(168,45,338,'Label',0),(168,45,396,'Main',31),(168,45,397,'Main',0),(168,45,370,'Main',0),(168,45,369,'Main',0),(168,45,376,'Main',0),(168,45,377,'Main',0),(168,45,366,'Main',0),(168,45,365,'Main',0),(168,45,378,'Main',0),(168,45,381,'Main',0),(168,45,379,'Main',0),(168,45,393,'Main',0),(168,45,382,'Main',0),(168,45,383,'Main',0),(168,45,404,'Main',0),(168,45,405,'Main',0),(168,45,413,'Main',0),(168,45,414,'Main',0),(168,45,415,'Main',0),(168,45,416,'Main',0),(168,45,418,'Main',0),(168,45,424,'Main',0),(168,45,425,'Main',0),(168,45,449,'Main',0),(168,45,450,'Main',0),(168,45,451,'Main',0),(168,45,468,'Main',0),(168,45,467,'Main',0),(168,45,474,'Main',0),(168,45,475,'Main',0),(168,45,476,'Main',0),(168,45,477,'Main',0),(168,45,478,'Main',0),(168,45,479,'Main',0),(168,45,513,'Main',0),(168,45,514,'Main',0),(168,45,515,'Main',0),(168,45,516,'Main',0),(168,45,517,'Main',0),(168,45,518,'Main',0),(168,45,519,'Main',0),(168,45,520,'Main',0),(168,45,532,'Main',0),(168,45,533,'Main',0),(168,45,556,'Main',0),(168,45,559,'Main',0),(168,45,561,'Main',0),(168,45,562,'Main',0),(168,45,563,'Main',0),(168,45,564,'Main',0),(168,45,579,'Main',0),(168,45,598,'Main',0),(168,45,594,'Main',0),(168,45,624,'Main',0),(80,11,74,'Label',0),(179,4,627,'Label',0),(179,4,628,'Main',0),(81,10,82,'Label',0),(80,11,629,'Main',0),(79,12,72,'Label',0),(81,10,632,'Main',0),(86,56,105,'Label',0),(79,12,635,'Main',0),(86,56,106,'Main',0),(164,15,322,'Label',0),(86,56,636,'Main',0),(164,15,637,'Main',0),(87,9,109,'Label',0),(87,9,638,'Main',0),(86,57,105,'Label',0),(86,57,106,'Main',0),(173,10,489,'Label',0),(86,57,639,'Main',0),(164,16,322,'Label',0),(173,10,640,'Main',0),(87,10,109,'Label',0),(164,16,641,'Main',0),(175,8,536,'Label',0),(87,10,642,'Main',0),(175,8,643,'Main',0),(86,58,105,'Label',0),(86,58,106,'Main',0),(86,58,644,'Main',0),(106,11,90,'Label',0),(176,5,539,'Label',0),(106,11,645,'Main',0),(176,5,646,'Main',0),(85,5,103,'Label',0),(84,6,101,'Label',0),(85,5,647,'Main',0),(84,6,648,'Main',0),(168,46,338,'Label',0),(168,46,396,'Main',31),(168,46,397,'Main',0),(168,46,370,'Main',0),(168,46,369,'Main',0),(168,46,376,'Main',0),(168,46,377,'Main',0),(168,46,366,'Main',0),(168,46,365,'Main',0),(168,46,378,'Main',0),(168,46,381,'Main',0),(168,46,379,'Main',0),(168,46,393,'Main',0),(168,46,382,'Main',0),(168,46,383,'Main',0),(168,46,404,'Main',0),(168,46,405,'Main',0),(168,46,413,'Main',0),(168,46,414,'Main',0),(168,46,415,'Main',0),(168,46,416,'Main',0),(168,46,418,'Main',0),(168,46,424,'Main',0),(168,46,425,'Main',0),(168,46,449,'Main',0),(168,46,450,'Main',0),(168,46,451,'Main',0),(168,46,468,'Main',0),(168,46,467,'Main',0),(168,46,474,'Main',0),(168,46,475,'Main',0),(168,46,476,'Main',0),(168,46,477,'Main',0),(168,46,478,'Main',0),(168,46,479,'Main',0),(168,46,513,'Main',0),(168,46,514,'Main',0),(168,46,515,'Main',0),(168,46,516,'Main',0),(168,46,517,'Main',0),(168,46,518,'Main',0),(168,46,519,'Main',0),(168,46,520,'Main',0),(168,46,532,'Main',0),(168,46,533,'Main',0),(168,46,556,'Main',0),(168,46,559,'Main',0),(168,46,561,'Main',0),(168,46,562,'Main',0),(168,46,563,'Main',0),(168,46,564,'Main',0),(168,46,579,'Main',0),(168,46,598,'Main',0),(168,46,594,'Main',0),(168,46,624,'Main',0),(168,46,625,'Main',0),(168,47,338,'Label',0),(168,47,396,'Main',31),(168,47,397,'Main',0),(168,47,370,'Main',0),(168,47,369,'Main',0),(168,47,376,'Main',0),(168,47,377,'Main',0),(168,47,366,'Main',0),(168,47,365,'Main',0),(168,47,378,'Main',0),(168,47,381,'Main',0),(168,47,379,'Main',0),(168,47,393,'Main',0),(168,47,382,'Main',0),(168,47,383,'Main',0),(168,47,404,'Main',0),(168,47,405,'Main',0),(168,47,413,'Main',0),(168,47,414,'Main',0),(168,47,415,'Main',0),(168,47,416,'Main',0),(168,47,418,'Main',0),(168,47,424,'Main',0),(168,47,425,'Main',0),(168,47,449,'Main',0),(168,47,450,'Main',0),(168,47,451,'Main',0),(168,47,468,'Main',0),(168,47,467,'Main',0),(168,47,474,'Main',0),(168,47,475,'Main',0),(168,47,476,'Main',0),(168,47,477,'Main',0),(168,47,478,'Main',0),(168,47,479,'Main',0),(168,47,513,'Main',0),(168,47,514,'Main',0),(168,47,515,'Main',0),(168,47,516,'Main',0),(168,47,517,'Main',0),(168,47,518,'Main',0),(168,47,519,'Main',0),(168,47,520,'Main',0),(168,47,532,'Main',0),(168,47,533,'Main',0),(168,47,556,'Main',0),(168,47,559,'Main',0),(168,47,561,'Main',0),(168,47,562,'Main',0),(168,47,563,'Main',0),(168,47,564,'Main',0),(168,47,579,'Main',0),(168,47,598,'Main',0),(168,47,594,'Main',0),(168,47,624,'Main',0),(168,47,625,'Main',0),(168,47,649,'Main',0),(168,47,650,'Main',0),(160,15,272,'Label',0),(160,15,656,'Main',13),(86,59,105,'Label',0),(86,59,106,'Main',0),(86,60,105,'Label',0),(86,59,657,'Main',0),(86,60,106,'Main',0),(160,16,272,'Label',0),(86,60,658,'Main',0),(160,16,659,'Main',13),(176,6,539,'Label',0),(88,35,111,'Label',0),(176,6,660,'Main',0),(181,4,634,'Label',0),(181,4,661,'Main',0),(86,61,105,'Label',0),(88,35,662,'Main',13),(86,61,106,'Main',0),(86,61,663,'Main',0),(176,7,539,'Label',0),(176,7,664,'Main',0),(174,10,487,'Label',0),(174,10,665,'Main',0),(181,5,634,'Label',0),(181,6,634,'Label',0),(181,5,666,'Main',0),(181,7,634,'Label',0),(181,6,667,'Main',0),(181,7,668,'Main',0),(175,9,536,'Label',0),(175,9,669,'Main',0),(86,62,105,'Label',0),(86,62,106,'Main',0),(181,8,634,'Label',0),(86,62,670,'Main',0),(181,8,671,'Main',0),(181,9,634,'Label',0),(181,9,672,'Main',0),(83,8,98,'Label',0),(175,10,536,'Label',0),(83,8,261,'Main',13),(83,8,673,'Main',0),(175,10,674,'Main',0),(1,14,13,'Label',0),(1,14,14,'Main',0),(76,6,53,'Label',0),(1,14,675,'Small_Block',0),(76,6,676,'Main',0),(82,8,96,'Label',0),(82,8,677,'Main',0),(175,11,536,'Label',0),(175,12,536,'Label',0),(175,11,678,'Main',0),(162,12,319,'Label',0),(175,12,679,'Main',0),(162,12,680,'Main',0),(93,14,59,'Label',0),(93,15,59,'Label',0),(93,14,681,'Main',0),(93,15,682,'Main',0),(163,10,317,'Label',0),(163,10,611,'Main',0),(176,8,539,'Label',0),(175,13,536,'Label',0),(176,8,684,'Main',0),(175,14,536,'Label',0),(175,13,685,'Main',0),(175,14,686,'Main',0),(176,9,539,'Label',0),(176,10,539,'Label',0),(176,9,687,'Main',0),(176,11,539,'Label',0),(176,10,688,'Main',0),(176,12,539,'Label',0),(176,11,689,'Main',0),(176,13,539,'Label',0),(176,12,690,'Main',0),(176,13,691,'Main',0),(176,14,539,'Label',0),(176,15,539,'Label',0),(176,14,692,'Main',0),(176,15,693,'Main',0),(83,9,98,'Label',0),(83,9,261,'Main',13),(83,9,694,'Main',0),(88,36,111,'Label',0),(83,10,261,'Main',13),(88,36,695,'Main',13),(83,10,697,'Main',0),(83,10,98,'Label',0),(181,10,634,'Label',0),(181,10,698,'Main',0),(168,48,338,'Label',0),(168,48,396,'Main',31),(168,48,397,'Main',0),(168,48,370,'Main',0),(168,48,369,'Main',0),(168,48,376,'Main',0),(168,48,377,'Main',0),(168,48,366,'Main',0),(168,48,365,'Main',0),(168,48,378,'Main',0),(168,48,381,'Main',0),(168,48,379,'Main',0),(168,48,393,'Main',0),(168,48,382,'Main',0),(168,48,383,'Main',0),(168,48,404,'Main',0),(168,48,405,'Main',0),(168,48,413,'Main',0),(168,48,414,'Main',0),(168,48,415,'Main',0),(168,48,416,'Main',0),(168,48,418,'Main',0),(168,48,424,'Main',0),(168,48,425,'Main',0),(168,48,449,'Main',0),(168,48,450,'Main',0),(168,48,451,'Main',0),(168,48,468,'Main',0),(168,48,467,'Main',0),(168,48,474,'Main',0),(168,48,475,'Main',0),(168,48,476,'Main',0),(168,48,477,'Main',0),(168,48,478,'Main',0),(168,48,479,'Main',0),(168,48,513,'Main',0),(168,48,514,'Main',0),(168,48,515,'Main',0),(168,48,516,'Main',0),(168,48,517,'Main',0),(168,48,518,'Main',0),(168,48,519,'Main',0),(168,48,520,'Main',0),(168,48,532,'Main',0),(168,48,533,'Main',0),(168,48,556,'Main',0),(168,48,559,'Main',0),(168,48,561,'Main',0),(168,48,562,'Main',0),(168,48,563,'Main',0),(168,48,564,'Main',0),(168,48,579,'Main',0),(168,48,598,'Main',0),(168,48,594,'Main',0),(168,48,624,'Main',0),(168,48,625,'Main',0),(168,48,649,'Main',0),(168,48,650,'Main',0),(168,48,655,'Main',0),(86,63,105,'Label',0),(86,63,106,'Main',0),(86,64,105,'Label',0),(86,63,703,'Main',0),(86,64,106,'Main',0),(86,64,704,'Main',0),(83,11,98,'Label',0),(83,11,261,'Main',13),(83,11,705,'Main',0),(88,37,111,'Label',0),(168,49,338,'Label',0),(88,37,706,'Main',13),(168,49,396,'Main',31),(168,49,397,'Main',0),(168,49,370,'Main',0),(168,49,369,'Main',0),(168,49,376,'Main',0),(168,49,377,'Main',0),(168,49,366,'Main',0),(168,49,365,'Main',0),(168,49,378,'Main',0),(168,49,381,'Main',0),(168,49,379,'Main',0),(168,49,393,'Main',0),(168,49,382,'Main',0),(168,49,383,'Main',0),(168,49,404,'Main',0),(168,49,405,'Main',0),(168,49,413,'Main',0),(168,49,414,'Main',0),(168,49,415,'Main',0),(168,49,416,'Main',0),(168,49,418,'Main',0),(168,49,424,'Main',0),(168,49,425,'Main',0),(168,49,449,'Main',0),(168,49,450,'Main',0),(168,49,451,'Main',0),(168,49,468,'Main',0),(168,49,467,'Main',0),(168,49,474,'Main',0),(168,49,475,'Main',0),(168,49,476,'Main',0),(168,49,477,'Main',0),(168,49,478,'Main',0),(168,49,479,'Main',0),(168,49,513,'Main',0),(168,49,514,'Main',0),(168,49,515,'Main',0),(168,49,516,'Main',0),(168,49,517,'Main',0),(168,49,518,'Main',0),(168,49,519,'Main',0),(168,49,520,'Main',0),(168,49,532,'Main',0),(168,49,533,'Main',0),(168,49,556,'Main',0),(168,49,559,'Main',0),(168,49,561,'Main',0),(168,49,562,'Main',0),(168,49,563,'Main',0),(168,49,564,'Main',0),(168,49,579,'Main',0),(168,49,598,'Main',0),(168,49,594,'Main',0),(168,49,624,'Main',0),(168,49,625,'Main',0),(168,49,649,'Main',0),(168,49,650,'Main',0),(168,49,655,'Main',0),(168,49,702,'Main',0),(87,11,109,'Label',0),(87,12,109,'Label',0),(87,11,710,'Main',0),(87,13,109,'Label',0),(87,12,711,'Main',0),(87,13,712,'Main',0),(93,16,59,'Label',0),(96,7,66,'Label',0),(93,16,713,'Main',0),(181,11,634,'Label',0),(96,7,714,'Main',0),(176,16,539,'Label',0),(181,11,715,'Main',0),(100,9,76,'Label',0),(176,16,716,'Main',0),(104,7,86,'Label',0),(100,9,717,'Main',0),(104,7,718,'Main',0),(168,50,338,'Label',0),(168,50,396,'Main',31),(168,50,397,'Main',0),(168,50,370,'Main',0),(168,50,369,'Main',0),(168,50,376,'Main',0),(168,50,377,'Main',0),(168,50,366,'Main',0),(168,50,365,'Main',0),(168,50,378,'Main',0),(168,50,381,'Main',0),(168,50,379,'Main',0),(168,50,393,'Main',0),(168,50,382,'Main',0),(168,50,383,'Main',0),(168,50,404,'Main',0),(168,50,405,'Main',0),(168,50,413,'Main',0),(168,50,414,'Main',0),(168,50,415,'Main',0),(168,50,416,'Main',0),(168,50,418,'Main',0),(168,50,424,'Main',0),(168,50,425,'Main',0),(168,50,449,'Main',0),(168,50,450,'Main',0),(168,50,451,'Main',0),(168,50,468,'Main',0),(168,50,467,'Main',0),(168,50,474,'Main',0),(168,50,475,'Main',0),(168,50,476,'Main',0),(168,50,477,'Main',0),(168,50,478,'Main',0),(168,50,479,'Main',0),(168,50,513,'Main',0),(168,50,514,'Main',0),(168,50,515,'Main',0),(168,50,516,'Main',0),(168,50,517,'Main',0),(168,50,518,'Main',0),(168,50,519,'Main',0),(168,50,520,'Main',0),(168,50,532,'Main',0),(168,50,533,'Main',0),(168,50,556,'Main',0),(168,50,559,'Main',0),(168,50,561,'Main',0),(168,50,562,'Main',0),(168,50,563,'Main',0),(168,50,564,'Main',0),(168,50,579,'Main',0),(168,50,598,'Main',0),(168,50,594,'Main',0),(168,50,624,'Main',0),(168,50,625,'Main',0),(168,50,649,'Main',0),(168,50,650,'Main',0),(168,50,655,'Main',0),(168,50,702,'Main',0),(168,50,709,'Main',0),(175,15,536,'Label',0),(175,15,720,'Main',0),(168,51,396,'Main',31),(86,65,105,'Label',0),(86,65,106,'Main',0),(86,65,722,'Main',0),(86,66,105,'Label',0),(86,66,106,'Main',0),(86,67,105,'Label',0),(86,66,723,'Main',0),(86,67,106,'Main',0),(86,67,724,'Main',0),(168,52,338,'Label',0),(168,52,396,'Main',31),(168,52,397,'Main',0),(168,52,370,'Main',0),(168,52,369,'Main',0),(168,52,376,'Main',0),(168,52,377,'Main',0),(168,52,366,'Main',0),(168,52,365,'Main',0),(168,52,378,'Main',0),(168,52,381,'Main',0),(168,52,379,'Main',0),(168,52,393,'Main',0),(168,52,382,'Main',0),(168,52,383,'Main',0),(168,52,404,'Main',0),(168,52,405,'Main',0),(168,52,413,'Main',0),(168,52,414,'Main',0),(168,52,415,'Main',0),(168,52,416,'Main',0),(168,52,418,'Main',0),(168,52,424,'Main',0),(168,52,425,'Main',0),(168,52,449,'Main',0),(168,52,450,'Main',0),(168,52,451,'Main',0),(168,52,468,'Main',0),(168,52,467,'Main',0),(168,52,474,'Main',0),(168,52,475,'Main',0),(168,52,476,'Main',0),(168,52,477,'Main',0),(168,52,478,'Main',0),(168,52,479,'Main',0),(168,52,513,'Main',0),(168,52,514,'Main',0),(168,52,515,'Main',0),(168,52,516,'Main',0),(168,52,517,'Main',0),(168,52,518,'Main',0),(168,52,519,'Main',0),(168,52,520,'Main',0),(168,52,532,'Main',0),(168,52,533,'Main',0),(168,52,556,'Main',0),(168,52,559,'Main',0),(168,52,561,'Main',0),(168,52,562,'Main',0),(168,52,563,'Main',0),(168,52,564,'Main',0),(168,52,579,'Main',0),(168,52,598,'Main',0),(168,52,594,'Main',0),(168,52,624,'Main',0),(168,52,625,'Main',0),(168,52,649,'Main',0),(168,52,650,'Main',0),(168,52,655,'Main',0),(168,52,702,'Main',0),(168,52,709,'Main',0),(168,52,719,'Main',0),(168,52,721,'Main',0),(181,12,634,'Label',0),(181,12,727,'Main',0),(86,68,105,'Label',0),(86,68,106,'Main',0),(182,5,730,'Label',0),(86,68,728,'Main',0),(182,4,730,'Label',0),(183,3,733,'Main',0),(182,6,730,'Label',0),(182,5,734,'Main',0),(168,53,338,'Label',0),(182,6,735,'Main',13),(168,53,396,'Main',31),(168,53,397,'Main',0),(168,53,370,'Main',0),(168,53,369,'Main',0),(168,53,376,'Main',0),(168,53,377,'Main',0),(168,53,366,'Main',0),(168,53,365,'Main',0),(168,53,378,'Main',0),(168,53,381,'Main',0),(168,53,379,'Main',0),(168,53,393,'Main',0),(168,53,382,'Main',0),(168,53,383,'Main',0),(168,53,404,'Main',0),(168,53,405,'Main',0),(168,53,413,'Main',0),(168,53,414,'Main',0),(168,53,415,'Main',0),(168,53,416,'Main',0),(168,53,418,'Main',0),(168,53,424,'Main',0),(168,53,425,'Main',0),(168,53,449,'Main',0),(168,53,450,'Main',0),(168,53,451,'Main',0),(168,53,468,'Main',0),(168,53,467,'Main',0),(168,53,474,'Main',0),(168,53,475,'Main',0),(168,53,476,'Main',0),(168,53,477,'Main',0),(168,53,478,'Main',0),(168,53,479,'Main',0),(168,53,513,'Main',0),(168,53,514,'Main',0),(168,53,515,'Main',0),(168,53,516,'Main',0),(168,53,517,'Main',0),(168,53,518,'Main',0),(168,53,519,'Main',0),(168,53,520,'Main',0),(168,53,532,'Main',0),(168,53,533,'Main',0),(168,53,556,'Main',0),(168,53,559,'Main',0),(168,53,561,'Main',0),(168,53,562,'Main',0),(168,53,563,'Main',0),(168,53,564,'Main',0),(168,53,579,'Main',0),(168,53,598,'Main',0),(168,53,594,'Main',0),(168,53,624,'Main',0),(168,53,625,'Main',0),(168,53,649,'Main',0),(168,53,650,'Main',0),(168,53,655,'Main',0),(168,53,702,'Main',0),(168,53,709,'Main',0),(168,53,719,'Main',0),(168,53,721,'Main',0),(168,53,725,'Main',0),(168,53,726,'Main',0),(168,54,338,'Label',0),(168,54,396,'Main',31),(168,54,397,'Main',0),(168,54,370,'Main',0),(168,54,369,'Main',0),(168,54,376,'Main',0),(168,54,377,'Main',0),(168,54,366,'Main',0),(168,54,365,'Main',0),(168,54,378,'Main',0),(168,54,381,'Main',0),(168,54,379,'Main',0),(168,54,393,'Main',0),(168,54,382,'Main',0),(168,54,383,'Main',0),(168,54,404,'Main',0),(168,54,405,'Main',0),(168,54,413,'Main',0),(168,54,414,'Main',0),(168,54,415,'Main',0),(168,54,416,'Main',0),(168,54,418,'Main',0),(168,54,424,'Main',0),(168,54,425,'Main',0),(168,54,449,'Main',0),(168,54,450,'Main',0),(168,54,451,'Main',0),(168,54,468,'Main',0),(168,54,467,'Main',0),(168,54,474,'Main',0),(168,54,475,'Main',0),(168,54,476,'Main',0),(168,54,477,'Main',0),(168,54,478,'Main',0),(168,54,479,'Main',0),(168,54,513,'Main',0),(168,54,514,'Main',0),(168,54,515,'Main',0),(168,54,516,'Main',0),(168,54,517,'Main',0),(168,54,518,'Main',0),(168,54,519,'Main',0),(168,54,520,'Main',0),(168,54,532,'Main',0),(168,54,533,'Main',0),(168,54,556,'Main',0),(168,54,559,'Main',0),(168,54,561,'Main',0),(168,54,562,'Main',0),(168,54,563,'Main',0),(168,54,564,'Main',0),(168,54,579,'Main',0),(168,54,598,'Main',0),(168,54,594,'Main',0),(168,54,624,'Main',0),(168,54,625,'Main',0),(168,54,649,'Main',0),(168,54,650,'Main',0),(168,54,655,'Main',0),(168,54,702,'Main',0),(168,54,709,'Main',0),(168,54,719,'Main',0),(168,54,721,'Main',0),(168,54,725,'Main',0),(168,54,726,'Main',0),(168,54,737,'Main',0),(175,16,536,'Label',0),(181,13,634,'Label',0),(175,16,739,'Main',0),(181,13,740,'Main',0),(168,55,338,'Label',0),(168,55,396,'Main',31),(168,55,397,'Main',0),(168,55,370,'Main',0),(168,55,369,'Main',0),(168,55,376,'Main',0),(168,55,377,'Main',0),(168,55,366,'Main',0),(168,55,365,'Main',0),(168,55,378,'Main',0),(168,55,381,'Main',0),(168,55,379,'Main',0),(168,55,393,'Main',0),(168,55,382,'Main',0),(168,55,383,'Main',0),(168,55,404,'Main',0),(168,55,405,'Main',0),(168,55,413,'Main',0),(168,55,414,'Main',0),(168,55,415,'Main',0),(168,55,416,'Main',0),(168,55,418,'Main',0),(168,55,424,'Main',0),(168,55,425,'Main',0),(168,55,449,'Main',0),(168,55,450,'Main',0),(168,55,451,'Main',0),(168,55,468,'Main',0),(168,55,467,'Main',0),(168,55,474,'Main',0),(168,55,475,'Main',0),(168,55,476,'Main',0),(168,55,477,'Main',0),(168,55,478,'Main',0),(168,55,479,'Main',0),(168,55,513,'Main',0),(168,55,514,'Main',0),(168,55,515,'Main',0),(168,55,516,'Main',0),(168,55,517,'Main',0),(168,55,518,'Main',0),(168,55,519,'Main',0),(168,55,520,'Main',0),(168,55,532,'Main',0),(168,55,533,'Main',0),(168,55,556,'Main',0),(168,55,559,'Main',0),(168,55,561,'Main',0),(168,55,562,'Main',0),(168,55,563,'Main',0),(168,55,564,'Main',0),(168,55,579,'Main',0),(168,55,598,'Main',0),(168,55,594,'Main',0),(168,55,624,'Main',0),(168,55,625,'Main',0),(168,55,649,'Main',0),(168,55,650,'Main',0),(168,55,655,'Main',0),(168,55,702,'Main',0),(168,55,709,'Main',0),(168,55,719,'Main',0),(168,55,721,'Main',0),(168,55,725,'Main',0),(168,55,726,'Main',0),(168,55,737,'Main',0),(168,55,738,'Main',0),(175,17,536,'Label',0),(175,17,742,'Main',0),(86,69,105,'Label',0),(86,69,106,'Main',0),(87,14,109,'Label',0),(86,69,743,'Main',0),(87,14,744,'Main',0),(175,18,536,'Label',0),(181,14,634,'Label',0),(175,18,745,'Main',0),(181,14,746,'Main',0),(164,17,322,'Label',0),(96,8,66,'Label',0),(164,17,747,'Main',0),(160,17,272,'Label',0),(96,8,748,'Main',0),(160,18,272,'Label',0),(160,17,749,'Main',13),(101,7,78,'Label',0),(160,18,750,'Main',13),(160,19,272,'Label',0),(101,7,751,'Main',0),(164,18,322,'Label',0),(160,19,752,'Main',13),(86,70,105,'Label',0),(164,18,753,'Main',0),(86,70,106,'Main',0),(86,70,754,'Main',0),(106,12,90,'Label',0),(106,13,90,'Label',0),(106,12,755,'Main',0),(106,13,756,'Main',0),(88,38,111,'Label',0),(88,38,757,'Main',13),(88,39,111,'Label',0),(183,4,732,'Label',0),(88,39,758,'Main',13),(183,4,759,'Main',0),(86,71,105,'Label',0),(86,71,106,'Main',0),(88,40,111,'Label',0),(86,71,760,'Main',0),(88,40,761,'Main',13),(71,13,31,'Label',0),(71,13,762,'Main',0),(106,14,90,'Label',0),(106,14,763,'Main',0),(183,5,732,'Label',0),(183,5,765,'Main',0),(1,15,13,'Label',0),(1,15,14,'Main',0),(93,17,59,'Label',0),(1,15,766,'Small_Block',0),(95,9,64,'Label',0),(93,17,767,'Main',0),(96,9,66,'Label',0),(95,9,768,'Main',0),(93,18,59,'Label',0),(96,9,769,'Main',0),(93,18,770,'Main',0),(168,56,338,'Label',0),(168,56,396,'Main',31),(168,56,397,'Main',0),(168,56,369,'Main',0),(168,56,376,'Main',0),(168,56,377,'Main',0),(168,56,366,'Main',0),(168,56,365,'Main',0),(168,56,378,'Main',0),(168,56,381,'Main',0),(168,56,379,'Main',0),(168,56,393,'Main',0),(168,56,382,'Main',0),(168,56,383,'Main',0),(168,56,404,'Main',0),(168,56,405,'Main',0),(168,56,413,'Main',0),(168,56,414,'Main',0),(168,56,415,'Main',0),(168,56,416,'Main',0),(168,56,418,'Main',0),(168,56,424,'Main',0),(168,56,425,'Main',0),(168,56,449,'Main',0),(168,56,450,'Main',0),(168,56,451,'Main',0),(168,56,468,'Main',0),(168,56,467,'Main',0),(168,56,474,'Main',0),(168,56,475,'Main',0),(168,56,476,'Main',0),(168,56,477,'Main',0),(168,56,478,'Main',0),(168,56,479,'Main',0),(168,56,513,'Main',0),(168,56,514,'Main',0),(168,56,515,'Main',0),(168,56,516,'Main',0),(168,56,517,'Main',0),(168,56,518,'Main',0),(168,56,519,'Main',0),(168,56,520,'Main',0),(168,56,532,'Main',0),(168,56,533,'Main',0),(168,56,556,'Main',0),(168,56,559,'Main',0),(168,56,561,'Main',0),(168,56,562,'Main',0),(168,56,563,'Main',0),(168,56,564,'Main',0),(168,56,579,'Main',0),(168,56,598,'Main',0),(168,56,594,'Main',0),(168,56,624,'Main',0),(168,56,625,'Main',0),(168,56,649,'Main',0),(168,56,650,'Main',0),(168,56,655,'Main',0),(168,56,702,'Main',0),(168,56,709,'Main',0),(168,56,719,'Main',0),(168,56,721,'Main',0),(168,56,725,'Main',0),(168,56,726,'Main',0),(168,56,737,'Main',0),(168,56,738,'Main',0),(168,56,741,'Main',0),(168,56,771,'Main',0),(167,2,333,'Main',0),(79,13,72,'Label',0),(184,4,776,'Label',0),(79,13,777,'Main',0),(86,72,105,'Label',0),(86,72,106,'Main',0),(86,72,779,'Main',0),(86,73,105,'Label',0),(86,73,106,'Main',0),(86,73,780,'Main',0),(93,19,59,'Label',0),(93,19,781,'Main',0),(96,10,66,'Label',0),(96,10,782,'Main',0),(168,57,338,'Label',0),(202,2,800,'Main',0),(202,2,789,'Sidebar',0),(202,2,788,'Sidebar',0),(202,2,787,'Sidebar',0),(202,2,792,'Blog Post Trackback',0),(202,2,791,'Blog Post Footer',0),(202,2,790,'Blog Post More',0),(202,2,786,'Sidebar',0),(202,1,789,'Sidebar',0),(202,1,788,'Sidebar',0),(202,1,787,'Sidebar',0),(202,1,792,'Blog Post Trackback',0),(202,1,791,'Blog Post Footer',0),(202,1,790,'Blog Post More',0),(201,4,798,'Main',0),(202,1,786,'Sidebar',0),(168,59,795,'Main',0),(201,4,796,'Label',0),(168,59,338,'Label',0),(200,1,789,'Sidebar',0),(200,1,788,'Sidebar',0),(200,1,787,'Sidebar',0),(200,1,792,'Blog Post Trackback',0),(200,1,791,'Blog Post Footer',0),(200,1,790,'Blog Post More',0),(168,58,793,'Main',0),(200,1,786,'Sidebar',0),(168,58,338,'Label',0),(88,41,111,'Label',0),(88,41,801,'Main',13),(203,1,786,'Sidebar',0),(203,1,790,'Blog Post More',0),(203,1,791,'Blog Post Footer',0),(203,1,792,'Blog Post Trackback',0),(203,1,787,'Sidebar',0),(203,1,788,'Sidebar',0),(203,1,789,'Sidebar',0),(203,2,786,'Sidebar',0),(203,2,790,'Blog Post More',0),(203,2,791,'Blog Post Footer',0),(203,2,792,'Blog Post Trackback',0),(203,3,790,'Blog Post More',0),(203,2,787,'Sidebar',0),(203,2,788,'Sidebar',0),(203,2,789,'Sidebar',0),(203,3,786,'Sidebar',0),(203,3,791,'Blog Post Footer',0),(203,3,792,'Blog Post Trackback',0),(203,4,786,'Sidebar',0),(203,3,787,'Sidebar',0),(203,3,788,'Sidebar',0),(203,3,789,'Sidebar',0),(203,3,805,'Main',0),(203,4,790,'Blog Post More',0),(203,4,791,'Blog Post Footer',0),(203,4,792,'Blog Post Trackback',0),(203,5,786,'Sidebar',0),(203,4,787,'Sidebar',0),(203,4,788,'Sidebar',0),(203,4,789,'Sidebar',0),(203,4,806,'Main',0),(203,5,790,'Blog Post More',0),(203,5,791,'Blog Post Footer',0),(203,5,792,'Blog Post Trackback',0),(203,5,787,'Sidebar',0),(203,5,788,'Sidebar',0),(203,5,789,'Sidebar',0),(203,5,807,'Main',0),(176,17,539,'Label',0),(179,5,627,'Label',0),(176,17,808,'Main',0),(179,5,809,'Main',0),(86,74,105,'Label',0),(86,74,106,'Main',0),(86,75,105,'Label',0),(86,74,810,'Main',0),(86,75,106,'Main',0),(86,75,811,'Main',0),(86,76,105,'Label',0),(86,76,106,'Main',0),(86,76,812,'Main',0),(86,77,105,'Label',0),(86,77,106,'Main',0),(86,77,813,'Main',0),(86,78,105,'Label',0),(86,78,106,'Main',0),(86,78,814,'Main',0),(83,12,98,'Label',0),(83,12,261,'Main',13),(83,12,815,'Main',0),(183,6,732,'Label',0),(180,5,631,'Label',0),(180,5,816,'Main',0),(183,6,817,'Main',0),(72,9,38,'Label',0),(72,9,818,'Main',0),(87,15,109,'Label',0),(87,15,819,'Main',0),(164,19,322,'Label',0),(93,20,59,'Label',0),(164,19,820,'Main',0),(97,9,68,'Label',0),(93,20,821,'Main',0),(175,19,536,'Label',0),(97,9,822,'Main',0),(175,20,536,'Label',0),(175,19,823,'Main',0),(93,21,59,'Label',0),(175,20,824,'Main',0),(93,21,825,'Main',0),(164,20,322,'Label',0),(164,20,826,'Main',0),(97,10,68,'Label',0),(97,10,828,'Main',0),(204,1,786,'Sidebar',0),(204,1,790,'Blog Post More',0),(204,1,791,'Blog Post Footer',0),(204,1,792,'Blog Post Trackback',0),(204,1,787,'Sidebar',0),(204,1,788,'Sidebar',0),(204,1,789,'Sidebar',0),(205,1,786,'Sidebar',0),(205,1,790,'Blog Post More',0),(205,1,791,'Blog Post Footer',0),(205,1,792,'Blog Post Trackback',0),(205,1,787,'Sidebar',0),(205,1,788,'Sidebar',0),(205,1,789,'Sidebar',0),(206,1,786,'Sidebar',0),(206,1,790,'Blog Post More',0),(206,1,791,'Blog Post Footer',0),(206,1,792,'Blog Post Trackback',0),(206,1,787,'Sidebar',0),(206,1,788,'Sidebar',0),(206,1,789,'Sidebar',0),(207,1,786,'Sidebar',0),(207,1,790,'Blog Post More',0),(207,1,791,'Blog Post Footer',0),(207,1,792,'Blog Post Trackback',0),(207,1,787,'Sidebar',0),(207,1,788,'Sidebar',0),(207,1,789,'Sidebar',0),(206,2,786,'Sidebar',0),(206,2,790,'Blog Post More',0),(206,2,791,'Blog Post Footer',0),(206,2,792,'Blog Post Trackback',0),(208,1,790,'Blog Post More',0),(206,2,787,'Sidebar',0),(206,2,788,'Sidebar',0),(206,2,789,'Sidebar',0),(208,1,786,'Sidebar',0),(208,1,791,'Blog Post Footer',0),(208,1,792,'Blog Post Trackback',0),(208,1,787,'Sidebar',0),(208,1,788,'Sidebar',0),(208,1,789,'Sidebar',0),(209,1,786,'Sidebar',0),(209,1,790,'Blog Post More',0),(209,1,791,'Blog Post Footer',0),(209,1,792,'Blog Post Trackback',0),(209,1,787,'Sidebar',0),(209,1,788,'Sidebar',0),(209,1,789,'Sidebar',0),(210,1,786,'Sidebar',0),(210,1,790,'Blog Post More',0),(210,1,791,'Blog Post Footer',0),(210,1,792,'Blog Post Trackback',0),(210,1,787,'Sidebar',0),(210,1,788,'Sidebar',0),(210,1,789,'Sidebar',0),(211,1,786,'Sidebar',0),(211,1,790,'Blog Post More',0),(211,1,791,'Blog Post Footer',0),(211,1,792,'Blog Post Trackback',0),(211,1,787,'Sidebar',0),(211,1,788,'Sidebar',0),(211,1,789,'Sidebar',0),(93,22,59,'Label',0),(164,21,322,'Label',0),(164,21,855,'Main',0),(97,11,68,'Label',0),(93,22,856,'Main',0),(97,11,857,'Main',0),(180,6,631,'Label',0),(180,6,858,'Main',0),(212,1,786,'Sidebar',0),(212,1,790,'Blog Post More',0),(212,1,791,'Blog Post Footer',0),(212,1,792,'Blog Post Trackback',0),(212,1,787,'Sidebar',0),(212,1,788,'Sidebar',0),(212,1,789,'Sidebar',0),(213,1,786,'Sidebar',0),(213,1,790,'Blog Post More',0),(213,1,791,'Blog Post Footer',0),(213,1,792,'Blog Post Trackback',0),(213,1,787,'Sidebar',0),(213,1,788,'Sidebar',0),(213,1,789,'Sidebar',0),(212,2,786,'Sidebar',0),(212,2,790,'Blog Post More',0),(212,2,791,'Blog Post Footer',0),(212,2,792,'Blog Post Trackback',0),(212,2,787,'Sidebar',0),(212,2,788,'Sidebar',0),(212,2,789,'Sidebar',0),(212,2,862,'Main',0),(88,42,111,'Label',0),(180,7,631,'Label',0),(88,42,863,'Main',13),(180,7,864,'Main',0),(180,8,631,'Label',0),(176,18,539,'Label',0),(180,8,865,'Main',0),(176,18,866,'Main',0),(184,5,776,'Label',0),(184,5,867,'Main',0),(214,1,786,'Sidebar',0),(214,1,790,'Blog Post More',0),(214,1,791,'Blog Post Footer',0),(214,1,792,'Blog Post Trackback',0),(214,1,787,'Sidebar',0),(214,1,788,'Sidebar',0),(214,1,789,'Sidebar',0),(161,7,280,'Label',0),(161,7,283,'Main',27),(75,6,49,'Label',0),(161,7,870,'Main',28),(75,6,871,'Main',0),(180,9,631,'Label',0),(180,9,872,'Main',0),(184,6,776,'Label',0),(179,6,627,'Label',0),(184,6,873,'Main',0),(179,6,874,'Main',0),(180,10,631,'Label',0),(75,7,49,'Label',0),(180,10,875,'Main',0),(75,7,876,'Main',0),(88,43,111,'Label',0),(179,7,627,'Label',0),(88,43,877,'Main',13),(75,8,49,'Label',0),(179,7,878,'Main',0),(75,8,879,'Main',0),(86,79,105,'Label',0),(86,79,106,'Main',0),(86,79,880,'Main',0),(180,11,631,'Label',0),(215,1,786,'Sidebar',0),(180,11,881,'Main',0),(215,1,790,'Blog Post More',0),(215,1,791,'Blog Post Footer',0),(215,1,792,'Blog Post Trackback',0),(215,1,787,'Sidebar',0),(215,1,788,'Sidebar',0),(215,1,789,'Sidebar',0),(216,1,786,'Sidebar',0),(216,1,790,'Blog Post More',0),(216,1,791,'Blog Post Footer',0),(216,1,792,'Blog Post Trackback',0),(216,1,787,'Sidebar',0),(216,1,788,'Sidebar',0),(216,1,789,'Sidebar',0),(183,7,732,'Label',0),(183,7,886,'Main',0),(180,12,631,'Label',0),(180,12,887,'Main',0),(179,8,627,'Label',0),(179,8,888,'Main',0),(78,11,57,'Label',0),(78,11,889,'Main',0),(179,9,627,'Label',0),(183,8,732,'Label',0),(179,9,890,'Main',0),(182,7,730,'Label',0),(183,8,891,'Main',0),(182,7,892,'Main',13),(88,44,111,'Label',0),(217,1,786,'Sidebar',0),(88,44,893,'Main',13),(217,1,790,'Blog Post More',0),(217,1,791,'Blog Post Footer',0),(217,1,792,'Blog Post Trackback',0),(217,1,787,'Sidebar',0),(217,1,788,'Sidebar',0),(217,1,789,'Sidebar',0),(164,22,322,'Label',0),(93,23,59,'Label',0),(164,22,895,'Main',0),(94,8,62,'Label',0),(93,23,896,'Main',0),(95,10,64,'Label',0),(94,8,897,'Main',0),(96,11,66,'Label',0),(95,10,898,'Main',0),(157,11,209,'Label',0),(96,11,899,'Main',0),(97,12,68,'Label',0),(157,11,900,'Main',0),(98,8,70,'Label',0),(97,12,901,'Main',0),(163,11,317,'Label',0),(98,8,902,'Main',0),(184,7,776,'Label',0),(163,11,903,'Main',0),(175,21,536,'Label',0),(184,7,904,'Main',0),(181,15,634,'Label',0),(175,21,905,'Main',0),(162,13,319,'Label',0),(181,15,906,'Main',0),(176,19,539,'Label',0),(162,13,907,'Main',0),(100,10,76,'Label',0),(176,19,908,'Main',0),(179,10,627,'Label',0),(100,10,909,'Main',0),(101,8,78,'Label',0),(179,10,910,'Main',0),(102,8,80,'Label',0),(101,8,911,'Main',0),(183,9,732,'Label',0),(102,8,912,'Main',0),(103,8,84,'Label',0),(183,9,913,'Main',0),(180,13,631,'Label',0),(103,8,914,'Main',0),(174,11,487,'Label',0),(180,13,915,'Main',0),(104,8,86,'Label',0),(174,11,916,'Main',0),(105,7,88,'Label',0),(104,8,917,'Main',0),(106,15,90,'Label',0),(105,7,918,'Main',0),(107,8,92,'Label',0),(106,15,919,'Main',0),(173,11,489,'Label',0),(107,8,920,'Main',0),(108,9,94,'Label',0),(173,11,921,'Main',0),(108,9,922,'Main',0),(98,9,70,'Label',0),(98,9,923,'Main',0),(82,9,96,'Label',0),(183,10,732,'Label',0),(82,9,924,'Main',0),(183,10,925,'Main',0),(218,1,786,'Sidebar',0),(218,1,790,'Blog Post More',0),(218,1,791,'Blog Post Footer',0),(218,1,792,'Blog Post Trackback',0),(218,1,787,'Sidebar',0),(218,1,788,'Sidebar',0),(218,1,789,'Sidebar',0),(163,12,317,'Label',0),(163,13,317,'Label',0),(163,12,927,'Main',0),(163,13,928,'Main',0),(183,11,732,'Label',0),(160,20,272,'Label',0),(183,11,929,'Main',0),(175,22,536,'Label',0),(160,20,930,'Main',13),(175,23,536,'Label',0),(175,22,931,'Main',0),(175,23,932,'Main',0),(163,14,317,'Label',0),(163,15,317,'Label',0),(163,14,933,'Main',0),(86,80,105,'Label',0),(163,15,934,'Main',0),(86,80,106,'Main',0),(182,8,730,'Label',0),(86,80,935,'Main',0),(182,8,892,'Main',13),(183,12,732,'Label',0),(183,12,929,'Main',0),(183,13,732,'Label',0),(183,13,929,'Main',0),(1,16,13,'Label',0),(1,16,14,'Main',0),(1,16,766,'Small_Block',0),(67,8,11,'Label',0),(67,8,18,'Main_Top',0),(67,8,19,'Label2',0),(67,8,21,'Main_Bottom',0),(77,7,55,'Label',0),(77,7,201,'Main',0),(84,7,101,'Label',0),(84,7,648,'Main',0),(163,16,317,'Label',0),(183,14,732,'Label',0),(163,16,936,'Main',0),(183,14,937,'Main',0),(184,8,776,'Label',0),(184,9,776,'Label',0),(184,8,938,'Main',0),(183,15,732,'Label',0),(184,9,939,'Main',0),(183,15,940,'Main',0),(180,14,631,'Label',0),(219,1,786,'Sidebar',0),(180,14,941,'Main',0),(219,1,790,'Blog Post More',0),(219,1,791,'Blog Post Footer',0),(219,1,792,'Blog Post Trackback',0),(219,1,787,'Sidebar',0),(219,1,788,'Sidebar',0),(219,1,789,'Sidebar',0),(220,1,786,'Sidebar',0),(220,1,790,'Blog Post More',0),(220,1,791,'Blog Post Footer',0),(220,1,792,'Blog Post Trackback',0),(220,1,787,'Sidebar',0),(220,1,788,'Sidebar',0),(220,1,789,'Sidebar',0),(221,1,786,'Sidebar',0),(221,1,790,'Blog Post More',0),(221,1,791,'Blog Post Footer',0),(221,1,792,'Blog Post Trackback',0),(221,1,787,'Sidebar',0),(221,1,788,'Sidebar',0),(221,1,789,'Sidebar',0),(222,1,786,'Sidebar',0),(222,1,790,'Blog Post More',0),(222,1,791,'Blog Post Footer',0),(222,1,792,'Blog Post Trackback',0),(222,1,787,'Sidebar',0),(222,1,788,'Sidebar',0),(222,1,789,'Sidebar',0),(223,1,786,'Sidebar',0),(223,1,790,'Blog Post More',0),(223,1,791,'Blog Post Footer',0),(223,1,792,'Blog Post Trackback',0),(223,1,787,'Sidebar',0),(223,1,788,'Sidebar',0),(223,1,789,'Sidebar',0),(224,1,786,'Sidebar',0),(224,1,790,'Blog Post More',0),(224,1,791,'Blog Post Footer',0),(224,1,792,'Blog Post Trackback',0),(224,1,787,'Sidebar',0),(224,1,788,'Sidebar',0),(224,1,789,'Sidebar',0),(225,1,786,'Sidebar',0),(225,1,790,'Blog Post More',0),(225,1,791,'Blog Post Footer',0),(225,1,792,'Blog Post Trackback',0),(225,1,787,'Sidebar',0),(225,1,788,'Sidebar',0),(225,1,789,'Sidebar',0),(226,1,786,'Sidebar',0),(226,1,790,'Blog Post More',0),(226,1,791,'Blog Post Footer',0),(226,1,792,'Blog Post Trackback',0),(226,1,787,'Sidebar',0),(226,1,788,'Sidebar',0),(226,1,789,'Sidebar',0),(227,1,786,'Sidebar',0),(227,1,790,'Blog Post More',0),(227,1,791,'Blog Post Footer',0),(227,1,792,'Blog Post Trackback',0),(227,1,787,'Sidebar',0),(227,1,788,'Sidebar',0),(227,1,789,'Sidebar',0),(160,21,272,'Label',0),(86,81,105,'Label',0),(160,21,954,'Main',13),(86,81,106,'Main',0),(86,81,955,'Main',0),(160,22,272,'Label',0),(160,22,956,'Main',13),(86,82,105,'Label',0),(86,82,106,'Main',0),(86,82,957,'Main',0),(184,10,776,'Label',0),(184,10,958,'Main',0),(184,11,776,'Label',0),(184,12,776,'Label',0),(184,11,959,'Main',0),(228,1,786,'Sidebar',0),(184,12,960,'Main',0),(228,1,790,'Blog Post More',0),(228,1,791,'Blog Post Footer',0),(228,1,792,'Blog Post Trackback',0),(228,1,787,'Sidebar',0),(228,1,788,'Sidebar',0),(228,1,789,'Sidebar',0),(229,1,786,'Sidebar',0),(229,1,790,'Blog Post More',0),(229,1,791,'Blog Post Footer',0),(229,1,792,'Blog Post Trackback',0),(229,1,787,'Sidebar',0),(229,1,788,'Sidebar',0),(229,1,789,'Sidebar',0),(230,1,786,'Sidebar',0),(230,1,790,'Blog Post More',0),(230,1,791,'Blog Post Footer',0),(230,1,792,'Blog Post Trackback',0),(230,1,787,'Sidebar',0),(230,1,788,'Sidebar',0),(230,1,789,'Sidebar',0),(163,17,317,'Label',0),(184,13,776,'Label',0),(163,17,965,'Main',0),(175,24,536,'Label',0),(184,13,966,'Main',0),(181,16,634,'Label',0),(175,24,967,'Main',0),(162,14,319,'Label',0),(181,16,968,'Main',0),(88,45,111,'Label',0),(162,14,969,'Main',0),(88,45,970,'Main',13),(86,83,105,'Label',0),(232,4,972,'Label',0),(232,5,973,'Label',0),(232,6,974,'Label',0),(232,7,975,'Label',0),(86,83,106,'Main',0),(86,83,976,'Main',0),(233,1,116,'Product',0),(233,2,116,'Product',0),(235,1,116,'Product',0),(233,3,977,'Product',0),(235,2,116,'Product',0),(235,3,116,'Product',0),(235,4,116,'Product',0),(235,4,978,'Product',0),(234,4,982,'Label',0),(235,6,979,'Label',0),(235,6,116,'Product',0),(235,6,978,'Product',0),(235,6,981,'Product',0),(236,1,786,'Sidebar',0),(234,4,984,'Main',0),(236,1,790,'Blog Post More',0),(236,1,791,'Blog Post Footer',0),(236,1,792,'Blog Post Trackback',0),(236,1,787,'Sidebar',0),(236,1,788,'Sidebar',0),(236,1,789,'Sidebar',0),(86,84,105,'Label',0),(86,84,106,'Main',0),(86,85,105,'Label',0),(86,84,986,'Main',0),(86,85,106,'Main',0),(86,86,105,'Label',0),(86,85,987,'Main',0),(86,86,106,'Main',0),(86,87,105,'Label',0),(86,86,988,'Main',0),(86,87,106,'Main',0),(86,88,105,'Label',0),(86,87,989,'Main',0),(86,88,106,'Main',0),(86,89,105,'Label',0),(86,88,990,'Main',0),(86,89,106,'Main',0),(86,89,991,'Main',0),(86,114,106,'Main',0),(86,114,105,'Label',0),(86,114,1160,'Main',0),(238,1,786,'Sidebar',0),(238,1,790,'Blog Post More',0),(238,1,791,'Blog Post Footer',0),(238,1,792,'Blog Post Trackback',0),(238,1,787,'Sidebar',0),(238,1,788,'Sidebar',0),(238,1,789,'Sidebar',0),(239,1,786,'Sidebar',0),(239,1,790,'Blog Post More',0),(239,1,791,'Blog Post Footer',0),(239,1,792,'Blog Post Trackback',0),(239,1,787,'Sidebar',0),(239,1,788,'Sidebar',0),(239,1,789,'Sidebar',0),(88,46,111,'Label',0),(88,46,998,'Main',13),(240,1,786,'Sidebar',0),(240,1,790,'Blog Post More',0),(240,1,791,'Blog Post Footer',0),(240,1,792,'Blog Post Trackback',0),(240,1,787,'Sidebar',0),(240,1,788,'Sidebar',0),(240,1,789,'Sidebar',0),(241,1,786,'Sidebar',0),(241,1,790,'Blog Post More',0),(241,1,791,'Blog Post Footer',0),(241,1,792,'Blog Post Trackback',0),(241,1,787,'Sidebar',0),(241,1,788,'Sidebar',0),(241,1,789,'Sidebar',0),(242,1,786,'Sidebar',0),(242,1,790,'Blog Post More',0),(242,1,791,'Blog Post Footer',0),(242,1,792,'Blog Post Trackback',0),(242,1,787,'Sidebar',0),(242,1,788,'Sidebar',0),(242,1,789,'Sidebar',0),(243,1,786,'Sidebar',0),(243,1,790,'Blog Post More',0),(243,1,791,'Blog Post Footer',0),(243,1,792,'Blog Post Trackback',0),(243,1,787,'Sidebar',0),(243,1,788,'Sidebar',0),(243,1,789,'Sidebar',0),(244,1,786,'Sidebar',0),(244,1,790,'Blog Post More',0),(244,1,791,'Blog Post Footer',0),(244,1,792,'Blog Post Trackback',0),(244,1,787,'Sidebar',0),(244,1,788,'Sidebar',0),(244,1,789,'Sidebar',0),(245,1,786,'Sidebar',0),(245,1,790,'Blog Post More',0),(245,1,791,'Blog Post Footer',0),(245,1,792,'Blog Post Trackback',0),(245,1,787,'Sidebar',0),(245,1,788,'Sidebar',0),(245,1,789,'Sidebar',0),(96,12,66,'Label',0),(96,12,1012,'Main',0),(86,90,105,'Label',0),(86,90,106,'Main',0),(246,1,786,'Sidebar',0),(86,90,1013,'Main',0),(246,1,790,'Blog Post More',0),(246,1,791,'Blog Post Footer',0),(246,1,792,'Blog Post Trackback',0),(246,1,787,'Sidebar',0),(246,1,788,'Sidebar',0),(246,1,789,'Sidebar',0),(88,47,111,'Label',0),(88,47,1015,'Main',13),(86,91,105,'Label',0),(86,91,106,'Main',0),(247,1,786,'Sidebar',0),(86,91,1016,'Main',0),(247,1,790,'Blog Post More',0),(247,1,791,'Blog Post Footer',0),(247,1,792,'Blog Post Trackback',0),(247,1,787,'Sidebar',0),(247,1,788,'Sidebar',0),(247,1,789,'Sidebar',0),(248,1,786,'Sidebar',0),(248,1,790,'Blog Post More',0),(248,1,791,'Blog Post Footer',0),(248,1,792,'Blog Post Trackback',0),(248,1,787,'Sidebar',0),(248,1,788,'Sidebar',0),(248,1,789,'Sidebar',0),(249,1,786,'Sidebar',0),(249,1,790,'Blog Post More',0),(249,1,791,'Blog Post Footer',0),(249,1,792,'Blog Post Trackback',0),(249,1,787,'Sidebar',0),(249,1,788,'Sidebar',0),(249,1,789,'Sidebar',0),(250,1,786,'Sidebar',0),(250,1,790,'Blog Post More',0),(250,1,791,'Blog Post Footer',0),(250,1,792,'Blog Post Trackback',0),(250,1,787,'Sidebar',0),(250,1,788,'Sidebar',0),(250,1,789,'Sidebar',0),(251,1,786,'Sidebar',0),(251,1,790,'Blog Post More',0),(251,1,791,'Blog Post Footer',0),(251,1,792,'Blog Post Trackback',0),(251,1,787,'Sidebar',0),(251,1,788,'Sidebar',0),(251,1,789,'Sidebar',0),(252,1,786,'Sidebar',0),(252,1,790,'Blog Post More',0),(252,1,791,'Blog Post Footer',0),(252,1,792,'Blog Post Trackback',0),(252,1,787,'Sidebar',0),(252,1,788,'Sidebar',0),(252,1,789,'Sidebar',0),(101,9,78,'Label',0),(176,20,539,'Label',0),(101,9,1027,'Main',0),(176,20,1028,'Main',0),(86,92,105,'Label',0),(86,92,106,'Main',0),(86,92,1029,'Main',0),(253,1,786,'Sidebar',0),(253,1,790,'Blog Post More',0),(253,1,791,'Blog Post Footer',0),(253,1,792,'Blog Post Trackback',0),(253,1,787,'Sidebar',0),(253,1,788,'Sidebar',0),(253,1,789,'Sidebar',0),(254,1,786,'Sidebar',0),(254,1,790,'Blog Post More',0),(254,1,791,'Blog Post Footer',0),(254,1,792,'Blog Post Trackback',0),(254,1,787,'Sidebar',0),(254,1,788,'Sidebar',0),(254,1,789,'Sidebar',0),(255,1,786,'Sidebar',0),(255,1,790,'Blog Post More',0),(255,1,791,'Blog Post Footer',0),(255,1,792,'Blog Post Trackback',0),(255,1,787,'Sidebar',0),(255,1,788,'Sidebar',0),(255,1,789,'Sidebar',0),(232,8,975,'Label',0),(232,9,975,'Label',0),(234,5,982,'Label',0),(234,5,1033,'Main',0),(256,1,786,'Sidebar',0),(256,1,790,'Blog Post More',0),(256,1,791,'Blog Post Footer',0),(256,1,792,'Blog Post Trackback',0),(256,1,787,'Sidebar',0),(256,1,788,'Sidebar',0),(256,1,789,'Sidebar',0),(257,1,786,'Sidebar',0),(257,1,790,'Blog Post More',0),(257,1,791,'Blog Post Footer',0),(257,1,792,'Blog Post Trackback',0),(257,1,787,'Sidebar',0),(257,1,788,'Sidebar',0),(257,1,789,'Sidebar',0),(258,1,786,'Sidebar',0),(258,1,790,'Blog Post More',0),(258,1,791,'Blog Post Footer',0),(258,1,792,'Blog Post Trackback',0),(258,1,787,'Sidebar',0),(258,1,788,'Sidebar',0),(258,1,789,'Sidebar',0),(234,6,982,'Label',0),(235,7,979,'Label',0),(234,6,1039,'Main',0),(235,7,116,'Product',0),(235,7,978,'Product',0),(235,7,1040,'Product',0),(106,16,90,'Label',0),(106,16,1041,'Main',0),(259,4,1042,'Label',0),(88,48,111,'Label',0),(259,4,1044,'Main',0),(86,93,105,'Label',0),(88,48,1045,'Main',13),(86,93,106,'Main',0),(86,93,1046,'Main',0),(175,25,536,'Label',0),(175,26,536,'Label',0),(175,25,1047,'Main',0),(86,94,105,'Label',0),(175,26,1048,'Main',0),(86,94,106,'Main',0),(259,5,1042,'Label',0),(86,94,1049,'Main',0),(259,5,1044,'Main',0),(259,8,1069,'Main',33),(88,49,111,'Label',0),(259,8,1042,'Label',0),(88,49,1053,'Main',13),(88,50,111,'Label',0),(88,50,1054,'Main',13),(263,1,786,'Sidebar',0),(263,1,790,'Blog Post More',0),(263,1,791,'Blog Post Footer',0),(263,1,792,'Blog Post Trackback',0),(263,1,787,'Sidebar',0),(263,1,788,'Sidebar',0),(263,1,789,'Sidebar',0),(264,1,786,'Sidebar',0),(264,1,790,'Blog Post More',0),(264,1,791,'Blog Post Footer',0),(264,1,792,'Blog Post Trackback',0),(264,1,787,'Sidebar',0),(264,1,788,'Sidebar',0),(264,1,789,'Sidebar',0),(88,51,111,'Label',0),(88,51,1065,'Main',13),(100,11,76,'Label',0),(100,11,1066,'Main',0),(86,95,105,'Label',0),(86,95,106,'Main',0),(86,95,1067,'Main',0),(259,6,1068,'Main',33),(259,7,1042,'Label',0),(259,7,1044,'Main',0),(259,7,1069,'Main',33),(259,8,1044,'Main',0),(259,9,1042,'Label',0),(259,10,1042,'Label',0),(259,9,1044,'Main',0),(259,9,1070,'Main',34),(259,10,1070,'Main',35),(259,10,1071,'Main',36),(259,11,1042,'Label',0),(259,12,1042,'Label',0),(259,11,1071,'Main',36),(259,11,1072,'Main',35),(259,13,1042,'Label',0),(259,12,1071,'Main',36),(259,12,1073,'Main',35),(259,14,1071,'Main',36),(259,13,1071,'Main',36),(259,13,1074,'Main',37),(259,14,1074,'Main',37),(266,1,786,'Sidebar',0),(266,1,790,'Blog Post More',0),(266,1,791,'Blog Post Footer',0),(266,1,792,'Blog Post Trackback',0),(266,1,787,'Sidebar',0),(266,1,788,'Sidebar',0),(266,1,789,'Sidebar',0),(267,1,786,'Sidebar',0),(267,1,790,'Blog Post More',0),(267,1,791,'Blog Post Footer',0),(267,1,792,'Blog Post Trackback',0),(267,1,787,'Sidebar',0),(267,1,788,'Sidebar',0),(267,1,789,'Sidebar',0),(72,10,38,'Label',0),(72,10,1078,'Main',0),(88,52,111,'Label',0),(86,96,105,'Label',0),(88,52,1079,'Main',13),(86,96,106,'Main',0),(88,53,111,'Label',0),(86,96,1080,'Main',0),(82,10,96,'Label',0),(88,53,1081,'Main',13),(82,10,1082,'Main',0),(234,7,982,'Label',0),(235,8,979,'Label',0),(234,7,1083,'Main',0),(235,8,116,'Product',0),(235,8,978,'Product',0),(235,8,1084,'Product',0),(88,54,111,'Label',0),(88,54,1085,'Main',13),(259,15,1042,'Label',0),(259,15,1086,'Main',37),(88,55,111,'Label',0),(88,56,111,'Label',0),(88,55,1087,'Main',13),(88,56,1088,'Main',13),(88,57,111,'Label',0),(88,57,1089,'Main',13),(86,97,105,'Label',0),(86,97,106,'Main',0),(86,97,1090,'Main',0),(173,12,489,'Label',0),(173,12,1091,'Main',0),(88,58,111,'Label',0),(88,59,111,'Label',0),(88,58,1092,'Main',13),(88,59,1093,'Main',13),(179,11,627,'Label',0),(179,11,1094,'Main',0),(95,11,64,'Label',0),(94,9,62,'Label',0),(95,11,1095,'Main',0),(94,9,1096,'Main',0),(268,1,786,'Sidebar',0),(268,1,790,'Blog Post More',0),(268,1,791,'Blog Post Footer',0),(268,1,792,'Blog Post Trackback',0),(268,1,787,'Sidebar',0),(268,1,788,'Sidebar',0),(268,1,789,'Sidebar',0),(269,1,786,'Sidebar',0),(269,1,790,'Blog Post More',0),(269,1,791,'Blog Post Footer',0),(269,1,792,'Blog Post Trackback',0),(269,1,787,'Sidebar',0),(269,1,788,'Sidebar',0),(269,1,789,'Sidebar',0),(86,98,105,'Label',0),(86,98,106,'Main',0),(86,98,1104,'Main',0),(74,15,43,'Label',0),(79,14,72,'Label',0),(74,15,1105,'Main',6),(270,4,1107,'Main',0),(79,14,1108,'Main',0),(164,23,322,'Label',0),(95,12,64,'Label',0),(164,23,1109,'Main',0),(270,5,1106,'Label',0),(95,12,1110,'Main',0),(270,5,1111,'Main',0),(176,21,539,'Label',0),(176,21,1112,'Main',0),(86,99,105,'Label',0),(86,99,106,'Main',0),(86,99,1113,'Main',0),(88,60,111,'Label',0),(88,60,1114,'Main',13),(270,6,1106,'Label',0),(100,12,76,'Label',0),(270,6,1115,'Main',0),(88,61,111,'Label',0),(100,12,1116,'Main',0),(88,61,1117,'Main',13),(86,100,105,'Label',0),(86,100,106,'Main',0),(86,101,105,'Label',0),(86,100,1118,'Main',0),(86,101,106,'Main',0),(86,102,105,'Label',0),(86,101,1119,'Main',0),(86,102,106,'Main',0),(86,103,105,'Label',0),(86,102,1120,'Main',0),(86,103,106,'Main',0),(86,103,1121,'Main',0),(86,104,105,'Label',0),(86,104,106,'Main',0),(86,104,1122,'Main',0),(184,14,776,'Label',0),(184,15,776,'Label',0),(184,14,1123,'Main',0),(184,15,1124,'Main',0),(86,105,105,'Label',0),(86,105,106,'Main',0),(86,105,1125,'Main',0),(162,15,319,'Label',0),(162,15,1126,'Main',0),(86,106,105,'Label',0),(86,106,106,'Main',0),(86,106,1127,'Main',0),(88,62,111,'Label',0),(88,63,111,'Label',0),(88,62,1128,'Main',13),(94,10,62,'Label',0),(88,63,1129,'Main',13),(100,13,76,'Label',0),(94,10,1130,'Main',0),(100,13,1131,'Main',0),(270,7,1106,'Label',0),(270,7,1132,'Main',0),(86,107,105,'Label',0),(86,107,106,'Main',0),(81,11,82,'Label',0),(86,107,1133,'Main',0),(86,108,105,'Label',0),(81,11,1134,'Main',0),(271,3,1136,'Main',0),(86,108,106,'Main',0),(86,108,1137,'Main',0),(270,8,1106,'Label',0),(272,1,786,'Sidebar',0),(270,8,1138,'Main',0),(272,1,790,'Blog Post More',0),(272,1,791,'Blog Post Footer',0),(272,1,792,'Blog Post Trackback',0),(272,1,787,'Sidebar',0),(272,1,788,'Sidebar',0),(272,1,789,'Sidebar',0),(93,24,59,'Label',0),(94,11,62,'Label',0),(93,24,1142,'Main',0),(86,109,105,'Label',0),(94,11,1143,'Main',0),(86,109,106,'Main',0),(86,109,1144,'Main',0),(100,14,76,'Label',0),(100,14,1145,'Main',0),(86,110,105,'Label',0),(86,110,106,'Main',0),(270,9,1106,'Label',0),(86,110,1146,'Main',0),(270,9,1147,'Main',0),(88,64,111,'Label',0),(88,64,1148,'Main',13),(93,25,59,'Label',0),(93,25,1149,'Main',0),(271,4,1135,'Label',0),(105,8,88,'Label',0),(271,4,1150,'Main',0),(105,8,1151,'Main',0),(181,17,634,'Label',0),(181,17,1152,'Main',0),(271,5,1135,'Label',0),(86,111,105,'Label',0),(271,5,1153,'Main',0),(86,111,106,'Main',0),(86,112,105,'Label',0),(86,111,1154,'Main',0),(86,112,106,'Main',0),(86,112,1155,'Main',0),(86,113,105,'Label',0),(86,113,106,'Main',0),(86,113,1156,'Main',0),(88,65,111,'Label',0),(88,65,1157,'Main',13),(273,1,786,'Sidebar',0),(273,1,790,'Blog Post More',0),(273,1,791,'Blog Post Footer',0),(273,1,792,'Blog Post Trackback',0),(273,1,787,'Sidebar',0),(273,1,788,'Sidebar',0),(273,1,789,'Sidebar',0),(162,16,319,'Label',0),(162,16,1159,'Main',0),(271,6,1135,'Label',0),(271,7,1135,'Label',0),(271,6,1161,'Main',0),(271,8,1135,'Label',0),(271,7,1162,'Main',0),(271,8,1163,'Main',0),(274,4,1164,'Label',0),(275,4,1166,'Label',0),(274,4,1168,'Main',0),(276,3,1170,'Main',0),(277,4,1172,'Label',0),(275,4,1171,'Main',0),(277,3,1173,'Main',0),(277,4,1173,'Main',0),(77,8,55,'Label',0),(88,66,111,'Label',0),(77,8,1174,'Main',0),(88,67,111,'Label',0),(88,66,1175,'Main',13),(88,68,111,'Label',0),(88,67,1176,'Main',13),(82,11,96,'Label',0),(88,68,1177,'Main',13),(82,11,1178,'Main',0),(276,4,1169,'Label',0),(277,5,1172,'Label',0),(276,4,1179,'Main',0),(271,9,1135,'Label',0),(277,5,1180,'Main',0),(271,9,1181,'Main',0),(86,115,105,'Label',0),(86,115,106,'Main',0),(86,115,1182,'Main',0),(184,16,776,'Label',0),(184,17,776,'Label',0),(184,16,1183,'Main',0),(270,10,1106,'Label',0),(184,17,1184,'Main',0),(175,27,536,'Label',0),(270,10,1185,'Main',0),(181,18,634,'Label',0),(175,27,1186,'Main',0),(175,28,536,'Label',0),(181,18,1187,'Main',0),(86,116,105,'Label',0),(175,28,1188,'Main',0),(86,116,106,'Main',0),(86,116,1189,'Main',0),(281,1,786,'Sidebar',0),(281,1,790,'Blog Post More',0),(281,1,791,'Blog Post Footer',0),(281,1,792,'Blog Post Trackback',0),(281,1,787,'Sidebar',0),(281,1,788,'Sidebar',0),(281,1,789,'Sidebar',0),(282,1,786,'Sidebar',0),(282,1,790,'Blog Post More',0),(282,1,791,'Blog Post Footer',0),(282,1,792,'Blog Post Trackback',0),(282,1,787,'Sidebar',0),(282,1,788,'Sidebar',0),(282,1,789,'Sidebar',0),(283,1,786,'Sidebar',0),(283,1,790,'Blog Post More',0),(283,1,791,'Blog Post Footer',0),(283,1,792,'Blog Post Trackback',0),(283,1,787,'Sidebar',0),(283,1,788,'Sidebar',0),(283,1,789,'Sidebar',0),(86,117,105,'Label',0),(86,117,106,'Main',0),(86,117,1194,'Main',0),(277,6,1172,'Label',0),(277,6,1195,'Main',0);

--
