--
-- Host: localhost    Database: grindingstone_forum
-- ------------------------------------------------------


--
-- Table structure for table `phpbb_acl_groups`
--

CREATE TABLE `phpbb_acl_groups` (
  `group_id` mediumint(8) unsigned NOT NULL DEFAULT '0',
  `forum_id` mediumint(8) unsigned NOT NULL DEFAULT '0',
  `auth_option_id` mediumint(8) unsigned NOT NULL DEFAULT '0',
  `auth_role_id` mediumint(8) unsigned NOT NULL DEFAULT '0',
  `auth_setting` tinyint(2) NOT NULL DEFAULT '0',
  KEY `group_id` (`group_id`),
  KEY `auth_opt_id` (`auth_option_id`),
  KEY `auth_role_id` (`auth_role_id`)
) ENGINE=MyISAM DEFAULT CHARSET=utf8 COLLATE=utf8_bin;

--
-- Dumping data for table `phpbb_acl_groups`
--

INSERT INTO `phpbb_acl_groups` VALUES (2,4,0,15,0),(2,6,0,15,0),(5,2,0,14,0),(2,16,0,15,0),(4,2,0,21,0),(2,23,0,15,0),(5,16,0,14,0),(2,14,0,15,0),(5,14,0,14,0),(3,2,0,15,0),(5,3,0,14,0),(2,2,0,15,0),(5,12,0,14,0),(5,18,0,14,0),(2,3,0,15,0),(1,2,0,17,0),(2,12,0,15,0),(5,20,0,14,0),(5,13,0,14,0),(6,1,0,17,0),(5,10,0,14,0),(3,1,0,17,0),(2,18,0,15,0),(5,24,0,14,0),(5,4,0,14,0),(2,1,0,17,0),(2,20,0,15,0),(5,6,0,14,0),(5,23,0,14,0),(1,0,93,0,1),(2,13,0,15,0),(1,16,0,17,0),(1,14,0,17,0),(1,0,110,0,1),(2,10,0,15,0),(1,3,0,17,0),(1,12,0,17,0),(5,0,0,5,0),(2,15,0,15,0),(1,18,0,17,0),(1,20,0,17,0),(5,0,0,4,0),(2,0,0,6,0),(1,13,0,17,0),(1,10,0,17,0),(2,22,0,15,0),(1,15,0,17,0),(3,0,0,6,0),(1,22,0,17,0),(4,0,0,5,0),(5,15,0,14,0),(5,22,0,14,0),(1,24,0,17,0),(1,4,0,17,0),(1,6,0,17,0),(1,23,0,17,0),(4,0,0,10,0),(2,24,0,15,0),(5,1,0,14,0),(6,2,0,19,0),(1,1,0,17,0),(5,2,0,10,0),(1,0,85,0,1);

--
-- Table structure for table `phpbb_acl_options`
--

CREATE TABLE `phpbb_acl_options` (
  `auth_option_id` mediumint(8) unsigned NOT NULL AUTO_INCREMENT,
  `auth_option` varchar(50) COLLATE utf8_bin NOT NULL DEFAULT '',
  `is_global` tinyint(1) unsigned NOT NULL DEFAULT '0',
  `is_local` tinyint(1) unsigned NOT NULL DEFAULT '0',
  `founder_only` tinyint(1) unsigned NOT NULL DEFAULT '0',
  PRIMARY KEY (`auth_option_id`),
  KEY `auth_option` (`auth_option`)
) ENGINE=MyISAM AUTO_INCREMENT=118 DEFAULT CHARSET=utf8 COLLATE=utf8_bin;

--
-- Dumping data for table `phpbb_acl_options`
--

INSERT INTO `phpbb_acl_options` VALUES (1,'f_',0,1,0),(2,'f_announce',0,1,0),(3,'f_attach',0,1,0),(4,'f_bbcode',0,1,0),(5,'f_bump',0,1,0),(6,'f_delete',0,1,0),(7,'f_download',0,1,0),(8,'f_edit',0,1,0),(9,'f_email',0,1,0),(10,'f_flash',0,1,0),(11,'f_icons',0,1,0),(12,'f_ignoreflood',0,1,0),(13,'f_img',0,1,0),(14,'f_list',0,1,0),(15,'f_noapprove',0,1,0),(16,'f_poll',0,1,0),(17,'f_post',0,1,0),(18,'f_postcount',0,1,0),(19,'f_print',0,1,0),(20,'f_read',0,1,0),(21,'f_reply',0,1,0),(22,'f_report',0,1,0),(23,'f_search',0,1,0),(24,'f_sigs',0,1,0),(25,'f_smilies',0,1,0),(26,'f_sticky',0,1,0),(27,'f_subscribe',0,1,0),(28,'f_user_lock',0,1,0),(29,'f_vote',0,1,0),(30,'f_votechg',0,1,0),(31,'m_',1,1,0),(32,'m_approve',1,1,0),(33,'m_chgposter',1,1,0),(34,'m_delete',1,1,0),(35,'m_edit',1,1,0),(36,'m_info',1,1,0),(37,'m_lock',1,1,0),(38,'m_merge',1,1,0),(39,'m_move',1,1,0),(40,'m_report',1,1,0),(41,'m_split',1,1,0),(42,'m_ban',1,0,0),(43,'m_warn',1,0,0),(44,'a_',1,0,0),(45,'a_aauth',1,0,0),(46,'a_attach',1,0,0),(47,'a_authgroups',1,0,0),(48,'a_authusers',1,0,0),(49,'a_backup',1,0,0),(50,'a_ban',1,0,0),(51,'a_bbcode',1,0,0),(52,'a_board',1,0,0),(53,'a_bots',1,0,0),(54,'a_clearlogs',1,0,0),(55,'a_email',1,0,0),(56,'a_fauth',1,0,0),(57,'a_forum',1,0,0),(58,'a_forumadd',1,0,0),(59,'a_forumdel',1,0,0),(60,'a_group',1,0,0),(61,'a_groupadd',1,0,0),(62,'a_groupdel',1,0,0),(63,'a_icons',1,0,0),(64,'a_jabber',1,0,0),(65,'a_language',1,0,0),(66,'a_mauth',1,0,0),(67,'a_modules',1,0,0),(68,'a_names',1,0,0),(69,'a_phpinfo',1,0,0),(70,'a_profile',1,0,0),(71,'a_prune',1,0,0),(72,'a_ranks',1,0,0),(73,'a_reasons',1,0,0),(74,'a_roles',1,0,0),(75,'a_search',1,0,0),(76,'a_server',1,0,0),(77,'a_styles',1,0,0),(78,'a_switchperm',1,0,0),(79,'a_uauth',1,0,0),(80,'a_user',1,0,0),(81,'a_userdel',1,0,0),(82,'a_viewauth',1,0,0),(83,'a_viewlogs',1,0,0),(84,'a_words',1,0,0),(85,'u_',1,0,0),(86,'u_attach',1,0,0),(87,'u_chgavatar',1,0,0),(88,'u_chgcensors',1,0,0),(89,'u_chgemail',1,0,0),(90,'u_chggrp',1,0,0),(91,'u_chgname',1,0,0),(92,'u_chgpasswd',1,0,0),(93,'u_download',1,0,0),(94,'u_hideonline',1,0,0),(95,'u_ignoreflood',1,0,0),(96,'u_masspm',1,0,0),(97,'u_pm_attach',1,0,0),(98,'u_pm_bbcode',1,0,0),(99,'u_pm_delete',1,0,0),(100,'u_pm_download',1,0,0),(101,'u_pm_edit',1,0,0),(102,'u_pm_emailpm',1,0,0),(103,'u_pm_flash',1,0,0),(104,'u_pm_forward',1,0,0),(105,'u_pm_img',1,0,0),(106,'u_pm_printpm',1,0,0),(107,'u_pm_smilies',1,0,0),(108,'u_readpm',1,0,0),(109,'u_savedrafts',1,0,0),(110,'u_search',1,0,0),(111,'u_sendemail',1,0,0),(112,'u_sendim',1,0,0),(113,'u_sendpm',1,0,0),(114,'u_sig',1,0,0),(115,'u_viewonline',1,0,0),(116,'u_viewprofile',1,0,0),(117,'u_masspm_group',1,0,0);

--
-- Table structure for table `phpbb_acl_roles`
--

CREATE TABLE `phpbb_acl_roles` (
  `role_id` mediumint(8) unsigned NOT NULL AUTO_INCREMENT,
  `role_name` varchar(255) COLLATE utf8_bin NOT NULL DEFAULT '',
  `role_description` text COLLATE utf8_bin NOT NULL,
  `role_type` varchar(10) COLLATE utf8_bin NOT NULL DEFAULT '',
  `role_order` smallint(4) unsigned NOT NULL DEFAULT '0',
  PRIMARY KEY (`role_id`),
  KEY `role_type` (`role_type`),
  KEY `role_order` (`role_order`)
) ENGINE=MyISAM AUTO_INCREMENT=23 DEFAULT CHARSET=utf8 COLLATE=utf8_bin;

--
-- Dumping data for table `phpbb_acl_roles`
--

INSERT INTO `phpbb_acl_roles` VALUES (1,'ROLE_ADMIN_STANDARD','ROLE_DESCRIPTION_ADMIN_STANDARD','a_',1),(2,'ROLE_ADMIN_FORUM','ROLE_DESCRIPTION_ADMIN_FORUM','a_',3),(3,'ROLE_ADMIN_USERGROUP','ROLE_DESCRIPTION_ADMIN_USERGROUP','a_',4),(4,'ROLE_ADMIN_FULL','ROLE_DESCRIPTION_ADMIN_FULL','a_',2),(5,'ROLE_USER_FULL','ROLE_DESCRIPTION_USER_FULL','u_',3),(6,'ROLE_USER_STANDARD','ROLE_DESCRIPTION_USER_STANDARD','u_',1),(7,'ROLE_USER_LIMITED','ROLE_DESCRIPTION_USER_LIMITED','u_',2),(8,'ROLE_USER_NOPM','ROLE_DESCRIPTION_USER_NOPM','u_',4),(9,'ROLE_USER_NOAVATAR','ROLE_DESCRIPTION_USER_NOAVATAR','u_',5),(10,'ROLE_MOD_FULL','ROLE_DESCRIPTION_MOD_FULL','m_',3),(11,'ROLE_MOD_STANDARD','ROLE_DESCRIPTION_MOD_STANDARD','m_',1),(12,'ROLE_MOD_SIMPLE','ROLE_DESCRIPTION_MOD_SIMPLE','m_',2),(13,'ROLE_MOD_QUEUE','ROLE_DESCRIPTION_MOD_QUEUE','m_',4),(14,'ROLE_FORUM_FULL','ROLE_DESCRIPTION_FORUM_FULL','f_',7),(15,'ROLE_FORUM_STANDARD','ROLE_DESCRIPTION_FORUM_STANDARD','f_',5),(16,'ROLE_FORUM_NOACCESS','ROLE_DESCRIPTION_FORUM_NOACCESS','f_',1),(17,'ROLE_FORUM_READONLY','ROLE_DESCRIPTION_FORUM_READONLY','f_',2),(18,'ROLE_FORUM_LIMITED','ROLE_DESCRIPTION_FORUM_LIMITED','f_',3),(19,'ROLE_FORUM_BOT','ROLE_DESCRIPTION_FORUM_BOT','f_',9),(20,'ROLE_FORUM_ONQUEUE','ROLE_DESCRIPTION_FORUM_ONQUEUE','f_',8),(21,'ROLE_FORUM_POLLS','ROLE_DESCRIPTION_FORUM_POLLS','f_',6),(22,'ROLE_FORUM_LIMITED_POLLS','ROLE_DESCRIPTION_FORUM_LIMITED_POLLS','f_',4);

--
-- Table structure for table `phpbb_acl_roles_data`
--

CREATE TABLE `phpbb_acl_roles_data` (
  `role_id` mediumint(8) unsigned NOT NULL DEFAULT '0',
  `auth_option_id` mediumint(8) unsigned NOT NULL DEFAULT '0',
  `auth_setting` tinyint(2) NOT NULL DEFAULT '0',
  PRIMARY KEY (`role_id`,`auth_option_id`),
  KEY `ath_op_id` (`auth_option_id`)
) ENGINE=MyISAM DEFAULT CHARSET=utf8 COLLATE=utf8_bin;

--
-- Dumping data for table `phpbb_acl_roles_data`
--

INSERT INTO `phpbb_acl_roles_data` VALUES (1,44,1),(1,46,1),(1,47,1),(1,48,1),(1,50,1),(1,51,1),(1,52,1),(1,56,1),(1,57,1),(1,58,1),(1,59,1),(1,60,1),(1,61,1),(1,62,1),(1,63,1),(1,66,1),(1,68,1),(1,70,1),(1,71,1),(1,72,1),(1,73,1),(1,79,1),(1,80,1),(1,81,1),(1,82,1),(1,83,1),(1,84,1),(2,44,1),(2,47,1),(2,48,1),(2,56,1),(2,57,1),(2,58,1),(2,59,1),(2,66,1),(2,71,1),(2,79,1),(2,82,1),(2,83,1),(3,44,1),(3,47,1),(3,48,1),(3,50,1),(3,60,1),(3,61,1),(3,62,1),(3,72,1),(3,79,1),(3,80,1),(3,82,1),(3,83,1),(4,44,1),(4,45,1),(4,46,1),(4,47,1),(4,48,1),(4,49,1),(4,50,1),(4,51,1),(4,52,1),(4,53,1),(4,54,1),(4,55,1),(4,56,1),(4,57,1),(4,58,1),(4,59,1),(4,60,1),(4,61,1),(4,62,1),(4,63,1),(4,64,1),(4,65,1),(4,66,1),(4,67,1),(4,68,1),(4,69,1),(4,70,1),(4,71,1),(4,72,1),(4,73,1),(4,74,1),(4,75,1),(4,76,1),(4,77,1),(4,78,1),(4,79,1),(4,80,1),(4,81,1),(4,82,1),(4,83,1),(4,84,1),(5,85,1),(5,86,1),(5,87,1),(5,88,1),(5,89,1),(5,90,1),(5,91,1),(5,92,1),(5,93,1),(5,94,1),(5,95,1),(5,96,1),(5,97,1),(5,98,1),(5,99,1),(5,100,1),(5,101,1),(5,102,1),(5,103,1),(5,104,1),(5,105,1),(5,106,1),(5,107,1),(5,108,1),(5,109,1),(5,110,1),(5,111,1),(5,112,1),(5,113,1),(5,114,1),(5,115,1),(5,116,1),(6,85,1),(6,113,1),(6,108,1),(6,107,1),(6,106,1),(6,105,1),(6,102,1),(6,101,1),(6,100,1),(6,99,1),(6,98,1),(6,97,1),(6,117,1),(6,112,1),(6,111,1),(6,110,1),(6,94,1),(6,116,1),(6,92,1),(6,89,1),(6,87,1),(6,114,1),(6,109,1),(6,93,1),(6,88,0),(7,85,1),(7,87,1),(7,88,1),(7,89,1),(7,92,1),(7,93,1),(7,94,1),(7,96,1),(7,98,1),(7,99,1),(7,100,1),(7,101,1),(7,104,1),(7,105,1),(7,106,1),(7,107,1),(7,108,1),(7,113,1),(7,114,1),(7,116,1),(8,85,1),(8,87,1),(8,88,1),(8,89,1),(8,92,1),(8,93,1),(8,94,1),(8,114,1),(8,116,1),(8,96,0),(8,108,0),(8,113,0),(9,85,1),(9,88,1),(9,89,1),(9,92,1),(9,93,1),(9,94,1),(9,96,1),(9,98,1),(9,99,1),(9,100,1),(9,101,1),(9,104,1),(9,105,1),(9,106,1),(9,107,1),(9,108,1),(9,113,1),(9,114,1),(9,116,1),(9,87,0),(10,31,1),(10,32,1),(10,42,1),(10,33,1),(10,34,1),(10,35,1),(10,36,1),(10,37,1),(10,38,1),(10,39,1),(10,40,1),(10,41,1),(10,43,1),(11,31,1),(11,32,1),(11,34,1),(11,35,1),(11,36,1),(11,37,1),(11,38,1),(11,39,1),(11,40,1),(11,41,1),(11,43,1),(12,31,1),(12,34,1),(12,35,1),(12,36,1),(12,40,1),(13,31,1),(13,32,1),(13,35,1),(14,1,1),(14,2,1),(14,3,1),(14,4,1),(14,5,1),(14,6,1),(14,7,1),(14,8,1),(14,9,1),(14,10,1),(14,11,1),(14,12,1),(14,13,1),(14,14,1),(14,15,1),(14,16,1),(14,17,1),(14,18,1),(14,19,1),(14,20,1),(14,21,1),(14,22,1),(14,23,1),(14,24,1),(14,25,1),(14,26,1),(14,27,1),(14,28,1),(14,29,1),(14,30,1),(15,1,1),(15,3,1),(15,4,1),(15,5,1),(15,6,1),(15,7,1),(15,8,1),(15,9,1),(15,11,1),(15,13,1),(15,14,1),(15,15,1),(15,17,1),(15,18,1),(15,19,1),(15,20,1),(15,21,1),(15,22,1),(15,23,1),(15,24,1),(15,25,1),(15,27,1),(15,29,1),(15,30,1),(16,1,0),(17,1,1),(17,7,1),(17,14,1),(17,19,1),(17,20,1),(17,23,1),(17,27,1),(18,1,1),(18,4,1),(18,7,1),(18,8,1),(18,9,1),(18,13,1),(18,14,1),(18,15,1),(18,17,1),(18,18,1),(18,19,1),(18,20,1),(18,21,1),(18,22,1),(18,23,1),(18,24,1),(18,25,1),(18,27,1),(18,29,1),(19,1,1),(19,7,1),(19,14,1),(19,19,1),(19,20,1),(20,1,1),(20,3,1),(20,4,1),(20,7,1),(20,8,1),(20,9,1),(20,13,1),(20,14,1),(20,17,1),(20,18,1),(20,19,1),(20,20,1),(20,21,1),(20,22,1),(20,23,1),(20,24,1),(20,25,1),(20,27,1),(20,29,1),(20,15,0),(21,1,1),(21,3,1),(21,4,1),(21,5,1),(21,6,1),(21,7,1),(21,8,1),(21,9,1),(21,11,1),(21,13,1),(21,14,1),(21,15,1),(21,16,1),(21,17,1),(21,18,1),(21,19,1),(21,20,1),(21,21,1),(21,22,1),(21,23,1),(21,24,1),(21,25,1),(21,27,1),(21,29,1),(21,30,1),(22,1,1),(22,4,1),(22,7,1),(22,8,1),(22,9,1),(22,13,1),(22,14,1),(22,15,1),(22,16,1),(22,17,1),(22,18,1),(22,19,1),(22,20,1),(22,21,1),(22,22,1),(22,23,1),(22,24,1),(22,25,1),(22,27,1),(22,29,1),(5,117,1),(6,86,1),(7,117,1),(8,117,0),(9,117,1);

--
-- Table structure for table `phpbb_acl_users`
--

CREATE TABLE `phpbb_acl_users` (
  `user_id` mediumint(8) unsigned NOT NULL DEFAULT '0',
  `forum_id` mediumint(8) unsigned NOT NULL DEFAULT '0',
  `auth_option_id` mediumint(8) unsigned NOT NULL DEFAULT '0',
  `auth_role_id` mediumint(8) unsigned NOT NULL DEFAULT '0',
  `auth_setting` tinyint(2) NOT NULL DEFAULT '0',
  KEY `user_id` (`user_id`),
  KEY `auth_option_id` (`auth_option_id`),
  KEY `auth_role_id` (`auth_role_id`)
) ENGINE=MyISAM DEFAULT CHARSET=utf8 COLLATE=utf8_bin;

--
-- Dumping data for table `phpbb_acl_users`
--

INSERT INTO `phpbb_acl_users` VALUES (2,0,0,5,0);

--
-- Table structure for table `phpbb_attachments`
--

CREATE TABLE `phpbb_attachments` (
  `attach_id` mediumint(8) unsigned NOT NULL AUTO_INCREMENT,
  `post_msg_id` mediumint(8) unsigned NOT NULL DEFAULT '0',
  `topic_id` mediumint(8) unsigned NOT NULL DEFAULT '0',
  `in_message` tinyint(1) unsigned NOT NULL DEFAULT '0',
  `poster_id` mediumint(8) unsigned NOT NULL DEFAULT '0',
  `is_orphan` tinyint(1) unsigned NOT NULL DEFAULT '1',
  `physical_filename` varchar(255) COLLATE utf8_bin NOT NULL DEFAULT '',
  `real_filename` varchar(255) COLLATE utf8_bin NOT NULL DEFAULT '',
  `download_count` mediumint(8) unsigned NOT NULL DEFAULT '0',
  `attach_comment` text COLLATE utf8_bin NOT NULL,
  `extension` varchar(100) COLLATE utf8_bin NOT NULL DEFAULT '',
  `mimetype` varchar(100) COLLATE utf8_bin NOT NULL DEFAULT '',
  `filesize` int(20) unsigned NOT NULL DEFAULT '0',
  `filetime` int(11) unsigned NOT NULL DEFAULT '0',
  `thumbnail` tinyint(1) unsigned NOT NULL DEFAULT '0',
  PRIMARY KEY (`attach_id`),
  KEY `filetime` (`filetime`),
  KEY `post_msg_id` (`post_msg_id`),
  KEY `topic_id` (`topic_id`),
  KEY `poster_id` (`poster_id`),
  KEY `is_orphan` (`is_orphan`)
) ENGINE=MyISAM AUTO_INCREMENT=97 DEFAULT CHARSET=utf8 COLLATE=utf8_bin;

--
-- Dumping data for table `phpbb_attachments`
--

INSERT INTO `phpbb_attachments` VALUES (80,1122,830,0,2,0,'2_c6e7dc09cf840b785f25931b33266303','2010 Grand Prix Entry Fees.pdf',70,'','pdf','application/pdf',56695,1258400448,0),(37,334,176,0,114,0,'114_b7d46ba55d5f45da0175f02d201a8c0f','Round 2 Bikes Overall.pdf',6,'Round 2 Bikes Overall','pdf','application/pdf',101022,1239224483,0),(32,274,140,0,114,0,'114_6310c00888fea6d08fab0f20094d764e','smallfront.jpg',64,'','jpg','image/jpeg',12644,1238519770,0),(83,1124,832,0,2,0,'2_91e231322076e42da8d6f9f8b6491bf0','AZ_GP_Series_2010_Final.pdf',33,'','pdf','application/pdf',569624,1258400857,0),(21,191,79,0,2,0,'2_55bcc6f18c03143021e8a538b240c380','GS Endurance 6Hr-ATVsOverall.pdf',37,'ATV/UTV Overall','pdf','application/pdf',79613,1236093176,0),(24,191,79,0,2,0,'2_4f87a5a44a9e045bce4ec8d24c8d38a2','GS Endurance 6Hr-BikesOverall.pdf',41,'Bikes Overall','pdf','application/pdf',87570,1236271076,0),(25,191,79,0,2,0,'2_563150b55ddcf9c2d8dfea307904159a','GS Endurance 6Hr-Bikes.pdf',32,'Bikes By Class','pdf','application/pdf',84415,1236271102,0),(34,289,155,0,2,0,'2_22e4fa78565d34dd54701021eff9562b','2009 gp schedule.pdf',16,'','pdf','application/pdf',334737,1238525937,0),(22,191,79,0,2,0,'2_2d906e5cd25ac51f343c148caddff523','GS Endurance 6Hr-ATVs.pdf',23,'ATV/UTV By Class','pdf','application/pdf',78435,1236093200,0),(36,334,176,0,114,0,'114_09e09e384eb6798083db017aba4f3bcb','Round 2 Bike Results.pdf',10,'Round 2 Bikes','pdf','application/pdf',91306,1239224465,0),(35,290,156,0,2,0,'2_e5cf0069102af12afdb73a1c58680aa1','GS Team Endur....pdf',8,'','pdf','application/pdf',373254,1238526017,0),(30,272,137,0,114,0,'114_061fc04c57b03234b15f86959a988abf','Grinding Stone 6Hour Endurance Race.pdf',4,'','pdf','application/pdf',51103,1238517478,0),(76,1120,829,0,2,0,'2_27b3e3db4b2e53be908922a930aa73a5','GP Bike Classes.pdf',72,'','pdf','application/pdf',53410,1258400127,0),(42,349,182,0,114,0,'114_e0fb3abbeaaa73def22ef47b1187fe11','at the races.jpg',28,'','jpg','image/jpeg',17253,1239321928,0),(40,334,176,0,114,0,'114_8a72c782078e87cd2089b1552478d4d4','Round 2 ATV-UTV Results.pdf',13,'Round 2 ATV-UTV','pdf','application/pdf',156182,1239225468,0),(41,334,176,0,114,0,'114_6555857870dd8c7943377d335a467255','Round 2 ATV-UTV Overall.pdf',12,'Round 2 ATV-UTV Overall','pdf','application/pdf',172242,1239225503,0),(43,349,182,0,114,0,'114_d8b1278c85b0a2bad0c9071304b650eb','mat.jpg',28,'','jpg','image/jpeg',14727,1239321948,0),(44,357,187,0,114,0,'114_b2547f046fe200e9f57405613af3391e','GS-GP-Sprocket-Trophy.jpg',35,'','jpg','image/jpeg',520105,1239742818,0),(75,1120,829,0,2,0,'2_71239b6070ed63ecfb1e26a3b2d46701','GP ATV and UTV Classes.pdf',27,'','pdf','application/pdf',53799,1258400113,0),(46,398,204,0,114,0,'114_0d441e1f5201524deb4d6b3f274159bd','Overall Points ATV GP.pdf',28,'ATV\'s','pdf','application/pdf',100844,1241560210,0),(47,398,204,0,114,0,'114_5d52a9f2fa17171f40eb5f3d6073ed1b','Overall Scores Bikes.pdf',20,'Bikes','pdf','application/pdf',115293,1241560233,0),(51,407,208,0,114,0,'114_69c2910dceb8f7bff84cc1078a3cc247','8Hr Endurance ATV Overall.pdf',10,'8hr ATV Overall Results','pdf','application/pdf',15322,1241729914,0),(52,408,209,0,114,0,'114_2ded1098951e0c366cb516cbc9349684','8Hr Endurance Bikes.pdf',19,'','pdf','application/pdf',16758,1241730138,0),(50,407,208,0,114,0,'114_0a1422e50c22b602996617b743928f77','8Hr Endurance ATV.pdf',9,'8hr ATV Results by class','pdf','application/pdf',14861,1241729797,0),(53,408,209,0,114,0,'114_03903da115538f69355f783b729370cb','8Hr Endurance Bikes Overall.pdf',16,'','pdf','application/pdf',16572,1241730151,0),(66,485,241,0,114,0,'2_96095e52c6de83476d9834e917ac17a8','Moto X Race Results 6-28-09.pdf',27,'','pdf','application/pdf',260623,1246395419,0),(55,422,213,0,114,0,'114_f500a759a5eccd24280570c878a34c1e','Round 3 Bike Results.pdf',31,'','pdf','application/pdf',73621,1243372073,0),(56,422,213,0,114,0,'114_3e772c91532edf1d615106e057e70210','Round 3 ATV Results.pdf',24,'','pdf','application/pdf',58011,1243372137,0),(57,438,223,0,114,0,'114_6adf36823802bea8bf949b3493ffa79f','Race Times 5-26-09.pdf',9,'','pdf','application/pdf',113143,1244143929,0),(58,460,231,0,114,0,'114_48f914cd527a4ad7be1fad27040d0bdc','door mats.doc',4,'','doc','application/octet-stream',57856,1245335417,0),(61,462,233,0,114,0,'114_7421f61badac75efe4dda4f747e36f3f','5-4 145.jpg',46,'','jpg','image/jpeg',219943,1245335702,0),(60,461,232,0,114,0,'114_3f2aacf3146df70a1d5ec62da8268841','Moto Mutts Moto Gate.doc',13,'','doc','application/msword',59392,1245335573,0),(62,462,233,0,114,0,'114_63124b54362da498fa9978e92943a904','6-8 018.jpg',46,'','jpg','image/jpeg',156241,1245335719,0),(64,470,214,0,114,0,'114_9e869877ce040ec46c75b3aebf991189','Grinding Stone Grand July 10-11 flyer.pdf',5,'','pdf','application/pdf',419088,1245896708,0),(67,513,251,0,114,0,'114_45b5c4f541bc46e2ca184eb5ccc185b9','all colors website.jpg',48,'','jpg','image/jpeg',6449,1248213780,0),(78,0,0,0,2,1,'2_53057565d9dbe7f52896f1d99dc32908','AZ_GP_Series_2010_Final.pdf',0,'','pdf','application/pdf',569624,1258400264,0),(77,1120,829,0,2,0,'2_74e86a09772392dca0b1a3466b825394','GP Youth ATV and Bikes.pdf',24,'','pdf','application/pdf',49227,1258400146,0),(73,694,406,0,114,0,'114_fd94c56dcf64be90cca106e993febb98','destry abbott isde fundraiser.pdf',7,'','pdf','application/pdf',460299,1254148493,0),(74,704,416,0,2,0,'2_d4fa59507244ba524705380829f94b08','XtremeX 10-10-09 flyer.pdf',8,'','pdf','application/pdf',695300,1254506751,0),(81,1123,831,0,2,0,'2_5d72cd7508f04e034d88c095ae459ba3','Saturday Bikes race times.pdf',70,'','pdf','application/pdf',62097,1258400637,0),(82,1123,831,0,2,0,'2_efc52ec41e9c21449040040ac682935a','Sunday ATV race times.pdf',26,'','pdf','application/pdf',58455,1258400653,0),(84,1125,833,0,2,0,'2_d35c7c58cd7634b291b28e898af56025','2010 Grand Prix Rules.pdf',73,'','pdf','application/pdf',66654,1258401021,0),(85,1127,835,0,2,0,'2_60e73edea9c55af53a2f179cc7b6390c','GS_4_HOUR_Series_2010_Final.pdf',16,'','pdf','application/pdf',732857,1258401264,0),(86,1128,836,0,2,0,'2_b9b60128da49733785c91f6f57c42705','4 Hour Endurance Race Classes.pdf',17,'','pdf','application/pdf',49086,1258401368,0),(87,1129,837,0,2,0,'2_0ef0ab9e302d6f458305ca175c150008','2010 4hr Endurance Team Race Entry Fees.pdf',17,'','pdf','application/pdf',41276,1258401484,0),(88,1130,838,0,2,0,'2_912ace38eb818f0e5350099c3c658091','Hare_Scramble_Series_2010_Final.pdf',19,'','pdf','application/pdf',554615,1258402090,0),(89,1131,839,0,2,0,'2_6172dd079c28e5cd945c325684e41067','2010 Hare Scramble Classes.pdf',18,'','pdf','application/pdf',56776,1258402157,0),(90,1132,840,0,2,0,'2_51c5fb7a8fb2a5e4f026c29b60bab856','2010 Hare Scrambles Entry Fees.pdf',12,'','pdf','application/pdf',45183,1258402213,0),(91,1133,841,0,2,0,'2_f203d21de1ae3729dff1ce4c6fe142e7','2010 AMX only MX series.pdf',30,'','pdf','application/pdf',47144,1258402417,0),(92,1134,842,0,2,0,'2_50e54c4f7ae910311ebcf8acd4d95838','grindingstone motoswap.pdf',9,'','pdf','application/pdf',525628,1258402546,0),(93,1136,844,0,2,0,'2_ac44dd3c4e88f7a100324a51b40594c5','2010 AMX Quad Series.pdf',9,'','pdf','application/pdf',46593,1258431617,0),(95,1156,863,0,2,0,'2_7943512c89bdb7e1ac26e720222f01dd','toys for tots.pdf',0,'','pdf','application/pdf',106297,1258562622,0),(96,1155,862,0,2,0,'2_91b21615fa71c37caf8c6a75e3fd4620','Team Race gs and canyon.pdf',5,'','pdf','application/pdf',211262,1258727098,0);

--
-- Table structure for table `phpbb_banlist`
--

CREATE TABLE `phpbb_banlist` (
  `ban_id` mediumint(8) unsigned NOT NULL AUTO_INCREMENT,
  `ban_userid` mediumint(8) unsigned NOT NULL DEFAULT '0',
  `ban_ip` varchar(40) COLLATE utf8_bin NOT NULL DEFAULT '',
  `ban_email` varchar(100) COLLATE utf8_bin NOT NULL DEFAULT '',
  `ban_start` int(11) unsigned NOT NULL DEFAULT '0',
  `ban_end` int(11) unsigned NOT NULL DEFAULT '0',
  `ban_exclude` tinyint(1) unsigned NOT NULL DEFAULT '0',
  `ban_reason` varchar(255) COLLATE utf8_bin NOT NULL DEFAULT '',
  `ban_give_reason` varchar(255) COLLATE utf8_bin NOT NULL DEFAULT '',
  PRIMARY KEY (`ban_id`),
  KEY `ban_end` (`ban_end`),
  KEY `ban_user` (`ban_userid`,`ban_exclude`),
  KEY `ban_email` (`ban_email`,`ban_exclude`),
  KEY `ban_ip` (`ban_ip`,`ban_exclude`)
) ENGINE=MyISAM AUTO_INCREMENT=3099 DEFAULT CHARSET=utf8 COLLATE=utf8_bin;

--
-- Dumping data for table `phpbb_banlist`
--

INSERT INTO `phpbb_banlist` VALUES (1,122,'','',1233848764,0,0,'sex content',''),(2,123,'','',1233850458,0,0,'na','na'),(3,124,'','',1233893043,0,0,'',''),(4,387,'','',1234627318,0,0,'',''),(5,593,'','',1234922157,0,0,'',''),(6,559,'','',1234922193,0,0,'',''),(7,598,'','',1234929593,0,0,'',''),(8,646,'','',1235141059,0,0,'',''),(9,1536,'','',1236632954,0,0,'',''),(10,0,'194.8.74.220','',1237850770,0,0,'spammer',''),(11,0,'194.8.74.32','',1237850913,0,0,'IP banned via user management',''),(12,306,'','',1237853155,0,0,'',''),(13,0,'','*@retml.com',1237854854,0,0,'',''),(14,0,'195.2.1.1','',1237855575,0,0,'',''),(15,0,'195.2.1.2','',1237855575,0,0,'',''),(16,0,'195.2.1.3','',1237855575,0,0,'',''),(17,0,'195.2.1.4','',1237855575,0,0,'',''),(18,0,'195.2.1.5','',1237855575,0,0,'',''),(19,0,'195.2.1.6','',1237855575,0,0,'',''),(20,0,'195.2.1.7','',1237855575,0,0,'',''),(21,0,'195.2.1.8','',1237855575,0,0,'',''),(22,0,'195.2.1.9','',1237855575,0,0,'',''),(23,0,'195.2.1.10','',1237855575,0,0,'',''),(24,0,'195.2.1.11','',1237855575,0,0,'',''),(25,0,'195.2.1.12','',1237855575,0,0,'',''),(26,0,'195.2.1.13','',1237855575,0,0,'',''),(27,0,'195.2.1.14','',1237855575,0,0,'',''),(28,0,'195.2.1.15','',1237855575,0,0,'',''),(29,0,'195.2.1.16','',1237855575,0,0,'',''),(30,0,'195.2.1.17','',1237855575,0,0,'',''),(31,0,'195.2.1.18','',1237855575,0,0,'',''),(32,0,'195.2.1.19','',1237855575,0,0,'',''),(33,0,'195.2.1.20','',1237855575,0,0,'',''),(34,0,'195.2.1.21','',1237855575,0,0,'',''),(35,0,'195.2.1.22','',1237855575,0,0,'',''),(36,0,'195.2.1.23','',1237855575,0,0,'',''),(37,0,'195.2.1.24','',1237855575,0,0,'',''),(38,0,'195.2.1.25','',1237855575,0,0,'',''),(39,0,'195.2.1.26','',1237855575,0,0,'',''),(40,0,'195.2.1.27','',1237855575,0,0,'',''),(41,0,'195.2.1.28','',1237855575,0,0,'',''),(42,0,'195.2.1.29','',1237855575,0,0,'',''),(43,0,'195.2.1.30','',1237855575,0,0,'',''),(44,0,'195.2.1.31','',1237855575,0,0,'',''),(45,0,'195.2.1.32','',1237855575,0,0,'',''),(46,0,'195.2.1.33','',1237855575,0,0,'',''),(47,0,'195.2.1.34','',1237855575,0,0,'',''),(48,0,'195.2.1.35','',1237855575,0,0,'',''),(49,0,'195.2.1.36','',1237855575,0,0,'',''),(50,0,'195.2.1.37','',1237855575,0,0,'',''),(51,0,'195.2.1.38','',1237855575,0,0,'',''),(52,0,'195.2.1.39','',1237855575,0,0,'',''),(53,0,'195.2.1.40','',1237855575,0,0,'',''),(54,0,'195.2.1.41','',1237855575,0,0,'',''),(55,0,'195.2.1.42','',1237855575,0,0,'',''),(56,0,'195.2.1.43','',1237855575,0,0,'',''),(57,0,'195.2.1.44','',1237855575,0,0,'',''),(58,0,'195.2.1.45','',1237855575,0,0,'',''),(59,0,'195.2.1.46','',1237855575,0,0,'',''),(60,0,'195.2.1.47','',1237855575,0,0,'',''),(61,0,'195.2.1.48','',1237855575,0,0,'',''),(62,0,'195.2.1.49','',1237855575,0,0,'',''),(63,0,'195.2.1.50','',1237855575,0,0,'',''),(64,0,'195.2.1.51','',1237855575,0,0,'',''),(65,0,'195.2.1.52','',1237855575,0,0,'',''),(66,0,'195.2.1.53','',1237855575,0,0,'',''),(67,0,'195.2.1.54','',1237855575,0,0,'',''),(68,0,'195.2.1.55','',1237855575,0,0,'',''),(69,0,'195.2.1.56','',1237855575,0,0,'',''),(70,0,'195.2.1.57','',1237855575,0,0,'',''),(71,0,'195.2.1.58','',1237855575,0,0,'',''),(72,0,'195.2.1.59','',1237855575,0,0,'',''),(73,0,'195.2.1.60','',1237855575,0,0,'',''),(74,0,'195.2.1.61','',1237855575,0,0,'',''),(75,0,'195.2.1.62','',1237855575,0,0,'',''),(76,0,'195.2.1.63','',1237855575,0,0,'',''),(77,0,'195.2.1.64','',1237855575,0,0,'',''),(78,0,'195.2.1.65','',1237855575,0,0,'',''),(79,0,'195.2.1.66','',1237855575,0,0,'',''),(80,0,'195.2.1.67','',1237855575,0,0,'',''),(81,0,'195.2.1.68','',1237855575,0,0,'',''),(82,0,'195.2.1.69','',1237855575,0,0,'',''),(83,0,'195.2.1.70','',1237855575,0,0,'',''),(84,0,'195.2.1.71','',1237855575,0,0,'',''),(85,0,'195.2.1.72','',1237855575,0,0,'',''),(86,0,'195.2.1.73','',1237855575,0,0,'',''),(87,0,'195.2.1.74','',1237855575,0,0,'',''),(88,0,'195.2.1.75','',1237855575,0,0,'',''),(89,0,'195.2.1.76','',1237855575,0,0,'',''),(90,0,'195.2.1.77','',1237855575,0,0,'',''),(91,0,'195.2.1.78','',1237855575,0,0,'',''),(92,0,'195.2.1.79','',1237855575,0,0,'',''),(93,0,'195.2.1.80','',1237855575,0,0,'',''),(94,0,'195.2.1.81','',1237855575,0,0,'',''),(95,0,'195.2.1.82','',1237855575,0,0,'',''),(96,0,'195.2.1.83','',1237855575,0,0,'',''),(97,0,'195.2.1.84','',1237855575,0,0,'',''),(98,0,'195.2.1.85','',1237855575,0,0,'',''),(99,0,'195.2.1.86','',1237855575,0,0,'',''),(100,0,'195.2.1.87','',1237855575,0,0,'',''),(101,0,'195.2.1.88','',1237855575,0,0,'',''),(102,0,'195.2.1.89','',1237855575,0,0,'',''),(103,0,'195.2.1.90','',1237855575,0,0,'',''),(104,0,'195.2.1.91','',1237855575,0,0,'',''),(105,0,'195.2.1.92','',1237855575,0,0,'',''),(106,0,'195.2.1.93','',1237855575,0,0,'',''),(107,0,'195.2.1.94','',1237855575,0,0,'',''),(108,0,'195.2.1.95','',1237855575,0,0,'',''),(109,0,'195.2.1.96','',1237855575,0,0,'',''),(110,0,'195.2.1.97','',1237855575,0,0,'',''),(111,0,'195.2.1.98','',1237855575,0,0,'',''),(112,0,'195.2.1.99','',1237855575,0,0,'',''),(113,0,'195.2.1.100','',1237855575,0,0,'',''),(114,0,'195.2.1.101','',1237855575,0,0,'',''),(115,0,'195.2.1.102','',1237855575,0,0,'',''),(116,0,'195.2.1.103','',1237855575,0,0,'',''),(117,0,'195.2.1.104','',1237855575,0,0,'',''),(118,0,'195.2.1.105','',1237855575,0,0,'',''),(119,0,'195.2.1.106','',1237855575,0,0,'',''),(120,0,'195.2.1.107','',1237855575,0,0,'',''),(121,0,'195.2.1.108','',1237855575,0,0,'',''),(122,0,'195.2.1.109','',1237855575,0,0,'',''),(123,0,'195.2.1.110','',1237855575,0,0,'',''),(124,0,'195.2.1.111','',1237855575,0,0,'',''),(125,0,'195.2.1.112','',1237855575,0,0,'',''),(126,0,'195.2.1.113','',1237855575,0,0,'',''),(127,0,'195.2.1.114','',1237855575,0,0,'',''),(128,0,'195.2.1.115','',1237855575,0,0,'',''),(129,0,'195.2.1.116','',1237855575,0,0,'',''),(130,0,'195.2.1.117','',1237855575,0,0,'',''),(131,0,'195.2.1.118','',1237855575,0,0,'',''),(132,0,'195.2.1.119','',1237855575,0,0,'',''),(133,0,'195.2.1.120','',1237855575,0,0,'',''),(134,0,'195.2.1.121','',1237855575,0,0,'',''),(135,0,'195.2.1.122','',1237855575,0,0,'',''),(136,0,'195.2.1.123','',1237855575,0,0,'',''),(137,0,'195.2.1.124','',1237855575,0,0,'',''),(138,0,'195.2.1.125','',1237855575,0,0,'',''),(139,0,'195.2.1.126','',1237855575,0,0,'',''),(140,0,'195.2.1.127','',1237855575,0,0,'',''),(141,0,'195.2.1.128','',1237855575,0,0,'',''),(142,0,'195.2.1.129','',1237855575,0,0,'',''),(143,0,'195.2.1.130','',1237855575,0,0,'',''),(144,0,'195.2.1.131','',1237855575,0,0,'',''),(145,0,'195.2.1.132','',1237855575,0,0,'',''),(146,0,'195.2.1.133','',1237855575,0,0,'',''),(147,0,'195.2.1.134','',1237855575,0,0,'',''),(148,0,'195.2.1.135','',1237855575,0,0,'',''),(149,0,'195.2.1.136','',1237855575,0,0,'',''),(150,0,'195.2.1.137','',1237855575,0,0,'',''),(151,0,'195.2.1.138','',1237855575,0,0,'',''),(152,0,'195.2.1.139','',1237855575,0,0,'',''),(153,0,'195.2.1.140','',1237855575,0,0,'',''),(154,0,'195.2.1.141','',1237855575,0,0,'',''),(155,0,'195.2.1.142','',1237855575,0,0,'',''),(156,0,'195.2.1.143','',1237855575,0,0,'',''),(157,0,'195.2.1.144','',1237855575,0,0,'',''),(158,0,'195.2.1.145','',1237855575,0,0,'',''),(159,0,'195.2.1.146','',1237855575,0,0,'',''),(160,0,'195.2.1.147','',1237855575,0,0,'',''),(161,0,'195.2.1.148','',1237855575,0,0,'',''),(162,0,'195.2.1.149','',1237855575,0,0,'',''),(163,0,'195.2.1.150','',1237855575,0,0,'',''),(164,0,'195.2.1.151','',1237855575,0,0,'',''),(165,0,'195.2.1.152','',1237855575,0,0,'',''),(166,0,'195.2.1.153','',1237855575,0,0,'',''),(167,0,'195.2.1.154','',1237855575,0,0,'',''),(168,0,'195.2.1.155','',1237855575,0,0,'',''),(169,0,'195.2.1.156','',1237855575,0,0,'',''),(170,0,'195.2.1.157','',1237855575,0,0,'',''),(171,0,'195.2.1.158','',1237855575,0,0,'',''),(172,0,'195.2.1.159','',1237855575,0,0,'',''),(173,0,'195.2.1.160','',1237855575,0,0,'',''),(174,0,'195.2.1.161','',1237855575,0,0,'',''),(175,0,'195.2.1.162','',1237855575,0,0,'',''),(176,0,'195.2.1.163','',1237855575,0,0,'',''),(177,0,'195.2.1.164','',1237855575,0,0,'',''),(178,0,'195.2.1.165','',1237855575,0,0,'',''),(179,0,'195.2.1.166','',1237855575,0,0,'',''),(180,0,'195.2.1.167','',1237855575,0,0,'',''),(181,0,'195.2.1.168','',1237855575,0,0,'',''),(182,0,'195.2.1.169','',1237855575,0,0,'',''),(183,0,'195.2.1.170','',1237855575,0,0,'',''),(184,0,'195.2.1.171','',1237855575,0,0,'',''),(185,0,'195.2.1.172','',1237855575,0,0,'',''),(186,0,'195.2.1.173','',1237855575,0,0,'',''),(187,0,'195.2.1.174','',1237855575,0,0,'',''),(188,0,'195.2.1.175','',1237855575,0,0,'',''),(189,0,'195.2.1.176','',1237855575,0,0,'',''),(190,0,'195.2.1.177','',1237855575,0,0,'',''),(191,0,'195.2.1.178','',1237855575,0,0,'',''),(192,0,'195.2.1.179','',1237855575,0,0,'',''),(193,0,'195.2.1.180','',1237855575,0,0,'',''),(194,0,'195.2.1.181','',1237855575,0,0,'',''),(195,0,'195.2.1.182','',1237855575,0,0,'',''),(196,0,'195.2.1.183','',1237855575,0,0,'',''),(197,0,'195.2.1.184','',1237855575,0,0,'',''),(198,0,'195.2.1.185','',1237855575,0,0,'',''),(199,0,'195.2.1.186','',1237855575,0,0,'',''),(200,0,'195.2.1.187','',1237855575,0,0,'',''),(201,0,'195.2.1.188','',1237855575,0,0,'',''),(202,0,'195.2.1.189','',1237855575,0,0,'',''),(203,0,'195.2.1.190','',1237855575,0,0,'',''),(204,0,'195.2.1.191','',1237855575,0,0,'',''),(205,0,'195.2.1.192','',1237855575,0,0,'',''),(206,0,'195.2.1.193','',1237855575,0,0,'',''),(207,0,'195.2.1.194','',1237855575,0,0,'',''),(208,0,'195.2.1.195','',1237855575,0,0,'',''),(209,0,'195.2.1.196','',1237855575,0,0,'',''),(210,0,'195.2.1.197','',1237855575,0,0,'',''),(211,0,'195.2.1.198','',1237855575,0,0,'',''),(212,0,'195.2.1.199','',1237855575,0,0,'',''),(213,0,'195.2.1.200','',1237855575,0,0,'',''),(214,0,'195.2.1.201','',1237855575,0,0,'',''),(215,0,'195.2.1.202','',1237855575,0,0,'',''),(216,0,'195.2.1.203','',1237855575,0,0,'',''),(217,0,'195.2.1.204','',1237855575,0,0,'',''),(218,0,'195.2.1.205','',1237855575,0,0,'',''),(219,0,'195.2.1.206','',1237855575,0,0,'',''),(220,0,'195.2.1.207','',1237855575,0,0,'',''),(221,0,'195.2.1.208','',1237855575,0,0,'',''),(222,0,'195.2.1.209','',1237855575,0,0,'',''),(223,0,'195.2.1.210','',1237855575,0,0,'',''),(224,0,'195.2.1.211','',1237855575,0,0,'',''),(225,0,'195.2.1.212','',1237855575,0,0,'',''),(226,0,'195.2.1.213','',1237855575,0,0,'',''),(227,0,'195.2.1.214','',1237855575,0,0,'',''),(228,0,'195.2.1.215','',1237855575,0,0,'',''),(229,0,'195.2.1.216','',1237855575,0,0,'',''),(230,0,'195.2.1.217','',1237855575,0,0,'',''),(231,0,'195.2.1.218','',1237855575,0,0,'',''),(232,0,'195.2.1.219','',1237855575,0,0,'',''),(233,0,'195.2.1.220','',1237855575,0,0,'',''),(234,0,'195.2.1.221','',1237855575,0,0,'',''),(235,0,'195.2.1.222','',1237855575,0,0,'',''),(236,0,'195.2.1.223','',1237855575,0,0,'',''),(237,0,'195.2.1.224','',1237855575,0,0,'',''),(238,0,'195.2.1.225','',1237855575,0,0,'',''),(239,0,'195.2.1.226','',1237855575,0,0,'',''),(240,0,'195.2.1.227','',1237855575,0,0,'',''),(241,0,'195.2.1.228','',1237855575,0,0,'',''),(242,0,'195.2.1.229','',1237855575,0,0,'',''),(243,0,'195.2.1.230','',1237855575,0,0,'',''),(244,0,'195.2.1.231','',1237855575,0,0,'',''),(245,0,'195.2.1.232','',1237855575,0,0,'',''),(246,0,'195.2.1.233','',1237855575,0,0,'',''),(247,0,'195.2.1.234','',1237855575,0,0,'',''),(248,0,'195.2.1.235','',1237855575,0,0,'',''),(249,0,'195.2.1.236','',1237855575,0,0,'',''),(250,0,'195.2.1.237','',1237855575,0,0,'',''),(251,0,'195.2.1.238','',1237855575,0,0,'',''),(252,0,'195.2.1.239','',1237855575,0,0,'',''),(253,0,'195.2.1.240','',1237855575,0,0,'',''),(254,0,'195.2.1.241','',1237855575,0,0,'',''),(255,0,'195.2.1.242','',1237855575,0,0,'',''),(256,0,'195.2.1.243','',1237855575,0,0,'',''),(257,0,'195.2.1.244','',1237855575,0,0,'',''),(258,0,'195.2.1.245','',1237855575,0,0,'',''),(259,0,'195.2.1.246','',1237855575,0,0,'',''),(260,0,'195.2.1.247','',1237855575,0,0,'',''),(261,0,'195.2.1.248','',1237855575,0,0,'',''),(262,0,'195.2.1.249','',1237855575,0,0,'',''),(263,0,'195.2.1.250','',1237855575,0,0,'',''),(264,0,'195.2.1.251','',1237855575,0,0,'',''),(265,0,'195.2.1.252','',1237855575,0,0,'',''),(266,0,'195.2.1.253','',1237855575,0,0,'',''),(267,0,'195.2.1.254','',1237855575,0,0,'',''),(268,0,'195.2.2.*','',1237855575,0,0,'',''),(269,0,'195.2.3.*','',1237855575,0,0,'',''),(270,0,'195.2.4.*','',1237855575,0,0,'',''),(271,0,'195.2.5.*','',1237855575,0,0,'',''),(272,0,'195.2.6.*','',1237855575,0,0,'',''),(273,0,'195.2.7.*','',1237855575,0,0,'',''),(274,0,'195.2.8.*','',1237855575,0,0,'',''),(275,0,'195.2.9.*','',1237855575,0,0,'',''),(276,0,'195.2.10.*','',1237855575,0,0,'',''),(277,0,'195.2.11.*','',1237855575,0,0,'',''),(278,0,'195.2.12.*','',1237855575,0,0,'',''),(279,0,'195.2.13.*','',1237855575,0,0,'',''),(280,0,'195.2.14.*','',1237855575,0,0,'',''),(281,0,'195.2.15.*','',1237855575,0,0,'',''),(282,0,'195.2.16.*','',1237855575,0,0,'',''),(283,0,'195.2.17.*','',1237855575,0,0,'',''),(284,0,'195.2.18.*','',1237855575,0,0,'',''),(285,0,'195.2.19.*','',1237855575,0,0,'',''),(286,0,'195.2.20.*','',1237855575,0,0,'',''),(287,0,'195.2.21.*','',1237855575,0,0,'',''),(288,0,'195.2.22.*','',1237855575,0,0,'',''),(289,0,'195.2.23.*','',1237855575,0,0,'',''),(290,0,'195.2.24.*','',1237855575,0,0,'',''),(291,0,'195.2.25.*','',1237855575,0,0,'',''),(292,0,'195.2.26.*','',1237855575,0,0,'',''),(293,0,'195.2.27.*','',1237855575,0,0,'',''),(294,0,'195.2.28.*','',1237855575,0,0,'',''),(295,0,'195.2.29.*','',1237855575,0,0,'',''),(296,0,'195.2.30.*','',1237855575,0,0,'',''),(297,0,'195.2.31.*','',1237855575,0,0,'',''),(298,0,'195.2.32.*','',1237855575,0,0,'',''),(299,0,'195.2.33.*','',1237855575,0,0,'',''),(300,0,'195.2.34.*','',1237855575,0,0,'',''),(301,0,'195.2.35.*','',1237855575,0,0,'',''),(302,0,'195.2.36.*','',1237855575,0,0,'',''),(303,0,'195.2.37.*','',1237855575,0,0,'',''),(304,0,'195.2.38.*','',1237855575,0,0,'',''),(305,0,'195.2.39.*','',1237855575,0,0,'',''),(306,0,'195.2.40.*','',1237855575,0,0,'',''),(307,0,'195.2.41.*','',1237855575,0,0,'',''),(308,0,'195.2.42.*','',1237855575,0,0,'',''),(309,0,'195.2.43.*','',1237855575,0,0,'',''),(310,0,'195.2.44.*','',1237855575,0,0,'',''),(311,0,'195.2.45.*','',1237855575,0,0,'',''),(312,0,'195.2.46.*','',1237855575,0,0,'',''),(313,0,'195.2.47.*','',1237855575,0,0,'',''),(314,0,'195.2.48.*','',1237855575,0,0,'',''),(315,0,'195.2.49.*','',1237855575,0,0,'',''),(316,0,'195.2.50.*','',1237855575,0,0,'',''),(317,0,'195.2.51.*','',1237855575,0,0,'',''),(318,0,'195.2.52.*','',1237855575,0,0,'',''),(319,0,'195.2.53.*','',1237855575,0,0,'',''),(320,0,'195.2.54.*','',1237855575,0,0,'',''),(321,0,'195.2.55.*','',1237855575,0,0,'',''),(322,0,'195.2.56.*','',1237855575,0,0,'',''),(323,0,'195.2.57.*','',1237855575,0,0,'',''),(324,0,'195.2.58.*','',1237855575,0,0,'',''),(325,0,'195.2.59.*','',1237855575,0,0,'',''),(326,0,'195.2.60.*','',1237855575,0,0,'',''),(327,0,'195.2.61.*','',1237855575,0,0,'',''),(328,0,'195.2.62.*','',1237855575,0,0,'',''),(329,0,'195.2.63.*','',1237855575,0,0,'',''),(330,0,'195.2.64.*','',1237855575,0,0,'',''),(331,0,'195.2.65.*','',1237855575,0,0,'',''),(332,0,'195.2.66.*','',1237855575,0,0,'',''),(333,0,'195.2.67.*','',1237855575,0,0,'',''),(334,0,'195.2.68.*','',1237855575,0,0,'',''),(335,0,'195.2.69.*','',1237855575,0,0,'',''),(336,0,'195.2.70.*','',1237855575,0,0,'',''),(337,0,'195.2.71.*','',1237855575,0,0,'',''),(338,0,'195.2.72.*','',1237855575,0,0,'',''),(339,0,'195.2.73.*','',1237855575,0,0,'',''),(340,0,'195.2.74.*','',1237855575,0,0,'',''),(341,0,'195.2.75.*','',1237855575,0,0,'',''),(342,0,'195.2.76.*','',1237855575,0,0,'',''),(343,0,'195.2.77.*','',1237855575,0,0,'',''),(344,0,'195.2.78.*','',1237855575,0,0,'',''),(345,0,'195.2.79.*','',1237855575,0,0,'',''),(346,0,'195.2.80.*','',1237855575,0,0,'',''),(347,0,'195.2.81.*','',1237855575,0,0,'',''),(348,0,'195.2.82.*','',1237855575,0,0,'',''),(349,0,'195.2.83.*','',1237855575,0,0,'',''),(350,0,'195.2.84.*','',1237855575,0,0,'',''),(351,0,'195.2.85.*','',1237855575,0,0,'',''),(352,0,'195.2.86.*','',1237855575,0,0,'',''),(353,0,'195.2.87.*','',1237855575,0,0,'',''),(354,0,'195.2.88.*','',1237855575,0,0,'',''),(355,0,'195.2.89.*','',1237855575,0,0,'',''),(356,0,'195.2.90.*','',1237855575,0,0,'',''),(357,0,'195.2.91.*','',1237855575,0,0,'',''),(358,0,'195.2.92.*','',1237855575,0,0,'',''),(359,0,'195.2.93.*','',1237855575,0,0,'',''),(360,0,'195.2.94.*','',1237855575,0,0,'',''),(361,0,'195.2.95.*','',1237855575,0,0,'',''),(362,0,'195.2.96.*','',1237855575,0,0,'',''),(363,0,'195.2.97.*','',1237855575,0,0,'',''),(364,0,'195.2.98.*','',1237855575,0,0,'',''),(365,0,'195.2.99.*','',1237855575,0,0,'',''),(366,0,'195.2.100.*','',1237855575,0,0,'',''),(367,0,'195.2.101.*','',1237855575,0,0,'',''),(368,0,'195.2.102.*','',1237855575,0,0,'',''),(369,0,'195.2.103.*','',1237855575,0,0,'',''),(370,0,'195.2.104.*','',1237855575,0,0,'',''),(371,0,'195.2.105.*','',1237855575,0,0,'',''),(372,0,'195.2.106.*','',1237855575,0,0,'',''),(373,0,'195.2.107.*','',1237855575,0,0,'',''),(374,0,'195.2.108.*','',1237855575,0,0,'',''),(375,0,'195.2.109.*','',1237855575,0,0,'',''),(376,0,'195.2.110.*','',1237855575,0,0,'',''),(377,0,'195.2.111.*','',1237855575,0,0,'',''),(378,0,'195.2.112.*','',1237855575,0,0,'',''),(379,0,'195.2.113.*','',1237855575,0,0,'',''),(380,0,'195.2.114.*','',1237855575,0,0,'',''),(381,0,'195.2.115.*','',1237855575,0,0,'',''),(382,0,'195.2.116.*','',1237855575,0,0,'',''),(383,0,'195.2.117.*','',1237855575,0,0,'',''),(384,0,'195.2.118.*','',1237855575,0,0,'',''),(385,0,'195.2.119.*','',1237855575,0,0,'',''),(386,0,'195.2.120.*','',1237855575,0,0,'',''),(387,0,'195.2.121.*','',1237855575,0,0,'',''),(388,0,'195.2.122.*','',1237855575,0,0,'',''),(389,0,'195.2.123.*','',1237855575,0,0,'',''),(390,0,'195.2.124.*','',1237855575,0,0,'',''),(391,0,'195.2.125.*','',1237855575,0,0,'',''),(392,0,'195.2.126.*','',1237855575,0,0,'',''),(393,0,'195.2.127.*','',1237855575,0,0,'',''),(394,0,'195.2.128.*','',1237855575,0,0,'',''),(395,0,'195.2.129.*','',1237855575,0,0,'',''),(396,0,'195.2.130.*','',1237855575,0,0,'',''),(397,0,'195.2.131.*','',1237855575,0,0,'',''),(398,0,'195.2.132.*','',1237855575,0,0,'',''),(399,0,'195.2.133.*','',1237855575,0,0,'',''),(400,0,'195.2.134.*','',1237855575,0,0,'',''),(401,0,'195.2.135.*','',1237855575,0,0,'',''),(402,0,'195.2.136.*','',1237855575,0,0,'',''),(403,0,'195.2.137.*','',1237855575,0,0,'',''),(404,0,'195.2.138.*','',1237855575,0,0,'',''),(405,0,'195.2.139.*','',1237855575,0,0,'',''),(406,0,'195.2.140.*','',1237855575,0,0,'',''),(407,0,'195.2.141.*','',1237855575,0,0,'',''),(408,0,'195.2.142.*','',1237855575,0,0,'',''),(409,0,'195.2.143.*','',1237855575,0,0,'',''),(410,0,'195.2.144.*','',1237855575,0,0,'',''),(411,0,'195.2.145.*','',1237855575,0,0,'',''),(412,0,'195.2.146.*','',1237855575,0,0,'',''),(413,0,'195.2.147.*','',1237855575,0,0,'',''),(414,0,'195.2.148.*','',1237855575,0,0,'',''),(415,0,'195.2.149.*','',1237855575,0,0,'',''),(416,0,'195.2.150.*','',1237855575,0,0,'',''),(417,0,'195.2.151.*','',1237855575,0,0,'',''),(418,0,'195.2.152.*','',1237855575,0,0,'',''),(419,0,'195.2.153.*','',1237855575,0,0,'',''),(420,0,'195.2.154.*','',1237855575,0,0,'',''),(421,0,'195.2.155.*','',1237855575,0,0,'',''),(422,0,'195.2.156.*','',1237855575,0,0,'',''),(423,0,'195.2.157.*','',1237855575,0,0,'',''),(424,0,'195.2.158.*','',1237855575,0,0,'',''),(425,0,'195.2.159.*','',1237855575,0,0,'',''),(426,0,'195.2.160.*','',1237855575,0,0,'',''),(427,0,'195.2.161.*','',1237855575,0,0,'',''),(428,0,'195.2.162.*','',1237855575,0,0,'',''),(429,0,'195.2.163.*','',1237855575,0,0,'',''),(430,0,'195.2.164.*','',1237855575,0,0,'',''),(431,0,'195.2.165.*','',1237855575,0,0,'',''),(432,0,'195.2.166.*','',1237855575,0,0,'',''),(433,0,'195.2.167.*','',1237855575,0,0,'',''),(434,0,'195.2.168.*','',1237855575,0,0,'',''),(435,0,'195.2.169.*','',1237855575,0,0,'',''),(436,0,'195.2.170.*','',1237855575,0,0,'',''),(437,0,'195.2.171.*','',1237855575,0,0,'',''),(438,0,'195.2.172.*','',1237855575,0,0,'',''),(439,0,'195.2.173.*','',1237855575,0,0,'',''),(440,0,'195.2.174.*','',1237855575,0,0,'',''),(441,0,'195.2.175.*','',1237855575,0,0,'',''),(442,0,'195.2.176.*','',1237855575,0,0,'',''),(443,0,'195.2.177.*','',1237855575,0,0,'',''),(444,0,'195.2.178.*','',1237855575,0,0,'',''),(445,0,'195.2.179.*','',1237855575,0,0,'',''),(446,0,'195.2.180.*','',1237855575,0,0,'',''),(447,0,'195.2.181.*','',1237855575,0,0,'',''),(448,0,'195.2.182.*','',1237855575,0,0,'',''),(449,0,'195.2.183.*','',1237855575,0,0,'',''),(450,0,'195.2.184.*','',1237855575,0,0,'',''),(451,0,'195.2.185.*','',1237855575,0,0,'',''),(452,0,'195.2.186.*','',1237855575,0,0,'',''),(453,0,'195.2.187.*','',1237855575,0,0,'',''),(454,0,'195.2.188.*','',1237855575,0,0,'',''),(455,0,'195.2.189.*','',1237855575,0,0,'',''),(456,0,'195.2.190.*','',1237855575,0,0,'',''),(457,0,'195.2.191.*','',1237855575,0,0,'',''),(458,0,'195.2.192.*','',1237855575,0,0,'',''),(459,0,'195.2.193.*','',1237855575,0,0,'',''),(460,0,'195.2.194.*','',1237855575,0,0,'',''),(461,0,'195.2.195.*','',1237855575,0,0,'',''),(462,0,'195.2.196.*','',1237855575,0,0,'',''),(463,0,'195.2.197.*','',1237855575,0,0,'',''),(464,0,'195.2.198.*','',1237855575,0,0,'',''),(465,0,'195.2.199.*','',1237855575,0,0,'',''),(466,0,'195.2.200.*','',1237855575,0,0,'',''),(467,0,'195.2.201.*','',1237855575,0,0,'',''),(468,0,'195.2.202.*','',1237855575,0,0,'',''),(469,0,'195.2.203.*','',1237855575,0,0,'',''),(470,0,'195.2.204.*','',1237855575,0,0,'',''),(471,0,'195.2.205.*','',1237855575,0,0,'',''),(472,0,'195.2.206.*','',1237855575,0,0,'',''),(473,0,'195.2.207.*','',1237855575,0,0,'',''),(474,0,'195.2.208.*','',1237855575,0,0,'',''),(475,0,'195.2.209.*','',1237855575,0,0,'',''),(476,0,'195.2.210.*','',1237855575,0,0,'',''),(477,0,'195.2.211.*','',1237855575,0,0,'',''),(478,0,'195.2.212.*','',1237855575,0,0,'',''),(479,0,'195.2.213.*','',1237855575,0,0,'',''),(480,0,'195.2.214.*','',1237855575,0,0,'',''),(481,0,'195.2.215.*','',1237855575,0,0,'',''),(482,0,'195.2.216.*','',1237855575,0,0,'',''),(483,0,'195.2.217.*','',1237855575,0,0,'',''),(484,0,'195.2.218.*','',1237855575,0,0,'',''),(485,0,'195.2.219.*','',1237855575,0,0,'',''),(486,0,'195.2.220.*','',1237855575,0,0,'',''),(487,0,'195.2.221.*','',1237855575,0,0,'',''),(488,0,'195.2.222.*','',1237855575,0,0,'',''),(489,0,'195.2.223.*','',1237855575,0,0,'',''),(490,0,'195.2.224.*','',1237855575,0,0,'',''),(491,0,'195.2.225.*','',1237855575,0,0,'',''),(492,0,'195.2.226.*','',1237855575,0,0,'',''),(493,0,'195.2.227.*','',1237855575,0,0,'',''),(494,0,'195.2.228.*','',1237855575,0,0,'',''),(495,0,'195.2.229.*','',1237855575,0,0,'',''),(496,0,'195.2.230.*','',1237855575,0,0,'',''),(497,0,'195.2.231.*','',1237855575,0,0,'',''),(498,0,'195.2.232.*','',1237855575,0,0,'',''),(499,0,'195.2.233.*','',1237855575,0,0,'',''),(500,0,'195.2.234.*','',1237855575,0,0,'',''),(501,0,'195.2.235.*','',1237855575,0,0,'',''),(502,0,'195.2.236.*','',1237855575,0,0,'',''),(503,0,'195.2.237.*','',1237855575,0,0,'',''),(504,0,'195.2.238.*','',1237855575,0,0,'',''),(505,0,'195.2.239.*','',1237855575,0,0,'',''),(506,0,'195.2.240.*','',1237855575,0,0,'',''),(507,0,'195.2.241.*','',1237855575,0,0,'',''),(508,0,'195.2.242.*','',1237855575,0,0,'',''),(509,0,'195.2.243.*','',1237855575,0,0,'',''),(510,0,'195.2.244.*','',1237855575,0,0,'',''),(511,0,'195.2.245.*','',1237855575,0,0,'',''),(512,0,'195.2.246.*','',1237855575,0,0,'',''),(513,0,'195.2.247.*','',1237855575,0,0,'',''),(514,0,'195.2.248.*','',1237855575,0,0,'',''),(515,0,'195.2.249.*','',1237855575,0,0,'',''),(516,0,'195.2.250.*','',1237855575,0,0,'',''),(517,0,'195.2.251.*','',1237855575,0,0,'',''),(518,0,'195.2.252.*','',1237855575,0,0,'',''),(519,0,'195.2.253.*','',1237855575,0,0,'',''),(520,0,'195.2.254.*','',1237855575,0,0,'',''),(521,0,'195.2.255.0','',1237855575,0,0,'',''),(522,0,'195.2.255.1','',1237855575,0,0,'',''),(523,0,'195.2.255.2','',1237855575,0,0,'',''),(524,0,'195.2.255.3','',1237855575,0,0,'',''),(525,0,'195.2.255.4','',1237855575,0,0,'',''),(526,0,'195.2.255.5','',1237855575,0,0,'',''),(527,0,'195.2.255.6','',1237855575,0,0,'',''),(528,0,'195.2.255.7','',1237855575,0,0,'',''),(529,0,'195.2.255.8','',1237855575,0,0,'',''),(530,0,'195.2.255.9','',1237855575,0,0,'',''),(531,0,'195.2.255.10','',1237855575,0,0,'',''),(532,0,'195.2.255.11','',1237855575,0,0,'',''),(533,0,'195.2.255.12','',1237855575,0,0,'',''),(534,0,'195.2.255.13','',1237855575,0,0,'',''),(535,0,'195.2.255.14','',1237855575,0,0,'',''),(536,0,'195.2.255.15','',1237855575,0,0,'',''),(537,0,'195.2.255.16','',1237855575,0,0,'',''),(538,0,'195.2.255.17','',1237855575,0,0,'',''),(539,0,'195.2.255.18','',1237855575,0,0,'',''),(540,0,'195.2.255.19','',1237855575,0,0,'',''),(541,0,'195.2.255.20','',1237855575,0,0,'',''),(542,0,'195.2.255.21','',1237855575,0,0,'',''),(543,0,'195.2.255.22','',1237855575,0,0,'',''),(544,0,'195.2.255.23','',1237855575,0,0,'',''),(545,0,'195.2.255.24','',1237855575,0,0,'',''),(546,0,'195.2.255.25','',1237855575,0,0,'',''),(547,0,'195.2.255.26','',1237855575,0,0,'',''),(548,0,'195.2.255.27','',1237855575,0,0,'',''),(549,0,'195.2.255.28','',1237855575,0,0,'',''),(550,0,'195.2.255.29','',1237855575,0,0,'',''),(551,0,'195.2.255.30','',1237855575,0,0,'',''),(552,0,'195.2.255.31','',1237855575,0,0,'',''),(553,0,'195.2.255.32','',1237855575,0,0,'',''),(554,0,'195.2.255.33','',1237855575,0,0,'',''),(555,0,'195.2.255.34','',1237855575,0,0,'',''),(556,0,'195.2.255.35','',1237855575,0,0,'',''),(557,0,'195.2.255.36','',1237855575,0,0,'',''),(558,0,'195.2.255.37','',1237855575,0,0,'',''),(559,0,'195.2.255.38','',1237855575,0,0,'',''),(560,0,'195.2.255.39','',1237855575,0,0,'',''),(561,0,'195.2.255.40','',1237855575,0,0,'',''),(562,0,'195.2.255.41','',1237855575,0,0,'',''),(563,0,'195.2.255.42','',1237855575,0,0,'',''),(564,0,'195.2.255.43','',1237855575,0,0,'',''),(565,0,'195.2.255.44','',1237855575,0,0,'',''),(566,0,'195.2.255.45','',1237855575,0,0,'',''),(567,0,'195.2.255.46','',1237855575,0,0,'',''),(568,0,'195.2.255.47','',1237855575,0,0,'',''),(569,0,'195.2.255.48','',1237855575,0,0,'',''),(570,0,'195.2.255.49','',1237855575,0,0,'',''),(571,0,'195.2.255.50','',1237855575,0,0,'',''),(572,0,'195.2.255.51','',1237855575,0,0,'',''),(573,0,'195.2.255.52','',1237855575,0,0,'',''),(574,0,'195.2.255.53','',1237855575,0,0,'',''),(575,0,'195.2.255.54','',1237855575,0,0,'',''),(576,0,'195.2.255.55','',1237855575,0,0,'',''),(577,0,'195.2.255.56','',1237855575,0,0,'',''),(578,0,'195.2.255.57','',1237855575,0,0,'',''),(579,0,'195.2.255.58','',1237855575,0,0,'',''),(580,0,'195.2.255.59','',1237855575,0,0,'',''),(581,0,'195.2.255.60','',1237855575,0,0,'',''),(582,0,'195.2.255.61','',1237855575,0,0,'',''),(583,0,'195.2.255.62','',1237855575,0,0,'',''),(584,0,'195.2.255.63','',1237855575,0,0,'',''),(585,0,'195.2.255.64','',1237855575,0,0,'',''),(586,0,'195.2.255.65','',1237855575,0,0,'',''),(587,0,'195.2.255.66','',1237855575,0,0,'',''),(588,0,'195.2.255.67','',1237855575,0,0,'',''),(589,0,'195.2.255.68','',1237855575,0,0,'',''),(590,0,'195.2.255.69','',1237855575,0,0,'',''),(591,0,'195.2.255.70','',1237855575,0,0,'',''),(592,0,'195.2.255.71','',1237855575,0,0,'',''),(593,0,'195.2.255.72','',1237855575,0,0,'',''),(594,0,'195.2.255.73','',1237855575,0,0,'',''),(595,0,'195.2.255.74','',1237855575,0,0,'',''),(596,0,'195.2.255.75','',1237855575,0,0,'',''),(597,0,'195.2.255.76','',1237855575,0,0,'',''),(598,0,'195.2.255.77','',1237855575,0,0,'',''),(599,0,'195.2.255.78','',1237855575,0,0,'',''),(600,0,'195.2.255.79','',1237855575,0,0,'',''),(601,0,'195.2.255.80','',1237855575,0,0,'',''),(602,0,'195.2.255.81','',1237855575,0,0,'',''),(603,0,'195.2.255.82','',1237855575,0,0,'',''),(604,0,'195.2.255.83','',1237855575,0,0,'',''),(605,0,'195.2.255.84','',1237855575,0,0,'',''),(606,0,'195.2.255.85','',1237855575,0,0,'',''),(607,0,'195.2.255.86','',1237855575,0,0,'',''),(608,0,'195.2.255.87','',1237855575,0,0,'',''),(609,0,'195.2.255.88','',1237855575,0,0,'',''),(610,0,'195.2.255.89','',1237855575,0,0,'',''),(611,0,'195.2.255.90','',1237855575,0,0,'',''),(612,0,'195.2.255.91','',1237855575,0,0,'',''),(613,0,'195.2.255.92','',1237855575,0,0,'',''),(614,0,'195.2.255.93','',1237855575,0,0,'',''),(615,0,'195.2.255.94','',1237855575,0,0,'',''),(616,0,'195.2.255.95','',1237855575,0,0,'',''),(617,0,'195.2.255.96','',1237855575,0,0,'',''),(618,0,'195.2.255.97','',1237855575,0,0,'',''),(619,0,'195.2.255.98','',1237855575,0,0,'',''),(620,0,'195.2.255.99','',1237855575,0,0,'',''),(621,0,'195.2.255.100','',1237855575,0,0,'',''),(622,0,'195.2.255.101','',1237855575,0,0,'',''),(623,0,'195.2.255.102','',1237855575,0,0,'',''),(624,0,'195.2.255.103','',1237855575,0,0,'',''),(625,0,'195.2.255.104','',1237855575,0,0,'',''),(626,0,'195.2.255.105','',1237855575,0,0,'',''),(627,0,'195.2.255.106','',1237855575,0,0,'',''),(628,0,'195.2.255.107','',1237855575,0,0,'',''),(629,0,'195.2.255.108','',1237855575,0,0,'',''),(630,0,'195.2.255.109','',1237855575,0,0,'',''),(631,0,'195.2.255.110','',1237855575,0,0,'',''),(632,0,'195.2.255.111','',1237855575,0,0,'',''),(633,0,'195.2.255.112','',1237855575,0,0,'',''),(634,0,'195.2.255.113','',1237855575,0,0,'',''),(635,0,'195.2.255.114','',1237855575,0,0,'',''),(636,0,'195.2.255.115','',1237855575,0,0,'',''),(637,0,'195.2.255.116','',1237855575,0,0,'',''),(638,0,'195.2.255.117','',1237855575,0,0,'',''),(639,0,'195.2.255.118','',1237855575,0,0,'',''),(640,0,'195.2.255.119','',1237855575,0,0,'',''),(641,0,'195.2.255.120','',1237855575,0,0,'',''),(642,0,'195.2.255.121','',1237855575,0,0,'',''),(643,0,'195.2.255.122','',1237855575,0,0,'',''),(644,0,'195.2.255.123','',1237855575,0,0,'',''),(645,0,'195.2.255.124','',1237855575,0,0,'',''),(646,0,'195.2.255.125','',1237855575,0,0,'',''),(647,0,'195.2.255.126','',1237855575,0,0,'',''),(648,0,'195.2.255.127','',1237855575,0,0,'',''),(649,0,'195.2.255.128','',1237855575,0,0,'',''),(650,0,'195.2.255.129','',1237855575,0,0,'',''),(651,0,'195.2.255.130','',1237855575,0,0,'',''),(652,0,'195.2.255.131','',1237855575,0,0,'',''),(653,0,'195.2.255.132','',1237855575,0,0,'',''),(654,0,'195.2.255.133','',1237855575,0,0,'',''),(655,0,'195.2.255.134','',1237855575,0,0,'',''),(656,0,'195.2.255.135','',1237855575,0,0,'',''),(657,0,'195.2.255.136','',1237855575,0,0,'',''),(658,0,'195.2.255.137','',1237855575,0,0,'',''),(659,0,'195.2.255.138','',1237855575,0,0,'',''),(660,0,'195.2.255.139','',1237855575,0,0,'',''),(661,0,'195.2.255.140','',1237855575,0,0,'',''),(662,0,'195.2.255.141','',1237855575,0,0,'',''),(663,0,'195.2.255.142','',1237855575,0,0,'',''),(664,0,'195.2.255.143','',1237855575,0,0,'',''),(665,0,'195.2.255.144','',1237855575,0,0,'',''),(666,0,'195.2.255.145','',1237855575,0,0,'',''),(667,0,'195.2.255.146','',1237855575,0,0,'',''),(668,0,'195.2.255.147','',1237855575,0,0,'',''),(669,0,'195.2.255.148','',1237855575,0,0,'',''),(670,0,'195.2.255.149','',1237855575,0,0,'',''),(671,0,'195.2.255.150','',1237855575,0,0,'',''),(672,0,'195.2.255.151','',1237855575,0,0,'',''),(673,0,'195.2.255.152','',1237855575,0,0,'',''),(674,0,'195.2.255.153','',1237855575,0,0,'',''),(675,0,'195.2.255.154','',1237855575,0,0,'',''),(676,0,'195.2.255.155','',1237855575,0,0,'',''),(677,0,'195.2.255.156','',1237855575,0,0,'',''),(678,0,'195.2.255.157','',1237855575,0,0,'',''),(679,0,'195.2.255.158','',1237855575,0,0,'',''),(680,0,'195.2.255.159','',1237855575,0,0,'',''),(681,0,'195.2.255.160','',1237855575,0,0,'',''),(682,0,'195.2.255.161','',1237855575,0,0,'',''),(683,0,'195.2.255.162','',1237855575,0,0,'',''),(684,0,'195.2.255.163','',1237855575,0,0,'',''),(685,0,'195.2.255.164','',1237855575,0,0,'',''),(686,0,'195.2.255.165','',1237855575,0,0,'',''),(687,0,'195.2.255.166','',1237855575,0,0,'',''),(688,0,'195.2.255.167','',1237855575,0,0,'',''),(689,0,'195.2.255.168','',1237855575,0,0,'',''),(690,0,'195.2.255.169','',1237855575,0,0,'',''),(691,0,'195.2.255.170','',1237855575,0,0,'',''),(692,0,'195.2.255.171','',1237855575,0,0,'',''),(693,0,'195.2.255.172','',1237855575,0,0,'',''),(694,0,'195.2.255.173','',1237855575,0,0,'',''),(695,0,'195.2.255.174','',1237855575,0,0,'',''),(696,0,'195.2.255.175','',1237855575,0,0,'',''),(697,0,'195.2.255.176','',1237855575,0,0,'',''),(698,0,'195.2.255.177','',1237855575,0,0,'',''),(699,0,'195.2.255.178','',1237855575,0,0,'',''),(700,0,'195.2.255.179','',1237855575,0,0,'',''),(701,0,'195.2.255.180','',1237855575,0,0,'',''),(702,0,'195.2.255.181','',1237855575,0,0,'',''),(703,0,'195.2.255.182','',1237855575,0,0,'',''),(704,0,'195.2.255.183','',1237855575,0,0,'',''),(705,0,'195.2.255.184','',1237855575,0,0,'',''),(706,0,'195.2.255.185','',1237855575,0,0,'',''),(707,0,'195.2.255.186','',1237855575,0,0,'',''),(708,0,'195.2.255.187','',1237855575,0,0,'',''),(709,0,'195.2.255.188','',1237855575,0,0,'',''),(710,0,'195.2.255.189','',1237855575,0,0,'',''),(711,0,'195.2.255.190','',1237855575,0,0,'',''),(712,0,'195.2.255.191','',1237855575,0,0,'',''),(713,0,'195.2.255.192','',1237855575,0,0,'',''),(714,0,'195.2.255.193','',1237855575,0,0,'',''),(715,0,'195.2.255.194','',1237855575,0,0,'',''),(716,0,'195.2.255.195','',1237855575,0,0,'',''),(717,0,'195.2.255.196','',1237855575,0,0,'',''),(718,0,'195.2.255.197','',1237855575,0,0,'',''),(719,0,'195.2.255.198','',1237855575,0,0,'',''),(720,0,'195.2.255.199','',1237855575,0,0,'',''),(721,0,'195.2.255.200','',1237855575,0,0,'',''),(722,0,'195.2.255.201','',1237855575,0,0,'',''),(723,0,'195.2.255.202','',1237855575,0,0,'',''),(724,0,'195.2.255.203','',1237855575,0,0,'',''),(725,0,'195.2.255.204','',1237855575,0,0,'',''),(726,0,'195.2.255.205','',1237855575,0,0,'',''),(727,0,'195.2.255.206','',1237855575,0,0,'',''),(728,0,'195.2.255.207','',1237855575,0,0,'',''),(729,0,'195.2.255.208','',1237855575,0,0,'',''),(730,0,'195.2.255.209','',1237855575,0,0,'',''),(731,0,'195.2.255.210','',1237855575,0,0,'',''),(732,0,'195.2.255.211','',1237855575,0,0,'',''),(733,0,'195.2.255.212','',1237855575,0,0,'',''),(734,0,'195.2.255.213','',1237855575,0,0,'',''),(735,0,'195.2.255.214','',1237855575,0,0,'',''),(736,0,'195.2.255.215','',1237855575,0,0,'',''),(737,0,'195.2.255.216','',1237855575,0,0,'',''),(738,0,'195.2.255.217','',1237855575,0,0,'',''),(739,0,'195.2.255.218','',1237855575,0,0,'',''),(740,0,'195.2.255.219','',1237855575,0,0,'',''),(741,0,'195.2.255.220','',1237855575,0,0,'',''),(742,0,'195.2.255.221','',1237855575,0,0,'',''),(743,0,'195.2.255.222','',1237855575,0,0,'',''),(744,0,'195.2.255.223','',1237855575,0,0,'',''),(745,0,'195.2.255.224','',1237855575,0,0,'',''),(746,0,'195.2.255.225','',1237855575,0,0,'',''),(747,0,'195.2.255.226','',1237855575,0,0,'',''),(748,0,'195.2.255.227','',1237855575,0,0,'',''),(749,0,'195.2.255.228','',1237855575,0,0,'',''),(750,0,'195.2.255.229','',1237855575,0,0,'',''),(751,0,'195.2.255.230','',1237855575,0,0,'',''),(752,0,'195.2.255.231','',1237855575,0,0,'',''),(753,0,'195.2.255.232','',1237855575,0,0,'',''),(754,0,'195.2.255.233','',1237855575,0,0,'',''),(755,0,'195.2.255.234','',1237855575,0,0,'',''),(756,0,'195.2.255.235','',1237855575,0,0,'',''),(757,0,'195.2.255.236','',1237855575,0,0,'',''),(758,0,'195.2.255.237','',1237855575,0,0,'',''),(759,0,'195.2.255.238','',1237855575,0,0,'',''),(760,0,'195.2.255.239','',1237855575,0,0,'',''),(761,0,'195.2.255.240','',1237855575,0,0,'',''),(762,0,'195.2.255.241','',1237855575,0,0,'',''),(763,0,'195.2.255.242','',1237855575,0,0,'',''),(764,0,'195.2.255.243','',1237855575,0,0,'',''),(765,0,'195.2.255.244','',1237855575,0,0,'',''),(766,0,'195.2.255.245','',1237855575,0,0,'',''),(767,0,'195.2.255.246','',1237855575,0,0,'',''),(768,0,'195.2.255.247','',1237855575,0,0,'',''),(769,0,'195.2.255.248','',1237855575,0,0,'',''),(770,0,'195.2.255.249','',1237855575,0,0,'',''),(771,0,'195.2.255.250','',1237855575,0,0,'',''),(772,0,'195.2.255.251','',1237855575,0,0,'',''),(773,0,'195.2.255.252','',1237855575,0,0,'',''),(774,0,'195.2.255.253','',1237855575,0,0,'',''),(775,0,'195.2.255.254','',1237855575,0,0,'',''),(776,0,'195.2.255.255','',1237855575,0,0,'',''),(777,0,'194.8.1.1','',1237855595,0,0,'spammer',''),(778,0,'194.8.1.2','',1237855595,0,0,'spammer',''),(779,0,'194.8.1.3','',1237855595,0,0,'spammer',''),(780,0,'194.8.1.4','',1237855595,0,0,'spammer',''),(781,0,'194.8.1.5','',1237855595,0,0,'spammer',''),(782,0,'194.8.1.6','',1237855595,0,0,'spammer',''),(783,0,'194.8.1.7','',1237855595,0,0,'spammer',''),(784,0,'194.8.1.8','',1237855595,0,0,'spammer',''),(785,0,'194.8.1.9','',1237855595,0,0,'spammer',''),(786,0,'194.8.1.10','',1237855595,0,0,'spammer',''),(787,0,'194.8.1.11','',1237855595,0,0,'spammer',''),(788,0,'194.8.1.12','',1237855595,0,0,'spammer',''),(789,0,'194.8.1.13','',1237855595,0,0,'spammer',''),(790,0,'194.8.1.14','',1237855595,0,0,'spammer',''),(791,0,'194.8.1.15','',1237855595,0,0,'spammer',''),(792,0,'194.8.1.16','',1237855595,0,0,'spammer',''),(793,0,'194.8.1.17','',1237855595,0,0,'spammer',''),(794,0,'194.8.1.18','',1237855595,0,0,'spammer',''),(795,0,'194.8.1.19','',1237855595,0,0,'spammer',''),(796,0,'194.8.1.20','',1237855595,0,0,'spammer',''),(797,0,'194.8.1.21','',1237855595,0,0,'spammer',''),(798,0,'194.8.1.22','',1237855595,0,0,'spammer',''),(799,0,'194.8.1.23','',1237855595,0,0,'spammer',''),(800,0,'194.8.1.24','',1237855595,0,0,'spammer',''),(801,0,'194.8.1.25','',1237855595,0,0,'spammer',''),(802,0,'194.8.1.26','',1237855595,0,0,'spammer',''),(803,0,'194.8.1.27','',1237855595,0,0,'spammer',''),(804,0,'194.8.1.28','',1237855595,0,0,'spammer',''),(805,0,'194.8.1.29','',1237855595,0,0,'spammer',''),(806,0,'194.8.1.30','',1237855595,0,0,'spammer',''),(807,0,'194.8.1.31','',1237855595,0,0,'spammer',''),(808,0,'194.8.1.32','',1237855595,0,0,'spammer',''),(809,0,'194.8.1.33','',1237855595,0,0,'spammer',''),(810,0,'194.8.1.34','',1237855595,0,0,'spammer',''),(811,0,'194.8.1.35','',1237855595,0,0,'spammer',''),(812,0,'194.8.1.36','',1237855595,0,0,'spammer',''),(813,0,'194.8.1.37','',1237855595,0,0,'spammer',''),(814,0,'194.8.1.38','',1237855595,0,0,'spammer',''),(815,0,'194.8.1.39','',1237855595,0,0,'spammer',''),(816,0,'194.8.1.40','',1237855595,0,0,'spammer',''),(817,0,'194.8.1.41','',1237855595,0,0,'spammer',''),(818,0,'194.8.1.42','',1237855595,0,0,'spammer',''),(819,0,'194.8.1.43','',1237855595,0,0,'spammer',''),(820,0,'194.8.1.44','',1237855595,0,0,'spammer',''),(821,0,'194.8.1.45','',1237855595,0,0,'spammer',''),(822,0,'194.8.1.46','',1237855595,0,0,'spammer',''),(823,0,'194.8.1.47','',1237855595,0,0,'spammer',''),(824,0,'194.8.1.48','',1237855595,0,0,'spammer',''),(825,0,'194.8.1.49','',1237855595,0,0,'spammer',''),(826,0,'194.8.1.50','',1237855595,0,0,'spammer',''),(827,0,'194.8.1.51','',1237855595,0,0,'spammer',''),(828,0,'194.8.1.52','',1237855595,0,0,'spammer',''),(829,0,'194.8.1.53','',1237855595,0,0,'spammer',''),(830,0,'194.8.1.54','',1237855595,0,0,'spammer',''),(831,0,'194.8.1.55','',1237855595,0,0,'spammer',''),(832,0,'194.8.1.56','',1237855595,0,0,'spammer',''),(833,0,'194.8.1.57','',1237855595,0,0,'spammer',''),(834,0,'194.8.1.58','',1237855595,0,0,'spammer',''),(835,0,'194.8.1.59','',1237855595,0,0,'spammer',''),(836,0,'194.8.1.60','',1237855595,0,0,'spammer',''),(837,0,'194.8.1.61','',1237855595,0,0,'spammer',''),(838,0,'194.8.1.62','',1237855595,0,0,'spammer',''),(839,0,'194.8.1.63','',1237855595,0,0,'spammer',''),(840,0,'194.8.1.64','',1237855595,0,0,'spammer',''),(841,0,'194.8.1.65','',1237855595,0,0,'spammer',''),(842,0,'194.8.1.66','',1237855595,0,0,'spammer',''),(843,0,'194.8.1.67','',1237855595,0,0,'spammer',''),(844,0,'194.8.1.68','',1237855595,0,0,'spammer',''),(845,0,'194.8.1.69','',1237855595,0,0,'spammer',''),(846,0,'194.8.1.70','',1237855595,0,0,'spammer',''),(847,0,'194.8.1.71','',1237855595,0,0,'spammer',''),(848,0,'194.8.1.72','',1237855595,0,0,'spammer',''),(849,0,'194.8.1.73','',1237855595,0,0,'spammer',''),(850,0,'194.8.1.74','',1237855595,0,0,'spammer',''),(851,0,'194.8.1.75','',1237855595,0,0,'spammer',''),(852,0,'194.8.1.76','',1237855595,0,0,'spammer',''),(853,0,'194.8.1.77','',1237855595,0,0,'spammer',''),(854,0,'194.8.1.78','',1237855595,0,0,'spammer',''),(855,0,'194.8.1.79','',1237855595,0,0,'spammer',''),(856,0,'194.8.1.80','',1237855595,0,0,'spammer',''),(857,0,'194.8.1.81','',1237855595,0,0,'spammer',''),(858,0,'194.8.1.82','',1237855595,0,0,'spammer',''),(859,0,'194.8.1.83','',1237855595,0,0,'spammer',''),(860,0,'194.8.1.84','',1237855595,0,0,'spammer',''),(861,0,'194.8.1.85','',1237855595,0,0,'spammer',''),(862,0,'194.8.1.86','',1237855595,0,0,'spammer',''),(863,0,'194.8.1.87','',1237855595,0,0,'spammer',''),(864,0,'194.8.1.88','',1237855595,0,0,'spammer',''),(865,0,'194.8.1.89','',1237855595,0,0,'spammer',''),(866,0,'194.8.1.90','',1237855595,0,0,'spammer',''),(867,0,'194.8.1.91','',1237855595,0,0,'spammer',''),(868,0,'194.8.1.92','',1237855595,0,0,'spammer',''),(869,0,'194.8.1.93','',1237855595,0,0,'spammer',''),(870,0,'194.8.1.94','',1237855595,0,0,'spammer',''),(871,0,'194.8.1.95','',1237855595,0,0,'spammer',''),(872,0,'194.8.1.96','',1237855595,0,0,'spammer',''),(873,0,'194.8.1.97','',1237855595,0,0,'spammer',''),(874,0,'194.8.1.98','',1237855595,0,0,'spammer',''),(875,0,'194.8.1.99','',1237855595,0,0,'spammer',''),(876,0,'194.8.1.100','',1237855595,0,0,'spammer',''),(877,0,'194.8.1.101','',1237855595,0,0,'spammer',''),(878,0,'194.8.1.102','',1237855595,0,0,'spammer',''),(879,0,'194.8.1.103','',1237855595,0,0,'spammer',''),(880,0,'194.8.1.104','',1237855595,0,0,'spammer',''),(881,0,'194.8.1.105','',1237855595,0,0,'spammer',''),(882,0,'194.8.1.106','',1237855595,0,0,'spammer',''),(883,0,'194.8.1.107','',1237855595,0,0,'spammer',''),(884,0,'194.8.1.108','',1237855595,0,0,'spammer',''),(885,0,'194.8.1.109','',1237855595,0,0,'spammer',''),(886,0,'194.8.1.110','',1237855595,0,0,'spammer',''),(887,0,'194.8.1.111','',1237855595,0,0,'spammer',''),(888,0,'194.8.1.112','',1237855595,0,0,'spammer',''),(889,0,'194.8.1.113','',1237855595,0,0,'spammer',''),(890,0,'194.8.1.114','',1237855595,0,0,'spammer',''),(891,0,'194.8.1.115','',1237855595,0,0,'spammer',''),(892,0,'194.8.1.116','',1237855595,0,0,'spammer',''),(893,0,'194.8.1.117','',1237855595,0,0,'spammer',''),(894,0,'194.8.1.118','',1237855595,0,0,'spammer',''),(895,0,'194.8.1.119','',1237855595,0,0,'spammer',''),(896,0,'194.8.1.120','',1237855595,0,0,'spammer',''),(897,0,'194.8.1.121','',1237855595,0,0,'spammer',''),(898,0,'194.8.1.122','',1237855595,0,0,'spammer',''),(899,0,'194.8.1.123','',1237855595,0,0,'spammer',''),(900,0,'194.8.1.124','',1237855595,0,0,'spammer',''),(901,0,'194.8.1.125','',1237855595,0,0,'spammer',''),(902,0,'194.8.1.126','',1237855595,0,0,'spammer',''),(903,0,'194.8.1.127','',1237855595,0,0,'spammer',''),(904,0,'194.8.1.128','',1237855595,0,0,'spammer',''),(905,0,'194.8.1.129','',1237855595,0,0,'spammer',''),(906,0,'194.8.1.130','',1237855595,0,0,'spammer',''),(907,0,'194.8.1.131','',1237855595,0,0,'spammer',''),(908,0,'194.8.1.132','',1237855595,0,0,'spammer',''),(909,0,'194.8.1.133','',1237855595,0,0,'spammer',''),(910,0,'194.8.1.134','',1237855595,0,0,'spammer',''),(911,0,'194.8.1.135','',1237855595,0,0,'spammer',''),(912,0,'194.8.1.136','',1237855595,0,0,'spammer',''),(913,0,'194.8.1.137','',1237855595,0,0,'spammer',''),(914,0,'194.8.1.138','',1237855595,0,0,'spammer',''),(915,0,'194.8.1.139','',1237855595,0,0,'spammer',''),(916,0,'194.8.1.140','',1237855595,0,0,'spammer',''),(917,0,'194.8.1.141','',1237855595,0,0,'spammer',''),(918,0,'194.8.1.142','',1237855595,0,0,'spammer',''),(919,0,'194.8.1.143','',1237855595,0,0,'spammer',''),(920,0,'194.8.1.144','',1237855595,0,0,'spammer',''),(921,0,'194.8.1.145','',1237855595,0,0,'spammer',''),(922,0,'194.8.1.146','',1237855595,0,0,'spammer',''),(923,0,'194.8.1.147','',1237855595,0,0,'spammer',''),(924,0,'194.8.1.148','',1237855595,0,0,'spammer',''),(925,0,'194.8.1.149','',1237855595,0,0,'spammer',''),(926,0,'194.8.1.150','',1237855595,0,0,'spammer',''),(927,0,'194.8.1.151','',1237855595,0,0,'spammer',''),(928,0,'194.8.1.152','',1237855595,0,0,'spammer',''),(929,0,'194.8.1.153','',1237855595,0,0,'spammer',''),(930,0,'194.8.1.154','',1237855595,0,0,'spammer',''),(931,0,'194.8.1.155','',1237855595,0,0,'spammer',''),(932,0,'194.8.1.156','',1237855595,0,0,'spammer',''),(933,0,'194.8.1.157','',1237855595,0,0,'spammer',''),(934,0,'194.8.1.158','',1237855595,0,0,'spammer',''),(935,0,'194.8.1.159','',1237855595,0,0,'spammer',''),(936,0,'194.8.1.160','',1237855595,0,0,'spammer',''),(937,0,'194.8.1.161','',1237855595,0,0,'spammer',''),(938,0,'194.8.1.162','',1237855595,0,0,'spammer',''),(939,0,'194.8.1.163','',1237855595,0,0,'spammer',''),(940,0,'194.8.1.164','',1237855595,0,0,'spammer',''),(941,0,'194.8.1.165','',1237855595,0,0,'spammer',''),(942,0,'194.8.1.166','',1237855595,0,0,'spammer',''),(943,0,'194.8.1.167','',1237855595,0,0,'spammer',''),(944,0,'194.8.1.168','',1237855595,0,0,'spammer',''),(945,0,'194.8.1.169','',1237855595,0,0,'spammer',''),(946,0,'194.8.1.170','',1237855595,0,0,'spammer',''),(947,0,'194.8.1.171','',1237855595,0,0,'spammer',''),(948,0,'194.8.1.172','',1237855595,0,0,'spammer',''),(949,0,'194.8.1.173','',1237855595,0,0,'spammer',''),(950,0,'194.8.1.174','',1237855595,0,0,'spammer',''),(951,0,'194.8.1.175','',1237855595,0,0,'spammer',''),(952,0,'194.8.1.176','',1237855595,0,0,'spammer',''),(953,0,'194.8.1.177','',1237855595,0,0,'spammer',''),(954,0,'194.8.1.178','',1237855595,0,0,'spammer',''),(955,0,'194.8.1.179','',1237855595,0,0,'spammer',''),(956,0,'194.8.1.180','',1237855595,0,0,'spammer',''),(957,0,'194.8.1.181','',1237855595,0,0,'spammer',''),(958,0,'194.8.1.182','',1237855595,0,0,'spammer',''),(959,0,'194.8.1.183','',1237855595,0,0,'spammer',''),(960,0,'194.8.1.184','',1237855595,0,0,'spammer',''),(961,0,'194.8.1.185','',1237855595,0,0,'spammer',''),(962,0,'194.8.1.186','',1237855595,0,0,'spammer',''),(963,0,'194.8.1.187','',1237855595,0,0,'spammer',''),(964,0,'194.8.1.188','',1237855595,0,0,'spammer',''),(965,0,'194.8.1.189','',1237855595,0,0,'spammer',''),(966,0,'194.8.1.190','',1237855595,0,0,'spammer',''),(967,0,'194.8.1.191','',1237855595,0,0,'spammer',''),(968,0,'194.8.1.192','',1237855595,0,0,'spammer',''),(969,0,'194.8.1.193','',1237855595,0,0,'spammer',''),(970,0,'194.8.1.194','',1237855595,0,0,'spammer',''),(971,0,'194.8.1.195','',1237855595,0,0,'spammer',''),(972,0,'194.8.1.196','',1237855595,0,0,'spammer',''),(973,0,'194.8.1.197','',1237855595,0,0,'spammer',''),(974,0,'194.8.1.198','',1237855595,0,0,'spammer',''),(975,0,'194.8.1.199','',1237855595,0,0,'spammer',''),(976,0,'194.8.1.200','',1237855595,0,0,'spammer',''),(977,0,'194.8.1.201','',1237855595,0,0,'spammer',''),(978,0,'194.8.1.202','',1237855595,0,0,'spammer',''),(979,0,'194.8.1.203','',1237855595,0,0,'spammer',''),(980,0,'194.8.1.204','',1237855595,0,0,'spammer',''),(981,0,'194.8.1.205','',1237855595,0,0,'spammer',''),(982,0,'194.8.1.206','',1237855595,0,0,'spammer',''),(983,0,'194.8.1.207','',1237855595,0,0,'spammer',''),(984,0,'194.8.1.208','',1237855595,0,0,'spammer',''),(985,0,'194.8.1.209','',1237855595,0,0,'spammer',''),(986,0,'194.8.1.210','',1237855595,0,0,'spammer',''),(987,0,'194.8.1.211','',1237855595,0,0,'spammer',''),(988,0,'194.8.1.212','',1237855595,0,0,'spammer',''),(989,0,'194.8.1.213','',1237855595,0,0,'spammer',''),(990,0,'194.8.1.214','',1237855595,0,0,'spammer',''),(991,0,'194.8.1.215','',1237855595,0,0,'spammer',''),(992,0,'194.8.1.216','',1237855595,0,0,'spammer',''),(993,0,'194.8.1.217','',1237855595,0,0,'spammer',''),(994,0,'194.8.1.218','',1237855595,0,0,'spammer',''),(995,0,'194.8.1.219','',1237855595,0,0,'spammer',''),(996,0,'194.8.1.220','',1237855595,0,0,'spammer',''),(997,0,'194.8.1.221','',1237855595,0,0,'spammer',''),(998,0,'194.8.1.222','',1237855595,0,0,'spammer',''),(999,0,'194.8.1.223','',1237855595,0,0,'spammer',''),(1000,0,'194.8.1.224','',1237855595,0,0,'spammer',''),(1001,0,'194.8.1.225','',1237855595,0,0,'spammer',''),(1002,0,'194.8.1.226','',1237855595,0,0,'spammer',''),(1003,0,'194.8.1.227','',1237855595,0,0,'spammer',''),(1004,0,'194.8.1.228','',1237855595,0,0,'spammer',''),(1005,0,'194.8.1.229','',1237855595,0,0,'spammer',''),(1006,0,'194.8.1.230','',1237855595,0,0,'spammer',''),(1007,0,'194.8.1.231','',1237855595,0,0,'spammer',''),(1008,0,'194.8.1.232','',1237855595,0,0,'spammer',''),(1009,0,'194.8.1.233','',1237855595,0,0,'spammer',''),(1010,0,'194.8.1.234','',1237855595,0,0,'spammer',''),(1011,0,'194.8.1.235','',1237855595,0,0,'spammer',''),(1012,0,'194.8.1.236','',1237855595,0,0,'spammer',''),(1013,0,'194.8.1.237','',1237855595,0,0,'spammer',''),(1014,0,'194.8.1.238','',1237855595,0,0,'spammer',''),(1015,0,'194.8.1.239','',1237855595,0,0,'spammer',''),(1016,0,'194.8.1.240','',1237855595,0,0,'spammer',''),(1017,0,'194.8.1.241','',1237855595,0,0,'spammer',''),(1018,0,'194.8.1.242','',1237855595,0,0,'spammer',''),(1019,0,'194.8.1.243','',1237855595,0,0,'spammer',''),(1020,0,'194.8.1.244','',1237855595,0,0,'spammer',''),(1021,0,'194.8.1.245','',1237855595,0,0,'spammer',''),(1022,0,'194.8.1.246','',1237855595,0,0,'spammer',''),(1023,0,'194.8.1.247','',1237855595,0,0,'spammer',''),(1024,0,'194.8.1.248','',1237855595,0,0,'spammer',''),(1025,0,'194.8.1.249','',1237855595,0,0,'spammer',''),(1026,0,'194.8.1.250','',1237855595,0,0,'spammer',''),(1027,0,'194.8.1.251','',1237855595,0,0,'spammer',''),(1028,0,'194.8.1.252','',1237855595,0,0,'spammer',''),(1029,0,'194.8.1.253','',1237855595,0,0,'spammer',''),(1030,0,'194.8.1.254','',1237855595,0,0,'spammer',''),(1031,0,'194.8.2.*','',1237855595,0,0,'spammer',''),(1032,0,'194.8.3.*','',1237855595,0,0,'spammer',''),(1033,0,'194.8.4.*','',1237855595,0,0,'spammer',''),(1034,0,'194.8.5.*','',1237855595,0,0,'spammer',''),(1035,0,'194.8.6.*','',1237855595,0,0,'spammer',''),(1036,0,'194.8.7.*','',1237855595,0,0,'spammer',''),(1037,0,'194.8.8.*','',1237855595,0,0,'spammer',''),(1038,0,'194.8.9.*','',1237855595,0,0,'spammer',''),(1039,0,'194.8.10.*','',1237855595,0,0,'spammer',''),(1040,0,'194.8.11.*','',1237855595,0,0,'spammer',''),(1041,0,'194.8.12.*','',1237855595,0,0,'spammer',''),(1042,0,'194.8.13.*','',1237855595,0,0,'spammer',''),(1043,0,'194.8.14.*','',1237855595,0,0,'spammer',''),(1044,0,'194.8.15.*','',1237855595,0,0,'spammer',''),(1045,0,'194.8.16.*','',1237855595,0,0,'spammer',''),(1046,0,'194.8.17.*','',1237855595,0,0,'spammer',''),(1047,0,'194.8.18.*','',1237855595,0,0,'spammer',''),(1048,0,'194.8.19.*','',1237855595,0,0,'spammer',''),(1049,0,'194.8.20.*','',1237855595,0,0,'spammer',''),(1050,0,'194.8.21.*','',1237855595,0,0,'spammer',''),(1051,0,'194.8.22.*','',1237855595,0,0,'spammer',''),(1052,0,'194.8.23.*','',1237855595,0,0,'spammer',''),(1053,0,'194.8.24.*','',1237855595,0,0,'spammer',''),(1054,0,'194.8.25.*','',1237855595,0,0,'spammer',''),(1055,0,'194.8.26.*','',1237855595,0,0,'spammer',''),(1056,0,'194.8.27.*','',1237855595,0,0,'spammer',''),(1057,0,'194.8.28.*','',1237855595,0,0,'spammer',''),(1058,0,'194.8.29.*','',1237855595,0,0,'spammer',''),(1059,0,'194.8.30.*','',1237855595,0,0,'spammer',''),(1060,0,'194.8.31.*','',1237855595,0,0,'spammer',''),(1061,0,'194.8.32.*','',1237855595,0,0,'spammer',''),(1062,0,'194.8.33.*','',1237855595,0,0,'spammer',''),(1063,0,'194.8.34.*','',1237855595,0,0,'spammer',''),(1064,0,'194.8.35.*','',1237855595,0,0,'spammer',''),(1065,0,'194.8.36.*','',1237855595,0,0,'spammer',''),(1066,0,'194.8.37.*','',1237855595,0,0,'spammer',''),(1067,0,'194.8.38.*','',1237855595,0,0,'spammer',''),(1068,0,'194.8.39.*','',1237855595,0,0,'spammer',''),(1069,0,'194.8.40.*','',1237855595,0,0,'spammer',''),(1070,0,'194.8.41.*','',1237855595,0,0,'spammer',''),(1071,0,'194.8.42.*','',1237855595,0,0,'spammer',''),(1072,0,'194.8.43.*','',1237855595,0,0,'spammer',''),(1073,0,'194.8.44.*','',1237855595,0,0,'spammer',''),(1074,0,'194.8.45.*','',1237855595,0,0,'spammer',''),(1075,0,'194.8.46.*','',1237855595,0,0,'spammer',''),(1076,0,'194.8.47.*','',1237855595,0,0,'spammer',''),(1077,0,'194.8.48.*','',1237855595,0,0,'spammer',''),(1078,0,'194.8.49.*','',1237855595,0,0,'spammer',''),(1079,0,'194.8.50.*','',1237855595,0,0,'spammer',''),(1080,0,'194.8.51.*','',1237855595,0,0,'spammer',''),(1081,0,'194.8.52.*','',1237855595,0,0,'spammer',''),(1082,0,'194.8.53.*','',1237855595,0,0,'spammer',''),(1083,0,'194.8.54.*','',1237855595,0,0,'spammer',''),(1084,0,'194.8.55.*','',1237855595,0,0,'spammer',''),(1085,0,'194.8.56.*','',1237855595,0,0,'spammer',''),(1086,0,'194.8.57.*','',1237855595,0,0,'spammer',''),(1087,0,'194.8.58.*','',1237855595,0,0,'spammer',''),(1088,0,'194.8.59.*','',1237855595,0,0,'spammer',''),(1089,0,'194.8.60.*','',1237855595,0,0,'spammer',''),(1090,0,'194.8.61.*','',1237855595,0,0,'spammer',''),(1091,0,'194.8.62.*','',1237855595,0,0,'spammer',''),(1092,0,'194.8.63.*','',1237855595,0,0,'spammer',''),(1093,0,'194.8.64.*','',1237855595,0,0,'spammer',''),(1094,0,'194.8.65.*','',1237855595,0,0,'spammer',''),(1095,0,'194.8.66.*','',1237855595,0,0,'spammer',''),(1096,0,'194.8.67.*','',1237855595,0,0,'spammer',''),(1097,0,'194.8.68.*','',1237855595,0,0,'spammer',''),(1098,0,'194.8.69.*','',1237855595,0,0,'spammer',''),(1099,0,'194.8.70.*','',1237855595,0,0,'spammer',''),(1100,0,'194.8.71.*','',1237855595,0,0,'spammer',''),(1101,0,'194.8.72.*','',1237855595,0,0,'spammer',''),(1102,0,'194.8.73.*','',1237855595,0,0,'spammer',''),(1103,0,'194.8.74.*','',1237855595,0,0,'spammer',''),(1104,0,'194.8.75.*','',1237855595,0,0,'spammer',''),(1105,0,'194.8.76.*','',1237855595,0,0,'spammer',''),(1106,0,'194.8.77.*','',1237855595,0,0,'spammer',''),(1107,0,'194.8.78.*','',1237855595,0,0,'spammer',''),(1108,0,'194.8.79.*','',1237855595,0,0,'spammer',''),(1109,0,'194.8.80.*','',1237855595,0,0,'spammer',''),(1110,0,'194.8.81.*','',1237855595,0,0,'spammer',''),(1111,0,'194.8.82.*','',1237855595,0,0,'spammer',''),(1112,0,'194.8.83.*','',1237855595,0,0,'spammer',''),(1113,0,'194.8.84.*','',1237855595,0,0,'spammer',''),(1114,0,'194.8.85.*','',1237855595,0,0,'spammer',''),(1115,0,'194.8.86.*','',1237855595,0,0,'spammer',''),(1116,0,'194.8.87.*','',1237855595,0,0,'spammer',''),(1117,0,'194.8.88.*','',1237855595,0,0,'spammer',''),(1118,0,'194.8.89.*','',1237855595,0,0,'spammer',''),(1119,0,'194.8.90.*','',1237855595,0,0,'spammer',''),(1120,0,'194.8.91.*','',1237855595,0,0,'spammer',''),(1121,0,'194.8.92.*','',1237855595,0,0,'spammer',''),(1122,0,'194.8.93.*','',1237855595,0,0,'spammer',''),(1123,0,'194.8.94.*','',1237855595,0,0,'spammer',''),(1124,0,'194.8.95.*','',1237855595,0,0,'spammer',''),(1125,0,'194.8.96.*','',1237855595,0,0,'spammer',''),(1126,0,'194.8.97.*','',1237855595,0,0,'spammer',''),(1127,0,'194.8.98.*','',1237855595,0,0,'spammer',''),(1128,0,'194.8.99.*','',1237855595,0,0,'spammer',''),(1129,0,'194.8.100.*','',1237855595,0,0,'spammer',''),(1130,0,'194.8.101.*','',1237855595,0,0,'spammer',''),(1131,0,'194.8.102.*','',1237855595,0,0,'spammer',''),(1132,0,'194.8.103.*','',1237855595,0,0,'spammer',''),(1133,0,'194.8.104.*','',1237855595,0,0,'spammer',''),(1134,0,'194.8.105.*','',1237855595,0,0,'spammer',''),(1135,0,'194.8.106.*','',1237855595,0,0,'spammer',''),(1136,0,'194.8.107.*','',1237855595,0,0,'spammer',''),(1137,0,'194.8.108.*','',1237855595,0,0,'spammer',''),(1138,0,'194.8.109.*','',1237855595,0,0,'spammer',''),(1139,0,'194.8.110.*','',1237855595,0,0,'spammer',''),(1140,0,'194.8.111.*','',1237855595,0,0,'spammer',''),(1141,0,'194.8.112.*','',1237855595,0,0,'spammer',''),(1142,0,'194.8.113.*','',1237855595,0,0,'spammer',''),(1143,0,'194.8.114.*','',1237855595,0,0,'spammer',''),(1144,0,'194.8.115.*','',1237855595,0,0,'spammer',''),(1145,0,'194.8.116.*','',1237855595,0,0,'spammer',''),(1146,0,'194.8.117.*','',1237855595,0,0,'spammer',''),(1147,0,'194.8.118.*','',1237855595,0,0,'spammer',''),(1148,0,'194.8.119.*','',1237855595,0,0,'spammer',''),(1149,0,'194.8.120.*','',1237855595,0,0,'spammer',''),(1150,0,'194.8.121.*','',1237855595,0,0,'spammer',''),(1151,0,'194.8.122.*','',1237855595,0,0,'spammer',''),(1152,0,'194.8.123.*','',1237855595,0,0,'spammer',''),(1153,0,'194.8.124.*','',1237855595,0,0,'spammer',''),(1154,0,'194.8.125.*','',1237855595,0,0,'spammer',''),(1155,0,'194.8.126.*','',1237855595,0,0,'spammer',''),(1156,0,'194.8.127.*','',1237855595,0,0,'spammer',''),(1157,0,'194.8.128.*','',1237855595,0,0,'spammer',''),(1158,0,'194.8.129.*','',1237855595,0,0,'spammer',''),(1159,0,'194.8.130.*','',1237855595,0,0,'spammer',''),(1160,0,'194.8.131.*','',1237855595,0,0,'spammer',''),(1161,0,'194.8.132.*','',1237855595,0,0,'spammer',''),(1162,0,'194.8.133.*','',1237855595,0,0,'spammer',''),(1163,0,'194.8.134.*','',1237855595,0,0,'spammer',''),(1164,0,'194.8.135.*','',1237855595,0,0,'spammer',''),(1165,0,'194.8.136.*','',1237855595,0,0,'spammer',''),(1166,0,'194.8.137.*','',1237855595,0,0,'spammer',''),(1167,0,'194.8.138.*','',1237855595,0,0,'spammer',''),(1168,0,'194.8.139.*','',1237855595,0,0,'spammer',''),(1169,0,'194.8.140.*','',1237855595,0,0,'spammer',''),(1170,0,'194.8.141.*','',1237855595,0,0,'spammer',''),(1171,0,'194.8.142.*','',1237855595,0,0,'spammer',''),(1172,0,'194.8.143.*','',1237855595,0,0,'spammer',''),(1173,0,'194.8.144.*','',1237855595,0,0,'spammer',''),(1174,0,'194.8.145.*','',1237855595,0,0,'spammer',''),(1175,0,'194.8.146.*','',1237855595,0,0,'spammer',''),(1176,0,'194.8.147.*','',1237855595,0,0,'spammer',''),(1177,0,'194.8.148.*','',1237855595,0,0,'spammer',''),(1178,0,'194.8.149.*','',1237855595,0,0,'spammer',''),(1179,0,'194.8.150.*','',1237855595,0,0,'spammer',''),(1180,0,'194.8.151.*','',1237855595,0,0,'spammer',''),(1181,0,'194.8.152.*','',1237855595,0,0,'spammer',''),(1182,0,'194.8.153.*','',1237855595,0,0,'spammer',''),(1183,0,'194.8.154.*','',1237855595,0,0,'spammer',''),(1184,0,'194.8.155.*','',1237855595,0,0,'spammer',''),(1185,0,'194.8.156.*','',1237855595,0,0,'spammer',''),(1186,0,'194.8.157.*','',1237855595,0,0,'spammer',''),(1187,0,'194.8.158.*','',1237855595,0,0,'spammer',''),(1188,0,'194.8.159.*','',1237855595,0,0,'spammer',''),(1189,0,'194.8.160.*','',1237855595,0,0,'spammer',''),(1190,0,'194.8.161.*','',1237855595,0,0,'spammer',''),(1191,0,'194.8.162.*','',1237855595,0,0,'spammer',''),(1192,0,'194.8.163.*','',1237855595,0,0,'spammer',''),(1193,0,'194.8.164.*','',1237855595,0,0,'spammer',''),(1194,0,'194.8.165.*','',1237855595,0,0,'spammer',''),(1195,0,'194.8.166.*','',1237855595,0,0,'spammer',''),(1196,0,'194.8.167.*','',1237855595,0,0,'spammer',''),(1197,0,'194.8.168.*','',1237855595,0,0,'spammer',''),(1198,0,'194.8.169.*','',1237855595,0,0,'spammer',''),(1199,0,'194.8.170.*','',1237855595,0,0,'spammer',''),(1200,0,'194.8.171.*','',1237855595,0,0,'spammer',''),(1201,0,'194.8.172.*','',1237855595,0,0,'spammer',''),(1202,0,'194.8.173.*','',1237855595,0,0,'spammer',''),(1203,0,'194.8.174.*','',1237855595,0,0,'spammer',''),(1204,0,'194.8.175.*','',1237855595,0,0,'spammer',''),(1205,0,'194.8.176.*','',1237855595,0,0,'spammer',''),(1206,0,'194.8.177.*','',1237855595,0,0,'spammer',''),(1207,0,'194.8.178.*','',1237855595,0,0,'spammer',''),(1208,0,'194.8.179.*','',1237855595,0,0,'spammer',''),(1209,0,'194.8.180.*','',1237855595,0,0,'spammer',''),(1210,0,'194.8.181.*','',1237855595,0,0,'spammer',''),(1211,0,'194.8.182.*','',1237855595,0,0,'spammer',''),(1212,0,'194.8.183.*','',1237855595,0,0,'spammer',''),(1213,0,'194.8.184.*','',1237855595,0,0,'spammer',''),(1214,0,'194.8.185.*','',1237855595,0,0,'spammer',''),(1215,0,'194.8.186.*','',1237855595,0,0,'spammer',''),(1216,0,'194.8.187.*','',1237855595,0,0,'spammer',''),(1217,0,'194.8.188.*','',1237855595,0,0,'spammer',''),(1218,0,'194.8.189.*','',1237855595,0,0,'spammer',''),(1219,0,'194.8.190.*','',1237855595,0,0,'spammer',''),(1220,0,'194.8.191.*','',1237855595,0,0,'spammer',''),(1221,0,'194.8.192.*','',1237855595,0,0,'spammer',''),(1222,0,'194.8.193.*','',1237855595,0,0,'spammer',''),(1223,0,'194.8.194.*','',1237855595,0,0,'spammer',''),(1224,0,'194.8.195.*','',1237855595,0,0,'spammer',''),(1225,0,'194.8.196.*','',1237855595,0,0,'spammer',''),(1226,0,'194.8.197.*','',1237855595,0,0,'spammer',''),(1227,0,'194.8.198.*','',1237855595,0,0,'spammer',''),(1228,0,'194.8.199.*','',1237855595,0,0,'spammer',''),(1229,0,'194.8.200.*','',1237855595,0,0,'spammer',''),(1230,0,'194.8.201.*','',1237855595,0,0,'spammer',''),(1231,0,'194.8.202.*','',1237855595,0,0,'spammer',''),(1232,0,'194.8.203.*','',1237855595,0,0,'spammer',''),(1233,0,'194.8.204.*','',1237855595,0,0,'spammer',''),(1234,0,'194.8.205.*','',1237855595,0,0,'spammer',''),(1235,0,'194.8.206.*','',1237855595,0,0,'spammer',''),(1236,0,'194.8.207.*','',1237855595,0,0,'spammer',''),(1237,0,'194.8.208.*','',1237855595,0,0,'spammer',''),(1238,0,'194.8.209.*','',1237855595,0,0,'spammer',''),(1239,0,'194.8.210.*','',1237855595,0,0,'spammer',''),(1240,0,'194.8.211.*','',1237855595,0,0,'spammer',''),(1241,0,'194.8.212.*','',1237855595,0,0,'spammer',''),(1242,0,'194.8.213.*','',1237855595,0,0,'spammer',''),(1243,0,'194.8.214.*','',1237855595,0,0,'spammer',''),(1244,0,'194.8.215.*','',1237855595,0,0,'spammer',''),(1245,0,'194.8.216.*','',1237855595,0,0,'spammer',''),(1246,0,'194.8.217.*','',1237855595,0,0,'spammer',''),(1247,0,'194.8.218.*','',1237855595,0,0,'spammer',''),(1248,0,'194.8.219.*','',1237855595,0,0,'spammer',''),(1249,0,'194.8.220.*','',1237855595,0,0,'spammer',''),(1250,0,'194.8.221.*','',1237855595,0,0,'spammer',''),(1251,0,'194.8.222.*','',1237855595,0,0,'spammer',''),(1252,0,'194.8.223.*','',1237855595,0,0,'spammer',''),(1253,0,'194.8.224.*','',1237855595,0,0,'spammer',''),(1254,0,'194.8.225.*','',1237855595,0,0,'spammer',''),(1255,0,'194.8.226.*','',1237855595,0,0,'spammer',''),(1256,0,'194.8.227.*','',1237855595,0,0,'spammer',''),(1257,0,'194.8.228.*','',1237855595,0,0,'spammer',''),(1258,0,'194.8.229.*','',1237855595,0,0,'spammer',''),(1259,0,'194.8.230.*','',1237855595,0,0,'spammer',''),(1260,0,'194.8.231.*','',1237855595,0,0,'spammer',''),(1261,0,'194.8.232.*','',1237855595,0,0,'spammer',''),(1262,0,'194.8.233.*','',1237855595,0,0,'spammer',''),(1263,0,'194.8.234.*','',1237855595,0,0,'spammer',''),(1264,0,'194.8.235.*','',1237855595,0,0,'spammer',''),(1265,0,'194.8.236.*','',1237855595,0,0,'spammer',''),(1266,0,'194.8.237.*','',1237855595,0,0,'spammer',''),(1267,0,'194.8.238.*','',1237855595,0,0,'spammer',''),(1268,0,'194.8.239.*','',1237855595,0,0,'spammer',''),(1269,0,'194.8.240.*','',1237855595,0,0,'spammer',''),(1270,0,'194.8.241.*','',1237855595,0,0,'spammer',''),(1271,0,'194.8.242.*','',1237855595,0,0,'spammer',''),(1272,0,'194.8.243.*','',1237855595,0,0,'spammer',''),(1273,0,'194.8.244.*','',1237855595,0,0,'spammer',''),(1274,0,'194.8.245.*','',1237855595,0,0,'spammer',''),(1275,0,'194.8.246.*','',1237855595,0,0,'spammer',''),(1276,0,'194.8.247.*','',1237855595,0,0,'spammer',''),(1277,0,'194.8.248.*','',1237855595,0,0,'spammer',''),(1278,0,'194.8.249.*','',1237855595,0,0,'spammer',''),(1279,0,'194.8.250.*','',1237855595,0,0,'spammer',''),(1280,0,'194.8.251.*','',1237855595,0,0,'spammer',''),(1281,0,'194.8.252.*','',1237855595,0,0,'spammer',''),(1282,0,'194.8.253.*','',1237855595,0,0,'spammer',''),(1283,0,'194.8.254.*','',1237855595,0,0,'spammer',''),(1284,0,'194.8.255.0','',1237855595,0,0,'spammer',''),(1285,0,'194.8.255.1','',1237855595,0,0,'spammer',''),(1286,0,'194.8.255.2','',1237855595,0,0,'spammer',''),(1287,0,'194.8.255.3','',1237855595,0,0,'spammer',''),(1288,0,'194.8.255.4','',1237855595,0,0,'spammer',''),(1289,0,'194.8.255.5','',1237855595,0,0,'spammer',''),(1290,0,'194.8.255.6','',1237855595,0,0,'spammer',''),(1291,0,'194.8.255.7','',1237855595,0,0,'spammer',''),(1292,0,'194.8.255.8','',1237855595,0,0,'spammer',''),(1293,0,'194.8.255.9','',1237855595,0,0,'spammer',''),(1294,0,'194.8.255.10','',1237855595,0,0,'spammer',''),(1295,0,'194.8.255.11','',1237855595,0,0,'spammer',''),(1296,0,'194.8.255.12','',1237855595,0,0,'spammer',''),(1297,0,'194.8.255.13','',1237855595,0,0,'spammer',''),(1298,0,'194.8.255.14','',1237855595,0,0,'spammer',''),(1299,0,'194.8.255.15','',1237855595,0,0,'spammer',''),(1300,0,'194.8.255.16','',1237855595,0,0,'spammer',''),(1301,0,'194.8.255.17','',1237855595,0,0,'spammer',''),(1302,0,'194.8.255.18','',1237855595,0,0,'spammer',''),(1303,0,'194.8.255.19','',1237855595,0,0,'spammer',''),(1304,0,'194.8.255.20','',1237855595,0,0,'spammer',''),(1305,0,'194.8.255.21','',1237855595,0,0,'spammer',''),(1306,0,'194.8.255.22','',1237855595,0,0,'spammer',''),(1307,0,'194.8.255.23','',1237855595,0,0,'spammer',''),(1308,0,'194.8.255.24','',1237855595,0,0,'spammer',''),(1309,0,'194.8.255.25','',1237855595,0,0,'spammer',''),(1310,0,'194.8.255.26','',1237855595,0,0,'spammer',''),(1311,0,'194.8.255.27','',1237855595,0,0,'spammer',''),(1312,0,'194.8.255.28','',1237855595,0,0,'spammer',''),(1313,0,'194.8.255.29','',1237855595,0,0,'spammer',''),(1314,0,'194.8.255.30','',1237855595,0,0,'spammer',''),(1315,0,'194.8.255.31','',1237855595,0,0,'spammer',''),(1316,0,'194.8.255.32','',1237855595,0,0,'spammer',''),(1317,0,'194.8.255.33','',1237855595,0,0,'spammer',''),(1318,0,'194.8.255.34','',1237855595,0,0,'spammer',''),(1319,0,'194.8.255.35','',1237855595,0,0,'spammer',''),(1320,0,'194.8.255.36','',1237855595,0,0,'spammer',''),(1321,0,'194.8.255.37','',1237855595,0,0,'spammer',''),(1322,0,'194.8.255.38','',1237855595,0,0,'spammer',''),(1323,0,'194.8.255.39','',1237855595,0,0,'spammer',''),(1324,0,'194.8.255.40','',1237855595,0,0,'spammer',''),(1325,0,'194.8.255.41','',1237855595,0,0,'spammer',''),(1326,0,'194.8.255.42','',1237855595,0,0,'spammer',''),(1327,0,'194.8.255.43','',1237855595,0,0,'spammer',''),(1328,0,'194.8.255.44','',1237855595,0,0,'spammer',''),(1329,0,'194.8.255.45','',1237855595,0,0,'spammer',''),(1330,0,'194.8.255.46','',1237855595,0,0,'spammer',''),(1331,0,'194.8.255.47','',1237855595,0,0,'spammer',''),(1332,0,'194.8.255.48','',1237855595,0,0,'spammer',''),(1333,0,'194.8.255.49','',1237855595,0,0,'spammer',''),(1334,0,'194.8.255.50','',1237855595,0,0,'spammer',''),(1335,0,'194.8.255.51','',1237855595,0,0,'spammer',''),(1336,0,'194.8.255.52','',1237855595,0,0,'spammer',''),(1337,0,'194.8.255.53','',1237855595,0,0,'spammer',''),(1338,0,'194.8.255.54','',1237855595,0,0,'spammer',''),(1339,0,'194.8.255.55','',1237855595,0,0,'spammer',''),(1340,0,'194.8.255.56','',1237855595,0,0,'spammer',''),(1341,0,'194.8.255.57','',1237855595,0,0,'spammer',''),(1342,0,'194.8.255.58','',1237855595,0,0,'spammer',''),(1343,0,'194.8.255.59','',1237855595,0,0,'spammer',''),(1344,0,'194.8.255.60','',1237855595,0,0,'spammer',''),(1345,0,'194.8.255.61','',1237855595,0,0,'spammer',''),(1346,0,'194.8.255.62','',1237855595,0,0,'spammer',''),(1347,0,'194.8.255.63','',1237855595,0,0,'spammer',''),(1348,0,'194.8.255.64','',1237855595,0,0,'spammer',''),(1349,0,'194.8.255.65','',1237855595,0,0,'spammer',''),(1350,0,'194.8.255.66','',1237855595,0,0,'spammer',''),(1351,0,'194.8.255.67','',1237855595,0,0,'spammer',''),(1352,0,'194.8.255.68','',1237855595,0,0,'spammer',''),(1353,0,'194.8.255.69','',1237855595,0,0,'spammer',''),(1354,0,'194.8.255.70','',1237855595,0,0,'spammer',''),(1355,0,'194.8.255.71','',1237855595,0,0,'spammer',''),(1356,0,'194.8.255.72','',1237855595,0,0,'spammer',''),(1357,0,'194.8.255.73','',1237855595,0,0,'spammer',''),(1358,0,'194.8.255.74','',1237855595,0,0,'spammer',''),(1359,0,'194.8.255.75','',1237855595,0,0,'spammer',''),(1360,0,'194.8.255.76','',1237855595,0,0,'spammer',''),(1361,0,'194.8.255.77','',1237855595,0,0,'spammer',''),(1362,0,'194.8.255.78','',1237855595,0,0,'spammer',''),(1363,0,'194.8.255.79','',1237855595,0,0,'spammer',''),(1364,0,'194.8.255.80','',1237855595,0,0,'spammer',''),(1365,0,'194.8.255.81','',1237855595,0,0,'spammer',''),(1366,0,'194.8.255.82','',1237855595,0,0,'spammer',''),(1367,0,'194.8.255.83','',1237855595,0,0,'spammer',''),(1368,0,'194.8.255.84','',1237855595,0,0,'spammer',''),(1369,0,'194.8.255.85','',1237855595,0,0,'spammer',''),(1370,0,'194.8.255.86','',1237855595,0,0,'spammer',''),(1371,0,'194.8.255.87','',1237855595,0,0,'spammer',''),(1372,0,'194.8.255.88','',1237855595,0,0,'spammer',''),(1373,0,'194.8.255.89','',1237855595,0,0,'spammer',''),(1374,0,'194.8.255.90','',1237855595,0,0,'spammer',''),(1375,0,'194.8.255.91','',1237855595,0,0,'spammer',''),(1376,0,'194.8.255.92','',1237855595,0,0,'spammer',''),(1377,0,'194.8.255.93','',1237855595,0,0,'spammer',''),(1378,0,'194.8.255.94','',1237855595,0,0,'spammer',''),(1379,0,'194.8.255.95','',1237855595,0,0,'spammer',''),(1380,0,'194.8.255.96','',1237855595,0,0,'spammer',''),(1381,0,'194.8.255.97','',1237855595,0,0,'spammer',''),(1382,0,'194.8.255.98','',1237855595,0,0,'spammer',''),(1383,0,'194.8.255.99','',1237855595,0,0,'spammer',''),(1384,0,'194.8.255.100','',1237855595,0,0,'spammer',''),(1385,0,'194.8.255.101','',1237855595,0,0,'spammer',''),(1386,0,'194.8.255.102','',1237855595,0,0,'spammer',''),(1387,0,'194.8.255.103','',1237855595,0,0,'spammer',''),(1388,0,'194.8.255.104','',1237855595,0,0,'spammer',''),(1389,0,'194.8.255.105','',1237855595,0,0,'spammer',''),(1390,0,'194.8.255.106','',1237855595,0,0,'spammer',''),(1391,0,'194.8.255.107','',1237855595,0,0,'spammer',''),(1392,0,'194.8.255.108','',1237855595,0,0,'spammer',''),(1393,0,'194.8.255.109','',1237855595,0,0,'spammer',''),(1394,0,'194.8.255.110','',1237855595,0,0,'spammer',''),(1395,0,'194.8.255.111','',1237855595,0,0,'spammer',''),(1396,0,'194.8.255.112','',1237855595,0,0,'spammer',''),(1397,0,'194.8.255.113','',1237855595,0,0,'spammer',''),(1398,0,'194.8.255.114','',1237855595,0,0,'spammer',''),(1399,0,'194.8.255.115','',1237855595,0,0,'spammer',''),(1400,0,'194.8.255.116','',1237855595,0,0,'spammer',''),(1401,0,'194.8.255.117','',1237855595,0,0,'spammer',''),(1402,0,'194.8.255.118','',1237855595,0,0,'spammer',''),(1403,0,'194.8.255.119','',1237855595,0,0,'spammer',''),(1404,0,'194.8.255.120','',1237855595,0,0,'spammer',''),(1405,0,'194.8.255.121','',1237855595,0,0,'spammer',''),(1406,0,'194.8.255.122','',1237855595,0,0,'spammer',''),(1407,0,'194.8.255.123','',1237855595,0,0,'spammer',''),(1408,0,'194.8.255.124','',1237855595,0,0,'spammer',''),(1409,0,'194.8.255.125','',1237855595,0,0,'spammer',''),(1410,0,'194.8.255.126','',1237855595,0,0,'spammer',''),(1411,0,'194.8.255.127','',1237855595,0,0,'spammer',''),(1412,0,'194.8.255.128','',1237855595,0,0,'spammer',''),(1413,0,'194.8.255.129','',1237855595,0,0,'spammer',''),(1414,0,'194.8.255.130','',1237855595,0,0,'spammer',''),(1415,0,'194.8.255.131','',1237855595,0,0,'spammer',''),(1416,0,'194.8.255.132','',1237855595,0,0,'spammer',''),(1417,0,'194.8.255.133','',1237855595,0,0,'spammer',''),(1418,0,'194.8.255.134','',1237855595,0,0,'spammer',''),(1419,0,'194.8.255.135','',1237855595,0,0,'spammer',''),(1420,0,'194.8.255.136','',1237855595,0,0,'spammer',''),(1421,0,'194.8.255.137','',1237855595,0,0,'spammer',''),(1422,0,'194.8.255.138','',1237855595,0,0,'spammer',''),(1423,0,'194.8.255.139','',1237855595,0,0,'spammer',''),(1424,0,'194.8.255.140','',1237855595,0,0,'spammer',''),(1425,0,'194.8.255.141','',1237855595,0,0,'spammer',''),(1426,0,'194.8.255.142','',1237855595,0,0,'spammer',''),(1427,0,'194.8.255.143','',1237855595,0,0,'spammer',''),(1428,0,'194.8.255.144','',1237855595,0,0,'spammer',''),(1429,0,'194.8.255.145','',1237855595,0,0,'spammer',''),(1430,0,'194.8.255.146','',1237855595,0,0,'spammer',''),(1431,0,'194.8.255.147','',1237855595,0,0,'spammer',''),(1432,0,'194.8.255.148','',1237855595,0,0,'spammer',''),(1433,0,'194.8.255.149','',1237855595,0,0,'spammer',''),(1434,0,'194.8.255.150','',1237855595,0,0,'spammer',''),(1435,0,'194.8.255.151','',1237855595,0,0,'spammer',''),(1436,0,'194.8.255.152','',1237855595,0,0,'spammer',''),(1437,0,'194.8.255.153','',1237855595,0,0,'spammer',''),(1438,0,'194.8.255.154','',1237855595,0,0,'spammer',''),(1439,0,'194.8.255.155','',1237855595,0,0,'spammer',''),(1440,0,'194.8.255.156','',1237855595,0,0,'spammer',''),(1441,0,'194.8.255.157','',1237855595,0,0,'spammer',''),(1442,0,'194.8.255.158','',1237855595,0,0,'spammer',''),(1443,0,'194.8.255.159','',1237855595,0,0,'spammer',''),(1444,0,'194.8.255.160','',1237855595,0,0,'spammer',''),(1445,0,'194.8.255.161','',1237855595,0,0,'spammer',''),(1446,0,'194.8.255.162','',1237855595,0,0,'spammer',''),(1447,0,'194.8.255.163','',1237855595,0,0,'spammer',''),(1448,0,'194.8.255.164','',1237855595,0,0,'spammer',''),(1449,0,'194.8.255.165','',1237855595,0,0,'spammer',''),(1450,0,'194.8.255.166','',1237855595,0,0,'spammer',''),(1451,0,'194.8.255.167','',1237855595,0,0,'spammer',''),(1452,0,'194.8.255.168','',1237855595,0,0,'spammer',''),(1453,0,'194.8.255.169','',1237855595,0,0,'spammer',''),(1454,0,'194.8.255.170','',1237855595,0,0,'spammer',''),(1455,0,'194.8.255.171','',1237855595,0,0,'spammer',''),(1456,0,'194.8.255.172','',1237855595,0,0,'spammer',''),(1457,0,'194.8.255.173','',1237855595,0,0,'spammer',''),(1458,0,'194.8.255.174','',1237855595,0,0,'spammer',''),(1459,0,'194.8.255.175','',1237855595,0,0,'spammer',''),(1460,0,'194.8.255.176','',1237855595,0,0,'spammer',''),(1461,0,'194.8.255.177','',1237855595,0,0,'spammer',''),(1462,0,'194.8.255.178','',1237855595,0,0,'spammer',''),(1463,0,'194.8.255.179','',1237855595,0,0,'spammer',''),(1464,0,'194.8.255.180','',1237855595,0,0,'spammer',''),(1465,0,'194.8.255.181','',1237855595,0,0,'spammer',''),(1466,0,'194.8.255.182','',1237855595,0,0,'spammer',''),(1467,0,'194.8.255.183','',1237855595,0,0,'spammer',''),(1468,0,'194.8.255.184','',1237855595,0,0,'spammer',''),(1469,0,'194.8.255.185','',1237855595,0,0,'spammer',''),(1470,0,'194.8.255.186','',1237855595,0,0,'spammer',''),(1471,0,'194.8.255.187','',1237855595,0,0,'spammer',''),(1472,0,'194.8.255.188','',1237855595,0,0,'spammer',''),(1473,0,'194.8.255.189','',1237855595,0,0,'spammer',''),(1474,0,'194.8.255.190','',1237855595,0,0,'spammer',''),(1475,0,'194.8.255.191','',1237855595,0,0,'spammer',''),(1476,0,'194.8.255.192','',1237855595,0,0,'spammer',''),(1477,0,'194.8.255.193','',1237855595,0,0,'spammer',''),(1478,0,'194.8.255.194','',1237855595,0,0,'spammer',''),(1479,0,'194.8.255.195','',1237855595,0,0,'spammer',''),(1480,0,'194.8.255.196','',1237855595,0,0,'spammer',''),(1481,0,'194.8.255.197','',1237855595,0,0,'spammer',''),(1482,0,'194.8.255.198','',1237855595,0,0,'spammer',''),(1483,0,'194.8.255.199','',1237855595,0,0,'spammer',''),(1484,0,'194.8.255.200','',1237855595,0,0,'spammer',''),(1485,0,'194.8.255.201','',1237855595,0,0,'spammer',''),(1486,0,'194.8.255.202','',1237855595,0,0,'spammer',''),(1487,0,'194.8.255.203','',1237855595,0,0,'spammer',''),(1488,0,'194.8.255.204','',1237855595,0,0,'spammer',''),(1489,0,'194.8.255.205','',1237855595,0,0,'spammer',''),(1490,0,'194.8.255.206','',1237855595,0,0,'spammer',''),(1491,0,'194.8.255.207','',1237855595,0,0,'spammer',''),(1492,0,'194.8.255.208','',1237855595,0,0,'spammer',''),(1493,0,'194.8.255.209','',1237855595,0,0,'spammer',''),(1494,0,'194.8.255.210','',1237855595,0,0,'spammer',''),(1495,0,'194.8.255.211','',1237855595,0,0,'spammer',''),(1496,0,'194.8.255.212','',1237855595,0,0,'spammer',''),(1497,0,'194.8.255.213','',1237855595,0,0,'spammer',''),(1498,0,'194.8.255.214','',1237855595,0,0,'spammer',''),(1499,0,'194.8.255.215','',1237855595,0,0,'spammer',''),(1500,0,'194.8.255.216','',1237855595,0,0,'spammer',''),(1501,0,'194.8.255.217','',1237855595,0,0,'spammer',''),(1502,0,'194.8.255.218','',1237855595,0,0,'spammer',''),(1503,0,'194.8.255.219','',1237855595,0,0,'spammer',''),(1504,0,'194.8.255.220','',1237855595,0,0,'spammer',''),(1505,0,'194.8.255.221','',1237855595,0,0,'spammer',''),(1506,0,'194.8.255.222','',1237855595,0,0,'spammer',''),(1507,0,'194.8.255.223','',1237855595,0,0,'spammer',''),(1508,0,'194.8.255.224','',1237855595,0,0,'spammer',''),(1509,0,'194.8.255.225','',1237855595,0,0,'spammer',''),(1510,0,'194.8.255.226','',1237855595,0,0,'spammer',''),(1511,0,'194.8.255.227','',1237855595,0,0,'spammer',''),(1512,0,'194.8.255.228','',1237855595,0,0,'spammer',''),(1513,0,'194.8.255.229','',1237855595,0,0,'spammer',''),(1514,0,'194.8.255.230','',1237855595,0,0,'spammer',''),(1515,0,'194.8.255.231','',1237855595,0,0,'spammer',''),(1516,0,'194.8.255.232','',1237855595,0,0,'spammer',''),(1517,0,'194.8.255.233','',1237855595,0,0,'spammer',''),(1518,0,'194.8.255.234','',1237855595,0,0,'spammer',''),(1519,0,'194.8.255.235','',1237855595,0,0,'spammer',''),(1520,0,'194.8.255.236','',1237855595,0,0,'spammer',''),(1521,0,'194.8.255.237','',1237855595,0,0,'spammer',''),(1522,0,'194.8.255.238','',1237855595,0,0,'spammer',''),(1523,0,'194.8.255.239','',1237855595,0,0,'spammer',''),(1524,0,'194.8.255.240','',1237855595,0,0,'spammer',''),(1525,0,'194.8.255.241','',1237855595,0,0,'spammer',''),(1526,0,'194.8.255.242','',1237855595,0,0,'spammer',''),(1527,0,'194.8.255.243','',1237855595,0,0,'spammer',''),(1528,0,'194.8.255.244','',1237855595,0,0,'spammer',''),(1529,0,'194.8.255.245','',1237855595,0,0,'spammer',''),(1530,0,'194.8.255.246','',1237855595,0,0,'spammer',''),(1531,0,'194.8.255.247','',1237855595,0,0,'spammer',''),(1532,0,'194.8.255.248','',1237855595,0,0,'spammer',''),(1533,0,'194.8.255.249','',1237855595,0,0,'spammer',''),(1534,0,'194.8.255.250','',1237855595,0,0,'spammer',''),(1535,0,'194.8.255.251','',1237855595,0,0,'spammer',''),(1536,0,'194.8.255.252','',1237855595,0,0,'spammer',''),(1537,0,'194.8.255.253','',1237855595,0,0,'spammer',''),(1538,0,'194.8.255.254','',1237855595,0,0,'spammer',''),(1539,0,'194.8.255.255','',1237855595,0,0,'spammer',''),(1540,0,'95.24.44.150','',1237855717,0,0,'',''),(1541,0,'94.142.1.1','',1237855769,0,0,'',''),(1542,0,'94.142.1.2','',1237855769,0,0,'',''),(1543,0,'94.142.1.3','',1237855769,0,0,'',''),(1544,0,'94.142.1.4','',1237855769,0,0,'',''),(1545,0,'94.142.1.5','',1237855769,0,0,'',''),(1546,0,'94.142.1.6','',1237855769,0,0,'',''),(1547,0,'94.142.1.7','',1237855769,0,0,'',''),(1548,0,'94.142.1.8','',1237855769,0,0,'',''),(1549,0,'94.142.1.9','',1237855769,0,0,'',''),(1550,0,'94.142.1.10','',1237855769,0,0,'',''),(1551,0,'94.142.1.11','',1237855769,0,0,'',''),(1552,0,'94.142.1.12','',1237855769,0,0,'',''),(1553,0,'94.142.1.13','',1237855769,0,0,'',''),(1554,0,'94.142.1.14','',1237855769,0,0,'',''),(1555,0,'94.142.1.15','',1237855769,0,0,'',''),(1556,0,'94.142.1.16','',1237855769,0,0,'',''),(1557,0,'94.142.1.17','',1237855769,0,0,'',''),(1558,0,'94.142.1.18','',1237855769,0,0,'',''),(1559,0,'94.142.1.19','',1237855769,0,0,'',''),(1560,0,'94.142.1.20','',1237855769,0,0,'',''),(1561,0,'94.142.1.21','',1237855769,0,0,'',''),(1562,0,'94.142.1.22','',1237855769,0,0,'',''),(1563,0,'94.142.1.23','',1237855769,0,0,'',''),(1564,0,'94.142.1.24','',1237855769,0,0,'',''),(1565,0,'94.142.1.25','',1237855769,0,0,'',''),(1566,0,'94.142.1.26','',1237855769,0,0,'',''),(1567,0,'94.142.1.27','',1237855769,0,0,'',''),(1568,0,'94.142.1.28','',1237855769,0,0,'',''),(1569,0,'94.142.1.29','',1237855769,0,0,'',''),(1570,0,'94.142.1.30','',1237855769,0,0,'',''),(1571,0,'94.142.1.31','',1237855769,0,0,'',''),(1572,0,'94.142.1.32','',1237855769,0,0,'',''),(1573,0,'94.142.1.33','',1237855769,0,0,'',''),(1574,0,'94.142.1.34','',1237855769,0,0,'',''),(1575,0,'94.142.1.35','',1237855769,0,0,'',''),(1576,0,'94.142.1.36','',1237855769,0,0,'',''),(1577,0,'94.142.1.37','',1237855769,0,0,'',''),(1578,0,'94.142.1.38','',1237855769,0,0,'',''),(1579,0,'94.142.1.39','',1237855769,0,0,'',''),(1580,0,'94.142.1.40','',1237855769,0,0,'',''),(1581,0,'94.142.1.41','',1237855769,0,0,'',''),(1582,0,'94.142.1.42','',1237855769,0,0,'',''),(1583,0,'94.142.1.43','',1237855769,0,0,'',''),(1584,0,'94.142.1.44','',1237855769,0,0,'',''),(1585,0,'94.142.1.45','',1237855769,0,0,'',''),(1586,0,'94.142.1.46','',1237855769,0,0,'',''),(1587,0,'94.142.1.47','',1237855769,0,0,'',''),(1588,0,'94.142.1.48','',1237855769,0,0,'',''),(1589,0,'94.142.1.49','',1237855769,0,0,'',''),(1590,0,'94.142.1.50','',1237855769,0,0,'',''),(1591,0,'94.142.1.51','',1237855769,0,0,'',''),(1592,0,'94.142.1.52','',1237855769,0,0,'',''),(1593,0,'94.142.1.53','',1237855769,0,0,'',''),(1594,0,'94.142.1.54','',1237855769,0,0,'',''),(1595,0,'94.142.1.55','',1237855769,0,0,'',''),(1596,0,'94.142.1.56','',1237855769,0,0,'',''),(1597,0,'94.142.1.57','',1237855769,0,0,'',''),(1598,0,'94.142.1.58','',1237855769,0,0,'',''),(1599,0,'94.142.1.59','',1237855769,0,0,'',''),(1600,0,'94.142.1.60','',1237855769,0,0,'',''),(1601,0,'94.142.1.61','',1237855769,0,0,'',''),(1602,0,'94.142.1.62','',1237855769,0,0,'',''),(1603,0,'94.142.1.63','',1237855769,0,0,'',''),(1604,0,'94.142.1.64','',1237855769,0,0,'',''),(1605,0,'94.142.1.65','',1237855769,0,0,'',''),(1606,0,'94.142.1.66','',1237855769,0,0,'',''),(1607,0,'94.142.1.67','',1237855769,0,0,'',''),(1608,0,'94.142.1.68','',1237855769,0,0,'',''),(1609,0,'94.142.1.69','',1237855769,0,0,'',''),(1610,0,'94.142.1.70','',1237855769,0,0,'',''),(1611,0,'94.142.1.71','',1237855769,0,0,'',''),(1612,0,'94.142.1.72','',1237855769,0,0,'',''),(1613,0,'94.142.1.73','',1237855769,0,0,'',''),(1614,0,'94.142.1.74','',1237855769,0,0,'',''),(1615,0,'94.142.1.75','',1237855769,0,0,'',''),(1616,0,'94.142.1.76','',1237855769,0,0,'',''),(1617,0,'94.142.1.77','',1237855769,0,0,'',''),(1618,0,'94.142.1.78','',1237855769,0,0,'',''),(1619,0,'94.142.1.79','',1237855769,0,0,'',''),(1620,0,'94.142.1.80','',1237855769,0,0,'',''),(1621,0,'94.142.1.81','',1237855769,0,0,'',''),(1622,0,'94.142.1.82','',1237855769,0,0,'',''),(1623,0,'94.142.1.83','',1237855769,0,0,'',''),(1624,0,'94.142.1.84','',1237855769,0,0,'',''),(1625,0,'94.142.1.85','',1237855769,0,0,'',''),(1626,0,'94.142.1.86','',1237855769,0,0,'',''),(1627,0,'94.142.1.87','',1237855769,0,0,'',''),(1628,0,'94.142.1.88','',1237855769,0,0,'',''),(1629,0,'94.142.1.89','',1237855769,0,0,'',''),(1630,0,'94.142.1.90','',1237855769,0,0,'',''),(1631,0,'94.142.1.91','',1237855769,0,0,'',''),(1632,0,'94.142.1.92','',1237855769,0,0,'',''),(1633,0,'94.142.1.93','',1237855769,0,0,'',''),(1634,0,'94.142.1.94','',1237855769,0,0,'',''),(1635,0,'94.142.1.95','',1237855769,0,0,'',''),(1636,0,'94.142.1.96','',1237855769,0,0,'',''),(1637,0,'94.142.1.97','',1237855769,0,0,'',''),(1638,0,'94.142.1.98','',1237855769,0,0,'',''),(1639,0,'94.142.1.99','',1237855769,0,0,'',''),(1640,0,'94.142.1.100','',1237855769,0,0,'',''),(1641,0,'94.142.1.101','',1237855769,0,0,'',''),(1642,0,'94.142.1.102','',1237855769,0,0,'',''),(1643,0,'94.142.1.103','',1237855769,0,0,'',''),(1644,0,'94.142.1.104','',1237855769,0,0,'',''),(1645,0,'94.142.1.105','',1237855769,0,0,'',''),(1646,0,'94.142.1.106','',1237855769,0,0,'',''),(1647,0,'94.142.1.107','',1237855769,0,0,'',''),(1648,0,'94.142.1.108','',1237855769,0,0,'',''),(1649,0,'94.142.1.109','',1237855769,0,0,'',''),(1650,0,'94.142.1.110','',1237855769,0,0,'',''),(1651,0,'94.142.1.111','',1237855769,0,0,'',''),(1652,0,'94.142.1.112','',1237855769,0,0,'',''),(1653,0,'94.142.1.113','',1237855769,0,0,'',''),(1654,0,'94.142.1.114','',1237855769,0,0,'',''),(1655,0,'94.142.1.115','',1237855769,0,0,'',''),(1656,0,'94.142.1.116','',1237855769,0,0,'',''),(1657,0,'94.142.1.117','',1237855769,0,0,'',''),(1658,0,'94.142.1.118','',1237855769,0,0,'',''),(1659,0,'94.142.1.119','',1237855769,0,0,'',''),(1660,0,'94.142.1.120','',1237855769,0,0,'',''),(1661,0,'94.142.1.121','',1237855769,0,0,'',''),(1662,0,'94.142.1.122','',1237855769,0,0,'',''),(1663,0,'94.142.1.123','',1237855769,0,0,'',''),(1664,0,'94.142.1.124','',1237855769,0,0,'',''),(1665,0,'94.142.1.125','',1237855769,0,0,'',''),(1666,0,'94.142.1.126','',1237855769,0,0,'',''),(1667,0,'94.142.1.127','',1237855769,0,0,'',''),(1668,0,'94.142.1.128','',1237855769,0,0,'',''),(1669,0,'94.142.1.129','',1237855769,0,0,'',''),(1670,0,'94.142.1.130','',1237855769,0,0,'',''),(1671,0,'94.142.1.131','',1237855769,0,0,'',''),(1672,0,'94.142.1.132','',1237855769,0,0,'',''),(1673,0,'94.142.1.133','',1237855769,0,0,'',''),(1674,0,'94.142.1.134','',1237855769,0,0,'',''),(1675,0,'94.142.1.135','',1237855769,0,0,'',''),(1676,0,'94.142.1.136','',1237855769,0,0,'',''),(1677,0,'94.142.1.137','',1237855769,0,0,'',''),(1678,0,'94.142.1.138','',1237855769,0,0,'',''),(1679,0,'94.142.1.139','',1237855769,0,0,'',''),(1680,0,'94.142.1.140','',1237855769,0,0,'',''),(1681,0,'94.142.1.141','',1237855769,0,0,'',''),(1682,0,'94.142.1.142','',1237855769,0,0,'',''),(1683,0,'94.142.1.143','',1237855769,0,0,'',''),(1684,0,'94.142.1.144','',1237855769,0,0,'',''),(1685,0,'94.142.1.145','',1237855769,0,0,'',''),(1686,0,'94.142.1.146','',1237855769,0,0,'',''),(1687,0,'94.142.1.147','',1237855769,0,0,'',''),(1688,0,'94.142.1.148','',1237855769,0,0,'',''),(1689,0,'94.142.1.149','',1237855769,0,0,'',''),(1690,0,'94.142.1.150','',1237855769,0,0,'',''),(1691,0,'94.142.1.151','',1237855769,0,0,'',''),(1692,0,'94.142.1.152','',1237855769,0,0,'',''),(1693,0,'94.142.1.153','',1237855769,0,0,'',''),(1694,0,'94.142.1.154','',1237855769,0,0,'',''),(1695,0,'94.142.1.155','',1237855769,0,0,'',''),(1696,0,'94.142.1.156','',1237855769,0,0,'',''),(1697,0,'94.142.1.157','',1237855769,0,0,'',''),(1698,0,'94.142.1.158','',1237855769,0,0,'',''),(1699,0,'94.142.1.159','',1237855769,0,0,'',''),(1700,0,'94.142.1.160','',1237855769,0,0,'',''),(1701,0,'94.142.1.161','',1237855769,0,0,'',''),(1702,0,'94.142.1.162','',1237855769,0,0,'',''),(1703,0,'94.142.1.163','',1237855769,0,0,'',''),(1704,0,'94.142.1.164','',1237855769,0,0,'',''),(1705,0,'94.142.1.165','',1237855769,0,0,'',''),(1706,0,'94.142.1.166','',1237855769,0,0,'',''),(1707,0,'94.142.1.167','',1237855769,0,0,'',''),(1708,0,'94.142.1.168','',1237855769,0,0,'',''),(1709,0,'94.142.1.169','',1237855769,0,0,'',''),(1710,0,'94.142.1.170','',1237855769,0,0,'',''),(1711,0,'94.142.1.171','',1237855769,0,0,'',''),(1712,0,'94.142.1.172','',1237855769,0,0,'',''),(1713,0,'94.142.1.173','',1237855769,0,0,'',''),(1714,0,'94.142.1.174','',1237855769,0,0,'',''),(1715,0,'94.142.1.175','',1237855769,0,0,'',''),(1716,0,'94.142.1.176','',1237855769,0,0,'',''),(1717,0,'94.142.1.177','',1237855769,0,0,'',''),(1718,0,'94.142.1.178','',1237855769,0,0,'',''),(1719,0,'94.142.1.179','',1237855769,0,0,'',''),(1720,0,'94.142.1.180','',1237855769,0,0,'',''),(1721,0,'94.142.1.181','',1237855769,0,0,'',''),(1722,0,'94.142.1.182','',1237855769,0,0,'',''),(1723,0,'94.142.1.183','',1237855769,0,0,'',''),(1724,0,'94.142.1.184','',1237855769,0,0,'',''),(1725,0,'94.142.1.185','',1237855769,0,0,'',''),(1726,0,'94.142.1.186','',1237855769,0,0,'',''),(1727,0,'94.142.1.187','',1237855769,0,0,'',''),(1728,0,'94.142.1.188','',1237855769,0,0,'',''),(1729,0,'94.142.1.189','',1237855769,0,0,'',''),(1730,0,'94.142.1.190','',1237855769,0,0,'',''),(1731,0,'94.142.1.191','',1237855769,0,0,'',''),(1732,0,'94.142.1.192','',1237855769,0,0,'',''),(1733,0,'94.142.1.193','',1237855769,0,0,'',''),(1734,0,'94.142.1.194','',1237855769,0,0,'',''),(1735,0,'94.142.1.195','',1237855769,0,0,'',''),(1736,0,'94.142.1.196','',1237855769,0,0,'',''),(1737,0,'94.142.1.197','',1237855769,0,0,'',''),(1738,0,'94.142.1.198','',1237855769,0,0,'',''),(1739,0,'94.142.1.199','',1237855769,0,0,'',''),(1740,0,'94.142.1.200','',1237855769,0,0,'',''),(1741,0,'94.142.1.201','',1237855769,0,0,'',''),(1742,0,'94.142.1.202','',1237855769,0,0,'',''),(1743,0,'94.142.1.203','',1237855769,0,0,'',''),(1744,0,'94.142.1.204','',1237855769,0,0,'',''),(1745,0,'94.142.1.205','',1237855769,0,0,'',''),(1746,0,'94.142.1.206','',1237855769,0,0,'',''),(1747,0,'94.142.1.207','',1237855769,0,0,'',''),(1748,0,'94.142.1.208','',1237855769,0,0,'',''),(1749,0,'94.142.1.209','',1237855769,0,0,'',''),(1750,0,'94.142.1.210','',1237855769,0,0,'',''),(1751,0,'94.142.1.211','',1237855769,0,0,'',''),(1752,0,'94.142.1.212','',1237855769,0,0,'',''),(1753,0,'94.142.1.213','',1237855769,0,0,'',''),(1754,0,'94.142.1.214','',1237855769,0,0,'',''),(1755,0,'94.142.1.215','',1237855769,0,0,'',''),(1756,0,'94.142.1.216','',1237855769,0,0,'',''),(1757,0,'94.142.1.217','',1237855769,0,0,'',''),(1758,0,'94.142.1.218','',1237855769,0,0,'',''),(1759,0,'94.142.1.219','',1237855769,0,0,'',''),(1760,0,'94.142.1.220','',1237855769,0,0,'',''),(1761,0,'94.142.1.221','',1237855769,0,0,'',''),(1762,0,'94.142.1.222','',1237855769,0,0,'',''),(1763,0,'94.142.1.223','',1237855769,0,0,'',''),(1764,0,'94.142.1.224','',1237855769,0,0,'',''),(1765,0,'94.142.1.225','',1237855769,0,0,'',''),(1766,0,'94.142.1.226','',1237855769,0,0,'',''),(1767,0,'94.142.1.227','',1237855769,0,0,'',''),(1768,0,'94.142.1.228','',1237855769,0,0,'',''),(1769,0,'94.142.1.229','',1237855769,0,0,'',''),(1770,0,'94.142.1.230','',1237855769,0,0,'',''),(1771,0,'94.142.1.231','',1237855769,0,0,'',''),(1772,0,'94.142.1.232','',1237855769,0,0,'',''),(1773,0,'94.142.1.233','',1237855769,0,0,'',''),(1774,0,'94.142.1.234','',1237855769,0,0,'',''),(1775,0,'94.142.1.235','',1237855769,0,0,'',''),(1776,0,'94.142.1.236','',1237855769,0,0,'',''),(1777,0,'94.142.1.237','',1237855769,0,0,'',''),(1778,0,'94.142.1.238','',1237855769,0,0,'',''),(1779,0,'94.142.1.239','',1237855769,0,0,'',''),(1780,0,'94.142.1.240','',1237855769,0,0,'',''),(1781,0,'94.142.1.241','',1237855769,0,0,'',''),(1782,0,'94.142.1.242','',1237855769,0,0,'',''),(1783,0,'94.142.1.243','',1237855769,0,0,'',''),(1784,0,'94.142.1.244','',1237855769,0,0,'',''),(1785,0,'94.142.1.245','',1237855769,0,0,'',''),(1786,0,'94.142.1.246','',1237855769,0,0,'',''),(1787,0,'94.142.1.247','',1237855769,0,0,'',''),(1788,0,'94.142.1.248','',1237855769,0,0,'',''),(1789,0,'94.142.1.249','',1237855769,0,0,'',''),(1790,0,'94.142.1.250','',1237855769,0,0,'',''),(1791,0,'94.142.1.251','',1237855769,0,0,'',''),(1792,0,'94.142.1.252','',1237855769,0,0,'',''),(1793,0,'94.142.1.253','',1237855769,0,0,'',''),(1794,0,'94.142.1.254','',1237855769,0,0,'',''),(1795,0,'94.142.2.*','',1237855769,0,0,'',''),(1796,0,'94.142.3.*','',1237855769,0,0,'',''),(1797,0,'94.142.4.*','',1237855769,0,0,'',''),(1798,0,'94.142.5.*','',1237855769,0,0,'',''),(1799,0,'94.142.6.*','',1237855769,0,0,'',''),(1800,0,'94.142.7.*','',1237855769,0,0,'',''),(1801,0,'94.142.8.*','',1237855769,0,0,'',''),(1802,0,'94.142.9.*','',1237855769,0,0,'',''),(1803,0,'94.142.10.*','',1237855769,0,0,'',''),(1804,0,'94.142.11.*','',1237855769,0,0,'',''),(1805,0,'94.142.12.*','',1237855769,0,0,'',''),(1806,0,'94.142.13.*','',1237855769,0,0,'',''),(1807,0,'94.142.14.*','',1237855769,0,0,'',''),(1808,0,'94.142.15.*','',1237855769,0,0,'',''),(1809,0,'94.142.16.*','',1237855769,0,0,'',''),(1810,0,'94.142.17.*','',1237855769,0,0,'',''),(1811,0,'94.142.18.*','',1237855769,0,0,'',''),(1812,0,'94.142.19.*','',1237855769,0,0,'',''),(1813,0,'94.142.20.*','',1237855769,0,0,'',''),(1814,0,'94.142.21.*','',1237855769,0,0,'',''),(1815,0,'94.142.22.*','',1237855769,0,0,'',''),(1816,0,'94.142.23.*','',1237855769,0,0,'',''),(1817,0,'94.142.24.*','',1237855769,0,0,'',''),(1818,0,'94.142.25.*','',1237855769,0,0,'',''),(1819,0,'94.142.26.*','',1237855769,0,0,'',''),(1820,0,'94.142.27.*','',1237855769,0,0,'',''),(1821,0,'94.142.28.*','',1237855769,0,0,'',''),(1822,0,'94.142.29.*','',1237855769,0,0,'',''),(1823,0,'94.142.30.*','',1237855769,0,0,'',''),(1824,0,'94.142.31.*','',1237855769,0,0,'',''),(1825,0,'94.142.32.*','',1237855769,0,0,'',''),(1826,0,'94.142.33.*','',1237855769,0,0,'',''),(1827,0,'94.142.34.*','',1237855769,0,0,'',''),(1828,0,'94.142.35.*','',1237855769,0,0,'',''),(1829,0,'94.142.36.*','',1237855769,0,0,'',''),(1830,0,'94.142.37.*','',1237855769,0,0,'',''),(1831,0,'94.142.38.*','',1237855769,0,0,'',''),(1832,0,'94.142.39.*','',1237855769,0,0,'',''),(1833,0,'94.142.40.*','',1237855769,0,0,'',''),(1834,0,'94.142.41.*','',1237855769,0,0,'',''),(1835,0,'94.142.42.*','',1237855769,0,0,'',''),(1836,0,'94.142.43.*','',1237855769,0,0,'',''),(1837,0,'94.142.44.*','',1237855769,0,0,'',''),(1838,0,'94.142.45.*','',1237855769,0,0,'',''),(1839,0,'94.142.46.*','',1237855769,0,0,'',''),(1840,0,'94.142.47.*','',1237855769,0,0,'',''),(1841,0,'94.142.48.*','',1237855769,0,0,'',''),(1842,0,'94.142.49.*','',1237855769,0,0,'',''),(1843,0,'94.142.50.*','',1237855769,0,0,'',''),(1844,0,'94.142.51.*','',1237855769,0,0,'',''),(1845,0,'94.142.52.*','',1237855769,0,0,'',''),(1846,0,'94.142.53.*','',1237855769,0,0,'',''),(1847,0,'94.142.54.*','',1237855769,0,0,'',''),(1848,0,'94.142.55.*','',1237855769,0,0,'',''),(1849,0,'94.142.56.*','',1237855769,0,0,'',''),(1850,0,'94.142.57.*','',1237855769,0,0,'',''),(1851,0,'94.142.58.*','',1237855769,0,0,'',''),(1852,0,'94.142.59.*','',1237855769,0,0,'',''),(1853,0,'94.142.60.*','',1237855769,0,0,'',''),(1854,0,'94.142.61.*','',1237855769,0,0,'',''),(1855,0,'94.142.62.*','',1237855769,0,0,'',''),(1856,0,'94.142.63.*','',1237855769,0,0,'',''),(1857,0,'94.142.64.*','',1237855769,0,0,'',''),(1858,0,'94.142.65.*','',1237855769,0,0,'',''),(1859,0,'94.142.66.*','',1237855769,0,0,'',''),(1860,0,'94.142.67.*','',1237855769,0,0,'',''),(1861,0,'94.142.68.*','',1237855769,0,0,'',''),(1862,0,'94.142.69.*','',1237855769,0,0,'',''),(1863,0,'94.142.70.*','',1237855769,0,0,'',''),(1864,0,'94.142.71.*','',1237855769,0,0,'',''),(1865,0,'94.142.72.*','',1237855769,0,0,'',''),(1866,0,'94.142.73.*','',1237855769,0,0,'',''),(1867,0,'94.142.74.*','',1237855769,0,0,'',''),(1868,0,'94.142.75.*','',1237855769,0,0,'',''),(1869,0,'94.142.76.*','',1237855769,0,0,'',''),(1870,0,'94.142.77.*','',1237855769,0,0,'',''),(1871,0,'94.142.78.*','',1237855769,0,0,'',''),(1872,0,'94.142.79.*','',1237855769,0,0,'',''),(1873,0,'94.142.80.*','',1237855769,0,0,'',''),(1874,0,'94.142.81.*','',1237855769,0,0,'',''),(1875,0,'94.142.82.*','',1237855769,0,0,'',''),(1876,0,'94.142.83.*','',1237855769,0,0,'',''),(1877,0,'94.142.84.*','',1237855769,0,0,'',''),(1878,0,'94.142.85.*','',1237855769,0,0,'',''),(1879,0,'94.142.86.*','',1237855769,0,0,'',''),(1880,0,'94.142.87.*','',1237855769,0,0,'',''),(1881,0,'94.142.88.*','',1237855769,0,0,'',''),(1882,0,'94.142.89.*','',1237855769,0,0,'',''),(1883,0,'94.142.90.*','',1237855769,0,0,'',''),(1884,0,'94.142.91.*','',1237855769,0,0,'',''),(1885,0,'94.142.92.*','',1237855769,0,0,'',''),(1886,0,'94.142.93.*','',1237855769,0,0,'',''),(1887,0,'94.142.94.*','',1237855769,0,0,'',''),(1888,0,'94.142.95.*','',1237855769,0,0,'',''),(1889,0,'94.142.96.*','',1237855769,0,0,'',''),(1890,0,'94.142.97.*','',1237855769,0,0,'',''),(1891,0,'94.142.98.*','',1237855769,0,0,'',''),(1892,0,'94.142.99.*','',1237855769,0,0,'',''),(1893,0,'94.142.100.*','',1237855769,0,0,'',''),(1894,0,'94.142.101.*','',1237855769,0,0,'',''),(1895,0,'94.142.102.*','',1237855769,0,0,'',''),(1896,0,'94.142.103.*','',1237855769,0,0,'',''),(1897,0,'94.142.104.*','',1237855769,0,0,'',''),(1898,0,'94.142.105.*','',1237855769,0,0,'',''),(1899,0,'94.142.106.*','',1237855769,0,0,'',''),(1900,0,'94.142.107.*','',1237855769,0,0,'',''),(1901,0,'94.142.108.*','',1237855769,0,0,'',''),(1902,0,'94.142.109.*','',1237855769,0,0,'',''),(1903,0,'94.142.110.*','',1237855769,0,0,'',''),(1904,0,'94.142.111.*','',1237855769,0,0,'',''),(1905,0,'94.142.112.*','',1237855769,0,0,'',''),(1906,0,'94.142.113.*','',1237855769,0,0,'',''),(1907,0,'94.142.114.*','',1237855769,0,0,'',''),(1908,0,'94.142.115.*','',1237855769,0,0,'',''),(1909,0,'94.142.116.*','',1237855769,0,0,'',''),(1910,0,'94.142.117.*','',1237855769,0,0,'',''),(1911,0,'94.142.118.*','',1237855769,0,0,'',''),(1912,0,'94.142.119.*','',1237855769,0,0,'',''),(1913,0,'94.142.120.*','',1237855769,0,0,'',''),(1914,0,'94.142.121.*','',1237855769,0,0,'',''),(1915,0,'94.142.122.*','',1237855769,0,0,'',''),(1916,0,'94.142.123.*','',1237855769,0,0,'',''),(1917,0,'94.142.124.*','',1237855769,0,0,'',''),(1918,0,'94.142.125.*','',1237855769,0,0,'',''),(1919,0,'94.142.126.*','',1237855769,0,0,'',''),(1920,0,'94.142.127.*','',1237855769,0,0,'',''),(1921,0,'94.142.128.*','',1237855769,0,0,'',''),(1922,0,'94.142.129.*','',1237855769,0,0,'',''),(1923,0,'94.142.130.*','',1237855769,0,0,'',''),(1924,0,'94.142.131.*','',1237855769,0,0,'',''),(1925,0,'94.142.132.*','',1237855769,0,0,'',''),(1926,0,'94.142.133.*','',1237855769,0,0,'',''),(1927,0,'94.142.134.*','',1237855769,0,0,'',''),(1928,0,'94.142.135.*','',1237855769,0,0,'',''),(1929,0,'94.142.136.*','',1237855769,0,0,'',''),(1930,0,'94.142.137.*','',1237855769,0,0,'',''),(1931,0,'94.142.138.*','',1237855769,0,0,'',''),(1932,0,'94.142.139.*','',1237855769,0,0,'',''),(1933,0,'94.142.140.*','',1237855769,0,0,'',''),(1934,0,'94.142.141.*','',1237855769,0,0,'',''),(1935,0,'94.142.142.*','',1237855769,0,0,'',''),(1936,0,'94.142.143.*','',1237855769,0,0,'',''),(1937,0,'94.142.144.*','',1237855769,0,0,'',''),(1938,0,'94.142.145.*','',1237855769,0,0,'',''),(1939,0,'94.142.146.*','',1237855769,0,0,'',''),(1940,0,'94.142.147.*','',1237855769,0,0,'',''),(1941,0,'94.142.148.*','',1237855769,0,0,'',''),(1942,0,'94.142.149.*','',1237855769,0,0,'',''),(1943,0,'94.142.150.*','',1237855769,0,0,'',''),(1944,0,'94.142.151.*','',1237855769,0,0,'',''),(1945,0,'94.142.152.*','',1237855769,0,0,'',''),(1946,0,'94.142.153.*','',1237855769,0,0,'',''),(1947,0,'94.142.154.*','',1237855769,0,0,'',''),(1948,0,'94.142.155.*','',1237855769,0,0,'',''),(1949,0,'94.142.156.*','',1237855769,0,0,'',''),(1950,0,'94.142.157.*','',1237855769,0,0,'',''),(1951,0,'94.142.158.*','',1237855769,0,0,'',''),(1952,0,'94.142.159.*','',1237855769,0,0,'',''),(1953,0,'94.142.160.*','',1237855769,0,0,'',''),(1954,0,'94.142.161.*','',1237855769,0,0,'',''),(1955,0,'94.142.162.*','',1237855769,0,0,'',''),(1956,0,'94.142.163.*','',1237855769,0,0,'',''),(1957,0,'94.142.164.*','',1237855769,0,0,'',''),(1958,0,'94.142.165.*','',1237855769,0,0,'',''),(1959,0,'94.142.166.*','',1237855769,0,0,'',''),(1960,0,'94.142.167.*','',1237855769,0,0,'',''),(1961,0,'94.142.168.*','',1237855769,0,0,'',''),(1962,0,'94.142.169.*','',1237855769,0,0,'',''),(1963,0,'94.142.170.*','',1237855769,0,0,'',''),(1964,0,'94.142.171.*','',1237855769,0,0,'',''),(1965,0,'94.142.172.*','',1237855769,0,0,'',''),(1966,0,'94.142.173.*','',1237855769,0,0,'',''),(1967,0,'94.142.174.*','',1237855769,0,0,'',''),(1968,0,'94.142.175.*','',1237855769,0,0,'',''),(1969,0,'94.142.176.*','',1237855769,0,0,'',''),(1970,0,'94.142.177.*','',1237855769,0,0,'',''),(1971,0,'94.142.178.*','',1237855769,0,0,'',''),(1972,0,'94.142.179.*','',1237855769,0,0,'',''),(1973,0,'94.142.180.*','',1237855769,0,0,'',''),(1974,0,'94.142.181.*','',1237855769,0,0,'',''),(1975,0,'94.142.182.*','',1237855769,0,0,'',''),(1976,0,'94.142.183.*','',1237855769,0,0,'',''),(1977,0,'94.142.184.*','',1237855769,0,0,'',''),(1978,0,'94.142.185.*','',1237855769,0,0,'',''),(1979,0,'94.142.186.*','',1237855769,0,0,'',''),(1980,0,'94.142.187.*','',1237855769,0,0,'',''),(1981,0,'94.142.188.*','',1237855769,0,0,'',''),(1982,0,'94.142.189.*','',1237855769,0,0,'',''),(1983,0,'94.142.190.*','',1237855769,0,0,'',''),(1984,0,'94.142.191.*','',1237855769,0,0,'',''),(1985,0,'94.142.192.*','',1237855769,0,0,'',''),(1986,0,'94.142.193.*','',1237855769,0,0,'',''),(1987,0,'94.142.194.*','',1237855769,0,0,'',''),(1988,0,'94.142.195.*','',1237855769,0,0,'',''),(1989,0,'94.142.196.*','',1237855769,0,0,'',''),(1990,0,'94.142.197.*','',1237855769,0,0,'',''),(1991,0,'94.142.198.*','',1237855769,0,0,'',''),(1992,0,'94.142.199.*','',1237855769,0,0,'',''),(1993,0,'94.142.200.*','',1237855769,0,0,'',''),(1994,0,'94.142.201.*','',1237855769,0,0,'',''),(1995,0,'94.142.202.*','',1237855769,0,0,'',''),(1996,0,'94.142.203.*','',1237855769,0,0,'',''),(1997,0,'94.142.204.*','',1237855769,0,0,'',''),(1998,0,'94.142.205.*','',1237855769,0,0,'',''),(1999,0,'94.142.206.*','',1237855769,0,0,'',''),(2000,0,'94.142.207.*','',1237855769,0,0,'',''),(2001,0,'94.142.208.*','',1237855769,0,0,'',''),(2002,0,'94.142.209.*','',1237855769,0,0,'',''),(2003,0,'94.142.210.*','',1237855769,0,0,'',''),(2004,0,'94.142.211.*','',1237855769,0,0,'',''),(2005,0,'94.142.212.*','',1237855769,0,0,'',''),(2006,0,'94.142.213.*','',1237855769,0,0,'',''),(2007,0,'94.142.214.*','',1237855769,0,0,'',''),(2008,0,'94.142.215.*','',1237855769,0,0,'',''),(2009,0,'94.142.216.*','',1237855769,0,0,'',''),(2010,0,'94.142.217.*','',1237855769,0,0,'',''),(2011,0,'94.142.218.*','',1237855769,0,0,'',''),(2012,0,'94.142.219.*','',1237855769,0,0,'',''),(2013,0,'94.142.220.*','',1237855769,0,0,'',''),(2014,0,'94.142.221.*','',1237855769,0,0,'',''),(2015,0,'94.142.222.*','',1237855769,0,0,'',''),(2016,0,'94.142.223.*','',1237855769,0,0,'',''),(2017,0,'94.142.224.*','',1237855769,0,0,'',''),(2018,0,'94.142.225.*','',1237855769,0,0,'',''),(2019,0,'94.142.226.*','',1237855769,0,0,'',''),(2020,0,'94.142.227.*','',1237855769,0,0,'',''),(2021,0,'94.142.228.*','',1237855769,0,0,'',''),(2022,0,'94.142.229.*','',1237855769,0,0,'',''),(2023,0,'94.142.230.*','',1237855769,0,0,'',''),(2024,0,'94.142.231.*','',1237855769,0,0,'',''),(2025,0,'94.142.232.*','',1237855769,0,0,'',''),(2026,0,'94.142.233.*','',1237855769,0,0,'',''),(2027,0,'94.142.234.*','',1237855769,0,0,'',''),(2028,0,'94.142.235.*','',1237855769,0,0,'',''),(2029,0,'94.142.236.*','',1237855769,0,0,'',''),(2030,0,'94.142.237.*','',1237855769,0,0,'',''),(2031,0,'94.142.238.*','',1237855769,0,0,'',''),(2032,0,'94.142.239.*','',1237855769,0,0,'',''),(2033,0,'94.142.240.*','',1237855769,0,0,'',''),(2034,0,'94.142.241.*','',1237855769,0,0,'',''),(2035,0,'94.142.242.*','',1237855769,0,0,'',''),(2036,0,'94.142.243.*','',1237855769,0,0,'',''),(2037,0,'94.142.244.*','',1237855769,0,0,'',''),(2038,0,'94.142.245.*','',1237855769,0,0,'',''),(2039,0,'94.142.246.*','',1237855769,0,0,'',''),(2040,0,'94.142.247.*','',1237855769,0,0,'',''),(2041,0,'94.142.248.*','',1237855769,0,0,'',''),(2042,0,'94.142.249.*','',1237855769,0,0,'',''),(2043,0,'94.142.250.*','',1237855769,0,0,'',''),(2044,0,'94.142.251.*','',1237855769,0,0,'',''),(2045,0,'94.142.252.*','',1237855769,0,0,'',''),(2046,0,'94.142.253.*','',1237855769,0,0,'',''),(2047,0,'94.142.254.*','',1237855769,0,0,'',''),(2048,0,'94.142.255.0','',1237855769,0,0,'',''),(2049,0,'94.142.255.1','',1237855769,0,0,'',''),(2050,0,'94.142.255.2','',1237855769,0,0,'',''),(2051,0,'94.142.255.3','',1237855769,0,0,'',''),(2052,0,'94.142.255.4','',1237855769,0,0,'',''),(2053,0,'94.142.255.5','',1237855769,0,0,'',''),(2054,0,'94.142.255.6','',1237855769,0,0,'',''),(2055,0,'94.142.255.7','',1237855769,0,0,'',''),(2056,0,'94.142.255.8','',1237855769,0,0,'',''),(2057,0,'94.142.255.9','',1237855769,0,0,'',''),(2058,0,'94.142.255.10','',1237855769,0,0,'',''),(2059,0,'94.142.255.11','',1237855769,0,0,'',''),(2060,0,'94.142.255.12','',1237855769,0,0,'',''),(2061,0,'94.142.255.13','',1237855769,0,0,'',''),(2062,0,'94.142.255.14','',1237855769,0,0,'',''),(2063,0,'94.142.255.15','',1237855769,0,0,'',''),(2064,0,'94.142.255.16','',1237855769,0,0,'',''),(2065,0,'94.142.255.17','',1237855769,0,0,'',''),(2066,0,'94.142.255.18','',1237855769,0,0,'',''),(2067,0,'94.142.255.19','',1237855769,0,0,'',''),(2068,0,'94.142.255.20','',1237855769,0,0,'',''),(2069,0,'94.142.255.21','',1237855769,0,0,'',''),(2070,0,'94.142.255.22','',1237855769,0,0,'',''),(2071,0,'94.142.255.23','',1237855769,0,0,'',''),(2072,0,'94.142.255.24','',1237855769,0,0,'',''),(2073,0,'94.142.255.25','',1237855769,0,0,'',''),(2074,0,'94.142.255.26','',1237855769,0,0,'',''),(2075,0,'94.142.255.27','',1237855769,0,0,'',''),(2076,0,'94.142.255.28','',1237855769,0,0,'',''),(2077,0,'94.142.255.29','',1237855769,0,0,'',''),(2078,0,'94.142.255.30','',1237855769,0,0,'',''),(2079,0,'94.142.255.31','',1237855769,0,0,'',''),(2080,0,'94.142.255.32','',1237855769,0,0,'',''),(2081,0,'94.142.255.33','',1237855769,0,0,'',''),(2082,0,'94.142.255.34','',1237855769,0,0,'',''),(2083,0,'94.142.255.35','',1237855769,0,0,'',''),(2084,0,'94.142.255.36','',1237855769,0,0,'',''),(2085,0,'94.142.255.37','',1237855769,0,0,'',''),(2086,0,'94.142.255.38','',1237855769,0,0,'',''),(2087,0,'94.142.255.39','',1237855769,0,0,'',''),(2088,0,'94.142.255.40','',1237855769,0,0,'',''),(2089,0,'94.142.255.41','',1237855769,0,0,'',''),(2090,0,'94.142.255.42','',1237855769,0,0,'',''),(2091,0,'94.142.255.43','',1237855769,0,0,'',''),(2092,0,'94.142.255.44','',1237855769,0,0,'',''),(2093,0,'94.142.255.45','',1237855769,0,0,'',''),(2094,0,'94.142.255.46','',1237855769,0,0,'',''),(2095,0,'94.142.255.47','',1237855769,0,0,'',''),(2096,0,'94.142.255.48','',1237855769,0,0,'',''),(2097,0,'94.142.255.49','',1237855769,0,0,'',''),(2098,0,'94.142.255.50','',1237855769,0,0,'',''),(2099,0,'94.142.255.51','',1237855769,0,0,'',''),(2100,0,'94.142.255.52','',1237855769,0,0,'',''),(2101,0,'94.142.255.53','',1237855769,0,0,'',''),(2102,0,'94.142.255.54','',1237855769,0,0,'',''),(2103,0,'94.142.255.55','',1237855769,0,0,'',''),(2104,0,'94.142.255.56','',1237855769,0,0,'',''),(2105,0,'94.142.255.57','',1237855769,0,0,'',''),(2106,0,'94.142.255.58','',1237855769,0,0,'',''),(2107,0,'94.142.255.59','',1237855769,0,0,'',''),(2108,0,'94.142.255.60','',1237855769,0,0,'',''),(2109,0,'94.142.255.61','',1237855769,0,0,'',''),(2110,0,'94.142.255.62','',1237855769,0,0,'',''),(2111,0,'94.142.255.63','',1237855769,0,0,'',''),(2112,0,'94.142.255.64','',1237855769,0,0,'',''),(2113,0,'94.142.255.65','',1237855769,0,0,'',''),(2114,0,'94.142.255.66','',1237855769,0,0,'',''),(2115,0,'94.142.255.67','',1237855769,0,0,'',''),(2116,0,'94.142.255.68','',1237855769,0,0,'',''),(2117,0,'94.142.255.69','',1237855769,0,0,'',''),(2118,0,'94.142.255.70','',1237855769,0,0,'',''),(2119,0,'94.142.255.71','',1237855769,0,0,'',''),(2120,0,'94.142.255.72','',1237855769,0,0,'',''),(2121,0,'94.142.255.73','',1237855769,0,0,'',''),(2122,0,'94.142.255.74','',1237855769,0,0,'',''),(2123,0,'94.142.255.75','',1237855769,0,0,'',''),(2124,0,'94.142.255.76','',1237855769,0,0,'',''),(2125,0,'94.142.255.77','',1237855769,0,0,'',''),(2126,0,'94.142.255.78','',1237855769,0,0,'',''),(2127,0,'94.142.255.79','',1237855769,0,0,'',''),(2128,0,'94.142.255.80','',1237855769,0,0,'',''),(2129,0,'94.142.255.81','',1237855769,0,0,'',''),(2130,0,'94.142.255.82','',1237855769,0,0,'',''),(2131,0,'94.142.255.83','',1237855769,0,0,'',''),(2132,0,'94.142.255.84','',1237855769,0,0,'',''),(2133,0,'94.142.255.85','',1237855769,0,0,'',''),(2134,0,'94.142.255.86','',1237855769,0,0,'',''),(2135,0,'94.142.255.87','',1237855769,0,0,'',''),(2136,0,'94.142.255.88','',1237855769,0,0,'',''),(2137,0,'94.142.255.89','',1237855769,0,0,'',''),(2138,0,'94.142.255.90','',1237855769,0,0,'',''),(2139,0,'94.142.255.91','',1237855769,0,0,'',''),(2140,0,'94.142.255.92','',1237855769,0,0,'',''),(2141,0,'94.142.255.93','',1237855769,0,0,'',''),(2142,0,'94.142.255.94','',1237855769,0,0,'',''),(2143,0,'94.142.255.95','',1237855769,0,0,'',''),(2144,0,'94.142.255.96','',1237855769,0,0,'',''),(2145,0,'94.142.255.97','',1237855769,0,0,'',''),(2146,0,'94.142.255.98','',1237855769,0,0,'',''),(2147,0,'94.142.255.99','',1237855769,0,0,'',''),(2148,0,'94.142.255.100','',1237855769,0,0,'',''),(2149,0,'94.142.255.101','',1237855769,0,0,'',''),(2150,0,'94.142.255.102','',1237855769,0,0,'',''),(2151,0,'94.142.255.103','',1237855769,0,0,'',''),(2152,0,'94.142.255.104','',1237855769,0,0,'',''),(2153,0,'94.142.255.105','',1237855769,0,0,'',''),(2154,0,'94.142.255.106','',1237855769,0,0,'',''),(2155,0,'94.142.255.107','',1237855769,0,0,'',''),(2156,0,'94.142.255.108','',1237855769,0,0,'',''),(2157,0,'94.142.255.109','',1237855769,0,0,'',''),(2158,0,'94.142.255.110','',1237855769,0,0,'',''),(2159,0,'94.142.255.111','',1237855769,0,0,'',''),(2160,0,'94.142.255.112','',1237855769,0,0,'',''),(2161,0,'94.142.255.113','',1237855769,0,0,'',''),(2162,0,'94.142.255.114','',1237855769,0,0,'',''),(2163,0,'94.142.255.115','',1237855769,0,0,'',''),(2164,0,'94.142.255.116','',1237855769,0,0,'',''),(2165,0,'94.142.255.117','',1237855769,0,0,'',''),(2166,0,'94.142.255.118','',1237855769,0,0,'',''),(2167,0,'94.142.255.119','',1237855769,0,0,'',''),(2168,0,'94.142.255.120','',1237855769,0,0,'',''),(2169,0,'94.142.255.121','',1237855769,0,0,'',''),(2170,0,'94.142.255.122','',1237855769,0,0,'',''),(2171,0,'94.142.255.123','',1237855769,0,0,'',''),(2172,0,'94.142.255.124','',1237855769,0,0,'',''),(2173,0,'94.142.255.125','',1237855769,0,0,'',''),(2174,0,'94.142.255.126','',1237855769,0,0,'',''),(2175,0,'94.142.255.127','',1237855769,0,0,'',''),(2176,0,'94.142.255.128','',1237855769,0,0,'',''),(2177,0,'94.142.255.129','',1237855769,0,0,'',''),(2178,0,'94.142.255.130','',1237855769,0,0,'',''),(2179,0,'94.142.255.131','',1237855769,0,0,'',''),(2180,0,'94.142.255.132','',1237855769,0,0,'',''),(2181,0,'94.142.255.133','',1237855769,0,0,'',''),(2182,0,'94.142.255.134','',1237855769,0,0,'',''),(2183,0,'94.142.255.135','',1237855769,0,0,'',''),(2184,0,'94.142.255.136','',1237855769,0,0,'',''),(2185,0,'94.142.255.137','',1237855769,0,0,'',''),(2186,0,'94.142.255.138','',1237855769,0,0,'',''),(2187,0,'94.142.255.139','',1237855769,0,0,'',''),(2188,0,'94.142.255.140','',1237855769,0,0,'',''),(2189,0,'94.142.255.141','',1237855769,0,0,'',''),(2190,0,'94.142.255.142','',1237855769,0,0,'',''),(2191,0,'94.142.255.143','',1237855769,0,0,'',''),(2192,0,'94.142.255.144','',1237855769,0,0,'',''),(2193,0,'94.142.255.145','',1237855769,0,0,'',''),(2194,0,'94.142.255.146','',1237855769,0,0,'',''),(2195,0,'94.142.255.147','',1237855769,0,0,'',''),(2196,0,'94.142.255.148','',1237855769,0,0,'',''),(2197,0,'94.142.255.149','',1237855769,0,0,'',''),(2198,0,'94.142.255.150','',1237855769,0,0,'',''),(2199,0,'94.142.255.151','',1237855769,0,0,'',''),(2200,0,'94.142.255.152','',1237855769,0,0,'',''),(2201,0,'94.142.255.153','',1237855769,0,0,'',''),(2202,0,'94.142.255.154','',1237855769,0,0,'',''),(2203,0,'94.142.255.155','',1237855769,0,0,'',''),(2204,0,'94.142.255.156','',1237855769,0,0,'',''),(2205,0,'94.142.255.157','',1237855769,0,0,'',''),(2206,0,'94.142.255.158','',1237855769,0,0,'',''),(2207,0,'94.142.255.159','',1237855769,0,0,'',''),(2208,0,'94.142.255.160','',1237855769,0,0,'',''),(2209,0,'94.142.255.161','',1237855769,0,0,'',''),(2210,0,'94.142.255.162','',1237855769,0,0,'',''),(2211,0,'94.142.255.163','',1237855769,0,0,'',''),(2212,0,'94.142.255.164','',1237855769,0,0,'',''),(2213,0,'94.142.255.165','',1237855769,0,0,'',''),(2214,0,'94.142.255.166','',1237855769,0,0,'',''),(2215,0,'94.142.255.167','',1237855769,0,0,'',''),(2216,0,'94.142.255.168','',1237855769,0,0,'',''),(2217,0,'94.142.255.169','',1237855769,0,0,'',''),(2218,0,'94.142.255.170','',1237855769,0,0,'',''),(2219,0,'94.142.255.171','',1237855769,0,0,'',''),(2220,0,'94.142.255.172','',1237855769,0,0,'',''),(2221,0,'94.142.255.173','',1237855769,0,0,'',''),(2222,0,'94.142.255.174','',1237855769,0,0,'',''),(2223,0,'94.142.255.175','',1237855769,0,0,'',''),(2224,0,'94.142.255.176','',1237855769,0,0,'',''),(2225,0,'94.142.255.177','',1237855769,0,0,'',''),(2226,0,'94.142.255.178','',1237855769,0,0,'',''),(2227,0,'94.142.255.179','',1237855769,0,0,'',''),(2228,0,'94.142.255.180','',1237855769,0,0,'',''),(2229,0,'94.142.255.181','',1237855769,0,0,'',''),(2230,0,'94.142.255.182','',1237855769,0,0,'',''),(2231,0,'94.142.255.183','',1237855769,0,0,'',''),(2232,0,'94.142.255.184','',1237855769,0,0,'',''),(2233,0,'94.142.255.185','',1237855769,0,0,'',''),(2234,0,'94.142.255.186','',1237855769,0,0,'',''),(2235,0,'94.142.255.187','',1237855769,0,0,'',''),(2236,0,'94.142.255.188','',1237855769,0,0,'',''),(2237,0,'94.142.255.189','',1237855769,0,0,'',''),(2238,0,'94.142.255.190','',1237855769,0,0,'',''),(2239,0,'94.142.255.191','',1237855769,0,0,'',''),(2240,0,'94.142.255.192','',1237855769,0,0,'',''),(2241,0,'94.142.255.193','',1237855769,0,0,'',''),(2242,0,'94.142.255.194','',1237855769,0,0,'',''),(2243,0,'94.142.255.195','',1237855769,0,0,'',''),(2244,0,'94.142.255.196','',1237855769,0,0,'',''),(2245,0,'94.142.255.197','',1237855769,0,0,'',''),(2246,0,'94.142.255.198','',1237855769,0,0,'',''),(2247,0,'94.142.255.199','',1237855769,0,0,'',''),(2248,0,'94.142.255.200','',1237855769,0,0,'',''),(2249,0,'94.142.255.201','',1237855769,0,0,'',''),(2250,0,'94.142.255.202','',1237855769,0,0,'',''),(2251,0,'94.142.255.203','',1237855769,0,0,'',''),(2252,0,'94.142.255.204','',1237855769,0,0,'',''),(2253,0,'94.142.255.205','',1237855769,0,0,'',''),(2254,0,'94.142.255.206','',1237855769,0,0,'',''),(2255,0,'94.142.255.207','',1237855769,0,0,'',''),(2256,0,'94.142.255.208','',1237855769,0,0,'',''),(2257,0,'94.142.255.209','',1237855769,0,0,'',''),(2258,0,'94.142.255.210','',1237855769,0,0,'',''),(2259,0,'94.142.255.211','',1237855769,0,0,'',''),(2260,0,'94.142.255.212','',1237855769,0,0,'',''),(2261,0,'94.142.255.213','',1237855769,0,0,'',''),(2262,0,'94.142.255.214','',1237855769,0,0,'',''),(2263,0,'94.142.255.215','',1237855769,0,0,'',''),(2264,0,'94.142.255.216','',1237855769,0,0,'',''),(2265,0,'94.142.255.217','',1237855769,0,0,'',''),(2266,0,'94.142.255.218','',1237855769,0,0,'',''),(2267,0,'94.142.255.219','',1237855769,0,0,'',''),(2268,0,'94.142.255.220','',1237855769,0,0,'',''),(2269,0,'94.142.255.221','',1237855769,0,0,'',''),(2270,0,'94.142.255.222','',1237855769,0,0,'',''),(2271,0,'94.142.255.223','',1237855769,0,0,'',''),(2272,0,'94.142.255.224','',1237855769,0,0,'',''),(2273,0,'94.142.255.225','',1237855769,0,0,'',''),(2274,0,'94.142.255.226','',1237855769,0,0,'',''),(2275,0,'94.142.255.227','',1237855769,0,0,'',''),(2276,0,'94.142.255.228','',1237855769,0,0,'',''),(2277,0,'94.142.255.229','',1237855769,0,0,'',''),(2278,0,'94.142.255.230','',1237855769,0,0,'',''),(2279,0,'94.142.255.231','',1237855769,0,0,'',''),(2280,0,'94.142.255.232','',1237855769,0,0,'',''),(2281,0,'94.142.255.233','',1237855769,0,0,'',''),(2282,0,'94.142.255.234','',1237855769,0,0,'',''),(2283,0,'94.142.255.235','',1237855769,0,0,'',''),(2284,0,'94.142.255.236','',1237855769,0,0,'',''),(2285,0,'94.142.255.237','',1237855769,0,0,'',''),(2286,0,'94.142.255.238','',1237855769,0,0,'',''),(2287,0,'94.142.255.239','',1237855769,0,0,'',''),(2288,0,'94.142.255.240','',1237855769,0,0,'',''),(2289,0,'94.142.255.241','',1237855769,0,0,'',''),(2290,0,'94.142.255.242','',1237855769,0,0,'',''),(2291,0,'94.142.255.243','',1237855769,0,0,'',''),(2292,0,'94.142.255.244','',1237855769,0,0,'',''),(2293,0,'94.142.255.245','',1237855769,0,0,'',''),(2294,0,'94.142.255.246','',1237855769,0,0,'',''),(2295,0,'94.142.255.247','',1237855769,0,0,'',''),(2296,0,'94.142.255.248','',1237855769,0,0,'',''),(2297,0,'94.142.255.249','',1237855769,0,0,'',''),(2298,0,'94.142.255.250','',1237855769,0,0,'',''),(2299,0,'94.142.255.251','',1237855769,0,0,'',''),(2300,0,'94.142.255.252','',1237855769,0,0,'',''),(2301,0,'94.142.255.253','',1237855769,0,0,'',''),(2302,0,'94.142.255.254','',1237855769,0,0,'',''),(2303,0,'94.142.255.255','',1237855769,0,0,'',''),(2304,0,'87.118.1.1','',1237855824,0,0,'',''),(2305,0,'87.118.1.2','',1237855824,0,0,'',''),(2306,0,'87.118.1.3','',1237855824,0,0,'',''),(2307,0,'87.118.1.4','',1237855824,0,0,'',''),(2308,0,'87.118.1.5','',1237855824,0,0,'',''),(2309,0,'87.118.1.6','',1237855824,0,0,'',''),(2310,0,'87.118.1.7','',1237855824,0,0,'',''),(2311,0,'87.118.1.8','',1237855824,0,0,'',''),(2312,0,'87.118.1.9','',1237855824,0,0,'',''),(2313,0,'87.118.1.10','',1237855824,0,0,'',''),(2314,0,'87.118.1.11','',1237855824,0,0,'',''),(2315,0,'87.118.1.12','',1237855824,0,0,'',''),(2316,0,'87.118.1.13','',1237855824,0,0,'',''),(2317,0,'87.118.1.14','',1237855824,0,0,'',''),(2318,0,'87.118.1.15','',1237855824,0,0,'',''),(2319,0,'87.118.1.16','',1237855824,0,0,'',''),(2320,0,'87.118.1.17','',1237855824,0,0,'',''),(2321,0,'87.118.1.18','',1237855824,0,0,'',''),(2322,0,'87.118.1.19','',1237855824,0,0,'',''),(2323,0,'87.118.1.20','',1237855824,0,0,'',''),(2324,0,'87.118.1.21','',1237855824,0,0,'',''),(2325,0,'87.118.1.22','',1237855824,0,0,'',''),(2326,0,'87.118.1.23','',1237855824,0,0,'',''),(2327,0,'87.118.1.24','',1237855824,0,0,'',''),(2328,0,'87.118.1.25','',1237855824,0,0,'',''),(2329,0,'87.118.1.26','',1237855824,0,0,'',''),(2330,0,'87.118.1.27','',1237855824,0,0,'',''),(2331,0,'87.118.1.28','',1237855824,0,0,'',''),(2332,0,'87.118.1.29','',1237855824,0,0,'',''),(2333,0,'87.118.1.30','',1237855824,0,0,'',''),(2334,0,'87.118.1.31','',1237855824,0,0,'',''),(2335,0,'87.118.1.32','',1237855824,0,0,'',''),(2336,0,'87.118.1.33','',1237855824,0,0,'',''),(2337,0,'87.118.1.34','',1237855824,0,0,'',''),(2338,0,'87.118.1.35','',1237855824,0,0,'',''),(2339,0,'87.118.1.36','',1237855824,0,0,'',''),(2340,0,'87.118.1.37','',1237855824,0,0,'',''),(2341,0,'87.118.1.38','',1237855824,0,0,'',''),(2342,0,'87.118.1.39','',1237855824,0,0,'',''),(2343,0,'87.118.1.40','',1237855824,0,0,'',''),(2344,0,'87.118.1.41','',1237855824,0,0,'',''),(2345,0,'87.118.1.42','',1237855824,0,0,'',''),(2346,0,'87.118.1.43','',1237855824,0,0,'',''),(2347,0,'87.118.1.44','',1237855824,0,0,'',''),(2348,0,'87.118.1.45','',1237855824,0,0,'',''),(2349,0,'87.118.1.46','',1237855824,0,0,'',''),(2350,0,'87.118.1.47','',1237855824,0,0,'',''),(2351,0,'87.118.1.48','',1237855824,0,0,'',''),(2352,0,'87.118.1.49','',1237855824,0,0,'',''),(2353,0,'87.118.1.50','',1237855824,0,0,'',''),(2354,0,'87.118.1.51','',1237855824,0,0,'',''),(2355,0,'87.118.1.52','',1237855824,0,0,'',''),(2356,0,'87.118.1.53','',1237855824,0,0,'',''),(2357,0,'87.118.1.54','',1237855824,0,0,'',''),(2358,0,'87.118.1.55','',1237855824,0,0,'',''),(2359,0,'87.118.1.56','',1237855824,0,0,'',''),(2360,0,'87.118.1.57','',1237855824,0,0,'',''),(2361,0,'87.118.1.58','',1237855824,0,0,'',''),(2362,0,'87.118.1.59','',1237855824,0,0,'',''),(2363,0,'87.118.1.60','',1237855824,0,0,'',''),(2364,0,'87.118.1.61','',1237855824,0,0,'',''),(2365,0,'87.118.1.62','',1237855824,0,0,'',''),(2366,0,'87.118.1.63','',1237855824,0,0,'',''),(2367,0,'87.118.1.64','',1237855824,0,0,'',''),(2368,0,'87.118.1.65','',1237855824,0,0,'',''),(2369,0,'87.118.1.66','',1237855824,0,0,'',''),(2370,0,'87.118.1.67','',1237855824,0,0,'',''),(2371,0,'87.118.1.68','',1237855824,0,0,'',''),(2372,0,'87.118.1.69','',1237855824,0,0,'',''),(2373,0,'87.118.1.70','',1237855824,0,0,'',''),(2374,0,'87.118.1.71','',1237855824,0,0,'',''),(2375,0,'87.118.1.72','',1237855824,0,0,'',''),(2376,0,'87.118.1.73','',1237855824,0,0,'',''),(2377,0,'87.118.1.74','',1237855824,0,0,'',''),(2378,0,'87.118.1.75','',1237855824,0,0,'',''),(2379,0,'87.118.1.76','',1237855824,0,0,'',''),(2380,0,'87.118.1.77','',1237855824,0,0,'',''),(2381,0,'87.118.1.78','',1237855824,0,0,'',''),(2382,0,'87.118.1.79','',1237855824,0,0,'',''),(2383,0,'87.118.1.80','',1237855824,0,0,'',''),(2384,0,'87.118.1.81','',1237855824,0,0,'',''),(2385,0,'87.118.1.82','',1237855824,0,0,'',''),(2386,0,'87.118.1.83','',1237855824,0,0,'',''),(2387,0,'87.118.1.84','',1237855824,0,0,'',''),(2388,0,'87.118.1.85','',1237855824,0,0,'',''),(2389,0,'87.118.1.86','',1237855824,0,0,'',''),(2390,0,'87.118.1.87','',1237855824,0,0,'',''),(2391,0,'87.118.1.88','',1237855824,0,0,'',''),(2392,0,'87.118.1.89','',1237855824,0,0,'',''),(2393,0,'87.118.1.90','',1237855824,0,0,'',''),(2394,0,'87.118.1.91','',1237855824,0,0,'',''),(2395,0,'87.118.1.92','',1237855824,0,0,'',''),(2396,0,'87.118.1.93','',1237855824,0,0,'',''),(2397,0,'87.118.1.94','',1237855824,0,0,'',''),(2398,0,'87.118.1.95','',1237855824,0,0,'',''),(2399,0,'87.118.1.96','',1237855824,0,0,'',''),(2400,0,'87.118.1.97','',1237855824,0,0,'',''),(2401,0,'87.118.1.98','',1237855824,0,0,'',''),(2402,0,'87.118.1.99','',1237855824,0,0,'',''),(2403,0,'87.118.1.100','',1237855824,0,0,'',''),(2404,0,'87.118.1.101','',1237855824,0,0,'',''),(2405,0,'87.118.1.102','',1237855824,0,0,'',''),(2406,0,'87.118.1.103','',1237855824,0,0,'',''),(2407,0,'87.118.1.104','',1237855824,0,0,'',''),(2408,0,'87.118.1.105','',1237855824,0,0,'',''),(2409,0,'87.118.1.106','',1237855824,0,0,'',''),(2410,0,'87.118.1.107','',1237855824,0,0,'',''),(2411,0,'87.118.1.108','',1237855824,0,0,'',''),(2412,0,'87.118.1.109','',1237855824,0,0,'',''),(2413,0,'87.118.1.110','',1237855824,0,0,'',''),(2414,0,'87.118.1.111','',1237855824,0,0,'',''),(2415,0,'87.118.1.112','',1237855824,0,0,'',''),(2416,0,'87.118.1.113','',1237855824,0,0,'',''),(2417,0,'87.118.1.114','',1237855824,0,0,'',''),(2418,0,'87.118.1.115','',1237855824,0,0,'',''),(2419,0,'87.118.1.116','',1237855824,0,0,'',''),(2420,0,'87.118.1.117','',1237855824,0,0,'',''),(2421,0,'87.118.1.118','',1237855824,0,0,'',''),(2422,0,'87.118.1.119','',1237855824,0,0,'',''),(2423,0,'87.118.1.120','',1237855824,0,0,'',''),(2424,0,'87.118.1.121','',1237855824,0,0,'',''),(2425,0,'87.118.1.122','',1237855824,0,0,'',''),(2426,0,'87.118.1.123','',1237855824,0,0,'',''),(2427,0,'87.118.1.124','',1237855824,0,0,'',''),(2428,0,'87.118.1.125','',1237855824,0,0,'',''),(2429,0,'87.118.1.126','',1237855824,0,0,'',''),(2430,0,'87.118.1.127','',1237855824,0,0,'',''),(2431,0,'87.118.1.128','',1237855824,0,0,'',''),(2432,0,'87.118.1.129','',1237855824,0,0,'',''),(2433,0,'87.118.1.130','',1237855824,0,0,'',''),(2434,0,'87.118.1.131','',1237855824,0,0,'',''),(2435,0,'87.118.1.132','',1237855824,0,0,'',''),(2436,0,'87.118.1.133','',1237855824,0,0,'',''),(2437,0,'87.118.1.134','',1237855824,0,0,'',''),(2438,0,'87.118.1.135','',1237855824,0,0,'',''),(2439,0,'87.118.1.136','',1237855824,0,0,'',''),(2440,0,'87.118.1.137','',1237855824,0,0,'',''),(2441,0,'87.118.1.138','',1237855824,0,0,'',''),(2442,0,'87.118.1.139','',1237855824,0,0,'',''),(2443,0,'87.118.1.140','',1237855824,0,0,'',''),(2444,0,'87.118.1.141','',1237855824,0,0,'',''),(2445,0,'87.118.1.142','',1237855824,0,0,'',''),(2446,0,'87.118.1.143','',1237855824,0,0,'',''),(2447,0,'87.118.1.144','',1237855824,0,0,'',''),(2448,0,'87.118.1.145','',1237855824,0,0,'',''),(2449,0,'87.118.1.146','',1237855824,0,0,'',''),(2450,0,'87.118.1.147','',1237855824,0,0,'',''),(2451,0,'87.118.1.148','',1237855824,0,0,'',''),(2452,0,'87.118.1.149','',1237855824,0,0,'',''),(2453,0,'87.118.1.150','',1237855824,0,0,'',''),(2454,0,'87.118.1.151','',1237855824,0,0,'',''),(2455,0,'87.118.1.152','',1237855824,0,0,'',''),(2456,0,'87.118.1.153','',1237855824,0,0,'',''),(2457,0,'87.118.1.154','',1237855824,0,0,'',''),(2458,0,'87.118.1.155','',1237855824,0,0,'',''),(2459,0,'87.118.1.156','',1237855824,0,0,'',''),(2460,0,'87.118.1.157','',1237855824,0,0,'',''),(2461,0,'87.118.1.158','',1237855824,0,0,'',''),(2462,0,'87.118.1.159','',1237855824,0,0,'',''),(2463,0,'87.118.1.160','',1237855824,0,0,'',''),(2464,0,'87.118.1.161','',1237855824,0,0,'',''),(2465,0,'87.118.1.162','',1237855824,0,0,'',''),(2466,0,'87.118.1.163','',1237855824,0,0,'',''),(2467,0,'87.118.1.164','',1237855824,0,0,'',''),(2468,0,'87.118.1.165','',1237855824,0,0,'',''),(2469,0,'87.118.1.166','',1237855824,0,0,'',''),(2470,0,'87.118.1.167','',1237855824,0,0,'',''),(2471,0,'87.118.1.168','',1237855824,0,0,'',''),(2472,0,'87.118.1.169','',1237855824,0,0,'',''),(2473,0,'87.118.1.170','',1237855824,0,0,'',''),(2474,0,'87.118.1.171','',1237855824,0,0,'',''),(2475,0,'87.118.1.172','',1237855824,0,0,'',''),(2476,0,'87.118.1.173','',1237855824,0,0,'',''),(2477,0,'87.118.1.174','',1237855824,0,0,'',''),(2478,0,'87.118.1.175','',1237855824,0,0,'',''),(2479,0,'87.118.1.176','',1237855824,0,0,'',''),(2480,0,'87.118.1.177','',1237855824,0,0,'',''),(2481,0,'87.118.1.178','',1237855824,0,0,'',''),(2482,0,'87.118.1.179','',1237855824,0,0,'',''),(2483,0,'87.118.1.180','',1237855824,0,0,'',''),(2484,0,'87.118.1.181','',1237855824,0,0,'',''),(2485,0,'87.118.1.182','',1237855824,0,0,'',''),(2486,0,'87.118.1.183','',1237855824,0,0,'',''),(2487,0,'87.118.1.184','',1237855824,0,0,'',''),(2488,0,'87.118.1.185','',1237855824,0,0,'',''),(2489,0,'87.118.1.186','',1237855824,0,0,'',''),(2490,0,'87.118.1.187','',1237855824,0,0,'',''),(2491,0,'87.118.1.188','',1237855824,0,0,'',''),(2492,0,'87.118.1.189','',1237855824,0,0,'',''),(2493,0,'87.118.1.190','',1237855824,0,0,'',''),(2494,0,'87.118.1.191','',1237855824,0,0,'',''),(2495,0,'87.118.1.192','',1237855824,0,0,'',''),(2496,0,'87.118.1.193','',1237855824,0,0,'',''),(2497,0,'87.118.1.194','',1237855824,0,0,'',''),(2498,0,'87.118.1.195','',1237855824,0,0,'',''),(2499,0,'87.118.1.196','',1237855824,0,0,'',''),(2500,0,'87.118.1.197','',1237855824,0,0,'',''),(2501,0,'87.118.1.198','',1237855824,0,0,'',''),(2502,0,'87.118.1.199','',1237855824,0,0,'',''),(2503,0,'87.118.1.200','',1237855824,0,0,'',''),(2504,0,'87.118.1.201','',1237855824,0,0,'',''),(2505,0,'87.118.1.202','',1237855824,0,0,'',''),(2506,0,'87.118.1.203','',1237855824,0,0,'',''),(2507,0,'87.118.1.204','',1237855824,0,0,'',''),(2508,0,'87.118.1.205','',1237855824,0,0,'',''),(2509,0,'87.118.1.206','',1237855824,0,0,'',''),(2510,0,'87.118.1.207','',1237855824,0,0,'',''),(2511,0,'87.118.1.208','',1237855824,0,0,'',''),(2512,0,'87.118.1.209','',1237855824,0,0,'',''),(2513,0,'87.118.1.210','',1237855824,0,0,'',''),(2514,0,'87.118.1.211','',1237855824,0,0,'',''),(2515,0,'87.118.1.212','',1237855824,0,0,'',''),(2516,0,'87.118.1.213','',1237855824,0,0,'',''),(2517,0,'87.118.1.214','',1237855824,0,0,'',''),(2518,0,'87.118.1.215','',1237855824,0,0,'',''),(2519,0,'87.118.1.216','',1237855824,0,0,'',''),(2520,0,'87.118.1.217','',1237855824,0,0,'',''),(2521,0,'87.118.1.218','',1237855824,0,0,'',''),(2522,0,'87.118.1.219','',1237855824,0,0,'',''),(2523,0,'87.118.1.220','',1237855824,0,0,'',''),(2524,0,'87.118.1.221','',1237855824,0,0,'',''),(2525,0,'87.118.1.222','',1237855824,0,0,'',''),(2526,0,'87.118.1.223','',1237855824,0,0,'',''),(2527,0,'87.118.1.224','',1237855824,0,0,'',''),(2528,0,'87.118.1.225','',1237855824,0,0,'',''),(2529,0,'87.118.1.226','',1237855824,0,0,'',''),(2530,0,'87.118.1.227','',1237855824,0,0,'',''),(2531,0,'87.118.1.228','',1237855824,0,0,'',''),(2532,0,'87.118.1.229','',1237855824,0,0,'',''),(2533,0,'87.118.1.230','',1237855824,0,0,'',''),(2534,0,'87.118.1.231','',1237855824,0,0,'',''),(2535,0,'87.118.1.232','',1237855824,0,0,'',''),(2536,0,'87.118.1.233','',1237855824,0,0,'',''),(2537,0,'87.118.1.234','',1237855824,0,0,'',''),(2538,0,'87.118.1.235','',1237855824,0,0,'',''),(2539,0,'87.118.1.236','',1237855824,0,0,'',''),(2540,0,'87.118.1.237','',1237855824,0,0,'',''),(2541,0,'87.118.1.238','',1237855824,0,0,'',''),(2542,0,'87.118.1.239','',1237855824,0,0,'',''),(2543,0,'87.118.1.240','',1237855824,0,0,'',''),(2544,0,'87.118.1.241','',1237855824,0,0,'',''),(2545,0,'87.118.1.242','',1237855824,0,0,'',''),(2546,0,'87.118.1.243','',1237855824,0,0,'',''),(2547,0,'87.118.1.244','',1237855824,0,0,'',''),(2548,0,'87.118.1.245','',1237855824,0,0,'',''),(2549,0,'87.118.1.246','',1237855824,0,0,'',''),(2550,0,'87.118.1.247','',1237855824,0,0,'',''),(2551,0,'87.118.1.248','',1237855824,0,0,'',''),(2552,0,'87.118.1.249','',1237855824,0,0,'',''),(2553,0,'87.118.1.250','',1237855824,0,0,'',''),(2554,0,'87.118.1.251','',1237855824,0,0,'',''),(2555,0,'87.118.1.252','',1237855824,0,0,'',''),(2556,0,'87.118.1.253','',1237855824,0,0,'',''),(2557,0,'87.118.1.254','',1237855824,0,0,'',''),(2558,0,'87.118.2.*','',1237855824,0,0,'',''),(2559,0,'87.118.3.*','',1237855824,0,0,'',''),(2560,0,'87.118.4.*','',1237855824,0,0,'',''),(2561,0,'87.118.5.*','',1237855824,0,0,'',''),(2562,0,'87.118.6.*','',1237855824,0,0,'',''),(2563,0,'87.118.7.*','',1237855824,0,0,'',''),(2564,0,'87.118.8.*','',1237855824,0,0,'',''),(2565,0,'87.118.9.*','',1237855824,0,0,'',''),(2566,0,'87.118.10.*','',1237855824,0,0,'',''),(2567,0,'87.118.11.*','',1237855824,0,0,'',''),(2568,0,'87.118.12.*','',1237855824,0,0,'',''),(2569,0,'87.118.13.*','',1237855824,0,0,'',''),(2570,0,'87.118.14.*','',1237855824,0,0,'',''),(2571,0,'87.118.15.*','',1237855824,0,0,'',''),(2572,0,'87.118.16.*','',1237855824,0,0,'',''),(2573,0,'87.118.17.*','',1237855824,0,0,'',''),(2574,0,'87.118.18.*','',1237855824,0,0,'',''),(2575,0,'87.118.19.*','',1237855824,0,0,'',''),(2576,0,'87.118.20.*','',1237855824,0,0,'',''),(2577,0,'87.118.21.*','',1237855824,0,0,'',''),(2578,0,'87.118.22.*','',1237855824,0,0,'',''),(2579,0,'87.118.23.*','',1237855824,0,0,'',''),(2580,0,'87.118.24.*','',1237855824,0,0,'',''),(2581,0,'87.118.25.*','',1237855824,0,0,'',''),(2582,0,'87.118.26.*','',1237855824,0,0,'',''),(2583,0,'87.118.27.*','',1237855824,0,0,'',''),(2584,0,'87.118.28.*','',1237855824,0,0,'',''),(2585,0,'87.118.29.*','',1237855824,0,0,'',''),(2586,0,'87.118.30.*','',1237855824,0,0,'',''),(2587,0,'87.118.31.*','',1237855824,0,0,'',''),(2588,0,'87.118.32.*','',1237855824,0,0,'',''),(2589,0,'87.118.33.*','',1237855824,0,0,'',''),(2590,0,'87.118.34.*','',1237855824,0,0,'',''),(2591,0,'87.118.35.*','',1237855824,0,0,'',''),(2592,0,'87.118.36.*','',1237855824,0,0,'',''),(2593,0,'87.118.37.*','',1237855824,0,0,'',''),(2594,0,'87.118.38.*','',1237855824,0,0,'',''),(2595,0,'87.118.39.*','',1237855824,0,0,'',''),(2596,0,'87.118.40.*','',1237855824,0,0,'',''),(2597,0,'87.118.41.*','',1237855824,0,0,'',''),(2598,0,'87.118.42.*','',1237855824,0,0,'',''),(2599,0,'87.118.43.*','',1237855824,0,0,'',''),(2600,0,'87.118.44.*','',1237855824,0,0,'',''),(2601,0,'87.118.45.*','',1237855824,0,0,'',''),(2602,0,'87.118.46.*','',1237855824,0,0,'',''),(2603,0,'87.118.47.*','',1237855824,0,0,'',''),(2604,0,'87.118.48.*','',1237855824,0,0,'',''),(2605,0,'87.118.49.*','',1237855824,0,0,'',''),(2606,0,'87.118.50.*','',1237855824,0,0,'',''),(2607,0,'87.118.51.*','',1237855824,0,0,'',''),(2608,0,'87.118.52.*','',1237855824,0,0,'',''),(2609,0,'87.118.53.*','',1237855824,0,0,'',''),(2610,0,'87.118.54.*','',1237855824,0,0,'',''),(2611,0,'87.118.55.*','',1237855824,0,0,'',''),(2612,0,'87.118.56.*','',1237855824,0,0,'',''),(2613,0,'87.118.57.*','',1237855824,0,0,'',''),(2614,0,'87.118.58.*','',1237855824,0,0,'',''),(2615,0,'87.118.59.*','',1237855824,0,0,'',''),(2616,0,'87.118.60.*','',1237855824,0,0,'',''),(2617,0,'87.118.61.*','',1237855824,0,0,'',''),(2618,0,'87.118.62.*','',1237855824,0,0,'',''),(2619,0,'87.118.63.*','',1237855824,0,0,'',''),(2620,0,'87.118.64.*','',1237855824,0,0,'',''),(2621,0,'87.118.65.*','',1237855824,0,0,'',''),(2622,0,'87.118.66.*','',1237855824,0,0,'',''),(2623,0,'87.118.67.*','',1237855824,0,0,'',''),(2624,0,'87.118.68.*','',1237855824,0,0,'',''),(2625,0,'87.118.69.*','',1237855824,0,0,'',''),(2626,0,'87.118.70.*','',1237855824,0,0,'',''),(2627,0,'87.118.71.*','',1237855824,0,0,'',''),(2628,0,'87.118.72.*','',1237855824,0,0,'',''),(2629,0,'87.118.73.*','',1237855824,0,0,'',''),(2630,0,'87.118.74.*','',1237855824,0,0,'',''),(2631,0,'87.118.75.*','',1237855824,0,0,'',''),(2632,0,'87.118.76.*','',1237855824,0,0,'',''),(2633,0,'87.118.77.*','',1237855824,0,0,'',''),(2634,0,'87.118.78.*','',1237855824,0,0,'',''),(2635,0,'87.118.79.*','',1237855824,0,0,'',''),(2636,0,'87.118.80.*','',1237855824,0,0,'',''),(2637,0,'87.118.81.*','',1237855824,0,0,'',''),(2638,0,'87.118.82.*','',1237855824,0,0,'',''),(2639,0,'87.118.83.*','',1237855824,0,0,'',''),(2640,0,'87.118.84.*','',1237855824,0,0,'',''),(2641,0,'87.118.85.*','',1237855824,0,0,'',''),(2642,0,'87.118.86.*','',1237855824,0,0,'',''),(2643,0,'87.118.87.*','',1237855824,0,0,'',''),(2644,0,'87.118.88.*','',1237855824,0,0,'',''),(2645,0,'87.118.89.*','',1237855824,0,0,'',''),(2646,0,'87.118.90.*','',1237855824,0,0,'',''),(2647,0,'87.118.91.*','',1237855824,0,0,'',''),(2648,0,'87.118.92.*','',1237855824,0,0,'',''),(2649,0,'87.118.93.*','',1237855824,0,0,'',''),(2650,0,'87.118.94.*','',1237855824,0,0,'',''),(2651,0,'87.118.95.*','',1237855824,0,0,'',''),(2652,0,'87.118.96.*','',1237855824,0,0,'',''),(2653,0,'87.118.97.*','',1237855824,0,0,'',''),(2654,0,'87.118.98.*','',1237855824,0,0,'',''),(2655,0,'87.118.99.*','',1237855824,0,0,'',''),(2656,0,'87.118.100.*','',1237855824,0,0,'',''),(2657,0,'87.118.101.*','',1237855824,0,0,'',''),(2658,0,'87.118.102.*','',1237855824,0,0,'',''),(2659,0,'87.118.103.*','',1237855824,0,0,'',''),(2660,0,'87.118.104.*','',1237855824,0,0,'',''),(2661,0,'87.118.105.*','',1237855824,0,0,'',''),(2662,0,'87.118.106.*','',1237855824,0,0,'',''),(2663,0,'87.118.107.*','',1237855824,0,0,'',''),(2664,0,'87.118.108.*','',1237855824,0,0,'',''),(2665,0,'87.118.109.*','',1237855824,0,0,'',''),(2666,0,'87.118.110.*','',1237855824,0,0,'',''),(2667,0,'87.118.111.*','',1237855824,0,0,'',''),(2668,0,'87.118.112.*','',1237855824,0,0,'',''),(2669,0,'87.118.113.*','',1237855824,0,0,'',''),(2670,0,'87.118.114.*','',1237855824,0,0,'',''),(2671,0,'87.118.115.*','',1237855824,0,0,'',''),(2672,0,'87.118.116.*','',1237855824,0,0,'',''),(2673,0,'87.118.117.*','',1237855824,0,0,'',''),(2674,0,'87.118.118.*','',1237855824,0,0,'',''),(2675,0,'87.118.119.*','',1237855824,0,0,'',''),(2676,0,'87.118.120.*','',1237855824,0,0,'',''),(2677,0,'87.118.121.*','',1237855824,0,0,'',''),(2678,0,'87.118.122.*','',1237855824,0,0,'',''),(2679,0,'87.118.123.*','',1237855824,0,0,'',''),(2680,0,'87.118.124.*','',1237855824,0,0,'',''),(2681,0,'87.118.125.*','',1237855824,0,0,'',''),(2682,0,'87.118.126.*','',1237855824,0,0,'',''),(2683,0,'87.118.127.*','',1237855824,0,0,'',''),(2684,0,'87.118.128.*','',1237855824,0,0,'',''),(2685,0,'87.118.129.*','',1237855824,0,0,'',''),(2686,0,'87.118.130.*','',1237855824,0,0,'',''),(2687,0,'87.118.131.*','',1237855824,0,0,'',''),(2688,0,'87.118.132.*','',1237855824,0,0,'',''),(2689,0,'87.118.133.*','',1237855824,0,0,'',''),(2690,0,'87.118.134.*','',1237855824,0,0,'',''),(2691,0,'87.118.135.*','',1237855824,0,0,'',''),(2692,0,'87.118.136.*','',1237855824,0,0,'',''),(2693,0,'87.118.137.*','',1237855824,0,0,'',''),(2694,0,'87.118.138.*','',1237855824,0,0,'',''),(2695,0,'87.118.139.*','',1237855824,0,0,'',''),(2696,0,'87.118.140.*','',1237855824,0,0,'',''),(2697,0,'87.118.141.*','',1237855824,0,0,'',''),(2698,0,'87.118.142.*','',1237855824,0,0,'',''),(2699,0,'87.118.143.*','',1237855824,0,0,'',''),(2700,0,'87.118.144.*','',1237855824,0,0,'',''),(2701,0,'87.118.145.*','',1237855824,0,0,'',''),(2702,0,'87.118.146.*','',1237855824,0,0,'',''),(2703,0,'87.118.147.*','',1237855824,0,0,'',''),(2704,0,'87.118.148.*','',1237855824,0,0,'',''),(2705,0,'87.118.149.*','',1237855824,0,0,'',''),(2706,0,'87.118.150.*','',1237855824,0,0,'',''),(2707,0,'87.118.151.*','',1237855824,0,0,'',''),(2708,0,'87.118.152.*','',1237855824,0,0,'',''),(2709,0,'87.118.153.*','',1237855824,0,0,'',''),(2710,0,'87.118.154.*','',1237855824,0,0,'',''),(2711,0,'87.118.155.*','',1237855824,0,0,'',''),(2712,0,'87.118.156.*','',1237855824,0,0,'',''),(2713,0,'87.118.157.*','',1237855824,0,0,'',''),(2714,0,'87.118.158.*','',1237855824,0,0,'',''),(2715,0,'87.118.159.*','',1237855824,0,0,'',''),(2716,0,'87.118.160.*','',1237855824,0,0,'',''),(2717,0,'87.118.161.*','',1237855824,0,0,'',''),(2718,0,'87.118.162.*','',1237855824,0,0,'',''),(2719,0,'87.118.163.*','',1237855824,0,0,'',''),(2720,0,'87.118.164.*','',1237855824,0,0,'',''),(2721,0,'87.118.165.*','',1237855824,0,0,'',''),(2722,0,'87.118.166.*','',1237855824,0,0,'',''),(2723,0,'87.118.167.*','',1237855824,0,0,'',''),(2724,0,'87.118.168.*','',1237855824,0,0,'',''),(2725,0,'87.118.169.*','',1237855824,0,0,'',''),(2726,0,'87.118.170.*','',1237855824,0,0,'',''),(2727,0,'87.118.171.*','',1237855824,0,0,'',''),(2728,0,'87.118.172.*','',1237855824,0,0,'',''),(2729,0,'87.118.173.*','',1237855824,0,0,'',''),(2730,0,'87.118.174.*','',1237855824,0,0,'',''),(2731,0,'87.118.175.*','',1237855824,0,0,'',''),(2732,0,'87.118.176.*','',1237855824,0,0,'',''),(2733,0,'87.118.177.*','',1237855824,0,0,'',''),(2734,0,'87.118.178.*','',1237855824,0,0,'',''),(2735,0,'87.118.179.*','',1237855824,0,0,'',''),(2736,0,'87.118.180.*','',1237855824,0,0,'',''),(2737,0,'87.118.181.*','',1237855824,0,0,'',''),(2738,0,'87.118.182.*','',1237855824,0,0,'',''),(2739,0,'87.118.183.*','',1237855824,0,0,'',''),(2740,0,'87.118.184.*','',1237855824,0,0,'',''),(2741,0,'87.118.185.*','',1237855824,0,0,'',''),(2742,0,'87.118.186.*','',1237855824,0,0,'',''),(2743,0,'87.118.187.*','',1237855824,0,0,'',''),(2744,0,'87.118.188.*','',1237855824,0,0,'',''),(2745,0,'87.118.189.*','',1237855824,0,0,'',''),(2746,0,'87.118.190.*','',1237855824,0,0,'',''),(2747,0,'87.118.191.*','',1237855824,0,0,'',''),(2748,0,'87.118.192.*','',1237855824,0,0,'',''),(2749,0,'87.118.193.*','',1237855824,0,0,'',''),(2750,0,'87.118.194.*','',1237855824,0,0,'',''),(2751,0,'87.118.195.*','',1237855824,0,0,'',''),(2752,0,'87.118.196.*','',1237855824,0,0,'',''),(2753,0,'87.118.197.*','',1237855824,0,0,'',''),(2754,0,'87.118.198.*','',1237855824,0,0,'',''),(2755,0,'87.118.199.*','',1237855824,0,0,'',''),(2756,0,'87.118.200.*','',1237855824,0,0,'',''),(2757,0,'87.118.201.*','',1237855824,0,0,'',''),(2758,0,'87.118.202.*','',1237855824,0,0,'',''),(2759,0,'87.118.203.*','',1237855824,0,0,'',''),(2760,0,'87.118.204.*','',1237855824,0,0,'',''),(2761,0,'87.118.205.*','',1237855824,0,0,'',''),(2762,0,'87.118.206.*','',1237855824,0,0,'',''),(2763,0,'87.118.207.*','',1237855824,0,0,'',''),(2764,0,'87.118.208.*','',1237855824,0,0,'',''),(2765,0,'87.118.209.*','',1237855824,0,0,'',''),(2766,0,'87.118.210.*','',1237855824,0,0,'',''),(2767,0,'87.118.211.*','',1237855824,0,0,'',''),(2768,0,'87.118.212.*','',1237855824,0,0,'',''),(2769,0,'87.118.213.*','',1237855824,0,0,'',''),(2770,0,'87.118.214.*','',1237855824,0,0,'',''),(2771,0,'87.118.215.*','',1237855824,0,0,'',''),(2772,0,'87.118.216.*','',1237855824,0,0,'',''),(2773,0,'87.118.217.*','',1237855824,0,0,'',''),(2774,0,'87.118.218.*','',1237855824,0,0,'',''),(2775,0,'87.118.219.*','',1237855824,0,0,'',''),(2776,0,'87.118.220.*','',1237855824,0,0,'',''),(2777,0,'87.118.221.*','',1237855824,0,0,'',''),(2778,0,'87.118.222.*','',1237855824,0,0,'',''),(2779,0,'87.118.223.*','',1237855824,0,0,'',''),(2780,0,'87.118.224.*','',1237855824,0,0,'',''),(2781,0,'87.118.225.*','',1237855824,0,0,'',''),(2782,0,'87.118.226.*','',1237855824,0,0,'',''),(2783,0,'87.118.227.*','',1237855824,0,0,'',''),(2784,0,'87.118.228.*','',1237855824,0,0,'',''),(2785,0,'87.118.229.*','',1237855824,0,0,'',''),(2786,0,'87.118.230.*','',1237855824,0,0,'',''),(2787,0,'87.118.231.*','',1237855824,0,0,'',''),(2788,0,'87.118.232.*','',1237855824,0,0,'',''),(2789,0,'87.118.233.*','',1237855824,0,0,'',''),(2790,0,'87.118.234.*','',1237855824,0,0,'',''),(2791,0,'87.118.235.*','',1237855824,0,0,'',''),(2792,0,'87.118.236.*','',1237855824,0,0,'',''),(2793,0,'87.118.237.*','',1237855824,0,0,'',''),(2794,0,'87.118.238.*','',1237855824,0,0,'',''),(2795,0,'87.118.239.*','',1237855824,0,0,'',''),(2796,0,'87.118.240.*','',1237855824,0,0,'',''),(2797,0,'87.118.241.*','',1237855824,0,0,'',''),(2798,0,'87.118.242.*','',1237855824,0,0,'',''),(2799,0,'87.118.243.*','',1237855824,0,0,'',''),(2800,0,'87.118.244.*','',1237855824,0,0,'',''),(2801,0,'87.118.245.*','',1237855824,0,0,'',''),(2802,0,'87.118.246.*','',1237855824,0,0,'',''),(2803,0,'87.118.247.*','',1237855824,0,0,'',''),(2804,0,'87.118.248.*','',1237855824,0,0,'',''),(2805,0,'87.118.249.*','',1237855824,0,0,'',''),(2806,0,'87.118.250.*','',1237855824,0,0,'',''),(2807,0,'87.118.251.*','',1237855824,0,0,'',''),(2808,0,'87.118.252.*','',1237855824,0,0,'',''),(2809,0,'87.118.253.*','',1237855824,0,0,'',''),(2810,0,'87.118.254.*','',1237855824,0,0,'',''),(2811,0,'87.118.255.0','',1237855824,0,0,'',''),(2812,0,'87.118.255.1','',1237855824,0,0,'',''),(2813,0,'87.118.255.2','',1237855824,0,0,'',''),(2814,0,'87.118.255.3','',1237855824,0,0,'',''),(2815,0,'87.118.255.4','',1237855824,0,0,'',''),(2816,0,'87.118.255.5','',1237855824,0,0,'',''),(2817,0,'87.118.255.6','',1237855824,0,0,'',''),(2818,0,'87.118.255.7','',1237855824,0,0,'',''),(2819,0,'87.118.255.8','',1237855824,0,0,'',''),(2820,0,'87.118.255.9','',1237855824,0,0,'',''),(2821,0,'87.118.255.10','',1237855824,0,0,'',''),(2822,0,'87.118.255.11','',1237855824,0,0,'',''),(2823,0,'87.118.255.12','',1237855824,0,0,'',''),(2824,0,'87.118.255.13','',1237855824,0,0,'',''),(2825,0,'87.118.255.14','',1237855824,0,0,'',''),(2826,0,'87.118.255.15','',1237855824,0,0,'',''),(2827,0,'87.118.255.16','',1237855824,0,0,'',''),(2828,0,'87.118.255.17','',1237855824,0,0,'',''),(2829,0,'87.118.255.18','',1237855824,0,0,'',''),(2830,0,'87.118.255.19','',1237855824,0,0,'',''),(2831,0,'87.118.255.20','',1237855824,0,0,'',''),(2832,0,'87.118.255.21','',1237855824,0,0,'',''),(2833,0,'87.118.255.22','',1237855824,0,0,'',''),(2834,0,'87.118.255.23','',1237855824,0,0,'',''),(2835,0,'87.118.255.24','',1237855824,0,0,'',''),(2836,0,'87.118.255.25','',1237855824,0,0,'',''),(2837,0,'87.118.255.26','',1237855824,0,0,'',''),(2838,0,'87.118.255.27','',1237855824,0,0,'',''),(2839,0,'87.118.255.28','',1237855824,0,0,'',''),(2840,0,'87.118.255.29','',1237855824,0,0,'',''),(2841,0,'87.118.255.30','',1237855824,0,0,'',''),(2842,0,'87.118.255.31','',1237855824,0,0,'',''),(2843,0,'87.118.255.32','',1237855824,0,0,'',''),(2844,0,'87.118.255.33','',1237855824,0,0,'',''),(2845,0,'87.118.255.34','',1237855824,0,0,'',''),(2846,0,'87.118.255.35','',1237855824,0,0,'',''),(2847,0,'87.118.255.36','',1237855824,0,0,'',''),(2848,0,'87.118.255.37','',1237855824,0,0,'',''),(2849,0,'87.118.255.38','',1237855824,0,0,'',''),(2850,0,'87.118.255.39','',1237855824,0,0,'',''),(2851,0,'87.118.255.40','',1237855824,0,0,'',''),(2852,0,'87.118.255.41','',1237855824,0,0,'',''),(2853,0,'87.118.255.42','',1237855824,0,0,'',''),(2854,0,'87.118.255.43','',1237855824,0,0,'',''),(2855,0,'87.118.255.44','',1237855824,0,0,'',''),(2856,0,'87.118.255.45','',1237855824,0,0,'',''),(2857,0,'87.118.255.46','',1237855824,0,0,'',''),(2858,0,'87.118.255.47','',1237855824,0,0,'',''),(2859,0,'87.118.255.48','',1237855824,0,0,'',''),(2860,0,'87.118.255.49','',1237855824,0,0,'',''),(2861,0,'87.118.255.50','',1237855824,0,0,'',''),(2862,0,'87.118.255.51','',1237855824,0,0,'',''),(2863,0,'87.118.255.52','',1237855824,0,0,'',''),(2864,0,'87.118.255.53','',1237855824,0,0,'',''),(2865,0,'87.118.255.54','',1237855824,0,0,'',''),(2866,0,'87.118.255.55','',1237855824,0,0,'',''),(2867,0,'87.118.255.56','',1237855824,0,0,'',''),(2868,0,'87.118.255.57','',1237855824,0,0,'',''),(2869,0,'87.118.255.58','',1237855824,0,0,'',''),(2870,0,'87.118.255.59','',1237855824,0,0,'',''),(2871,0,'87.118.255.60','',1237855824,0,0,'',''),(2872,0,'87.118.255.61','',1237855824,0,0,'',''),(2873,0,'87.118.255.62','',1237855824,0,0,'',''),(2874,0,'87.118.255.63','',1237855824,0,0,'',''),(2875,0,'87.118.255.64','',1237855824,0,0,'',''),(2876,0,'87.118.255.65','',1237855824,0,0,'',''),(2877,0,'87.118.255.66','',1237855824,0,0,'',''),(2878,0,'87.118.255.67','',1237855824,0,0,'',''),(2879,0,'87.118.255.68','',1237855824,0,0,'',''),(2880,0,'87.118.255.69','',1237855824,0,0,'',''),(2881,0,'87.118.255.70','',1237855824,0,0,'',''),(2882,0,'87.118.255.71','',1237855824,0,0,'',''),(2883,0,'87.118.255.72','',1237855824,0,0,'',''),(2884,0,'87.118.255.73','',1237855824,0,0,'',''),(2885,0,'87.118.255.74','',1237855824,0,0,'',''),(2886,0,'87.118.255.75','',1237855824,0,0,'',''),(2887,0,'87.118.255.76','',1237855824,0,0,'',''),(2888,0,'87.118.255.77','',1237855824,0,0,'',''),(2889,0,'87.118.255.78','',1237855824,0,0,'',''),(2890,0,'87.118.255.79','',1237855824,0,0,'',''),(2891,0,'87.118.255.80','',1237855824,0,0,'',''),(2892,0,'87.118.255.81','',1237855824,0,0,'',''),(2893,0,'87.118.255.82','',1237855824,0,0,'',''),(2894,0,'87.118.255.83','',1237855824,0,0,'',''),(2895,0,'87.118.255.84','',1237855824,0,0,'',''),(2896,0,'87.118.255.85','',1237855824,0,0,'',''),(2897,0,'87.118.255.86','',1237855824,0,0,'',''),(2898,0,'87.118.255.87','',1237855824,0,0,'',''),(2899,0,'87.118.255.88','',1237855824,0,0,'',''),(2900,0,'87.118.255.89','',1237855824,0,0,'',''),(2901,0,'87.118.255.90','',1237855824,0,0,'',''),(2902,0,'87.118.255.91','',1237855824,0,0,'',''),(2903,0,'87.118.255.92','',1237855824,0,0,'',''),(2904,0,'87.118.255.93','',1237855824,0,0,'',''),(2905,0,'87.118.255.94','',1237855824,0,0,'',''),(2906,0,'87.118.255.95','',1237855824,0,0,'',''),(2907,0,'87.118.255.96','',1237855824,0,0,'',''),(2908,0,'87.118.255.97','',1237855824,0,0,'',''),(2909,0,'87.118.255.98','',1237855824,0,0,'',''),(2910,0,'87.118.255.99','',1237855824,0,0,'',''),(2911,0,'87.118.255.100','',1237855824,0,0,'',''),(2912,0,'87.118.255.101','',1237855824,0,0,'',''),(2913,0,'87.118.255.102','',1237855824,0,0,'',''),(2914,0,'87.118.255.103','',1237855824,0,0,'',''),(2915,0,'87.118.255.104','',1237855824,0,0,'',''),(2916,0,'87.118.255.105','',1237855824,0,0,'',''),(2917,0,'87.118.255.106','',1237855824,0,0,'',''),(2918,0,'87.118.255.107','',1237855824,0,0,'',''),(2919,0,'87.118.255.108','',1237855824,0,0,'',''),(2920,0,'87.118.255.109','',1237855824,0,0,'',''),(2921,0,'87.118.255.110','',1237855824,0,0,'',''),(2922,0,'87.118.255.111','',1237855824,0,0,'',''),(2923,0,'87.118.255.112','',1237855824,0,0,'',''),(2924,0,'87.118.255.113','',1237855824,0,0,'',''),(2925,0,'87.118.255.114','',1237855824,0,0,'',''),(2926,0,'87.118.255.115','',1237855824,0,0,'',''),(2927,0,'87.118.255.116','',1237855824,0,0,'',''),(2928,0,'87.118.255.117','',1237855824,0,0,'',''),(2929,0,'87.118.255.118','',1237855824,0,0,'',''),(2930,0,'87.118.255.119','',1237855824,0,0,'',''),(2931,0,'87.118.255.120','',1237855824,0,0,'',''),(2932,0,'87.118.255.121','',1237855824,0,0,'',''),(2933,0,'87.118.255.122','',1237855824,0,0,'',''),(2934,0,'87.118.255.123','',1237855824,0,0,'',''),(2935,0,'87.118.255.124','',1237855824,0,0,'',''),(2936,0,'87.118.255.125','',1237855824,0,0,'',''),(2937,0,'87.118.255.126','',1237855824,0,0,'',''),(2938,0,'87.118.255.127','',1237855824,0,0,'',''),(2939,0,'87.118.255.128','',1237855824,0,0,'',''),(2940,0,'87.118.255.129','',1237855824,0,0,'',''),(2941,0,'87.118.255.130','',1237855824,0,0,'',''),(2942,0,'87.118.255.131','',1237855824,0,0,'',''),(2943,0,'87.118.255.132','',1237855824,0,0,'',''),(2944,0,'87.118.255.133','',1237855824,0,0,'',''),(2945,0,'87.118.255.134','',1237855824,0,0,'',''),(2946,0,'87.118.255.135','',1237855824,0,0,'',''),(2947,0,'87.118.255.136','',1237855824,0,0,'',''),(2948,0,'87.118.255.137','',1237855824,0,0,'',''),(2949,0,'87.118.255.138','',1237855824,0,0,'',''),(2950,0,'87.118.255.139','',1237855824,0,0,'',''),(2951,0,'87.118.255.140','',1237855824,0,0,'',''),(2952,0,'87.118.255.141','',1237855824,0,0,'',''),(2953,0,'87.118.255.142','',1237855824,0,0,'',''),(2954,0,'87.118.255.143','',1237855824,0,0,'',''),(2955,0,'87.118.255.144','',1237855824,0,0,'',''),(2956,0,'87.118.255.145','',1237855824,0,0,'',''),(2957,0,'87.118.255.146','',1237855824,0,0,'',''),(2958,0,'87.118.255.147','',1237855824,0,0,'',''),(2959,0,'87.118.255.148','',1237855824,0,0,'',''),(2960,0,'87.118.255.149','',1237855824,0,0,'',''),(2961,0,'87.118.255.150','',1237855824,0,0,'',''),(2962,0,'87.118.255.151','',1237855824,0,0,'',''),(2963,0,'87.118.255.152','',1237855824,0,0,'',''),(2964,0,'87.118.255.153','',1237855824,0,0,'',''),(2965,0,'87.118.255.154','',1237855824,0,0,'',''),(2966,0,'87.118.255.155','',1237855824,0,0,'',''),(2967,0,'87.118.255.156','',1237855824,0,0,'',''),(2968,0,'87.118.255.157','',1237855824,0,0,'',''),(2969,0,'87.118.255.158','',1237855824,0,0,'',''),(2970,0,'87.118.255.159','',1237855824,0,0,'',''),(2971,0,'87.118.255.160','',1237855824,0,0,'',''),(2972,0,'87.118.255.161','',1237855824,0,0,'',''),(2973,0,'87.118.255.162','',1237855824,0,0,'',''),(2974,0,'87.118.255.163','',1237855824,0,0,'',''),(2975,0,'87.118.255.164','',1237855824,0,0,'',''),(2976,0,'87.118.255.165','',1237855824,0,0,'',''),(2977,0,'87.118.255.166','',1237855824,0,0,'',''),(2978,0,'87.118.255.167','',1237855824,0,0,'',''),(2979,0,'87.118.255.168','',1237855824,0,0,'',''),(2980,0,'87.118.255.169','',1237855824,0,0,'',''),(2981,0,'87.118.255.170','',1237855824,0,0,'',''),(2982,0,'87.118.255.171','',1237855824,0,0,'',''),(2983,0,'87.118.255.172','',1237855824,0,0,'',''),(2984,0,'87.118.255.173','',1237855824,0,0,'',''),(2985,0,'87.118.255.174','',1237855824,0,0,'',''),(2986,0,'87.118.255.175','',1237855824,0,0,'',''),(2987,0,'87.118.255.176','',1237855824,0,0,'',''),(2988,0,'87.118.255.177','',1237855824,0,0,'',''),(2989,0,'87.118.255.178','',1237855824,0,0,'',''),(2990,0,'87.118.255.179','',1237855824,0,0,'',''),(2991,0,'87.118.255.180','',1237855824,0,0,'',''),(2992,0,'87.118.255.181','',1237855824,0,0,'',''),(2993,0,'87.118.255.182','',1237855824,0,0,'',''),(2994,0,'87.118.255.183','',1237855824,0,0,'',''),(2995,0,'87.118.255.184','',1237855824,0,0,'',''),(2996,0,'87.118.255.185','',1237855824,0,0,'',''),(2997,0,'87.118.255.186','',1237855824,0,0,'',''),(2998,0,'87.118.255.187','',1237855824,0,0,'',''),(2999,0,'87.118.255.188','',1237855824,0,0,'',''),(3000,0,'87.118.255.189','',1237855824,0,0,'',''),(3001,0,'87.118.255.190','',1237855824,0,0,'',''),(3002,0,'87.118.255.191','',1237855824,0,0,'',''),(3003,0,'87.118.255.192','',1237855824,0,0,'',''),(3004,0,'87.118.255.193','',1237855824,0,0,'',''),(3005,0,'87.118.255.194','',1237855824,0,0,'',''),(3006,0,'87.118.255.195','',1237855824,0,0,'',''),(3007,0,'87.118.255.196','',1237855824,0,0,'',''),(3008,0,'87.118.255.197','',1237855824,0,0,'',''),(3009,0,'87.118.255.198','',1237855824,0,0,'',''),(3010,0,'87.118.255.199','',1237855824,0,0,'',''),(3011,0,'87.118.255.200','',1237855824,0,0,'',''),(3012,0,'87.118.255.201','',1237855824,0,0,'',''),(3013,0,'87.118.255.202','',1237855824,0,0,'',''),(3014,0,'87.118.255.203','',1237855824,0,0,'',''),(3015,0,'87.118.255.204','',1237855824,0,0,'',''),(3016,0,'87.118.255.205','',1237855824,0,0,'',''),(3017,0,'87.118.255.206','',1237855824,0,0,'',''),(3018,0,'87.118.255.207','',1237855824,0,0,'',''),(3019,0,'87.118.255.208','',1237855824,0,0,'',''),(3020,0,'87.118.255.209','',1237855824,0,0,'',''),(3021,0,'87.118.255.210','',1237855824,0,0,'',''),(3022,0,'87.118.255.211','',1237855824,0,0,'',''),(3023,0,'87.118.255.212','',1237855824,0,0,'',''),(3024,0,'87.118.255.213','',1237855824,0,0,'',''),(3025,0,'87.118.255.214','',1237855824,0,0,'',''),(3026,0,'87.118.255.215','',1237855824,0,0,'',''),(3027,0,'87.118.255.216','',1237855824,0,0,'',''),(3028,0,'87.118.255.217','',1237855824,0,0,'',''),(3029,0,'87.118.255.218','',1237855824,0,0,'',''),(3030,0,'87.118.255.219','',1237855824,0,0,'',''),(3031,0,'87.118.255.220','',1237855824,0,0,'',''),(3032,0,'87.118.255.221','',1237855824,0,0,'',''),(3033,0,'87.118.255.222','',1237855824,0,0,'',''),(3034,0,'87.118.255.223','',1237855824,0,0,'',''),(3035,0,'87.118.255.224','',1237855824,0,0,'',''),(3036,0,'87.118.255.225','',1237855824,0,0,'',''),(3037,0,'87.118.255.226','',1237855824,0,0,'',''),(3038,0,'87.118.255.227','',1237855824,0,0,'',''),(3039,0,'87.118.255.228','',1237855824,0,0,'',''),(3040,0,'87.118.255.229','',1237855824,0,0,'',''),(3041,0,'87.118.255.230','',1237855824,0,0,'',''),(3042,0,'87.118.255.231','',1237855824,0,0,'',''),(3043,0,'87.118.255.232','',1237855824,0,0,'',''),(3044,0,'87.118.255.233','',1237855824,0,0,'',''),(3045,0,'87.118.255.234','',1237855824,0,0,'',''),(3046,0,'87.118.255.235','',1237855824,0,0,'',''),(3047,0,'87.118.255.236','',1237855824,0,0,'',''),(3048,0,'87.118.255.237','',1237855824,0,0,'',''),(3049,0,'87.118.255.238','',1237855824,0,0,'',''),(3050,0,'87.118.255.239','',1237855824,0,0,'',''),(3051,0,'87.118.255.240','',1237855824,0,0,'',''),(3052,0,'87.118.255.241','',1237855824,0,0,'',''),(3053,0,'87.118.255.242','',1237855824,0,0,'',''),(3054,0,'87.118.255.243','',1237855824,0,0,'',''),(3055,0,'87.118.255.244','',1237855824,0,0,'',''),(3056,0,'87.118.255.245','',1237855824,0,0,'',''),(3057,0,'87.118.255.246','',1237855824,0,0,'',''),(3058,0,'87.118.255.247','',1237855824,0,0,'',''),(3059,0,'87.118.255.248','',1237855824,0,0,'',''),(3060,0,'87.118.255.249','',1237855824,0,0,'',''),(3061,0,'87.118.255.250','',1237855824,0,0,'',''),(3062,0,'87.118.255.251','',1237855824,0,0,'',''),(3063,0,'87.118.255.252','',1237855824,0,0,'',''),(3064,0,'87.118.255.253','',1237855824,0,0,'',''),(3065,0,'87.118.255.254','',1237855824,0,0,'',''),(3066,0,'87.118.255.255','',1237855824,0,0,'',''),(3067,849,'','',1238540559,0,0,'porn',''),(3068,1394,'','',1238540608,0,0,'garbage',''),(3069,5049,'','',1249321134,0,0,'',''),(3070,5167,'','',1250655806,0,0,'',''),(3071,5191,'','',1251138260,0,0,'',''),(3072,5255,'','',1252497758,0,0,'',''),(3073,5264,'','',1252497799,0,0,'',''),(3074,5253,'','',1252497838,0,0,'',''),(3075,5251,'','',1252497874,0,0,'',''),(3076,144,'','',1252561906,0,0,'',''),(3077,5288,'','',1252952248,0,0,'',''),(3078,5341,'','',1254149202,0,0,'',''),(3079,5441,'','',1254760630,0,0,'',''),(3080,5809,'','',1257803908,0,0,'',''),(3081,5829,'','',1258041475,0,0,'',''),(3082,5841,'','',1258041524,0,0,'',''),(3083,5576,'','',1258041541,0,0,'',''),(3084,5824,'','',1258041555,0,0,'',''),(3085,5799,'','',1258041781,0,0,'',''),(3086,5744,'','',1258041801,0,0,'',''),(3087,5722,'','',1258042118,0,0,'',''),(3088,5905,'','',1258399626,0,0,'',''),(3089,5908,'','',1258399652,0,0,'',''),(3090,5894,'','',1258399668,0,0,'',''),(3091,5880,'','',1258399683,0,0,'',''),(3092,5895,'','',1258399699,0,0,'',''),(3093,5876,'','',1258399718,0,0,'',''),(3094,5856,'','',1258399734,0,0,'',''),(3095,5848,'','',1258399751,0,0,'',''),(3096,5920,'','',1258555680,0,0,'',''),(3097,5762,'','',1258942995,0,0,'',''),(3098,5922,'','',1258943031,0,0,'','');

--
-- Table structure for table `phpbb_bbcodes`
--

CREATE TABLE `phpbb_bbcodes` (
  `bbcode_id` tinyint(3) NOT NULL DEFAULT '0',
  `bbcode_tag` varchar(16) COLLATE utf8_bin NOT NULL DEFAULT '',
  `bbcode_helpline` varchar(255) COLLATE utf8_bin NOT NULL DEFAULT '',
  `display_on_posting` tinyint(1) unsigned NOT NULL DEFAULT '0',
  `bbcode_match` text COLLATE utf8_bin NOT NULL,
  `bbcode_tpl` mediumtext COLLATE utf8_bin NOT NULL,
  `first_pass_match` mediumtext COLLATE utf8_bin NOT NULL,
  `first_pass_replace` mediumtext COLLATE utf8_bin NOT NULL,
  `second_pass_match` mediumtext COLLATE utf8_bin NOT NULL,
  `second_pass_replace` mediumtext COLLATE utf8_bin NOT NULL,
  PRIMARY KEY (`bbcode_id`),
  KEY `display_on_post` (`display_on_posting`)
) ENGINE=MyISAM DEFAULT CHARSET=utf8 COLLATE=utf8_bin;

--
-- Dumping data for table `phpbb_bbcodes`
--


--
-- Table structure for table `phpbb_bookmarks`
--

CREATE TABLE `phpbb_bookmarks` (
  `topic_id` mediumint(8) unsigned NOT NULL DEFAULT '0',
  `user_id` mediumint(8) unsigned NOT NULL DEFAULT '0',
  PRIMARY KEY (`topic_id`,`user_id`)
) ENGINE=MyISAM DEFAULT CHARSET=utf8 COLLATE=utf8_bin;

--
-- Dumping data for table `phpbb_bookmarks`
--


--
-- Table structure for table `phpbb_bots`
--

CREATE TABLE `phpbb_bots` (
  `bot_id` mediumint(8) unsigned NOT NULL AUTO_INCREMENT,
  `bot_active` tinyint(1) unsigned NOT NULL DEFAULT '1',
  `bot_name` varchar(255) COLLATE utf8_bin NOT NULL DEFAULT '',
  `user_id` mediumint(8) unsigned NOT NULL DEFAULT '0',
  `bot_agent` varchar(255) COLLATE utf8_bin NOT NULL DEFAULT '',
  `bot_ip` varchar(255) COLLATE utf8_bin NOT NULL DEFAULT '',
  PRIMARY KEY (`bot_id`),
  KEY `bot_active` (`bot_active`)
) ENGINE=MyISAM AUTO_INCREMENT=51 DEFAULT CHARSET=utf8 COLLATE=utf8_bin;

--
-- Dumping data for table `phpbb_bots`
--

INSERT INTO `phpbb_bots` VALUES (1,1,'AdsBot [Google]',3,'AdsBot-Google',''),(2,1,'Alexa [Bot]',4,'ia_archiver',''),(3,1,'Alta Vista [Bot]',5,'Scooter/',''),(4,1,'Ask Jeeves [Bot]',6,'Ask Jeeves',''),(5,1,'Baidu [Spider]',7,'Baiduspider+(',''),(6,1,'Exabot [Bot]',8,'Exabot/',''),(7,1,'FAST Enterprise [Crawler]',9,'FAST Enterprise Crawler',''),(8,1,'FAST WebCrawler [Crawler]',10,'FAST-WebCrawler/',''),(9,1,'Francis [Bot]',11,'http://www.neomo.de/',''),(10,1,'Gigabot [Bot]',12,'Gigabot/',''),(11,1,'Google Adsense [Bot]',13,'Mediapartners-Google',''),(12,1,'Google Desktop',14,'Google Desktop',''),(13,1,'Google Feedfetcher',15,'Feedfetcher-Google',''),(14,1,'Google [Bot]',16,'Googlebot',''),(15,1,'Heise IT-Markt [Crawler]',17,'heise-IT-Markt-Crawler',''),(16,1,'Heritrix [Crawler]',18,'heritrix/1.',''),(17,1,'IBM Research [Bot]',19,'ibm.com/cs/crawler',''),(18,1,'ICCrawler - ICjobs',20,'ICCrawler - ICjobs',''),(19,1,'ichiro [Crawler]',21,'ichiro/',''),(20,1,'Majestic-12 [Bot]',22,'MJ12bot/',''),(21,1,'Metager [Bot]',23,'MetagerBot/',''),(22,1,'MSN NewsBlogs',24,'msnbot-NewsBlogs/',''),(23,1,'MSN [Bot]',25,'msnbot/',''),(24,1,'MSNbot Media',26,'msnbot-media/',''),(25,1,'NG-Search [Bot]',27,'NG-Search/',''),(26,1,'Nutch [Bot]',28,'http://lucene.apache.org/nutch/',''),(27,1,'Nutch/CVS [Bot]',29,'NutchCVS/',''),(28,1,'OmniExplorer [Bot]',30,'OmniExplorer_Bot/',''),(29,1,'Online link [Validator]',31,'online link validator',''),(30,1,'psbot [Picsearch]',32,'psbot/0',''),(31,1,'Seekport [Bot]',33,'Seekbot/',''),(32,1,'Sensis [Crawler]',34,'Sensis Web Crawler',''),(33,1,'SEO Crawler',35,'SEO search Crawler/',''),(34,1,'Seoma [Crawler]',36,'Seoma [SEO Crawler]',''),(35,1,'SEOSearch [Crawler]',37,'SEOsearch/',''),(36,1,'Snappy [Bot]',38,'Snappy/1.1 ( http://www.urltrends.com/ )',''),(37,1,'Steeler [Crawler]',39,'http://www.tkl.iis.u-tokyo.ac.jp/~crawler/',''),(38,1,'Synoo [Bot]',40,'SynooBot/',''),(39,1,'Telekom [Bot]',41,'crawleradmin.t-info@telekom.de',''),(40,1,'TurnitinBot [Bot]',42,'TurnitinBot/',''),(41,1,'Voyager [Bot]',43,'voyager/1.0',''),(42,1,'W3 [Sitesearch]',44,'W3 SiteSearch Crawler',''),(43,1,'W3C [Linkcheck]',45,'W3C-checklink/',''),(44,1,'W3C [Validator]',46,'W3C_*Validator',''),(45,1,'WiseNut [Bot]',47,'http://www.WISEnutbot.com',''),(46,1,'YaCy [Bot]',48,'yacybot',''),(47,1,'Yahoo MMCrawler [Bot]',49,'Yahoo-MMCrawler/',''),(48,1,'Yahoo Slurp [Bot]',50,'Yahoo! DE Slurp',''),(49,1,'Yahoo [Bot]',51,'Yahoo! Slurp',''),(50,1,'YahooSeeker [Bot]',52,'YahooSeeker/','');

--
-- Table structure for table `phpbb_config`
--

CREATE TABLE `phpbb_config` (
  `config_name` varchar(255) COLLATE utf8_bin NOT NULL DEFAULT '',
  `config_value` varchar(255) COLLATE utf8_bin NOT NULL DEFAULT '',
  `is_dynamic` tinyint(1) unsigned NOT NULL DEFAULT '0',
  PRIMARY KEY (`config_name`),
  KEY `is_dynamic` (`is_dynamic`)
) ENGINE=MyISAM DEFAULT CHARSET=utf8 COLLATE=utf8_bin;

--
-- Dumping data for table `phpbb_config`
--

INSERT INTO `phpbb_config` VALUES ('active_sessions','0',0),('allow_attachments','1',0),('allow_autologin','1',0),('allow_avatar_local','0',0),('allow_avatar_remote','0',0),('allow_avatar_upload','0',0),('allow_bbcode','1',0),('allow_birthdays','1',0),('allow_bookmarks','1',0),('allow_emailreuse','0',0),('allow_forum_notify','1',0),('allow_mass_pm','1',0),('allow_name_chars','USERNAME_CHARS_ANY',0),('allow_namechange','0',0),('allow_nocensors','0',0),('allow_pm_attach','1',0),('allow_post_flash','0',0),('allow_post_links','1',0),('allow_privmsg','1',0),('allow_sig','1',0),('allow_sig_bbcode','1',0),('allow_sig_flash','0',0),('allow_sig_img','1',0),('allow_sig_links','1',0),('allow_sig_pm','1',0),('allow_sig_smilies','1',0),('allow_smilies','1',0),('allow_topic_notify','1',0),('attachment_quota','52428800',0),('auth_bbcode_pm','1',0),('auth_flash_pm','0',0),('auth_img_pm','1',0),('auth_method','db',0),('auth_smilies_pm','1',0),('avatar_filesize','6144',0),('avatar_gallery_path','images/avatars/gallery',0),('avatar_max_height','90',0),('avatar_max_width','90',0),('avatar_min_height','20',0),('avatar_min_width','20',0),('avatar_path','images/avatars/upload',0),('avatar_salt','8a1a01acb3790706e38c38a20390d644',0),('board_contact','hostmaster@primaryhub.com',0),('board_disable','0',0),('board_disable_msg','',0),('board_dst','0',0),('board_email','forum@grindingstonemx.com',0),('board_email_form','0',0),('board_email_sig','Thanks, The Management',0),('board_hide_emails','1',0),('board_timezone','-7',0),('browser_check','1',0),('bump_interval','10',0),('bump_type','d',0),('cache_gc','7200',0),('captcha_gd','1',0),('captcha_gd_foreground_noise','0',0),('captcha_gd_x_grid','25',0),('captcha_gd_y_grid','25',0),('check_attachment_content','1',0),('check_dnsbl','0',0),('chg_passforce','0',0),('cookie_domain','grindingstoneforum.primaryhub.com',0),('cookie_name','phpbb3_syxz4',0),('cookie_path','/',0),('cookie_secure','0',0),('coppa_enable','0',0),('coppa_fax','',0),('coppa_mail','',0),('database_gc','604800',0),('default_dateformat','D M d, Y g:i a',0),('default_style','3',0),('display_last_edited','1',0),('display_order','0',0),('edit_time','0',0),('email_check_mx','1',0),('email_enable','1',0),('email_function_name','mail',0),('email_package_size','50',0),('enable_confirm','1',0),('enable_pm_icons','1',0),('enable_post_confirm','1',0),('flood_interval','15',0),('force_server_vars','0',0),('form_token_lifetime','7200',0),('form_token_mintime','0',0),('form_token_sid_guests','1',0),('forward_pm','1',0),('forwarded_for_check','1',0),('full_folder_action','2',0),('fulltext_mysql_max_word_len','254',0),('fulltext_mysql_min_word_len','4',0),('fulltext_native_common_thres','5',0),('fulltext_native_load_upd','1',0),('fulltext_native_max_chars','14',0),('fulltext_native_min_chars','3',0),('gzip_compress','0',0),('hot_threshold','25',0),('icons_path','images/icons',0),('img_create_thumbnail','0',0),('img_display_inlined','1',0),('img_imagick','/usr/local/bin/',0),('img_link_height','0',0),('img_link_width','0',0),('img_max_height','0',0),('img_max_thumb_width','400',0),('img_max_width','0',0),('img_min_thumb_filesize','12000',0),('ip_check','3',0),('jab_enable','0',0),('jab_host','',0),('jab_password','',0),('jab_package_size','20',0),('jab_port','5222',0),('jab_use_ssl','0',0),('jab_username','',0),('ldap_base_dn','',0),('ldap_email','',0),('ldap_password','',0),('ldap_port','',0),('ldap_server','',0),('ldap_uid','',0),('ldap_user','',0),('ldap_user_filter','',0),('limit_load','0',0),('limit_search_load','0',0),('load_anon_lastread','0',0),('load_birthdays','1',0),('load_cpf_memberlist','0',0),('load_cpf_viewprofile','1',0),('load_cpf_viewtopic','0',0),('load_db_lastread','1',0),('load_db_track','1',0),('load_jumpbox','1',0),('load_moderators','1',0),('load_online','1',0),('load_online_guests','1',0),('load_online_time','5',0),('load_onlinetrack','1',0),('load_search','1',0),('load_tplcompile','0',0),('load_user_activity','1',0),('max_attachments','3',0),('max_attachments_pm','1',0),('max_autologin_time','14',0),('max_filesize','1048576',0),('max_filesize_pm','1048576',0),('max_login_attempts','3',0),('max_name_chars','20',0),('max_pass_chars','30',0),('max_poll_options','10',0),('max_post_chars','60000',0),('max_post_font_size','200',0),('max_post_img_height','0',0),('max_post_img_width','0',0),('max_post_smilies','0',0),('max_post_urls','0',0),('max_quote_depth','3',0),('max_reg_attempts','5',0),('max_sig_chars','255',0),('max_sig_font_size','200',0),('max_sig_img_height','0',0),('max_sig_img_width','0',0),('max_sig_smilies','0',0),('max_sig_urls','5',0),('min_name_chars','3',0),('min_pass_chars','6',0),('min_search_author_chars','3',0),('mime_triggers','body|head|html|img|plaintext|a href|pre|script|table|title',0),('override_user_style','1',0),('pass_complex','PASS_TYPE_ANY',0),('pm_edit_time','0',0),('pm_max_boxes','4',0),('pm_max_msgs','50',0),('posts_per_page','10',0),('print_pm','1',0),('queue_interval','600',0),('ranks_path','images/ranks',0),('require_activation','1',0),('referer_validation','1',0),('script_path','/',0),('search_block_size','250',0),('search_gc','7200',0),('search_indexing_state','',1),('search_interval','0',0),('search_anonymous_interval','0',0),('search_type','fulltext_native',0),('search_store_results','1800',0),('secure_allow_deny','1',0),('secure_allow_empty_referer','1',0),('secure_downloads','0',0),('server_name','forum.grindingstonemx.com',0),('server_port','80',0),('server_protocol','http://',0),('session_gc','3600',0),('session_length','3600',0),('site_desc','stories from Grinding Stone MX Motocross Park',0),('sitename','Grinding Stone MX Forum',0),('smilies_path','images/smilies',0),('smtp_auth_method','PLAIN',0),('smtp_delivery','0',0),('smtp_host','',0),('smtp_password','',0),('smtp_port','25',0),('smtp_username','',0),('topics_per_page','25',0),('tpl_allow_php','0',0),('upload_icons_path','images/upload_icons',0),('upload_path','files',0),('version','3.0.5',0),('warnings_expire_days','90',0),('warnings_gc','14400',0),('cache_last_gc','1271965051',1),('cron_lock','0',1),('database_last_gc','1271589147',1),('last_queue_run','1265083804',1),('newest_user_colour','',1),('newest_user_id','5950',1),('newest_username','hokdoobz',1),('num_files','52',1),('num_posts','372',1),('num_topics','220',1),('num_users','4763',1),('rand_seed','5042f838687a529522df50ef5d9a2738',1),('rand_seed_last_update','1339292075',1),('record_online_date','1243377470',1),('record_online_users','8',1),('search_last_gc','1271965077',1),('session_last_gc','1271965112',1),('upload_dir_size','8420902',1),('warnings_last_gc','1271965065',1),('board_startdate','1225416223',0),('default_lang','en',0),('enable_queue_trigger','0',0),('queue_trigger_posts','3',0),('pm_max_recipients','0',0),('dbms_version','5.0.20',0),('captcha_gd_wave','0',0),('captcha_gd_3d_noise','1',0),('captcha_gd_fonts','1',0),('confirm_refresh','1',0),('max_num_search_keywords','10',0);

--
-- Table structure for table `phpbb_disallow`
--

CREATE TABLE `phpbb_disallow` (
  `disallow_id` mediumint(8) unsigned NOT NULL AUTO_INCREMENT,
  `disallow_username` varchar(255) COLLATE utf8_bin NOT NULL DEFAULT '',
  PRIMARY KEY (`disallow_id`)
) ENGINE=MyISAM DEFAULT CHARSET=utf8 COLLATE=utf8_bin;

--
-- Dumping data for table `phpbb_disallow`
--


--
-- Table structure for table `phpbb_drafts`
--

CREATE TABLE `phpbb_drafts` (
  `draft_id` mediumint(8) unsigned NOT NULL AUTO_INCREMENT,
  `user_id` mediumint(8) unsigned NOT NULL DEFAULT '0',
  `topic_id` mediumint(8) unsigned NOT NULL DEFAULT '0',
  `forum_id` mediumint(8) unsigned NOT NULL DEFAULT '0',
  `save_time` int(11) unsigned NOT NULL DEFAULT '0',
  `draft_subject` varchar(255) COLLATE utf8_bin NOT NULL DEFAULT '',
  `draft_message` mediumtext COLLATE utf8_bin NOT NULL,
  PRIMARY KEY (`draft_id`),
  KEY `save_time` (`save_time`)
) ENGINE=MyISAM AUTO_INCREMENT=93 DEFAULT CHARSET=utf8 COLLATE=utf8_bin;

--
-- Dumping data for table `phpbb_drafts`
--

INSERT INTO `phpbb_drafts` VALUES (1,62,2,2,1227195271,'Re: Welcome to GRINDINGSTONE MX','Gary and crew,\nI truly appreciate the amount of work and effort you guys have put into making this track happen. It\'s an awesome layout and I really love the utilization of the natural terrain. It\'s amazing how nice dirt wise you guys have been able to get it in such a short time....it\'s taken other tracks years to accomplish what you have in such a short time, in fact some still aren\'t as good. Great job!\n\nAnd Kyle, thanks for taking the initiative to set up a GP series...I\'ve been asking various tracks for years to set one up.  8-) \n\nRegards,\nDean'),(2,58,7,2,1229053481,'Re: 2009 Grinding Stone Race Schedule','Updated Schedule\n\n\n[img]http://i258.photobucket.com/albums/hh275/nextlevelracing/GSCoverflyercopy.jpg[/img]'),(3,95,8,2,1229368301,'Re: Quads and Bikes','test'),(4,96,12,6,1229390750,'Re: 2009 GP Race Registration Forms','For the number requests are you going to have letters at the end of the # to designate Senior, Vet, ect?  Say I have number 00s for AMRA can I also get 00s for GrindingStone?'),(5,96,7,2,1230242863,'Re: 2009 Grinding Stone Race Schedule','IS GS going to run transponders for the series?  If so the transponder I have for AMRA, will it work?'),(6,99,12,6,1230256759,'Re: 2009 GP Race Registration Forms','Q1: Will AMRA racers register thru GS or AMRA for the 1-24-09 GP ? Just wondering.\nQ2: Will we use the AMRA Transponders or is GS doing the scoring ?\nThx - Mike'),(7,68,12,6,1231904426,'Re: 2009 GP Race Registration Forms','[quote=&quot;HondaRules&quot;]Whom do we write the check to...was about to write one up, but didn\'t see whom to write it to :?[/quote]\n\nI sent in my Membership appl, made check to: Grinding Stone MX\nThey cashed it monday, so I guess it\'s good :D'),(8,4684,0,4,1241192615,'Need one more race member/ 30+ sportsman 125/250 bike','have a fairly decent team and need one more guy to run with us. Let me know if your interested. We  are running a 144 06 yz, 07 yz 250, 06 rm 250. My name is mike and you can call me i9f needed 480-648-7744 thanks  :D'),(9,4701,0,2,1241717322,'Credit Card Credit Cards Best Credit Card calculating mortgage','Ambitiousness Off With the [url=http://senasoft.net/discussion/states-requiring-mortgage-broker-license.html]guarenteeded loans for bad credit[/url]  Best Motor Lend looking for You! In the buy on a new or occupied vehicle? Constraint to refinance an existing heap accommodation to respite c start a well-advised non-objective rate? Choosing the fair auto loan is barely as high-level as choosing the right model. Our lenders can relieve you:     * Money a'),(10,4767,0,6,1243316528,'night races this summer?','Hey everyone, this is Eric Schuster, 189 in the expert open atv class.\n\ni gotta say we missed round1 and were sad because it was probably awesome like round 2 and 3 have been. Both times the track was awesome, everyone was really nice on the staff, cant say anything bad about you guys. BUT sadly this past race, it was just too hott guys. We had race 7 at 1:15 and thats just too hot this time of year. So i ended up having a alot of heat exaustion and pulling off for a cold shower and to cool off.\n\ni was wondering if there was a possibility of having some night races at the track over the summer. I also run whiplash races and can remember the 6 hour we had there and how awesome the track is at night. I know pretty much everyone would be all for night racing, for now we could just do it on the MX track and where you guys could get lights to for the time being, and maybe once everyone has got lights for their quads/bikes we could have a full on night race without any track lighting.\n\njust a suggestion, you guys keep up the AWESOME work, round 3 GP was a KILLER track but a bad day for me.\n\ncongrats to Mikey Ellsworth and Johnny Shafe for their wins.'),(11,4752,0,2,1243373764,'I be subjected to gone deliberation this tolerant of put on and its awful. no one in point of fact anxiety how we feel','Hello. And Bye. [b]Just a test.[/b] good a test. on bumf on newborn babe foster, cradle caps, babe flay mindfulness and other parenthood and rearing resources from . test'),(12,4778,0,10,1243709496,'quads on Saturday','Are kids on quads going to continue to be allowed on the tracks on Saturdays?'),(14,4769,194,2,1244215046,'Re: Works Performance discount to GS Racers','I need to get my suspension set up, would like to have the forks and rear done. How do I get into contact with you to discuss set up, pricing, turn around time, etc....'),(15,92,234,22,1245792601,'Re: Friday Night Xtreme X at GS','Motomutts...The 11th of July is a s Saturday. Is the race on the 10th?'),(17,4963,243,2,1247432924,'Question to forum.grindingstonemx.com Hay Guru , were are you?','Thaks for forum.grindingstonemx.com Nice forum!   What is the smlalest size drum heads on a elevaged ubt tawdry 5p-iece drum est? Will it should prefvewr to a bertter souun?d I pull someone\'s leg a 5-picee FirstAct dxrum fasten on and I want somethijng smaller tan I already keep and has a bettor eb activated to it. I was active to sell my drum in search about $250-$350. So I want something thither 5$00 or subordinate to if necessary. It can eb any drum'),(18,5569,0,2,1256054030,'rock band trouble shoot','http://social.technet.microsoft.com/Forums/en-US/1605/thread/5b0f3c64-bb57-4f27-af61-e861483802d2 missed pills missed period  [url=http://rxdrugs24x7.com/category/anti-depressants.html]diet food delivered chariton iowa [/url]'),(19,5619,0,2,1256517901,'how to obtain locust bean gum','http://www.playlist.com/blog/entry/12440877571 health assessments for preschools  [url=http://www.playlist.com/blog/entry/12440877827]broken blood vessels and fingers [/url]'),(20,5625,0,2,1256588714,'free turkey shoot game','http://rxdrugs24x7.com/category/anti-depressants.html diet pill on line pharmacy  [url=http://www.playlist.com/blog/entry/12440877827]quebec health care system [/url]'),(21,5625,0,2,1256590671,'how to find out if someone is taking viagra','http://www.playlist.com/blog/entry/12440877827 heart rate norms  [url=http://www.indianpad.com/user/rxdrugs24x7]young girls smoking cigarettes [/url]'),(22,5637,0,2,1256647778,'pregnancy and dental work','http://www.indianpad.com/user/rxdrugs24x7 k 1 pills  [url=http://www.playlist.com/blog/entry/12440877827]is the common cold a viris or bacteria [/url]'),(23,5637,0,2,1256648766,'uop dental school','http://social.technet.microsoft.com/Forums/en-US/1605/thread/5b0f3c64-bb57-4f27-af61-e861483802d2 i want to nurse cats back to health  [url=http://social.technet.microsoft.com/Forums/en-US/1605/thread/765cdeed-6ac9-49ab-a551-def5427da123]medical equipment for amb [/url]'),(24,5637,0,2,1256649956,'legend of zelda twilight princess gcn piece of heart walkthough','http://www.playlist.com/blog/entry/12440877571 consumer health information  [url=http://www.playlist.com/blog/entry/12440877571]adipex drug test [/url]'),(25,5637,0,2,1256650998,'desert sky dental casa grande az 85222','http://social.technet.microsoft.com/Forums/en-US/1605/thread/5b0f3c64-bb57-4f27-af61-e861483802d2 naked sleeping chicks  [url=http://www.indianpad.com/user/rxdrugs24x7]providence portland medical center [/url]'),(26,5647,0,2,1256730165,'train travel from xian to wudangshan','travel info carry ons http://poek.info/travel-co/travel-discounts [url=http://poek.info/flight/united-flight-attendant]amsterdam holland travel[/url] peak air travel days [url=http://poek.info/car-rental/krugersdorp-car-rental]krugersdorp car rental[/url] travel councellors http://poek.info/cruises/joe-may-princess-cruises-port-lecturer-htm [url=http://poek.info/airport-co/airport-tycoon-evolution]affinion loyalty travel[/url] best winter us winter trav'),(27,5647,0,2,1256731269,'travel trailer trader','i 15 travel forecast http://poek.info/hotel/hotel-boo-de-guarnizo [url=http://poek.info/travel-com/tropics-travel]watch insurance travel[/url] wine travel case [url=http://poek.info/airline/airline-pilot-job-information]airline pilot job information[/url] travel accra ghana http://poek.info/adventure/faery-tale-adventure-for-the-commodore-64 [url=http://poek.info/maps/american-maps]history and grouth of travel agency[/url] kingston travel [url=http://po'),(28,5647,0,2,1256732640,'kimberly clark huggies natural care travel wipes','united airlines travel with pets http://poek.info/inn-info/inn-at-1816-post-office-galveston [url=http://poek.info/airport/britian-airport-strike]newmar travel trailers[/url] oregon travel agent [url=http://poek.info/airport-co/abad-airport-hotel]abad airport hotel[/url] india travel sites http://poek.info/hotel-co/union-hotel [url=http://poek.info/tourist/salcombe-tourist-office]stories of time travel phenomenon[/url] wilderness crossing travel center'),(29,5647,0,2,1256733769,'travel events','world class travel chesapeake virginia http://poek.info/travel/department-of-foreign-affairs-and-travel [url=http://poek.info/travel/travel-nursing-in-ireland]air travel to tahiti[/url] travel case for hp dj460 [url=http://poek.info/flight/flight-attendant-overcoat]flight attendant overcoat[/url] passover travel http://poek.info/tours/best-tours-of-china-and-the-yangzee [url=http://poek.info/tour/smooth-water-float-tour-of-grand-canyon-reviews]travel th'),(30,5661,0,2,1256816378,'travel guides australia','makati city travel agency http://poek.info/airport/sdq-airport [url=http://poek.info/tourist/tourist-attractions-in-indiana]escaoes travel[/url] pegasus travel agency [url=http://poek.info/motel/super-8-motel-oxford-mississippi]super 8 motel   oxford mississippi[/url] smart travel san francisco http://poek.info/hotel-com/hotel-au-boeuf-rouge-niederschaeffolsheim [url=http://poek.info/airline/airline-letter-designation]bellingham travel agents[/url] digi'),(31,5661,0,2,1256818296,'travel advisories for ontario','east africa travel http://poek.info/travel-com/travel-nz [url=http://poek.info/airport/holiday-to-madeira-from-edinburgh-airport]immunization for travel[/url] packing light business travel [url=http://poek.info/travel/contour-pillow-travel]contour pillow travel[/url] international student exchange travel http://poek.info/car-rental/ormonde-car-rental [url=http://poek.info/travel-co/pakistani-travel-agents-in-new-york]travel scrapbook postbound album[/ur'),(32,5661,0,2,1256819122,'nigeria travel warnings','carol alexander travel http://poek.info/plane-tickets/cheap-plane-tickets-to-honolulu [url=http://poek.info/plane-tickets/name-your-own-price-plane-tickets]william clarks travel partner[/url] cool travel jobs [url=http://poek.info/plane-tickets/low-priced-plane-tickets]low priced plane tickets[/url] travel lear http://poek.info/travel/neck-support-travel-pillow [url=http://poek.info/disneyland/disneyland-14k-haunted-mansion-charms]compare worldwide trav'),(33,5661,0,2,1256821490,'travel advances and per diem','travel feature writing http://poek.info/tour/vans-warped-tour-2006-lineup [url=http://poek.info/disneyland/disneyland-tickets-on-sale]redecorate travel trailer[/url] travel latvia [url=http://poek.info/hotel/hotel-boo-de-guarnizo]hotel boo de guarnizo[/url] texas travel destination http://poek.info/car-rental/bloemfontein-car-rental [url=http://poek.info/car-rental/car-rental-menlyn]mens travel kits[/url] aaa gas cost to travel [url=http://poek.info/air'),(34,5661,0,2,1256822708,'cheap last minute travel deals','arranging travel http://poek.info/cruise/rhine-river-cruise-lorelei [url=http://poek.info/tourism/new-your-tourism]foods in travel team the book[/url] irs reimbursement rates for travel in us [url=http://poek.info/inn/hampton-inn-and-suites-sacramento]hampton inn and suites sacramento[/url] hawaii travel brochure http://poek.info/tours/private-tours-egypt [url=http://poek.info/game-adventure/knowledge-adventure]canadian travel alerts[/url] salford trave'),(35,5661,0,2,1256823550,'winnipeg travel agents','travel coffee cat silver pink http://poek.info/motel/ez-center-motel-branson [url=http://poek.info/hotel-com/hotel-au-boef-rouge-niederschaeffolsheim]total solar eclipse 2009 travel[/url] hot travel deals by world travel planet [url=http://poek.info/tour/vans-warped-tour-2006-line-up]vans warped tour 2006 line up[/url] newton nj travel info http://poek.info/airport-co/rental-car-cape-town-airport [url=http://poek.info/expedia/expedia-corporate-travel-ec'),(36,5672,0,2,1256892453,'best vista registry cleaner','pc error repair download regcleaner fix registery errors fix runtime errors pc onpoint  [url=http://community.naturalnews.com/members/Windows_5F00_Registry_5F00_Clean_5F00_Up/default.aspx]error killer [/url] repair dll free registry repair software windows xp blue screen error computer optimizer  [url=http://community.naturalnews.com/members/Windows_5F00_Registry_5F00_Clean_5F00_Up/default.aspx]fix error [/url] pc error fix xp blue screen error microsof'),(37,5677,0,2,1256909898,'pharmacy tech ks laws','prahran dental warwick mcevoy [url=http://rxdrugs24x7.com/product/zebeta.html]Order Zebeta[/url] blood screening for diabetes [url=http://rxdrugs24x7.com/product/ventorlin.html]premarin generic equivalent[/url] occupational health nurse credentials http://rxdrugs24x7.com/product/eulexin.html'),(38,5677,0,2,1256912011,'new hypertension baseline','muscle videos [url=http://rxdrugs24x7.com/product/cipro.html]Order Cipro[/url] tea pot art [url=http://rxdrugs24x7.com/product/alkeran.html]diabeties diet[/url] tea cup dogs on sail http://rxdrugs24x7.com/category/cholesterol.html'),(39,5677,0,2,1256914411,'prostate cancer blood tests','infection   muscle and joint pain [url=http://rxdrugs24x7.com/product/lozol.html]Order Lozol[/url] cornell erection [url=http://rxdrugs24x7.com/product/cipro.html]newborn   high white blood cell count   causes[/url] health clubs tulsa oklahoma http://rxdrugs24x7.com/product/alphagan-2.html'),(40,5677,0,2,1256916380,'cigarette smoking men','subway sandwich weight loss [url=http://rxdrugs24x7.com/category/blood-pressure.html]Order blood pressure[/url] vomit heart [url=http://rxdrugs24x7.com/product/mevacor.html]insuredgroup dental plans[/url] music and its effects on blood pressure http://rxdrugs24x7.com/product/aygestin.html'),(41,5677,0,2,1256921379,'sherman bodybuilding show 2008','ruducinng under age smoking [url=http://rxdrugs24x7.com/category/cholesterol.html]Order cholesterol[/url] rite aid pharmacy location dc [url=http://rxdrugs24x7.com/catalogue/n.html]eyebags vitamin deficiency[/url] iso standard for medical device http://rxdrugs24x7.com/product/epivir.html'),(42,5677,0,2,1256923812,'books careers veterinary medicine','crockpot cooking turkey breast [url=http://rxdrugs24x7.com/product/actos.html]Order Actos[/url] health insurance mexico [url=http://rxdrugs24x7.com/product/lioresal.html]over exercising and kidney stones[/url] the tea leaf http://rxdrugs24x7.com/product/imodium.html'),(43,5677,0,2,1256925703,'pics of men using penis extenders','chronic fatigue syndrome sleep sweat perspire [url=http://rxdrugs24x7.com/product/augmentin.html]Order Augmentin[/url] do bananas chew gum [url=http://rxdrugs24x7.com/product/hytrin.html]womens health institute[/url] standard solutions dental consulting http://rxdrugs24x7.com/product/amaryl.html'),(44,5677,0,16,1256928412,'lists of syndrome names meanings','invstigational new drug and human studies [url=http://rxdrugs24x7.com/product/xenical.html]Order Xenical[/url] heart palpitations and gas [url=http://rxdrugs24x7.com/product/ed-discount-pack-1.html]medical associate of lancaster[/url] blood group diets group o http://rxdrugs24x7.com/category/anti-viral.html'),(45,5677,0,16,1256930625,'chinese pill making machine','health benefits of eating beets [url=http://rxdrugs24x7.com/category/birth-control.html]Order birth control[/url] merck alzheimers drug stem [url=http://rxdrugs24x7.com/product/altace.html]chewing gum biodegradable[/url] sacred heart academy pleasant http://rxdrugs24x7.com/product/cytoxan.html'),(46,5687,0,2,1256991703,'product for disabled by loan','how to calculate construction loan interest http://2apply4cash.info/privacy-policy.html sba startup loan [url=http://2apply4cash.info/faq.html]penn auto loan[/url]'),(47,5687,0,2,1256994275,'my citi residential loan','td canada trust car loan rates http://2apply4cash.info/faq.html bank of montreal student loan information [url=http://2apply4cash.info/apply.html]how to calculate student loan interest[/url]'),(48,5687,0,2,1256996921,'student loan and death of student','barclaysbnak loan http://2apply4cash.info/contactus.html continuing education loan [url=http://2apply4cash.info/]mortgage loan in ct[/url]'),(49,5710,0,2,1257152737,'department education loan payment us','nh legal rights credit card company http://nocreditcarddebts.info/debtsettlement.html how to reclaim credit card charges [url=http://nocreditcarddebts.info/faq.html]unauthorized charges to a credit card[/url]'),(50,5710,0,2,1257154815,'missouri payday loan','where credit cards can be used http://nocreditcarddebts.info/apply.html credit card processing payment systems [url=http://nocreditcarddebts.info/apply.html]buy ringtones with credit card[/url]'),(51,5710,0,2,1257157060,'bank loan effective interest rate nominal interest rate','preapproved credit cards http://nocreditcarddebts.info/contactus.html how to pay off credit cards [url=http://nocreditcarddebts.info/debtsettlement.html]apr offer credit card 0[/url]'),(52,5710,0,2,1257159120,'small business loan with bad credit','garunteed credit card http://nocreditcarddebts.info/faq.html credit card hacking free downloaads [url=http://nocreditcarddebts.info/faq.html]nextel free cellphones no credit card needed[/url]'),(53,5710,0,2,1257163511,'ada phoenix loan fund','credit card foreign exchange rates http://nocreditcarddebts.info/faq.html credit card for start up corporation [url=http://nocreditcarddebts.info/faq.html]at t universal credit card[/url]'),(54,5710,0,2,1257166114,'adjustable interest rates calculate bank balance loan reamortize','how do you peoples credit card numbers htm http://nocreditcarddebts.info/apply.html personalized credit card bottle openers [url=http://nocreditcarddebts.info/faq.html]stop credit card rip offs[/url]'),(55,5710,0,2,1257167966,'student loan planning','compare credit card rewards programs http://nocreditcarddebts.info/ no credit history visa cards [url=http://nocreditcarddebts.info/apply.html]pay bank of america credit card on line[/url]'),(56,5710,0,16,1257170331,'fast loan online secured','accept credit card without merchant account florida http://nocreditcarddebts.info/apply.html where can i get a prepaid credit card [url=http://nocreditcarddebts.info/]credit card debt facts[/url]'),(57,5710,0,16,1257172526,'my loan services','disney chase visa credit card http://nocreditcarddebts.info/privacypolicy.html free fingering sites no downloads or credit cards [url=http://nocreditcarddebts.info/privacypolicy.html]reduce credit cards[/url]'),(58,5710,0,16,1257175081,'new mexico refinance car loan','american express credit card rental insurance http://nocreditcarddebts.info/ credit cards with airline points consumer review [url=http://nocreditcarddebts.info/apply.html]instant 0 interest credit card deal[/url]'),(59,5710,0,16,1257176987,'fast loan idaho','credit card debt settlement on your own http://nocreditcarddebts.info/ teen prepaid credit card no fee [url=http://nocreditcarddebts.info/contactus.html]stopping credit cards[/url]'),(60,5730,0,16,1257267974,'loan application in karnataka','legally stop paying credit card bill http://nocreditcarddebts.info/privacypolicy.html bad credit gas credit card [url=http://nocreditcarddebts.info/apply.html]dispute a credit card charge[/url]'),(61,5730,0,16,1257270062,'flexible loan rate secured','credit cards no employment verification http://nocreditcarddebts.info/debtsettlement.html glossary of terms for credit cards [url=http://nocreditcarddebts.info/privacypolicy.html]no credit card comic sex[/url]'),(62,5779,0,2,1257628888,'Start Casino - Own An Web Casino Cash Machine','[b]Win every deal with your start a casino.[/b]      [i]The house will always win given enough time its a fact....[/i]  Beat the house and keep all the winnings and [b]start casinos...[/b]  [b]Click here to [url=http://www.startcasinoventures.com]Build Web Casino[/url][/b]  Here are some other great resources:  [url=http://osvaldohowell84.insanejournal.com/442.html]Create Web Casino[/url]  [url=http://spotback.com/users/freemandillon422]Start Online Cas'),(63,5779,0,2,1257643260,'Start Casino Today - Make Your Own Casino Fortune','[b]Never worry about losing at the casino again. Start Casino and Win Everytime.[/b]      [i]The house will always win given enough time its a fact....[/i]  Now is the time you become the house and [b]start casinos...[/b]  [b]Click here to [url=http://www.startcasinoventures.com]Start Online Casino[/url][/b]  Here are some other great resources:  [url=http://osvaldohowell847.webs.com/apps/blog/show/2062337-create-web-casino-get-rich-and-become-the-house'),(64,5779,0,2,1257657642,'Start Online Casino - Own The House And Get Ahead On Every Hand','[b]Dont lose at the casino. By starting your own casino you win everytime.[/b]      [i]Its a fact the Casino - House always wins...[/i]  Beat the house and keep all the winnings and [b]create web casino...[/b]  [b]Click here to [url=http://www.startcasinoventures.com]Start Online Casino[/url][/b]  Here are some other great resources:  [url=http://www.searchles.com/people/show/osvaldohowell847/posts]Start Online Casino[/url]  [url=http://hubpages.com/hub'),(65,5799,0,16,1257768260,'michel myers music','wedding sheet music [url=http://royalmp3.net/artist11673/kaiser-chiefs-discography/]Kaiser Chiefs[/url] intermountain acoustic music http://royalmp3.net/artist265/blackmore-s-night-discography/ jim record reeves music country http://royalmp3.net/artist1190/silent-stream-of-godless-elegy-discography/ playgirl movie reviews http://moviestrawberry.com/films/film_little_black_book/ von trapp family singers black and white movie [url=http://moviestrawberry.c'),(66,5799,0,16,1257770133,'sheet music for hot honey rag','halloween music online [url=http://royalmp3.net/artist1637/wagner--richard-discography/]Wagner, Richard[/url] chopin music etude in g flat major http://royalmp3.net/artist4449/thierry-zaboitzeff-discography/ download mp3 music boomboomboomboom vegan boys http://royalmp3.net/artist2820/end-zone-discography/ movie sweeping http://moviestrawberry.com/films/film_reversal_of_fortune/ free blockbuster movie tickets [url=http://moviestrawberry.com/films/film_f'),(67,5799,0,16,1257772021,'the tranfarance of music from private to public art','music instrument hire [url=http://royalmp3.net/artist10473/richie-sambora-discography/]Richie Sambora[/url] music al coffee mcdaniel gwen mccrae sterling williams http://royalmp3.net/artist1927/nenia-c-alladhan-discography/ music printing florence landini 1630 frescobaldi http://royalmp3.net/artist3728/the-moon-lay-hidden-beneath-the-cloud-discography/ robots movie http://moviestrawberry.com/films/film_vampitheatre/ new movie openings [url=http://movies'),(68,5799,0,16,1257774490,'gospel music lyrics the hinsons that i couldgo free','judson college department of music [url=http://royalmp3.net/artist26856/tomkins-discography/]Tomkins[/url] music santa clarita http://royalmp3.net/artist3065/al-gromer-khan-and-amelia-cuni-discography/ hosamma music http://royalmp3.net/artist3960/talamasca-discography/ movie review death sentence kevin bacon http://moviestrawberry.com/films/film_my_own_worst_enemy/ movie theater on screen advertising [url=http://moviestrawberry.com/films/film_the_philan'),(69,5856,0,16,1258126517,'music top 10 artists aust','music ringtone downloads music ringtone downloads [url=http://royalmp3.net/artist12674/damien-rice-discography/]Damien Rice[/url] music degree university toronto http://royalmp3.net/artist3866/crunchy-punch-discography/ beatles music dvd online http://royalmp3.net/artist3491/venetian-snares-discography/ movie theather http://moviestrawberry.com/hqmoviesbyyear/year_1995_high-quality-movies/?page=2 hollywood movie teacher acts a school boy lives in a tent'),(70,5856,0,16,1258128245,'blackberry online sport on mp3 download music','website for music teachers [url=http://royalmp3.net/artist37237/danko-jones-discography/]Danko Jones[/url] movie theme music extra terrestrial http://royalmp3.net/artist2689/arwen-discography/ very sexy music videos http://royalmp3.net/artist364/ancient-rites-discography/ turning green movie soundtrack http://moviestrawberry.com/films/film_through_a_blue_lens/ movie michael clayton [url=http://moviestrawberry.com/films/film_sex_and_breakfast/]raping a w'),(71,5856,0,16,1258129826,'radio city music hall htm','kiss me kate sheet music [url=http://royalmp3.net/artist20338/debodified-discography/]Debodified[/url] music videos ncis http://royalmp3.net/artist1079/tosca-discography/ bonaroo music festival 2007 http://royalmp3.net/artist2854/mandrake-discography/ history of the english language movie http://moviestrawberry.com/films/film_russell_peters_outsourced/ movie review once [url=http://moviestrawberry.com/films/film_slaughter_70/]pt 109 movie boat[/url] mov'),(72,5856,0,16,1258131882,'sheet music doyle movies','music drop down box [url=http://royalmp3.net/artist18118/darlington-discography/]Darlington[/url] taylor swift music video our song http://royalmp3.net/artist4144/christopher-franke-discography/ new music video http://royalmp3.net/artist3448/pig-destroyer-discography/ music and lyrics movie http://moviestrawberry.com/films/film_the_women/ movie 6 [url=http://moviestrawberry.com/films/film_put_put_troubles/]gay movie actors[/url] movie related itmes [url'),(73,5856,0,16,1258135644,'download 60s music','denver classical music [url=http://royalmp3.net/artist41271/luigee-trademarq-discography/]Luigee Trademarq[/url] music and arts in austin texan in january 2008 http://royalmp3.net/artist2747/peccatum-discography/ arabic music ringtones http://royalmp3.net/artist2656/dvorak--antonin-discography/ family movie reviews http://moviestrawberry.com/films/film_cracked_actor_a_film_about_david_bowie/ fat women footjob movie galleries [url=http://moviestrawberry.'),(74,5856,0,16,1258141011,'free halloween music online','women exploited in music videos [url=http://royalmp3.net/artist10851/story-of-the-year-discography/]Story Of The Year[/url] fireworks to music http://royalmp3.net/artist3721/de-vision-and-green-court-discography/ kung fu fighting music video http://royalmp3.net/artist803/chris-norman-discography/ sougou movie download http://moviestrawberry.com/films/film_three_kings/ thumbnail movie galleries [url=http://moviestrawberry.com/films/film_legally_blondes/]'),(75,5895,0,16,1258310989,'daft punk music downloads','music doctorate program [url=http://royalmp3.net/artist7383/without-face-discography/]Without Face[/url] music joss stone http://royalmp3.net/artist3852/bizzare-contact-discography/ omaha conservatory of music http://royalmp3.net/artist1279/thanateros-discography/ doggie style movie http://moviestrawberry.com/films/film_blood_the_last_vampire_70/ sample movie cumshot [url=http://moviestrawberry.com/films/film_all_the_president_s_men/]movie theaters in m'),(76,5895,0,16,1258312402,'blockbuster music','paint to music [url=http://royalmp3.net/artist22002/niels-eje-discography/]Niels Eje[/url] p diddy missing u background music http://royalmp3.net/artist1929/doro-discography/ free music downloads  no signing up http://royalmp3.net/artist1772/ilgi---rainis-discography/ antonio banderas dance movie http://moviestrawberry.com/films/film_the_venture_bros/ gay spanish movie in central america pedro [url=http://moviestrawberry.com/films/film_clear_and_present'),(77,5895,0,16,1258314001,'free crow indian music downloads','old time music wav [url=http://royalmp3.net/artist29329/modeskeletor-discography/]Modeskeletor[/url] puppet music http://royalmp3.net/artist3754/dj-quicksilver-discography/ music edit software http://royalmp3.net/artist3124/peter-davison-discography/ terminal city ricochet movie http://moviestrawberry.com/films/film_point_break/ lisbon laning movie theater show times [url=http://moviestrawberry.com/films/film_caesar_and_cleopatra/]myspace movie poster[/'),(78,5895,0,16,1258315928,'download mp3 music unlimited','music lyrics problem in contemporary culture [url=http://royalmp3.net/artist11774/morrissey-discography/]Morrissey[/url] how to convert music to wma files http://royalmp3.net/artist728/afrocelts-discography/ suzanne alexander country music http://royalmp3.net/artist1275/soundgarden-discography/ movie death at a funeral http://moviestrawberry.com/hqmoviesbygenres/download-genre_thriller-movies/?page=9 encore movie schedule [url=http://moviestrawberry.com'),(79,5895,0,16,1258319254,'listen to music of the night by phantom of the opera','yahoo videos music [url=http://royalmp3.net/artist31495/skylark-discography/]Skylark[/url] ontario music lesson plans http://royalmp3.net/artist4050/spirallianz-discography/ japan music cd imports http://royalmp3.net/artist3203/giorgio-moroder-discography/ movie nitpicks http://moviestrawberry.com/films/film_ghost_whisperer/ youku movie [url=http://moviestrawberry.com/films/film_a_clockwork_orange/]movie facing the giants[/url] freefull porn movie downl'),(80,5895,0,16,1258323912,'ferret music record','world music nashville [url=http://royalmp3.net/artist40023/paul-dianno-discography/]Paul Dianno[/url] shopping for music learning dvd in india http://royalmp3.net/artist1570/tnt-discography/ free foo fighter music downloads http://royalmp3.net/artist514/blutengel-discography/ partition the movie http://moviestrawberry.com/films/film_working_for_peanuts/ not another teen movie celina [url=http://moviestrawberry.com/films/film_zoo/]myth indian spider and'),(81,5895,0,16,1258328010,'music is in your own experience','garden state music festival [url=http://royalmp3.net/artist6778/vinyl-candy-discography/]Vinyl Candy[/url] free online music download site http://royalmp3.net/artist1518/epica-discography/ last post music http://royalmp3.net/artist1234/tuu-discography/ dark knight movie pics http://moviestrawberry.com/films/film_children_of_the_corn_666_isaac_s_return/ movie idioms [url=http://moviestrawberry.com/films/film_the_big_red_one/]fisting movie gallereis[/url]'),(82,5908,0,16,1258393212,'country music cd art','j s bach keyboard toccata sheet music [url=http://royalmp3.net/artist32560/kaleidoscope-discography/]Kaleidoscope[/url] sheet music stores chicago http://royalmp3.net/artist1356/stary-olsa-discography/ baby heartbeat music http://royalmp3.net/artist1776/astor-piazzolla-discography/ movie cessna plane crossing the atlantic http://moviestrawberry.com/easy-downloads/letter_J/?page=1 movie line wakey wakey eggs and bacy [url=http://moviestrawberry.com/films'),(83,5908,0,16,1258394973,'diamonds and guns piano music','virginia music venues [url=http://royalmp3.net/artist27470/atomic-hooligan-vs-jay-cunning-discography/]Atomic Hooligan vs Jay Cunning[/url] phantom of the opera violin music http://royalmp3.net/artist731/b-tribe-discography/ country downloads free in karaoke music htm http://royalmp3.net/artist500/feindflug-discography/ free pee movie clip http://moviestrawberry.com/films/film_3_10_to_yuma_70/ lapdance movie previews at freeones [url=http://moviestrawbe'),(84,5908,0,16,1258396613,'dark sounding christmas music','sheet music for hot honey rag [url=http://royalmp3.net/artist13111/pharaoh-discography/]Pharaoh[/url] teddy bear music http://royalmp3.net/artist4387/the-strokes-discography/ music programs for infants new york city http://royalmp3.net/artist3430/obszon-geschopf-discography/ adrian michigan movie theaters http://moviestrawberry.com/films/film_becoming_jane/ movie release datesa [url=http://moviestrawberry.com/films/film_critters_4/]killing me softly mov'),(85,5908,0,16,1258398908,'zelda music notes for alto sax','beatles alternative music [url=http://royalmp3.net/artist25860/gandalf-and-thomas-klock-discography/]Gandalf and Thomas Klock[/url] music college ill http://royalmp3.net/artist4245/steve-reich-discography/ blue grass music dell mccleary band http://royalmp3.net/artist1305/hecate-enthroned-discography/ fastest movie site free http://moviestrawberry.com/films/film_target/ misfits of science movie [url=http://moviestrawberry.com/films/film_the_autograph_ho'),(86,2,287,6,1258400279,'Re: 2010 GP Season','Flyer[attachment=0]AZ_GP_Series_2010_Final.pdf[/attachment]'),(87,5923,0,16,1259361448,'adirondack travel trailers','dog travel on airlines http://mreve.info/market/canadian-real-estate-market-versus-us fox movie schedule [url=http://mreve.info/nintendo/cd-wow-new-super-mario-brothers-nintendo-ds]cd wow new super mario brothers nintendo ds[/url] nursing international travel http://mreve.info/playstation/spiderman-for-playstation-find-compare-and-buy-at-dealtime antitrust the movie [url=http://mreve.info/nintendo/a-butterfly-medley-blog-archive-i-m-not-hip-maybe-ninten'),(88,5923,0,16,1259363431,'coach travel birmingham','commitment fees charged by travel agents http://mreve.info/movie/cologne-on-ron-burgundy-movie scary movie 2 cast list [url=http://mreve.info/market/barons-market-rancho-bernardo]barons market rancho bernardo[/url] uluru ayers rock aborigines tourism travel http://mreve.info/brilliant/ginkgo-alway-brilliant amateur free home movie porn [url=http://mreve.info/stone]stone[/url] voting in business meetings http://mreve.info/movie/forrest-gump-movie-picture'),(89,5923,0,16,1259365712,'luggage tag tips travel','medieval china from tang to song all cities travel guide http://mreve.info/stone/big-stone-county-environmental critical review of movie shrek [url=http://mreve.info/playstation/medal-of-honor-airborne-slated-for-summer-release-playstation]medal of honor airborne slated for summer release playstation[/url] bargain last minute travel http://mreve.info/brilliant/petrified-wood-from-brilliant-alabama paris texas movie [url=http://mreve.info/psp]psp[/url] f'),(91,5928,0,2,1260275424,'777Dealer.com - $3,000 OnlineCasino Bonus','[size=8]Get $3,000 New Player Welcome Bonus and Play One The House\'s Chips.[/size]  We are a brand new [b]Online Casino[/b] offering the best casino software for: Blackjack, War, Video Poker, Slots, Craps, Pai Gow and many others.  Experience The Best [url=http://www.777Dealer.com]Online Casino Bonuses[/url] [url=http://www.bestproductlineonline.info]Online Casino Games[/url]  [url=http://www.hastogostore.info]Online Casino Bonuses[/url]'),(92,5938,0,16,1265079753,'side effects of drug triamterene','hilberts pharmacy whitehall pa http://my.photofinishrecords.com/profiles/blogs/spironolactone-without-a-prior [url=http://www.trapmuzik.com/profiles/blogs/toradol-without-a-prior]cialis online pharmacy[/url] sarasota drug conviction wilson [url=http://www.digitalparents.org/profiles/blogs/nabumetone-without-a-prior]nabumetone[/url] seniors pharmacy plans http://www.digitalparents.org/profiles/blogs/dosage-without-a-prior [url=http://my.photofinishrecords.com/profiles/blogs/rythmol-without-a-prior]pharmacy buy thyroxine uk[/url] ileagel drugs [url=http://fnfarmy.lupefiasco.com/profiles/blogs/inderal-without-a-prior]inderal[/url] couch levitra http://www.lisanovalive.com/profiles/blogs/erections-online-pharmacy-no [url=http://www.digitalparents.org/profiles/blogs/nimotop-without-a-prior]compounding pharmacy versailles kentucky[/url] how long do drugs stay in body [url=http://internetpharmacy.ning.com/profiles/blogs/acidity-without-a-prior]acidity[/url] ambien drug descriptions [url=http://fnfarmy.lupefiasco.com/profiles/blogs/atacand-without-a-prior]atacand[/url]');

--
-- Table structure for table `phpbb_extension_groups`
--

CREATE TABLE `phpbb_extension_groups` (
  `group_id` mediumint(8) unsigned NOT NULL AUTO_INCREMENT,
  `group_name` varchar(255) COLLATE utf8_bin NOT NULL DEFAULT '',
  `cat_id` tinyint(2) NOT NULL DEFAULT '0',
  `allow_group` tinyint(1) unsigned NOT NULL DEFAULT '0',
  `download_mode` tinyint(1) unsigned NOT NULL DEFAULT '1',
  `upload_icon` varchar(255) COLLATE utf8_bin NOT NULL DEFAULT '',
  `max_filesize` int(20) unsigned NOT NULL DEFAULT '0',
  `allowed_forums` text COLLATE utf8_bin NOT NULL,
  `allow_in_pm` tinyint(1) unsigned NOT NULL DEFAULT '0',
  PRIMARY KEY (`group_id`)
) ENGINE=MyISAM AUTO_INCREMENT=10 DEFAULT CHARSET=utf8 COLLATE=utf8_bin;

--
-- Dumping data for table `phpbb_extension_groups`
--

INSERT INTO `phpbb_extension_groups` VALUES (1,'Images',1,1,1,'',0,'',0),(2,'Archives',0,1,1,'',0,'',0),(3,'Plain Text',0,0,1,'',0,'',0),(4,'Documents',0,1,1,'',0,'',1),(5,'Real Media',3,0,1,'',0,'',0),(6,'Windows Media',2,0,1,'',0,'',0),(7,'Flash Files',5,0,1,'',0,'',0),(8,'Quicktime Media',6,0,1,'',0,'',0),(9,'Downloadable Files',0,1,1,'',0,'',1);

--
-- Table structure for table `phpbb_extensions`
--

CREATE TABLE `phpbb_extensions` (
  `extension_id` mediumint(8) unsigned NOT NULL AUTO_INCREMENT,
  `group_id` mediumint(8) unsigned NOT NULL DEFAULT '0',
  `extension` varchar(100) COLLATE utf8_bin NOT NULL DEFAULT '',
  PRIMARY KEY (`extension_id`)
) ENGINE=MyISAM AUTO_INCREMENT=67 DEFAULT CHARSET=utf8 COLLATE=utf8_bin;

--
-- Dumping data for table `phpbb_extensions`
--

INSERT INTO `phpbb_extensions` VALUES (1,1,'gif'),(2,1,'png'),(3,1,'jpeg'),(4,1,'jpg'),(5,1,'tif'),(6,1,'tiff'),(7,1,'tga'),(8,2,'gtar'),(9,2,'gz'),(10,2,'tar'),(11,2,'zip'),(12,2,'rar'),(13,2,'ace'),(14,2,'torrent'),(15,2,'tgz'),(16,2,'bz2'),(17,2,'7z'),(18,3,'txt'),(19,3,'c'),(20,3,'h'),(21,3,'cpp'),(22,3,'hpp'),(23,3,'diz'),(24,3,'csv'),(25,3,'ini'),(26,3,'log'),(27,3,'js'),(28,3,'xml'),(29,4,'xls'),(30,4,'xlsx'),(31,4,'xlsm'),(32,4,'xlsb'),(33,4,'doc'),(34,4,'docx'),(35,4,'docm'),(36,4,'dot'),(37,4,'dotx'),(38,4,'dotm'),(39,4,'pdf'),(40,4,'ai'),(41,4,'ps'),(42,4,'ppt'),(43,4,'pptx'),(44,4,'pptm'),(45,4,'odg'),(46,4,'odp'),(47,4,'ods'),(48,4,'odt'),(49,4,'rtf'),(50,5,'rm'),(51,5,'ram'),(52,6,'wma'),(53,6,'wmv'),(54,7,'swf'),(55,8,'mov'),(56,8,'m4v'),(57,8,'m4a'),(58,8,'mp4'),(59,8,'3gp'),(60,8,'3g2'),(61,8,'qt'),(62,9,'mpeg'),(63,9,'mpg'),(64,9,'mp3'),(65,9,'ogg'),(66,9,'ogm');

--
-- Table structure for table `phpbb_forums_access`
--

CREATE TABLE `phpbb_forums_access` (
  `forum_id` mediumint(8) unsigned NOT NULL DEFAULT '0',
  `user_id` mediumint(8) unsigned NOT NULL DEFAULT '0',
  `session_id` char(32) COLLATE utf8_bin NOT NULL DEFAULT '',
  PRIMARY KEY (`forum_id`,`user_id`,`session_id`)
) ENGINE=MyISAM DEFAULT CHARSET=utf8 COLLATE=utf8_bin;

--
-- Dumping data for table `phpbb_forums_access`
--


--
-- Table structure for table `phpbb_forums_track`
--

CREATE TABLE `phpbb_forums_track` (
  `user_id` mediumint(8) unsigned NOT NULL DEFAULT '0',
  `forum_id` mediumint(8) unsigned NOT NULL DEFAULT '0',
  `mark_time` int(11) unsigned NOT NULL DEFAULT '0',
  PRIMARY KEY (`user_id`,`forum_id`)
) ENGINE=MyISAM DEFAULT CHARSET=utf8 COLLATE=utf8_bin;

--
-- Dumping data for table `phpbb_forums_track`
--

INSERT INTO `phpbb_forums_track` VALUES (58,2,1228176347),(58,0,1228176347),(64,2,1226353708),(64,0,1226353708),(53,2,1226587185),(53,0,1226587185),(54,2,1226381850),(54,0,1226381850),(56,2,1226418451),(56,0,1226418451),(2,2,1239039029),(2,0,1258943040),(61,2,1227487173),(61,0,1227487173),(78,2,1227800648),(78,0,1227800648),(79,2,1227146349),(79,0,1227146349),(62,2,1238600058),(62,0,1238600058),(84,2,1228088608),(84,0,1228088608),(72,2,1228148257),(72,0,1228148257),(85,2,1228197355),(85,0,1228197355),(86,2,1228406821),(86,0,1228406821),(88,2,1228700686),(88,0,1228700686),(92,2,1229120282),(92,0,1229120282),(95,2,1229373913),(95,0,1229373913),(96,2,1229390953),(96,0,1229390953),(98,2,1229499843),(98,0,1229499843),(99,2,1230302637),(99,0,1230302637),(102,2,1230424676),(102,0,1230424676),(97,2,1230738406),(97,0,1230738406),(110,2,1231810361),(110,0,1231810361),(112,2,1238619970),(112,0,1238619970),(114,2,1243400740),(114,0,1246395174),(118,2,1233740938),(118,0,1233740938),(119,2,1233768086),(119,0,1233768086),(120,2,1233799393),(120,0,1233799393),(122,2,1233823565),(122,0,1233823565),(123,2,1233849913),(123,0,1233849913),(124,2,1233853906),(124,0,1233853906),(188,2,1234037982),(188,0,1234037982),(248,2,1234137061),(248,0,1234137061),(266,2,1234203025),(266,0,1234203025),(354,2,1234337677),(354,0,1234337677),(1165,2,1236022180),(1165,0,1236022180),(361,2,1234657446),(361,0,1234657446),(387,2,1234580125),(387,0,1234580125),(523,2,1234813965),(523,0,1234813965),(559,2,1234866715),(559,0,1234866715),(569,2,1234883604),(569,0,1234883604),(593,2,1234916412),(593,0,1234916412),(594,2,1234917653),(594,0,1234917653),(598,2,1234922614),(598,0,1234922614),(624,2,1234966397),(624,0,1234966397),(606,2,1237903577),(606,0,1237903577),(633,2,1234981772),(633,0,1234981772),(640,2,1235013142),(640,0,1235013142),(579,2,1235017200),(579,0,1235017200),(641,2,1235049698),(641,0,1235049698),(642,2,1235071363),(642,0,1235071363),(643,2,1235073185),(643,0,1235073185),(646,2,1235107926),(646,0,1235107926),(674,2,1235173301),(674,0,1235173301),(688,2,1235198766),(688,0,1235198766),(690,2,1235210795),(690,0,1235210795),(711,2,1235247153),(711,0,1235247153),(723,2,1239054271),(723,0,1239054982),(795,2,1235398500),(795,0,1235398500),(851,2,1235505431),(851,0,1235505431),(854,2,1235507738),(854,0,1235507738),(872,2,1235537470),(872,0,1235537470),(891,2,1235562896),(891,0,1235562896),(914,2,1235605135),(914,0,1235605135),(930,2,1235635522),(930,0,1235635522),(939,2,1235650136),(939,0,1235650136),(942,2,1235654322),(942,0,1235654322),(989,2,1235735951),(989,0,1235735951),(1066,2,1235863539),(1066,0,1235863539),(965,2,1235920273),(965,0,1235920273),(1169,2,1236029505),(1169,0,1236029505),(1182,2,1236049107),(1182,0,1236049107),(1266,2,1236162037),(1266,0,1236162037),(888,2,1236172837),(888,0,1236172837),(1316,2,1236235361),(1316,0,1236235361),(1247,2,1236883414),(1247,0,1236883414),(1333,2,1236257490),(1333,0,1236257490),(1357,2,1236296564),(1357,0,1236296564),(1365,2,1236307916),(1365,0,1245625622),(1373,2,1236319104),(1373,0,1236319104),(1394,2,1236356104),(1394,0,1236356104),(1411,2,1236375197),(1411,0,1236375197),(1448,2,1236444585),(1448,0,1236444585),(1461,2,1236460539),(1461,0,1236460539),(1465,2,1236469409),(1465,0,1236469409),(1467,2,1236478110),(1467,0,1236478110),(1469,2,1236492887),(1469,0,1236492887),(1474,2,1236524647),(1474,0,1236524647),(1354,2,1237042078),(1354,0,1237042078),(1536,2,1236621849),(1536,0,1236621849),(1545,2,1236620344),(1545,0,1236620344),(1562,2,1236628905),(1562,0,1236628905),(1584,2,1236643127),(1584,0,1236643127),(1588,2,1236714588),(1588,0,1236714588),(1590,2,1236640881),(1590,0,1236640881),(1601,2,1236646513),(1601,0,1236646513),(1627,2,1236659882),(1627,0,1236659882),(1640,2,1236665583),(1640,0,1243442765),(1700,2,1236693196),(1700,0,1236693196),(1715,2,1236698786),(1715,0,1236698786),(1730,2,1236704334),(1730,0,1236704334),(1743,2,1236709139),(1743,0,1236709139),(1816,2,1236743979),(1816,0,1236743979),(1864,2,1236762644),(1864,0,1236762644),(1712,2,1236772953),(1712,0,1236772953),(1693,2,1236773005),(1693,0,1236773005),(1926,2,1236792088),(1926,0,1236792088),(1981,2,1236816135),(1981,0,1236816135),(2080,2,1236854973),(2080,0,1236854973),(442,2,1236859589),(442,0,1236859589),(2201,2,1236899807),(2201,0,1236899807),(2327,2,1236972840),(2327,0,1236972840),(2456,2,1237043521),(2456,0,1237043521),(1413,2,1237063591),(1413,0,1237063591),(2531,2,1237067315),(2531,0,1237067315),(2865,2,1237182562),(2865,0,1237182562),(2483,2,1237219601),(2483,0,1237219601),(3023,2,1237350849),(3023,0,1237350849),(3197,2,1237314079),(3197,0,1237314079),(3158,2,1237355489),(3158,0,1237355489),(3217,2,1237365871),(3217,0,1237365871),(3336,2,1237370872),(3336,0,1237370872),(3363,2,1237381442),(3363,0,1237381442),(3441,2,1237410938),(3441,0,1237410938),(3999,2,1237622494),(3999,0,1237622494),(4135,2,1237678587),(4135,0,1237678587),(3890,2,1237787084),(3890,0,1237787084),(4194,2,1237809290),(4194,0,1237809290),(4222,2,1237771056),(4222,0,1237771056),(4383,2,1237813911),(4383,0,1237813911),(4388,2,1237816664),(4388,0,1237816664),(4393,2,1237821590),(4393,0,1237821590),(3526,2,1237851983),(3526,0,1237851983),(114,3,1238519776),(114,4,1238523700),(2,14,1238522616),(2,18,1238525331),(4945,2,1246845181),(4490,15,1238552493),(4490,0,1238552493),(2,15,1258943040),(59,15,1238600551),(59,0,1238600551),(4495,15,1238605207),(4495,0,1238605207),(5383,2,1253879304),(93,2,1238644163),(93,0,1238644245),(4501,6,1238710977),(4501,0,1244689778),(5356,0,1253647774),(5356,2,1253647774),(4460,0,1253249540),(4460,18,1238651231),(4460,14,1238651382),(4941,0,1246738367),(4501,4,1238711101),(4501,3,1238711402),(4501,13,1238712125),(4523,18,1238977438),(4523,0,1238977438),(723,10,1239054982),(2,20,1239124187),(114,20,1245105495),(4525,4,1239239646),(4525,0,1239239646),(121,2,1239243331),(121,0,1239243331),(4540,6,1239246231),(4540,0,1239246231),(4460,2,1239777451),(4541,2,1239252017),(4541,0,1239252017),(4543,15,1239302048),(4543,0,1239302048),(4544,16,1239307474),(4544,0,1239307474),(2463,2,1239435087),(2463,4,1239405423),(2463,6,1239405423),(2463,15,1239405423),(2463,10,1239405423),(2463,13,1239405423),(2463,20,1239405423),(5441,22,1254651625),(5430,2,1254533162),(5355,0,1253598170),(2463,18,1239405423),(4941,2,1246738367),(5325,0,1253207501),(2463,12,1239405423),(2463,3,1239405423),(2463,14,1239405423),(2463,16,1239405423),(2463,0,1239435087),(4460,20,1239436372),(5341,6,1253405182),(5341,0,1253405490),(57,0,1239731811),(4587,2,1239915718),(4587,0,1239915718),(114,14,1246330048),(4623,2,1240238126),(4623,4,1240238126),(4623,6,1240238126),(4623,22,1240238126),(4623,15,1240238126),(4623,10,1240238126),(4623,13,1240238126),(4623,20,1240238126),(5441,4,1254651593),(5422,0,1254449870),(5355,2,1253598170),(4623,18,1240238126),(4926,0,1246400368),(5341,2,1253405088),(5325,2,1253207501),(4623,12,1240238126),(4623,3,1240238126),(4623,14,1240238126),(4623,16,1240238126),(4623,0,1240238126),(114,22,1245896659),(5422,2,1254449870),(4645,2,1240461467),(4645,4,1240461467),(4645,6,1240461467),(4645,22,1240461467),(4645,15,1240461467),(4645,10,1240461467),(4645,13,1240461467),(4645,20,1240461467),(5441,6,1254651553),(5420,0,1254366206),(5348,0,1253529947),(4645,18,1240461467),(4926,10,1246400368),(5337,0,1253339400),(5323,0,1253180493),(4645,12,1240461467),(4645,3,1240461467),(4645,14,1240461467),(4645,16,1240461467),(4645,0,1240461467),(4644,2,1240462220),(4644,4,1240462220),(4644,6,1240462220),(4644,22,1240462220),(4644,15,1240462220),(4644,10,1240462220),(4644,13,1240462220),(4644,20,1240462220),(5441,0,1254651958),(5420,2,1254366206),(5348,2,1253529947),(4644,18,1240462220),(114,23,1246395174),(5337,2,1253339400),(5323,2,1253180493),(4644,12,1240462220),(4644,3,1240462220),(4644,14,1240462220),(4644,16,1240462220),(4644,0,1240462220),(5419,0,1254356586),(4460,16,1253249540),(4460,22,1243716966),(4672,2,1240809737),(4672,4,1240809737),(4672,6,1240809737),(4672,22,1240809737),(4672,15,1240809737),(4672,10,1240809737),(4672,13,1240809737),(4672,20,1240809737),(5441,2,1254651521),(5419,2,1254356586),(5344,0,1253468684),(4672,18,1240809737),(66,16,1246327896),(5333,0,1253294649),(5321,0,1253130315),(4672,12,1240809737),(4672,3,1240809737),(4672,14,1240809737),(4672,16,1240809737),(4672,0,1240809737),(4674,4,1240948019),(4674,0,1240948019),(4675,2,1240885350),(4675,0,1240885350),(4674,10,1240924613),(4684,4,1241192786),(4684,0,1241192786),(4628,22,1241360469),(4628,0,1241360469),(4696,2,1241558106),(4696,0,1241843951),(4701,2,1241667681),(4701,4,1241667681),(4701,6,1241667681),(4701,22,1241667681),(4701,15,1241667681),(4701,10,1241667681),(4701,13,1241667681),(4701,20,1241667681),(4796,10,1254616871),(5395,0,1254036795),(5344,2,1253468684),(4701,18,1241667681),(66,14,1246327525),(5333,3,1253294649),(5321,2,1253130315),(4701,12,1241667681),(4701,3,1241667681),(4701,14,1241667681),(4701,16,1241667681),(4701,0,1241667681),(4696,15,1241843951),(5329,0,1253260064),(104,0,1242652562),(5315,0,1253041872),(104,16,1242652523),(104,14,1242652562),(4722,2,1242673687),(4722,4,1242673687),(4722,6,1242673687),(4722,22,1242673687),(4722,15,1242673687),(4722,10,1242673687),(4722,13,1242673687),(4722,20,1242673687),(4796,0,1254616871),(5395,2,1254036795),(5342,0,1253437993),(4722,18,1242673687),(66,0,1246327896),(5329,2,1253260064),(5315,2,1253041872),(4722,12,1242673687),(4722,3,1242673687),(4722,14,1242673687),(4722,16,1242673687),(4722,0,1242673687),(4748,2,1242905891),(4748,4,1242905891),(4748,6,1242905891),(4748,22,1242905891),(4748,15,1242905891),(4748,10,1242905891),(4748,13,1242905891),(4748,20,1242905891),(4796,4,1254612390),(5386,0,1253909226),(5342,2,1253437993),(4748,18,1242905891),(5312,0,1253007535),(4460,15,1253249386),(5312,2,1253007535),(4748,12,1242905891),(4748,3,1242905891),(4748,14,1242905891),(4748,16,1242905891),(4748,0,1242905891),(4460,10,1248227752),(4759,10,1243214984),(4759,0,1243214984),(4767,6,1243378191),(4767,0,1243378191),(4769,2,1243342030),(4769,0,1258258428),(1640,16,1243442765),(4781,2,1243461032),(4781,0,1243461032),(4769,4,1245558259),(4769,10,1243872986),(4769,16,1258258428),(4828,2,1244049932),(4828,0,1244049932),(4803,6,1244157126),(4803,0,1244157126),(4838,2,1244527047),(4838,0,1244527047),(4843,2,1244671161),(4843,0,1244671161),(4501,16,1244689778),(4855,2,1244903917),(4855,0,1244903917),(114,16,1246329040),(4862,2,1245136864),(4862,0,1245136864),(1365,22,1245625622),(4897,2,1246062345),(4897,0,1246062345),(4945,0,1246845181),(4948,2,1247013797),(4948,0,1247013797),(4952,2,1247092354),(4952,0,1247092354),(4954,2,1247165067),(4954,0,1247165067),(4960,2,1247263515),(4960,0,1247263515),(4963,2,1247348538),(4963,0,1247348538),(4976,16,1247617653),(4976,0,1247617653),(4991,2,1247785046),(4991,0,1247785046),(4993,2,1247941413),(4993,0,1247941413),(5028,2,1248695758),(5028,0,1248695758),(5030,2,1248729643),(5030,0,1248729643),(5037,2,1248848704),(5037,0,1248848704),(5041,20,1248904232),(5041,0,1248904232),(5042,2,1248909356),(5042,0,1248909356),(5063,2,1249251408),(5063,0,1249251408),(5064,2,1249288990),(5064,0,1249288990),(5125,2,1249954849),(5125,0,1249954849),(5126,2,1249976922),(5126,0,1249976922),(5128,2,1249998054),(5128,0,1249998054),(5131,2,1250047884),(5131,0,1250047884),(5145,2,1250192586),(5145,0,1250192586),(5158,2,1250461052),(5158,0,1250461052),(5167,2,1250654348),(5167,0,1250654953),(5167,6,1250654383),(5167,4,1250654416),(5167,22,1250654450),(5167,15,1250654488),(5167,10,1250654522),(5167,13,1250654561),(5167,20,1250654593),(5435,0,1254592349),(5386,2,1253909226),(5341,22,1253405490),(5167,18,1250654736),(5327,0,1253235113),(5310,0,1252959804),(5167,12,1250654848),(5167,3,1250654881),(5167,14,1250654919),(5167,16,1250654953),(5191,2,1251121505),(5191,0,1251122169),(5191,6,1251121541),(5191,4,1251121577),(5191,22,1251121612),(5191,15,1251121652),(5191,10,1251121691),(5191,13,1251121739),(5191,20,1251121775),(5435,2,1254592349),(5383,0,1253879304),(5341,10,1253405411),(5191,18,1251121935),(5327,2,1253235113),(5310,2,1252959804),(5191,12,1251122056),(5191,3,1251122090),(5191,14,1251122133),(5191,16,1251122169),(5223,2,1251594012),(5223,0,1251594012),(5230,2,1251745380),(5230,0,1251745380),(5240,2,1251914339),(5240,0,1251914339),(5248,2,1251977009),(5248,0,1251977009),(5250,2,1252040943),(5250,0,1252040943),(5251,2,1252076091),(5251,0,1252076091),(5252,2,1252105595),(5252,0,1252105595),(5264,2,1252272157),(5264,0,1252272157),(5272,2,1252333103),(5272,0,1252333103),(5280,2,1252460514),(5280,0,1252460514),(5281,2,1252462794),(5281,0,1252462794),(5283,2,1252490905),(5283,0,1252490905),(5430,0,1254533162),(5286,2,1252529234),(5286,0,1252529234),(5288,2,1252559363),(5288,0,1252559363),(5290,2,1252587970),(5290,0,1252587970),(5293,2,1252621537),(5293,0,1252621537),(5296,2,1252679688),(5296,0,1252679688),(5299,2,1252746916),(5299,0,1252746916),(5303,12,1252767051),(5303,0,1252767051),(5304,2,1252872217),(5304,0,1252872217),(5307,2,1252920794),(5307,0,1252920794),(5441,15,1254651665),(5441,10,1254651697),(5441,13,1254651739),(5441,20,1254651771),(5441,18,1254651809),(5441,12,1254651843),(5441,3,1254651888),(5441,14,1254651921),(5441,16,1254651958),(5448,2,1254735957),(5448,0,1254735957),(5461,2,1254954751),(5461,0,1254954751),(5473,2,1255087181),(5473,0,1255087181),(5484,2,1255175726),(5484,0,1255175726),(5508,6,1255376308),(5508,0,1255376308),(5512,2,1255395931),(5512,0,1255395931),(5518,2,1255570244),(5518,0,1255570244),(5540,2,1255695101),(5540,0,1255695101),(5535,2,1255721461),(5535,0,1255721461),(5551,2,1255879216),(5551,0,1255879216),(5562,2,1255972140),(5562,0,1255972140),(5564,2,1255980911),(5564,0,1255980911),(5567,2,1256015379),(5567,0,1256015379),(5575,2,1256084384),(5575,0,1256084384),(5428,3,1256125658),(5428,0,1256125658),(5587,2,1256185579),(5587,0,1256185579),(5584,2,1256257408),(5584,0,1256257408),(5604,2,1256344057),(5604,0,1256344057),(5605,2,1256392985),(5605,0,1256392985),(5614,2,1256448298),(5614,0,1256448298),(5619,2,1256482957),(5619,0,1256482957),(5620,2,1256491579),(5620,0,1256491579),(5623,2,1256519995),(5623,0,1256519995),(5625,2,1256525409),(5625,0,1256525409),(5627,2,1256589444),(5627,0,1256589444),(5635,2,1256608010),(5635,0,1256608010),(5636,2,1256609013),(5636,0,1256609013),(5640,2,1256635452),(5640,0,1256635452),(5647,2,1256698136),(5647,0,1256698136),(5650,2,1256710594),(5650,0,1256710594),(5655,2,1256741429),(5655,0,1256741429),(5664,2,1256807633),(5664,0,1256807633),(5667,2,1256836206),(5667,0,1256836598),(5667,6,1256836237),(5667,4,1256836268),(5667,22,1256836298),(5667,15,1256836334),(5667,10,1256836366),(5667,13,1256836401),(5667,20,1256836431),(5667,18,1256836466),(5667,12,1256836496),(5667,3,1256836532),(5667,14,1256836563),(5667,16,1256836598),(5672,2,1256853339),(5672,0,1256853339),(5677,2,1256874396),(5677,0,1256874798),(5677,6,1256874427),(5677,4,1256874459),(5677,22,1256874490),(5677,15,1256874526),(5677,10,1256874558),(5677,13,1256874594),(5677,20,1256874625),(5677,18,1256874661),(5677,12,1256874692),(5677,3,1256874730),(5677,14,1256874761),(5677,16,1256874798),(5680,2,1256888627),(5680,0,1256889293),(5680,6,1256888798),(5680,4,1256888895),(5680,22,1256889011),(5680,15,1256889118),(5680,10,1256889230),(5680,13,1256889293),(5685,2,1256931152),(5685,0,1256931152),(5687,2,1256941764),(5687,0,1256942154),(5687,6,1256941795),(5687,4,1256941826),(5687,22,1256941857),(5687,15,1256941892),(5687,10,1256941922),(5687,13,1256941957),(5687,20,1256941987),(5687,18,1256942022),(5687,12,1256942052),(5687,3,1256942088),(5687,14,1256942118),(5687,16,1256942154),(5689,2,1256951893),(5689,0,1256951893),(5694,2,1256997780),(5694,0,1256997780),(5695,2,1257009656),(5695,0,1257010061),(5695,6,1257009687),(5695,4,1257009719),(5695,22,1257009753),(5695,15,1257009790),(5695,10,1257009821),(5695,13,1257009857),(5695,20,1257009888),(5695,18,1257009925),(5695,12,1257009956),(5695,3,1257009994),(5695,14,1257010025),(5695,16,1257010061),(5697,2,1257023823),(5697,0,1257023823),(5700,2,1257101798),(5700,0,1257101798),(5710,6,1257123523),(5710,0,1257123883),(5710,4,1257123554),(5710,22,1257123585),(5710,15,1257123620),(5710,10,1257123650),(5710,13,1257123686),(5710,20,1257123716),(5710,18,1257123751),(5710,12,1257123782),(5710,3,1257123817),(5710,14,1257123848),(5710,16,1257123883),(5712,2,1257140782),(5712,0,1257140782),(5715,15,1257154560),(5715,0,1257157009),(5715,2,1257155127),(5715,18,1257155679),(5715,10,1257156487),(5715,20,1257156043),(5715,3,1257156662),(5715,16,1257157009),(5721,2,1257182808),(5721,0,1257182808),(5722,6,1257189215),(5722,0,1257189572),(5722,4,1257189246),(5722,22,1257189277),(5722,15,1257189311),(5722,10,1257189342),(5722,13,1257189376),(5722,20,1257189407),(5722,18,1257189441),(5722,12,1257189472),(5722,3,1257189507),(5722,14,1257189537),(5722,16,1257189572),(5730,2,1257222683),(5730,0,1257223072),(5730,6,1257222713),(5730,4,1257222744),(5730,22,1257222775),(5730,15,1257222810),(5730,10,1257222841),(5730,13,1257222875),(5730,20,1257222906),(5730,18,1257222940),(5730,12,1257222971),(5730,3,1257223006),(5730,14,1257223037),(5730,16,1257223072),(5738,2,1257269242),(5738,0,1257269242),(5742,2,1257297808),(5742,0,1257297808),(5744,2,1257310867),(5744,0,1257311423),(5744,6,1257310914),(5744,4,1257310960),(5744,22,1257311005),(5744,15,1257311060),(5744,10,1257311105),(5744,13,1257311152),(5744,20,1257311186),(5744,18,1257311237),(5744,12,1257311272),(5744,3,1257311332),(5744,14,1257311376),(5744,16,1257311423),(5745,2,1257312658),(5745,0,1257312658),(5750,2,1257340837),(5750,0,1257340837),(5755,4,1257359174),(5755,0,1257359174),(5761,2,1257407684),(5761,0,1257407684),(5767,2,1257442943),(5767,0,1257442943),(5771,2,1257537733),(5771,0,1257537733),(5778,2,1257556471),(5778,0,1257556471),(5779,2,1257563735),(5779,0,1257563735),(5780,2,1257568799),(5780,0,1257569283),(5780,6,1257568832),(5780,4,1257568881),(5780,22,1257568922),(5780,15,1257568959),(5780,10,1257568993),(5780,13,1257569040),(5780,20,1257569079),(5780,18,1257569122),(5780,12,1257569158),(5780,3,1257569203),(5780,14,1257569238),(5780,16,1257569283),(5799,2,1257700933),(5799,0,1257701437),(5799,6,1257700971),(5799,4,1257701017),(5799,22,1257701056),(5799,15,1257701104),(5799,10,1257701148),(5799,13,1257701189),(5799,20,1257701232),(5799,18,1257701278),(5799,12,1257701315),(5799,3,1257701354),(5799,14,1257701387),(5799,16,1257701437),(5815,2,1257787403),(5815,0,1257787403),(5824,2,1257891088),(5824,0,1257891088),(5827,2,1257963040),(5827,0,1257963040),(5841,2,1258005299),(5841,0,1258005299),(5848,2,1258049806),(5848,0,1258050193),(5848,6,1258049840),(5848,4,1258049881),(5848,22,1258049920),(5848,15,1258049967),(5848,10,1258050012),(5848,13,1258050052),(5848,20,1258050086),(5848,18,1258050122),(5848,12,1258050155),(5848,3,1258050193),(5856,2,1258086463),(5856,0,1258086978),(5856,6,1258086504),(5856,4,1258086538),(5856,22,1258086573),(5856,15,1258086621),(5856,10,1258086664),(5856,13,1258086708),(5856,20,1258086750),(5856,18,1258086797),(5856,12,1258086839),(5856,3,1258086886),(5856,14,1258086929),(5856,16,1258086978),(5872,2,1258162985),(5872,0,1258162985),(5880,3,1258204861),(5880,0,1258204861),(5876,2,1258223948),(5876,0,1258223948),(5895,2,1258262244),(5895,0,1258262793),(5895,6,1258262295),(5895,4,1258262341),(5895,22,1258262375),(5895,15,1258262424),(5895,10,1258262467),(5895,13,1258262521),(5895,20,1258262562),(5895,18,1258262607),(5895,12,1258262654),(5895,3,1258262703),(5895,14,1258262746),(5895,16,1258262793),(5908,2,1258344837),(5908,0,1258345363),(5908,6,1258344878),(5908,4,1258344931),(5908,22,1258344975),(5908,15,1258345034),(5908,10,1258345075),(5908,13,1258345117),(5908,20,1258345154),(5908,18,1258345195),(5908,12,1258345233),(5908,3,1258345287),(5908,14,1258345321),(5908,16,1258345363),(2,24,1258402220),(5920,15,1258435629),(5920,0,1258435965),(5920,10,1258435671),(5920,13,1258435712),(5920,20,1258435757),(5920,18,1258435797),(5920,12,1258435831),(5920,3,1258435877),(5920,14,1258435920),(5920,16,1258435965),(5921,3,1258555044),(5921,0,1258555044),(5922,15,1258680314),(5922,0,1258680314),(5923,2,1259358980),(5923,0,1259359577),(5923,23,1259359025),(5923,6,1259359066),(5923,4,1259359115),(5923,24,1259359148),(5923,22,1259359194),(5923,15,1259359238),(5923,10,1259359274),(5923,13,1259359314),(5923,20,1259359356),(5923,18,1259359394),(5923,12,1259359442),(5923,3,1259359487),(5923,14,1259359536),(5923,16,1259359577),(5924,4,1259524218),(5924,0,1259524218),(5927,2,1260251478),(5927,0,1260251478),(5928,2,1260271331),(5928,0,1260271331),(5931,6,1262627244),(5931,0,1262627244),(5934,2,1264388903),(5934,0,1264388903),(5938,2,1265077821),(5938,0,1265078690),(5938,23,1265077888),(5938,6,1265077949),(5938,4,1265078038),(5938,24,1265078082),(5938,22,1265078170),(5938,15,1265078224),(5938,10,1265078286),(5938,13,1265078336),(5938,20,1265078390),(5938,18,1265078434),(5938,12,1265078510),(5938,3,1265078562),(5938,14,1265078635),(5938,16,1265078690),(5939,2,1265183361),(5939,0,1265184415),(5939,23,1265183431),(5939,6,1265183491),(5939,4,1265183577),(5939,24,1265183649),(5939,22,1265183719),(5939,15,1265183800),(5939,10,1265183878),(5939,13,1265183928),(5939,20,1265184013),(5939,18,1265184080),(5939,12,1265184169),(5939,3,1265184260),(5939,14,1265184350),(5939,16,1265184415),(5945,3,1269711707),(5945,0,1271968784),(5945,2,1269528083),(5945,6,1269776720),(5945,4,1271151172),(5945,24,1271800294),(5950,2,1271824060),(5950,0,1271824060),(5945,20,1271968784);

--
-- Table structure for table `phpbb_forums_watch`
--

CREATE TABLE `phpbb_forums_watch` (
  `forum_id` mediumint(8) unsigned NOT NULL DEFAULT '0',
  `user_id` mediumint(8) unsigned NOT NULL DEFAULT '0',
  `notify_status` tinyint(1) unsigned NOT NULL DEFAULT '0',
  KEY `forum_id` (`forum_id`),
  KEY `user_id` (`user_id`),
  KEY `notify_stat` (`notify_status`)
) ENGINE=MyISAM DEFAULT CHARSET=utf8 COLLATE=utf8_bin;

--
-- Dumping data for table `phpbb_forums_watch`
--

INSERT INTO `phpbb_forums_watch` VALUES (2,114,1),(4,114,1),(6,114,1),(15,114,1),(10,114,1),(13,114,1),(12,114,1),(16,114,1),(18,114,1);

--
-- Table structure for table `phpbb_groups`
--

CREATE TABLE `phpbb_groups` (
  `group_id` mediumint(8) unsigned NOT NULL AUTO_INCREMENT,
  `group_type` tinyint(4) NOT NULL DEFAULT '1',
  `group_founder_manage` tinyint(1) unsigned NOT NULL DEFAULT '0',
  `group_name` varchar(255) COLLATE utf8_bin NOT NULL DEFAULT '',
  `group_desc` text COLLATE utf8_bin NOT NULL,
  `group_desc_bitfield` varchar(255) COLLATE utf8_bin NOT NULL DEFAULT '',
  `group_desc_options` int(11) unsigned NOT NULL DEFAULT '7',
  `group_desc_uid` varchar(8) COLLATE utf8_bin NOT NULL DEFAULT '',
  `group_display` tinyint(1) unsigned NOT NULL DEFAULT '0',
  `group_avatar` varchar(255) COLLATE utf8_bin NOT NULL DEFAULT '',
  `group_avatar_type` tinyint(2) NOT NULL DEFAULT '0',
  `group_avatar_width` smallint(4) unsigned NOT NULL DEFAULT '0',
  `group_avatar_height` smallint(4) unsigned NOT NULL DEFAULT '0',
  `group_rank` mediumint(8) unsigned NOT NULL DEFAULT '0',
  `group_colour` varchar(6) COLLATE utf8_bin NOT NULL DEFAULT '',
  `group_sig_chars` mediumint(8) unsigned NOT NULL DEFAULT '0',
  `group_receive_pm` tinyint(1) unsigned NOT NULL DEFAULT '0',
  `group_message_limit` mediumint(8) unsigned NOT NULL DEFAULT '0',
  `group_legend` tinyint(1) unsigned NOT NULL DEFAULT '1',
  `group_max_recipients` mediumint(8) NOT NULL,
  PRIMARY KEY (`group_id`),
  KEY `group_legend_name` (`group_legend`,`group_name`)
) ENGINE=MyISAM AUTO_INCREMENT=7 DEFAULT CHARSET=utf8 COLLATE=utf8_bin;

--
-- Dumping data for table `phpbb_groups`
--

INSERT INTO `phpbb_groups` VALUES (1,3,0,'GUESTS','','',7,'',0,'',0,0,0,0,'',0,0,0,0,0),(2,3,0,'REGISTERED','','',7,'',0,'',0,0,0,0,'',0,0,0,0,0),(3,3,0,'REGISTERED_COPPA','','',7,'',0,'',0,0,0,0,'',0,0,0,0,0),(4,3,0,'GLOBAL_MODERATORS','','',7,'',0,'',0,0,0,0,'00AA00',0,0,0,1,0),(5,3,1,'ADMINISTRATORS','','',7,'',0,'',0,0,0,0,'AA0000',0,0,0,1,0),(6,3,0,'BOTS','','',7,'',0,'',0,0,0,0,'9E8DA7',0,0,0,0,0);

--
-- Table structure for table `phpbb_icons`
--

CREATE TABLE `phpbb_icons` (
  `icons_id` mediumint(8) unsigned NOT NULL AUTO_INCREMENT,
  `icons_url` varchar(255) COLLATE utf8_bin NOT NULL DEFAULT '',
  `icons_width` tinyint(4) NOT NULL DEFAULT '0',
  `icons_height` tinyint(4) NOT NULL DEFAULT '0',
  `icons_order` mediumint(8) unsigned NOT NULL DEFAULT '0',
  `display_on_posting` tinyint(1) unsigned NOT NULL DEFAULT '1',
  PRIMARY KEY (`icons_id`),
  KEY `display_on_posting` (`display_on_posting`)
) ENGINE=MyISAM AUTO_INCREMENT=11 DEFAULT CHARSET=utf8 COLLATE=utf8_bin;

--
-- Dumping data for table `phpbb_icons`
--

INSERT INTO `phpbb_icons` VALUES (1,'misc/fire.gif',16,16,1,1),(2,'smile/redface.gif',16,16,9,1),(3,'smile/mrgreen.gif',16,16,10,1),(4,'misc/heart.gif',16,16,4,1),(5,'misc/star.gif',16,16,2,1),(6,'misc/radioactive.gif',16,16,3,1),(7,'misc/thinking.gif',16,16,5,1),(8,'smile/info.gif',16,16,8,1),(9,'smile/question.gif',16,16,6,1),(10,'smile/alert.gif',16,16,7,1);

--
-- Table structure for table `phpbb_lang`
--

CREATE TABLE `phpbb_lang` (
  `lang_id` tinyint(4) NOT NULL AUTO_INCREMENT,
  `lang_iso` varchar(30) COLLATE utf8_bin NOT NULL DEFAULT '',
  `lang_dir` varchar(30) COLLATE utf8_bin NOT NULL DEFAULT '',
  `lang_english_name` varchar(100) COLLATE utf8_bin NOT NULL DEFAULT '',
  `lang_local_name` varchar(255) COLLATE utf8_bin NOT NULL DEFAULT '',
  `lang_author` varchar(255) COLLATE utf8_bin NOT NULL DEFAULT '',
  PRIMARY KEY (`lang_id`),
  KEY `lang_iso` (`lang_iso`)
) ENGINE=MyISAM AUTO_INCREMENT=2 DEFAULT CHARSET=utf8 COLLATE=utf8_bin;

--
-- Dumping data for table `phpbb_lang`
--

INSERT INTO `phpbb_lang` VALUES (1,'en','en','British English','British English','phpBB Group');

--
-- Table structure for table `phpbb_log`
--

CREATE TABLE `phpbb_log` (
  `log_id` mediumint(8) unsigned NOT NULL AUTO_INCREMENT,
  `log_type` tinyint(4) NOT NULL DEFAULT '0',
  `user_id` mediumint(8) unsigned NOT NULL DEFAULT '0',
  `forum_id` mediumint(8) unsigned NOT NULL DEFAULT '0',
  `topic_id` mediumint(8) unsigned NOT NULL DEFAULT '0',
  `reportee_id` mediumint(8) unsigned NOT NULL DEFAULT '0',
  `log_ip` varchar(40) COLLATE utf8_bin NOT NULL DEFAULT '',
  `log_time` int(11) unsigned NOT NULL DEFAULT '0',
  `log_operation` text COLLATE utf8_bin NOT NULL,
  `log_data` mediumtext COLLATE utf8_bin NOT NULL,
  PRIMARY KEY (`log_id`),
  KEY `log_type` (`log_type`),
  KEY `forum_id` (`forum_id`),
  KEY `topic_id` (`topic_id`),
  KEY `reportee_id` (`reportee_id`),
  KEY `user_id` (`user_id`)
) ENGINE=MyISAM AUTO_INCREMENT=1241 DEFAULT CHARSET=utf8 COLLATE=utf8_bin;

--
-- Dumping data for table `phpbb_log`
--

INSERT INTO `phpbb_log` VALUES (1,0,2,0,0,0,'98.174.235.34',1225415621,'LOG_INSTALL_INSTALLED','a:1:{i:0;s:5:\"3.0.2\";}'),(2,0,2,0,0,0,'98.174.235.34',1225415708,'LOG_RESET_ONLINE',''),(3,0,2,0,0,0,'98.174.235.34',1225415762,'LOG_TEMPLATE_ADD_FS','a:1:{i:0;s:10:\"subsilver2\";}'),(4,0,2,0,0,0,'98.174.235.34',1225415762,'LOG_THEME_ADD_FS','a:1:{i:0;s:10:\"subsilver2\";}'),(5,0,2,0,0,0,'98.174.235.34',1225415763,'LOG_IMAGESET_ADD_FS','a:1:{i:0;s:10:\"subsilver2\";}'),(6,0,2,0,0,0,'98.174.235.34',1225415763,'LOG_STYLE_ADD','a:1:{i:0;s:10:\"subsilver2\";}'),(7,0,2,0,0,0,'98.174.235.34',1225416105,'LOG_CONFIG_SETTINGS',''),(8,0,2,0,0,0,'98.174.235.34',1225416115,'LOG_TEMPLATE_ADD_FS','a:1:{i:0;s:5:\"Bl@ck\";}'),(9,0,2,0,0,0,'98.174.235.34',1225416115,'LOG_THEME_ADD_DB','a:1:{i:0;s:5:\"Bl@ck\";}'),(10,0,2,0,0,0,'98.174.235.34',1225416115,'LOG_IMAGESET_ADD_FS','a:1:{i:0;s:5:\"Bl@ck\";}'),(11,0,2,0,0,0,'98.174.235.34',1225416115,'LOG_STYLE_ADD','a:1:{i:0;s:5:\"Bl@ck\";}'),(12,0,2,0,0,0,'98.174.235.34',1225416125,'LOG_CONFIG_SETTINGS',''),(13,0,2,0,0,0,'98.174.235.34',1225416224,'LOG_RESET_DATE',''),(14,0,2,0,0,0,'98.174.235.34',1225416251,'LOG_CONFIG_SETTINGS',''),(15,0,2,0,0,0,'98.174.235.34',1225416323,'LOG_CONFIG_REGISTRATION',''),(16,0,2,0,0,0,'98.174.235.34',1225418536,'LOG_THEME_EDIT','a:2:{i:0;s:5:\"Bl@ck\";i:1;s:0:\"\";}'),(17,0,2,0,0,0,'98.174.235.34',1225418632,'LOG_THEME_EDIT','a:2:{i:0;s:5:\"Bl@ck\";i:1;s:0:\"\";}'),(18,0,2,0,0,0,'98.174.235.34',1225418887,'LOG_THEME_EDIT','a:2:{i:0;s:5:\"Bl@ck\";i:1;s:0:\"\";}'),(19,0,2,0,0,0,'98.174.235.34',1225739670,'LOG_ADMIN_AUTH_SUCCESS',''),(20,0,2,0,0,0,'98.174.235.34',1225739876,'LOG_FORUM_EDIT','a:1:{i:0;s:29:\"Grinding Stone Motocross Park\";}'),(21,0,2,0,0,0,'98.174.235.34',1225742938,'LOG_ADMIN_AUTH_SUCCESS',''),(22,0,2,0,0,0,'98.174.235.34',1225743422,'LOG_ACL_ADD_GROUP_LOCAL_F_','a:2:{i:0;s:29:\"Grinding Stone Motocross Park\";i:1;s:31:\"<span class=\"sep\">Guests</span>\";}'),(23,0,2,0,0,0,'98.174.235.34',1226086899,'LOG_ADMIN_AUTH_FAIL',''),(24,0,2,0,0,0,'98.174.235.34',1226086911,'LOG_ADMIN_AUTH_SUCCESS',''),(25,0,2,0,0,0,'98.174.235.34',1226087119,'LOG_CONFIG_SERVER',''),(26,0,2,0,0,0,'98.174.235.34',1226339154,'LOG_ADMIN_AUTH_SUCCESS',''),(27,0,2,0,0,0,'98.174.235.34',1226339362,'LOG_CONFIG_REGISTRATION',''),(28,1,2,2,1,0,'66.210.38.194',1226435609,'LOG_DELETE_POST','a:1:{i:0;s:17:\"Welcome to phpBB3\";}'),(29,1,2,2,1,0,'66.210.38.194',1226435641,'LOG_DELETE_POST','a:1:{i:0;s:21:\"Re: Welcome to phpBB3\";}'),(30,1,2,2,1,0,'66.210.38.194',1226435672,'LOG_DELETE_POST','a:1:{i:0;s:21:\"Re: Welcome to phpBB3\";}'),(31,1,2,2,1,0,'66.210.38.194',1226435694,'LOG_DELETE_TOPIC','a:1:{i:0;s:17:\"Welcome to phpBB3\";}'),(32,1,2,2,5,0,'66.210.38.194',1229349685,'LOG_DELETE_TOPIC','a:1:{i:0;s:24:\"Hoping for every weekend\";}'),(33,0,2,0,0,0,'98.174.235.34',1229373219,'LOG_ADMIN_AUTH_SUCCESS',''),(34,0,2,0,0,0,'98.174.235.34',1229373311,'LOG_CONFIG_ATTACH',''),(35,0,2,0,0,0,'98.174.235.34',1229373313,'LOG_CONFIG_ATTACH',''),(36,0,2,0,0,0,'98.174.235.34',1229373897,'LOG_ATTACH_EXTGROUP_EDIT','a:1:{i:0;s:18:\"Downloadable Files\";}'),(37,0,2,0,0,0,'98.174.235.34',1229373909,'LOG_ATTACH_EXTGROUP_EDIT','a:1:{i:0;s:9:\"Documents\";}'),(38,0,2,0,0,0,'98.174.235.34',1229374005,'LOG_CONFIG_ATTACH',''),(39,0,2,0,0,0,'98.174.235.34',1229374139,'LOG_FORUM_EDIT','a:1:{i:0;s:20:\"Grinding Stone Forum\";}'),(40,1,95,3,10,0,'98.174.235.34',1229376195,'LOG_DELETE_POST','a:1:{i:0;s:19:\"Re: Classified Adds\";}'),(41,1,2,2,16,0,'66.210.38.194',1230686362,'LOG_DELETE_POST','a:1:{i:0;s:29:\"Practice on 12-28-09 Canceled\";}'),(42,1,2,2,16,0,'66.210.38.194',1230686396,'LOG_DELETE_TOPIC','a:1:{i:0;s:29:\"Practice on 12-28-09 Canceled\";}'),(43,1,2,2,15,0,'66.210.38.194',1230686433,'LOG_DELETE_POST','a:1:{i:0;s:29:\"Practice on Saturday 12-27-08\";}'),(44,1,2,2,15,0,'66.210.38.194',1230686456,'LOG_DELETE_POST','a:1:{i:0;s:33:\"Re: Practice on Saturday 12-27-08\";}'),(45,1,2,2,15,0,'66.210.38.194',1230686480,'LOG_DELETE_TOPIC','a:1:{i:0;s:29:\"Practice on Saturday 12-27-08\";}'),(46,0,2,0,0,0,'98.174.235.34',1233360603,'LOG_ADMIN_AUTH_FAIL',''),(47,0,2,0,0,0,'98.174.235.34',1233360610,'LOG_ADMIN_AUTH_SUCCESS',''),(48,0,2,0,0,0,'98.174.235.34',1233360884,'LOG_FORUM_SYNC','a:1:{i:0;s:20:\"Grinding Stone Forum\";}'),(49,0,2,0,0,0,'98.174.235.34',1233360893,'LOG_FORUM_SYNC','a:1:{i:0;s:20:\"Grinding Stone Forum\";}'),(50,0,2,0,0,0,'98.174.235.34',1233360905,'LOG_ATTACH_ORPHAN_DEL','a:1:{i:0;s:20:\"motoo.jpg, motoo.jpg\";}'),(51,0,2,0,0,0,'98.174.235.34',1233361316,'LOG_ADMIN_AUTH_SUCCESS',''),(52,0,2,0,0,0,'98.174.235.34',1233361330,'LOG_DB_BACKUP',''),(53,1,2,2,0,0,'204.15.223.176',1233417083,'LOG_DELETE_TOPIC','a:1:{i:0;s:32:\"Practice MLK Day, Monday 1/19/09\";}'),(54,1,2,2,0,0,'204.15.223.176',1233417179,'LOG_DELETE_TOPIC','a:1:{i:0;s:16:\"Cool XMAS gifts!\";}'),(55,1,2,2,0,0,'204.15.223.176',1233417179,'LOG_DELETE_TOPIC','a:1:{i:0;s:15:\"Quads and Bikes\";}'),(56,1,2,2,0,0,'204.15.223.176',1233417179,'LOG_DELETE_TOPIC','a:1:{i:0;s:28:\"Neil Slater Fund Raiser ride\";}'),(57,1,2,2,0,0,'204.15.223.176',1233417179,'LOG_DELETE_TOPIC','a:1:{i:0;s:27:\"Hot Dogs, Saturday the 10th\";}'),(58,1,2,2,0,0,'204.15.223.176',1233417179,'LOG_DELETE_TOPIC','a:1:{i:0;s:39:\"Grinding Stone MX ATV/UTV practice only\";}'),(59,1,2,2,0,0,'204.15.223.176',1233417179,'LOG_DELETE_TOPIC','a:1:{i:0;s:13:\"1/18 Practice\";}'),(60,1,2,2,0,0,'204.15.223.176',1233417243,'LOG_DELETE_TOPIC','a:1:{i:0;s:18:\"2009 GP Race Times\";}'),(61,1,2,2,0,0,'204.15.223.170',1233849118,'LOG_DELETE_TOPIC','a:1:{i:0;s:60:\"DOWNLOAD CHEAP OEM SOFTWARE NOW AutoCAD 2008 lisp files free\";}'),(62,1,2,2,0,0,'204.15.223.170',1233849118,'LOG_DELETE_TOPIC','a:1:{i:0;s:60:\"eva airlines taiwan cheep air line tickets charleston flight\";}'),(63,1,2,2,0,0,'204.15.223.170',1233849118,'LOG_DELETE_TOPIC','a:1:{i:0;s:23:\"sexsenders5 sperm taste\";}'),(64,1,2,2,0,0,'204.15.223.170',1233850550,'LOG_DELETE_TOPIC','a:1:{i:0;s:60:\"Asher jerked you argue hardly used - arms bare the free - su\";}'),(65,1,2,2,0,0,'204.15.223.170',1233893005,'LOG_DELETE_TOPIC','a:1:{i:0;s:17:\"Test, just a test\";}'),(66,1,2,2,36,0,'66.210.38.194',1234186640,'LOG_DELETE_TOPIC','a:1:{i:0;s:41:\"mature forced sex  mature big tit lesbian\";}'),(67,1,2,2,35,0,'66.210.38.194',1234186659,'LOG_DELETE_TOPIC','a:1:{i:0;s:24:\"free lady sonia pictures\";}'),(68,1,2,2,34,0,'66.210.38.194',1234186681,'LOG_DELETE_TOPIC','a:1:{i:0;s:22:\"balloon mobile alabama\";}'),(69,1,2,2,18,0,'66.210.38.194',1234186748,'LOG_DELETE_TOPIC','a:1:{i:0;s:11:\"vemma/verve\";}'),(70,1,2,2,6,0,'66.210.38.194',1234186912,'LOG_DELETE_TOPIC','a:1:{i:0;s:17:\"Practice Schedule\";}'),(71,1,2,2,0,0,'204.15.223.170',1234487095,'LOG_DELETE_TOPIC','a:1:{i:0;s:17:\"I\'m funny x2t0w0g\";}'),(72,1,2,2,0,0,'204.15.223.170',1234487095,'LOG_DELETE_TOPIC','a:1:{i:0;s:29:\"free amateur porn no sign ups\";}'),(73,1,2,2,0,0,'204.15.223.170',1234627296,'LOG_DELETE_TOPIC','a:1:{i:0;s:6:\"Drupal\";}'),(74,0,2,0,0,0,'204.15.223.170',1234627318,'LOG_BAN_USER','a:2:{i:0;s:0:\"\";i:1;s:14:\"Folkdermachine\";}'),(75,1,2,0,0,0,'204.15.223.170',1234627318,'LOG_BAN_USER','a:2:{i:0;s:0:\"\";i:1;s:14:\"Folkdermachine\";}'),(76,0,2,0,0,0,'204.15.223.170',1234922157,'LOG_BAN_USER','a:2:{i:0;s:0:\"\";i:1;s:15:\"grobokopatelsto\";}'),(77,1,2,0,0,0,'204.15.223.170',1234922157,'LOG_BAN_USER','a:2:{i:0;s:0:\"\";i:1;s:15:\"grobokopatelsto\";}'),(78,0,2,0,0,0,'204.15.223.170',1234922193,'LOG_BAN_USER','a:2:{i:0;s:0:\"\";i:1;s:13:\"RudolfingerUK\";}'),(79,1,2,0,0,0,'204.15.223.170',1234922193,'LOG_BAN_USER','a:2:{i:0;s:0:\"\";i:1;s:13:\"RudolfingerUK\";}'),(80,1,2,2,0,0,'204.15.223.170',1234922215,'LOG_DELETE_TOPIC','a:1:{i:0;s:24:\"free amateur porn office\";}'),(81,1,2,2,0,0,'204.15.223.170',1234922215,'LOG_DELETE_TOPIC','a:1:{i:0;s:49:\"Where is it possible to download top .mp3 music ?\";}'),(82,0,2,0,0,0,'204.15.223.170',1234929593,'LOG_BAN_USER','a:2:{i:0;s:0:\"\";i:1;s:11:\"bypeAccohop\";}'),(83,1,2,0,0,0,'204.15.223.170',1234929593,'LOG_BAN_USER','a:2:{i:0;s:0:\"\";i:1;s:11:\"bypeAccohop\";}'),(84,1,2,2,0,0,'204.15.223.170',1234929612,'LOG_DELETE_TOPIC','a:1:{i:0;s:60:\"Letter from wife of yeta zelda.\nIndiana governor daniels wif\";}'),(85,1,2,2,0,0,'204.15.223.170',1235054561,'LOG_DELETE_TOPIC','a:1:{i:0;s:14:\"Hello everyone\";}'),(86,1,2,2,0,0,'204.15.223.170',1235054561,'LOG_DELETE_TOPIC','a:1:{i:0;s:60:\"flight to amsterdam cheap flights las vegas concert tickets \";}'),(87,1,2,2,0,0,'204.15.223.170',1235054561,'LOG_DELETE_TOPIC','a:1:{i:0;s:31:\"symbols western western animals\";}'),(88,1,2,2,51,0,'204.15.223.170',1235054675,'LOG_TOPIC_TYPE_CHANGED','a:1:{i:0;s:49:\"Online Race Registration for the 6hr race is live\";}'),(89,1,2,2,0,0,'204.15.223.170',1235100961,'LOG_DELETE_TOPIC','a:1:{i:0;s:26:\"Секс от Bowneemyvom4\";}'),(90,1,2,2,0,0,'204.15.223.170',1235100961,'LOG_DELETE_TOPIC','a:1:{i:0;s:60:\"Beyond the winter without those expression curiosity surged \";}'),(91,0,2,0,0,0,'204.15.223.170',1235141059,'LOG_BAN_USER','a:2:{i:0;s:0:\"\";i:1;s:9:\"Vaocatuww\";}'),(92,1,2,0,0,0,'204.15.223.170',1235141059,'LOG_BAN_USER','a:2:{i:0;s:0:\"\";i:1;s:9:\"Vaocatuww\";}'),(93,1,2,2,0,0,'204.15.223.170',1235141079,'LOG_DELETE_TOPIC','a:1:{i:0;s:48:\"Festival feast, current bring the fields master.\";}'),(94,1,2,2,0,0,'204.15.223.170',1235395620,'LOG_DELETE_TOPIC','a:1:{i:0;s:26:\"Порно от elolokCog3\";}'),(95,1,2,2,0,0,'204.15.223.170',1235395620,'LOG_DELETE_TOPIC','a:1:{i:0;s:66:\"индийские фильмы скачать i am a disco dancer\";}'),(96,1,2,2,0,0,'204.15.223.170',1235395620,'LOG_DELETE_TOPIC','a:1:{i:0;s:31:\"Watch best online porno videos!\";}'),(97,1,2,2,0,0,'204.15.223.170',1235395620,'LOG_DELETE_TOPIC','a:1:{i:0;s:31:\"Watch best online porno videos!\";}'),(98,1,2,2,0,0,'204.15.223.170',1235395620,'LOG_DELETE_TOPIC','a:1:{i:0;s:31:\"Watch best online porno videos!\";}'),(99,1,2,2,0,0,'204.15.222.106',1235411287,'LOG_DELETE_TOPIC','a:1:{i:0;s:30:\"Порно от Gatnuacyfounc5\";}'),(100,1,2,2,0,0,'204.15.222.106',1235617671,'LOG_DELETE_TOPIC','a:1:{i:0;s:60:\"Payday one day loan quick no teletrack payday loan lenders p\";}'),(101,1,2,2,0,0,'204.15.222.106',1235617671,'LOG_DELETE_TOPIC','a:1:{i:0;s:60:\"Payday one day loan quick payday loan companies payday loans\";}'),(102,1,2,2,0,0,'204.15.222.106',1235617671,'LOG_DELETE_TOPIC','a:1:{i:0;s:60:\"Payday one day loan quick no teletrack payday loan payday lo\";}'),(103,1,2,2,0,0,'204.15.222.106',1235617671,'LOG_DELETE_TOPIC','a:1:{i:0;s:60:\"Bodrum Gokova Yacht Cruises - What Can You await On Your Voy\";}'),(104,1,2,2,0,0,'204.15.222.106',1235617671,'LOG_DELETE_TOPIC','a:1:{i:0;s:10:\"dedic time\";}'),(105,1,2,2,0,0,'204.15.222.106',1235966678,'LOG_DELETE_TOPIC','a:1:{i:0;s:49:\"Online Race Registration for the 6hr race is live\";}'),(106,1,2,2,0,0,'204.15.222.106',1235966678,'LOG_DELETE_TOPIC','a:1:{i:0;s:46:\"6 hour endurance registration forms online now\";}'),(107,1,2,2,0,0,'204.15.222.106',1235966678,'LOG_DELETE_TOPIC','a:1:{i:0;s:39:\"Round 1 GP Race Jan. 24/25 Race Results\";}'),(108,1,2,2,0,0,'204.15.222.106',1235966678,'LOG_DELETE_TOPIC','a:1:{i:0;s:38:\"Who is planning on racing the 6hr race\";}'),(109,1,2,2,0,0,'204.15.222.106',1235966678,'LOG_DELETE_TOPIC','a:1:{i:0;s:16:\"6hr registration\";}'),(110,1,2,2,0,0,'204.15.222.106',1235966678,'LOG_DELETE_TOPIC','a:1:{i:0;s:22:\"Rules for the 6hr race\";}'),(111,1,2,2,0,0,'204.15.222.106',1235966678,'LOG_DELETE_TOPIC','a:1:{i:0;s:24:\"Секс от abiniTath5\";}'),(112,1,2,2,0,0,'204.15.222.106',1235966678,'LOG_DELETE_TOPIC','a:1:{i:0;s:24:\"Секс от wrorgarne5\";}'),(113,1,2,2,0,0,'204.15.222.106',1235966678,'LOG_DELETE_TOPIC','a:1:{i:0;s:14:\"6hr Race Track\";}'),(114,1,2,2,0,0,'204.15.222.106',1235966678,'LOG_DELETE_TOPIC','a:1:{i:0;s:46:\"us air force flight surgeons the new companies\";}'),(115,1,2,2,0,0,'204.15.222.106',1235966717,'LOG_DELETE_TOPIC','a:1:{i:0;s:14:\"endurance race\";}'),(116,1,2,2,0,0,'204.15.222.106',1236093001,'LOG_DELETE_TOPIC','a:1:{i:0;s:9:\"hot girls\";}'),(117,1,2,2,0,0,'204.15.222.106',1236093001,'LOG_DELETE_TOPIC','a:1:{i:0;s:9:\"hot girls\";}'),(118,1,2,2,80,0,'66.210.38.194',1236172215,'LOG_DELETE_TOPIC','a:1:{i:0;s:30:\"cash and go\n no teletrack loan\";}'),(119,1,2,2,26,0,'66.210.38.194',1236172305,'LOG_DELETE_TOPIC','a:1:{i:0;s:20:\"Round One GP Trophys\";}'),(120,1,2,2,48,0,'66.210.38.194',1236172763,'LOG_DELETE_TOPIC','a:1:{i:0;s:7:\"Photos.\";}'),(121,1,2,2,0,0,'204.15.222.217',1236271185,'LOG_DELETE_TOPIC','a:1:{i:0;s:40:\"Atarax apotheke\nbuy Atarax .\nAtarax prix\";}'),(122,1,2,2,0,0,'204.15.222.217',1236271185,'LOG_DELETE_TOPIC','a:1:{i:0;s:23:\"refill live strip poker\";}'),(123,1,2,2,0,0,'204.15.222.217',1236300661,'LOG_DELETE_TOPIC','a:1:{i:0;s:60:\"CHEAP CIALIS $1.57 per pill IN CANADIAN PHARMACY can you sho\";}'),(124,0,2,0,0,0,'68.231.45.181',1236312569,'LOG_ADMIN_AUTH_SUCCESS',''),(125,0,2,0,0,0,'204.15.222.217',1236347928,'LOG_ADMIN_AUTH_SUCCESS',''),(126,1,2,2,0,0,'204.15.222.217',1236349424,'LOG_DELETE_TOPIC','a:1:{i:0;s:21:\"waterfall clocks\n  38\";}'),(127,1,2,2,0,0,'204.15.222.217',1236559203,'LOG_DELETE_TOPIC','a:1:{i:0;s:31:\"Hidden Camera 2.10.1 (Serial)\n.\";}'),(128,1,2,2,0,0,'204.15.222.217',1236559203,'LOG_DELETE_TOPIC','a:1:{i:0;s:17:\"Who want exchange\";}'),(129,1,2,2,0,0,'204.15.222.217',1236559203,'LOG_DELETE_TOPIC','a:1:{i:0;s:19:\"weight buy celebrex\";}'),(130,1,2,2,0,0,'204.15.222.217',1236559203,'LOG_DELETE_TOPIC','a:1:{i:0;s:60:\"BILLIG CIALIS ONLINE BESTELLEN CIALIS EUR 1.25 per pille KAU\";}'),(131,1,2,2,0,0,'204.15.222.217',1236559203,'LOG_DELETE_TOPIC','a:1:{i:0;s:45:\"Good Day  at forum.grindingstonemx.com review\";}'),(132,1,2,2,0,0,'204.15.222.217',1236559203,'LOG_DELETE_TOPIC','a:1:{i:0;s:59:\"Marguerida would twilit glow isery and have destroyed gaps.\";}'),(133,1,2,2,0,0,'204.15.222.217',1236559203,'LOG_DELETE_TOPIC','a:1:{i:0;s:53:\"no teletrack cash advance\n payday loan direct lenders\";}'),(134,1,2,2,0,0,'204.15.222.217',1236559203,'LOG_DELETE_TOPIC','a:1:{i:0;s:28:\"Splendid Popup Hunter v1.0\n.\";}'),(135,1,2,2,97,0,'66.210.38.194',1236632892,'LOG_DELETE_TOPIC','a:1:{i:0;s:32:\"Хардкор от Greleenvilt5\";}'),(136,0,2,0,0,0,'66.210.38.194',1236632954,'LOG_BAN_USER','a:2:{i:0;s:0:\"\";i:1;s:6:\"SESean\";}'),(137,1,2,0,0,0,'66.210.38.194',1236632954,'LOG_BAN_USER','a:2:{i:0;s:0:\"\";i:1;s:6:\"SESean\";}'),(138,1,2,2,96,0,'66.210.38.194',1236632985,'LOG_DELETE_TOPIC','a:1:{i:0;s:32:\"philips-magnavox rem 250 46\n  99\";}'),(139,1,2,2,0,0,'204.15.222.217',1236703993,'LOG_DELETE_TOPIC','a:1:{i:0;s:48:\"?lexapro cialis  viagra stores  ? DEXDYEDEVEILD!\";}'),(140,1,2,2,0,0,'204.15.222.217',1236703993,'LOG_DELETE_TOPIC','a:1:{i:0;s:36:\"Email Marketing Full Service Lösung\";}'),(141,1,2,2,0,0,'204.15.222.217',1236703993,'LOG_DELETE_TOPIC','a:1:{i:0;s:21:\"buy Corticyn Trimplex\";}'),(142,1,2,2,0,0,'204.15.222.217',1236703993,'LOG_DELETE_TOPIC','a:1:{i:0;s:45:\"Dringend - Wichtig - Important - Urgently !!!\";}'),(143,1,2,2,0,0,'204.15.222.217',1236703993,'LOG_DELETE_TOPIC','a:1:{i:0;s:24:\"ecco gore-tex boots\n  08\";}'),(144,1,2,2,0,0,'204.15.222.217',1236703993,'LOG_DELETE_TOPIC','a:1:{i:0;s:13:\"buy Slimpulse\";}'),(145,1,2,2,0,0,'204.15.222.217',1236703993,'LOG_DELETE_TOPIC','a:1:{i:0;s:18:\"antabuse buy cheap\";}'),(146,1,2,2,0,0,'204.15.222.217',1236737333,'LOG_DELETE_TOPIC','a:1:{i:0;s:30:\"Хардкор от BumeBarne6\";}'),(147,1,2,2,0,0,'204.15.222.217',1236737333,'LOG_DELETE_TOPIC','a:1:{i:0;s:20:\"Problem With Stomach\";}'),(148,1,2,2,0,0,'204.15.222.217',1236889150,'LOG_DELETE_TOPIC','a:1:{i:0;s:60:\"CIALIS BUYING $1.61 per pill IN CANADA canadian pharmacy via\";}'),(149,1,2,2,0,0,'204.15.222.217',1236889150,'LOG_DELETE_TOPIC','a:1:{i:0;s:28:\"Secrets of players and studs\";}'),(150,1,2,2,0,0,'204.15.222.217',1236889150,'LOG_DELETE_TOPIC','a:1:{i:0;s:16:\"Buy HOODIA PATCH\";}'),(151,1,2,2,0,0,'204.15.222.217',1236889150,'LOG_DELETE_TOPIC','a:1:{i:0;s:42:\"payday loans for military\n apple cash fast\";}'),(152,1,2,2,0,0,'204.15.222.217',1236889150,'LOG_DELETE_TOPIC','a:1:{i:0;s:21:\"Somne new words about\";}'),(153,1,2,2,0,0,'204.15.222.217',1237263193,'LOG_DELETE_TOPIC','a:1:{i:0;s:24:\"heldelberg army gym\n  04\";}'),(154,1,2,2,0,0,'204.15.222.217',1237263193,'LOG_DELETE_TOPIC','a:1:{i:0;s:29:\"photographer army nurses\n  92\";}'),(155,1,2,2,0,0,'204.15.222.217',1237263193,'LOG_DELETE_TOPIC','a:1:{i:0;s:28:\"jeep liberty essentials\n  15\";}'),(156,1,2,2,0,0,'204.15.222.217',1237263193,'LOG_DELETE_TOPIC','a:1:{i:0;s:25:\"O4ym4LGLGXOr KUqOUrvmBgnx\";}'),(157,1,2,2,0,0,'204.15.222.217',1237263193,'LOG_DELETE_TOPIC','a:1:{i:0;s:60:\"CIALIS EUR 1.21 PRO PILLE ONLINE KAUFEN BILLIG CIALIC KAUF E\";}'),(158,1,2,2,0,0,'204.15.222.217',1237263193,'LOG_DELETE_TOPIC','a:1:{i:0;s:11:\"buy xenical\";}'),(159,1,2,2,0,0,'204.15.222.217',1237263193,'LOG_DELETE_TOPIC','a:1:{i:0;s:13:\"Buy LIPONEXOL\";}'),(160,1,2,2,0,0,'204.15.222.217',1237780480,'LOG_DELETE_TOPIC','a:1:{i:0;s:60:\"CIALIS CHEAP $1.55 per pill online BUYING buying generic CIA\";}'),(161,1,2,2,0,0,'204.15.222.217',1237780480,'LOG_DELETE_TOPIC','a:1:{i:0;s:59:\"order of blood collection tubes dukes of hazzard tee shirts\";}'),(162,1,2,2,0,0,'204.15.222.217',1237780480,'LOG_DELETE_TOPIC','a:1:{i:0;s:60:\"CIALIS BESTELLEN ONLINE BILLIG Rezeptfrei EUR 1.23 per pill \";}'),(163,1,2,2,0,0,'204.15.222.217',1237780480,'LOG_DELETE_TOPIC','a:1:{i:0;s:42:\"topless teen posing teeny bopper gang bang\";}'),(164,1,2,2,0,0,'204.15.222.217',1237780480,'LOG_DELETE_TOPIC','a:1:{i:0;s:56:\"youtube bleach opening 6 laboratory wire racks test tube\";}'),(165,1,2,2,0,0,'204.15.222.217',1237780480,'LOG_DELETE_TOPIC','a:1:{i:0;s:53:\"It\'s for every forum.grindingstonemx.com habitants...\";}'),(166,1,2,2,130,0,'130.13.206.104',1237846917,'LOG_DELETE_TOPIC','a:1:{i:0;s:46:\"girls plus yg college girls webcams hot partie\";}'),(167,1,2,2,129,0,'130.13.206.104',1237847143,'LOG_DELETE_TOPIC','a:1:{i:0;s:58:\"free galleries leggy girls boys and girls club of portland\";}'),(168,1,2,2,128,0,'130.13.206.104',1237847174,'LOG_DELETE_TOPIC','a:1:{i:0;s:35:\"new york gril cd girls ember videos\";}'),(169,1,2,2,127,0,'130.13.206.104',1237847198,'LOG_DELETE_TOPIC','a:1:{i:0;s:30:\"Порно от Plemiaattelry7\";}'),(170,0,2,0,0,0,'98.174.235.34',1237850486,'LOG_ADMIN_AUTH_SUCCESS',''),(171,0,2,0,0,0,'98.174.235.34',1237850515,'LOG_USER_USER_UPDATE','a:1:{i:0;s:9:\"Anonymous\";}'),(172,0,2,0,0,0,'98.174.235.34',1237850612,'LOG_ACL_ADD_GROUP_GLOBAL_U_','a:1:{i:0;s:31:\"<span class=\"sep\">Guests</span>\";}'),(173,0,2,0,0,0,'98.174.235.34',1237850770,'LOG_BAN_IP','a:2:{i:0;s:7:\"spammer\";i:1;s:12:\"194.8.74.220\";}'),(174,1,2,0,0,0,'98.174.235.34',1237850770,'LOG_BAN_IP','a:2:{i:0;s:7:\"spammer\";i:1;s:12:\"194.8.74.220\";}'),(175,0,2,0,0,0,'98.174.235.34',1237850797,'LOG_ACL_TRANSFER_PERMISSIONS','a:1:{i:0;s:9:\"Anonymous\";}'),(176,0,2,0,0,0,'98.174.235.34',1237850838,'LOG_ACL_TRANSFER_PERMISSIONS','a:1:{i:0;s:9:\"Anonymous\";}'),(177,0,2,0,0,0,'98.174.235.34',1237850851,'LOG_ACL_RESTORE_PERMISSIONS','a:1:{i:0;s:9:\"Anonymous\";}'),(178,0,2,0,0,0,'98.174.235.34',1237850913,'LOG_BAN_IP','a:2:{i:0;s:29:\"IP banned via user management\";i:1;s:11:\"194.8.74.32\";}'),(179,1,2,0,0,0,'98.174.235.34',1237850913,'LOG_BAN_IP','a:2:{i:0;s:29:\"IP banned via user management\";i:1;s:11:\"194.8.74.32\";}'),(180,0,2,0,0,0,'98.174.235.34',1237852871,'LOG_CONFIG_REGISTRATION',''),(181,0,2,0,0,0,'98.174.235.34',1237852939,'LOG_ACL_TRANSFER_PERMISSIONS','a:1:{i:0;s:11:\"Pafuzoyidur\";}'),(182,0,2,0,0,0,'98.174.235.34',1237853045,'LOG_ACL_RESTORE_PERMISSIONS','a:1:{i:0;s:11:\"Pafuzoyidur\";}'),(183,0,2,0,0,0,'98.174.235.34',1237853155,'LOG_BAN_USER','a:2:{i:0;s:0:\"\";i:1;s:8:\"Pzamiida\";}'),(184,1,2,0,0,0,'98.174.235.34',1237853155,'LOG_BAN_USER','a:2:{i:0;s:0:\"\";i:1;s:8:\"Pzamiida\";}'),(185,0,2,0,0,0,'98.174.235.34',1237853435,'LOG_USER_DELETED','a:1:{i:0;s:16:\"cheastekeydayKIM\";}'),(186,0,2,0,0,0,'98.174.235.34',1237853633,'LOG_USER_DELETED','a:1:{i:0;s:12:\"Wcepanuxesuj\";}'),(187,0,2,0,0,0,'98.174.235.34',1237853799,'LOG_USER_DELETED','a:1:{i:0;s:7:\"Wqilapi\";}'),(188,0,2,0,0,0,'98.174.235.34',1237853820,'LOG_INACTIVE_DELETE','a:1:{i:0;s:9:\"Kuratimax\";}'),(189,0,2,0,0,0,'98.174.235.34',1237854583,'LOG_ADMIN_AUTH_SUCCESS',''),(190,0,2,0,0,0,'98.174.235.34',1237854854,'LOG_BAN_EMAIL','a:2:{i:0;s:0:\"\";i:1;s:11:\"*@retml.com\";}'),(191,1,2,0,0,0,'98.174.235.34',1237854854,'LOG_BAN_EMAIL','a:2:{i:0;s:0:\"\";i:1;s:11:\"*@retml.com\";}'),(192,0,2,0,0,0,'98.174.235.34',1237855575,'LOG_BAN_IP','a:2:{i:0;s:0:\"\";i:1;s:23:\"195.2.1.1-195.2.255.255\";}'),(193,1,2,0,0,0,'98.174.235.34',1237855575,'LOG_BAN_IP','a:2:{i:0;s:0:\"\";i:1;s:23:\"195.2.1.1-195.2.255.255\";}'),(194,0,2,0,0,0,'98.174.235.34',1237855595,'LOG_BAN_IP','a:2:{i:0;s:7:\"spammer\";i:1;s:23:\"194.8.1.1-194.8.255.255\";}'),(195,1,2,0,0,0,'98.174.235.34',1237855595,'LOG_BAN_IP','a:2:{i:0;s:7:\"spammer\";i:1;s:23:\"194.8.1.1-194.8.255.255\";}'),(196,0,2,0,0,0,'98.174.235.34',1237855717,'LOG_BAN_IP','a:2:{i:0;s:0:\"\";i:1;s:12:\"95.24.44.150\";}'),(197,1,2,0,0,0,'98.174.235.34',1237855717,'LOG_BAN_IP','a:2:{i:0;s:0:\"\";i:1;s:12:\"95.24.44.150\";}'),(198,0,2,0,0,0,'98.174.235.34',1237855769,'LOG_BAN_IP','a:2:{i:0;s:0:\"\";i:1;s:25:\"94.142.1.1-94.142.255.255\";}'),(199,1,2,0,0,0,'98.174.235.34',1237855769,'LOG_BAN_IP','a:2:{i:0;s:0:\"\";i:1;s:25:\"94.142.1.1-94.142.255.255\";}'),(200,0,2,0,0,0,'98.174.235.34',1237855824,'LOG_BAN_IP','a:2:{i:0;s:0:\"\";i:1;s:25:\"87.118.1.1-87.118.255.255\";}'),(201,1,2,0,0,0,'98.174.235.34',1237855824,'LOG_BAN_IP','a:2:{i:0;s:0:\"\";i:1;s:25:\"87.118.1.1-87.118.255.255\";}'),(202,0,2,0,0,0,'98.174.235.34',1237856298,'LOG_RESYNC_POSTCOUNTS',''),(203,0,2,0,0,0,'204.15.223.108',1238516491,'LOG_ADMIN_AUTH_FAIL',''),(204,0,2,0,0,0,'204.15.223.108',1238516497,'LOG_ADMIN_AUTH_FAIL',''),(205,0,2,0,0,0,'204.15.223.108',1238516510,'LOG_ADMIN_AUTH_SUCCESS',''),(206,0,2,0,0,0,'204.15.223.108',1238516669,'LOG_FORUM_ADD','a:1:{i:0;s:11:\"Classifieds\";}'),(207,0,2,0,0,0,'204.15.223.108',1238516832,'LOG_ACL_ADD_FORUM_LOCAL_F_','a:2:{i:0;s:11:\"Classifieds\";i:1;s:31:\"<span class=\"sep\">Guests</span>\";}'),(208,0,2,0,0,0,'204.15.223.108',1238517105,'LOG_FORUM_ADD','a:1:{i:0;s:15:\"Endurance Races\";}'),(209,0,2,0,0,0,'204.15.223.108',1238517342,'LOG_FORUM_EDIT','a:1:{i:0;s:11:\"Classifieds\";}'),(210,0,2,0,0,0,'204.15.223.108',1238517425,'LOG_FORUM_EDIT','a:1:{i:0;s:15:\"Endurance Races\";}'),(211,1,2,3,0,0,'204.15.223.108',1238517934,'LOG_DELETE_TOPIC','a:1:{i:0;s:3:\"tes\";}'),(212,1,2,4,134,0,'204.15.223.108',1238517981,'LOG_MOVE','a:1:{i:0;s:20:\"Grinding Stone Forum\";}'),(213,1,2,13,75,0,'204.15.223.108',1238518064,'LOG_MOVE','a:1:{i:0;s:20:\"Grinding Stone Forum\";}'),(214,1,2,13,82,0,'204.15.223.108',1238518064,'LOG_MOVE','a:1:{i:0;s:20:\"Grinding Stone Forum\";}'),(215,1,2,4,54,0,'204.15.223.108',1238518064,'LOG_MOVE','a:1:{i:0;s:20:\"Grinding Stone Forum\";}'),(216,1,2,4,79,0,'204.15.223.108',1238518064,'LOG_MOVE','a:1:{i:0;s:20:\"Grinding Stone Forum\";}'),(217,1,2,13,78,0,'204.15.223.108',1238518064,'LOG_MOVE','a:1:{i:0;s:20:\"Grinding Stone Forum\";}'),(218,1,2,13,82,0,'204.15.223.108',1238518251,'LOG_TOPIC_TYPE_CHANGED','a:1:{i:0;s:33:\"What you thought of the 6hr race.\";}'),(219,1,2,4,134,0,'204.15.223.108',1238518267,'LOG_TOPIC_TYPE_CHANGED','a:1:{i:0;s:31:\"8Hr race Grinding Stone May 2-3\";}'),(220,1,2,2,0,0,'204.15.223.108',1238518327,'LOG_DELETE_TOPIC','a:1:{i:0;s:14:\"6hr Race Story\";}'),(221,1,2,2,0,0,'204.15.223.108',1238518349,'LOG_DELETE_TOPIC','a:1:{i:0;s:31:\"8Hr race Grinding Stone May 2-3\";}'),(222,0,2,0,0,0,'204.15.223.108',1238518370,'LOG_ADMIN_AUTH_SUCCESS',''),(223,0,2,0,0,0,'204.15.223.108',1238518427,'LOG_FORUM_ADD','a:1:{i:0;s:16:\"Grand Prix Races\";}'),(224,0,2,0,0,0,'204.15.223.108',1238518473,'LOG_FORUM_EDIT','a:1:{i:0;s:11:\"Classifieds\";}'),(225,0,2,0,0,0,'204.15.223.108',1238518492,'LOG_FORUM_EDIT','a:1:{i:0;s:15:\"Endurance Races\";}'),(226,0,2,0,0,0,'204.15.223.108',1238518584,'LOG_FORUM_ADD','a:1:{i:0;s:16:\"Grand Prix Races\";}'),(227,1,2,6,12,0,'204.15.223.108',1238518716,'LOG_MOVE','a:1:{i:0;s:20:\"Grinding Stone Forum\";}'),(228,1,2,13,43,0,'204.15.223.108',1238518716,'LOG_MOVE','a:1:{i:0;s:20:\"Grinding Stone Forum\";}'),(229,1,2,6,107,0,'204.15.223.108',1238518716,'LOG_MOVE','a:1:{i:0;s:20:\"Grinding Stone Forum\";}'),(230,1,2,6,112,0,'204.15.223.108',1238518716,'LOG_MOVE','a:1:{i:0;s:20:\"Grinding Stone Forum\";}'),(231,1,2,6,95,0,'204.15.223.108',1238518716,'LOG_MOVE','a:1:{i:0;s:20:\"Grinding Stone Forum\";}'),(232,0,2,0,0,0,'204.15.223.108',1238518799,'LOG_ADMIN_AUTH_SUCCESS',''),(233,0,2,0,0,0,'204.15.223.108',1238518825,'LOG_FORUM_DEL_POSTS','a:1:{i:0;s:16:\"Grand Prix Races\";}'),(234,1,2,3,10,0,'204.15.223.108',1238518989,'LOG_DELETE_POST','a:1:{i:0;s:13:\"KTM Wheel Set\";}'),(235,1,2,3,10,0,'204.15.223.108',1238518989,'LOG_DELETE_POST','a:1:{i:0;s:15:\"2007 KTM 450EXC\";}'),(236,1,2,3,10,0,'204.15.223.108',1238518989,'LOG_DELETE_POST','a:1:{i:0;s:32:\"KTM Ckarke 3.1 Gallon Tank, Seat\";}'),(237,1,2,3,10,0,'204.15.223.108',1238518989,'LOG_DELETE_POST','a:1:{i:0;s:13:\"Honda CRF150R\";}'),(238,1,2,3,10,0,'204.15.223.108',1238518989,'LOG_DELETE_POST','a:1:{i:0;s:17:\"Re: Honda CRF150R\";}'),(239,1,2,3,10,0,'204.15.223.108',1238519120,'LOG_MOVE','a:1:{i:0;s:20:\"Grinding Stone Forum\";}'),(240,1,2,3,10,0,'204.15.223.108',1238519175,'LOG_DELETE_POST','a:1:{i:0;s:15:\"Classified Adds\";}'),(241,1,2,3,10,0,'204.15.223.108',1238519175,'LOG_DELETE_POST','a:1:{i:0;s:19:\"Re: Classified Adds\";}'),(242,1,2,3,10,0,'204.15.223.108',1238519387,'LOG_TOPIC_RESYNC','a:1:{i:0;s:14:\"Classified Ads\";}'),(243,1,2,3,0,0,'204.15.223.108',1238519475,'LOG_DELETE_TOPIC','a:1:{i:0;s:14:\"Classified Ads\";}'),(244,1,2,6,81,0,'204.15.223.108',1238519529,'LOG_MOVE','a:1:{i:0;s:20:\"Grinding Stone Forum\";}'),(245,1,2,3,4,0,'204.15.223.108',1238519567,'LOG_MOVE','a:1:{i:0;s:20:\"Grinding Stone Forum\";}'),(246,1,2,3,27,0,'204.15.223.108',1238519567,'LOG_MOVE','a:1:{i:0;s:20:\"Grinding Stone Forum\";}'),(247,1,2,2,0,0,'204.15.223.108',1238519626,'LOG_DELETE_TOPIC','a:1:{i:0;s:33:\"2009 Grinding Stone Race Schedule\";}'),(248,1,2,2,0,0,'204.15.223.108',1238519626,'LOG_DELETE_TOPIC','a:1:{i:0;s:20:\"2009 Membership Form\";}'),(249,0,2,0,0,0,'204.15.223.108',1238519964,'LOG_ADMIN_AUTH_SUCCESS',''),(250,0,2,0,0,0,'204.15.223.108',1238520155,'LOG_FORUM_ADD','a:1:{i:0;s:8:\"ATV Talk\";}'),(251,0,2,0,0,0,'204.15.223.108',1238520209,'LOG_FORUM_ADD','a:1:{i:0;s:11:\"Motorcycles\";}'),(252,0,2,0,0,0,'204.15.223.108',1238520252,'LOG_FORUM_ADD','a:1:{i:0;s:5:\"UTV\'s\";}'),(253,0,2,0,0,0,'204.15.223.108',1238520290,'LOG_FORUM_ADD','a:1:{i:0;s:8:\"Practice\";}'),(254,0,2,0,0,0,'204.15.223.108',1238520349,'LOG_FORUM_ADD','a:1:{i:0;s:14:\"Tech Questions\";}'),(636,1,2,2,358,0,'204.15.223.17',1252952110,'LOG_DELETE_TOPIC','a:1:{i:0;s:30:\"Любителям ножек.\";}'),(256,1,2,10,133,0,'204.15.223.108',1238520414,'LOG_MOVE','a:1:{i:0;s:20:\"Grinding Stone Forum\";}'),(257,0,2,0,0,0,'204.15.223.108',1238520499,'LOG_FORUM_ADD','a:1:{i:0;s:8:\"Products\";}'),(258,1,2,12,3,0,'204.15.223.108',1238520537,'LOG_MOVE','a:1:{i:0;s:20:\"Grinding Stone Forum\";}'),(259,1,2,12,29,0,'204.15.223.108',1238520537,'LOG_MOVE','a:1:{i:0;s:20:\"Grinding Stone Forum\";}'),(260,1,2,12,37,0,'204.15.223.108',1238520537,'LOG_MOVE','a:1:{i:0;s:20:\"Grinding Stone Forum\";}'),(261,1,2,12,38,0,'204.15.223.108',1238520537,'LOG_MOVE','a:1:{i:0;s:20:\"Grinding Stone Forum\";}'),(262,0,2,0,0,0,'204.15.223.108',1238520942,'LOG_FORUM_EDIT','a:1:{i:0;s:20:\"Grinding Stone Forum\";}'),(263,0,2,0,0,0,'204.15.223.108',1238521053,'LOG_FORUM_MOVE_DOWN','a:2:{i:0;s:11:\"Classifieds\";i:1;s:15:\"Endurance Races\";}'),(264,0,2,0,0,0,'204.15.223.108',1238521057,'LOG_FORUM_MOVE_DOWN','a:2:{i:0;s:11:\"Classifieds\";i:1;s:16:\"Grand Prix Races\";}'),(265,0,2,0,0,0,'204.15.223.108',1238521061,'LOG_FORUM_MOVE_DOWN','a:2:{i:0;s:11:\"Classifieds\";i:1;s:8:\"ATV Talk\";}'),(266,0,2,0,0,0,'204.15.223.108',1238521065,'LOG_FORUM_MOVE_DOWN','a:2:{i:0;s:11:\"Classifieds\";i:1;s:11:\"Motorcycles\";}'),(267,0,2,0,0,0,'204.15.223.108',1238521069,'LOG_FORUM_MOVE_DOWN','a:2:{i:0;s:11:\"Classifieds\";i:1;s:5:\"UTV\'s\";}'),(268,0,2,0,0,0,'204.15.223.108',1238521072,'LOG_FORUM_MOVE_DOWN','a:2:{i:0;s:11:\"Classifieds\";i:1;s:8:\"Practice\";}'),(269,0,2,0,0,0,'204.15.223.108',1238521077,'LOG_FORUM_MOVE_DOWN','a:2:{i:0;s:11:\"Classifieds\";i:1;s:14:\"Tech Questions\";}'),(270,0,2,0,0,0,'204.15.223.108',1238521083,'LOG_FORUM_MOVE_DOWN','a:2:{i:0;s:11:\"Classifieds\";i:1;s:8:\"Products\";}'),(271,0,2,0,0,0,'204.15.223.108',1238521088,'LOG_FORUM_MOVE_UP','a:2:{i:0;s:8:\"Practice\";i:1;s:5:\"UTV\'s\";}'),(272,0,2,0,0,0,'204.15.223.108',1238521095,'LOG_FORUM_MOVE_UP','a:2:{i:0;s:8:\"Practice\";i:1;s:11:\"Motorcycles\";}'),(273,0,2,0,0,0,'204.15.223.108',1238521098,'LOG_FORUM_MOVE_UP','a:2:{i:0;s:8:\"Practice\";i:1;s:8:\"ATV Talk\";}'),(274,0,2,0,0,0,'204.15.223.108',1238521110,'LOG_FORUM_MOVE_UP','a:2:{i:0;s:11:\"Motorcycles\";i:1;s:8:\"ATV Talk\";}'),(275,0,2,0,0,0,'204.15.223.108',1238521518,'LOG_ADMIN_AUTH_SUCCESS',''),(276,0,2,0,0,0,'204.15.223.108',1238521549,'LOG_FORUM_EDIT','a:1:{i:0;s:7:\"General\";}'),(277,0,2,0,0,0,'204.15.223.108',1238521631,'LOG_FORUM_ADD','a:1:{i:0;s:12:\"Race Stories\";}'),(278,0,2,0,0,0,'204.15.223.108',1238521690,'LOG_FORUM_ADD','a:1:{i:0;s:8:\"Sponsors\";}'),(279,0,2,0,0,0,'204.15.223.108',1238521743,'LOG_FORUM_ADD','a:1:{i:0;s:14:\"Race Questions\";}'),(280,0,2,0,0,0,'204.15.223.108',1238521823,'LOG_FORUM_ADD','a:1:{i:0;s:11:\"Suggestions\";}'),(281,0,2,0,0,0,'204.15.223.108',1238521898,'LOG_FORUM_MOVE_DOWN','a:2:{i:0;s:11:\"Classifieds\";i:1;s:12:\"Race Stories\";}'),(282,0,2,0,0,0,'204.15.223.108',1238521904,'LOG_FORUM_MOVE_DOWN','a:2:{i:0;s:11:\"Classifieds\";i:1;s:8:\"Sponsors\";}'),(283,0,2,0,0,0,'204.15.223.108',1238521913,'LOG_FORUM_MOVE_DOWN','a:2:{i:0;s:11:\"Classifieds\";i:1;s:14:\"Race Questions\";}'),(284,0,2,0,0,0,'204.15.223.108',1238521918,'LOG_FORUM_MOVE_DOWN','a:2:{i:0;s:8:\"Sponsors\";i:1;s:14:\"Race Questions\";}'),(285,0,2,0,0,0,'204.15.223.108',1238521927,'LOG_FORUM_MOVE_UP','a:2:{i:0;s:14:\"Race Questions\";i:1;s:12:\"Race Stories\";}'),(286,0,2,0,0,0,'204.15.223.108',1238521934,'LOG_FORUM_MOVE_UP','a:2:{i:0;s:14:\"Race Questions\";i:1;s:8:\"Products\";}'),(287,0,2,0,0,0,'204.15.223.108',1238521938,'LOG_FORUM_MOVE_UP','a:2:{i:0;s:14:\"Race Questions\";i:1;s:14:\"Tech Questions\";}'),(288,0,2,0,0,0,'204.15.223.108',1238521941,'LOG_FORUM_MOVE_UP','a:2:{i:0;s:14:\"Race Questions\";i:1;s:5:\"UTV\'s\";}'),(289,0,2,0,0,0,'204.15.223.108',1238521944,'LOG_FORUM_MOVE_UP','a:2:{i:0;s:14:\"Race Questions\";i:1;s:8:\"ATV Talk\";}'),(290,0,2,0,0,0,'204.15.223.108',1238521947,'LOG_FORUM_MOVE_UP','a:2:{i:0;s:14:\"Race Questions\";i:1;s:11:\"Motorcycles\";}'),(291,0,2,0,0,0,'204.15.223.108',1238521950,'LOG_FORUM_MOVE_UP','a:2:{i:0;s:14:\"Race Questions\";i:1;s:8:\"Practice\";}'),(292,0,2,0,0,0,'204.15.223.108',1238521996,'LOG_FORUM_EDIT','a:1:{i:0;s:15:\"Endurance Races\";}'),(293,0,2,0,0,0,'204.15.223.108',1238522013,'LOG_FORUM_EDIT','a:1:{i:0;s:16:\"Grand Prix Races\";}'),(294,0,2,0,0,0,'204.15.223.108',1238522074,'LOG_FORUM_EDIT','a:1:{i:0;s:8:\"Products\";}'),(295,0,2,0,0,0,'204.15.223.108',1238522109,'LOG_FORUM_EDIT','a:1:{i:0;s:8:\"Products\";}'),(296,1,2,12,132,0,'204.15.223.108',1238522223,'LOG_MOVE','a:1:{i:0;s:7:\"General\";}'),(297,1,2,13,137,0,'204.15.223.108',1238522277,'LOG_MOVE','a:1:{i:0;s:15:\"Endurance Races\";}'),(298,1,2,13,43,0,'204.15.223.108',1238522329,'LOG_MOVE','a:1:{i:0;s:16:\"Grand Prix Races\";}'),(299,1,2,13,75,0,'204.15.223.108',1238523988,'LOG_MOVE','a:1:{i:0;s:15:\"Endurance Races\";}'),(300,1,2,13,78,0,'204.15.223.108',1238523988,'LOG_MOVE','a:1:{i:0;s:15:\"Endurance Races\";}'),(301,1,2,13,82,0,'204.15.223.108',1238523988,'LOG_MOVE','a:1:{i:0;s:15:\"Endurance Races\";}'),(302,1,2,6,112,0,'204.15.223.108',1238524135,'LOG_TOPIC_TYPE_CHANGED','a:1:{i:0;s:16:\"Round 2 GP Flyer\";}'),(303,1,2,6,95,0,'204.15.223.108',1238524159,'LOG_TOPIC_TYPE_CHANGED','a:1:{i:0;s:40:\"Round 2 GP April 4-5 Online Registration\";}'),(304,1,2,4,147,0,'204.15.223.108',1238524203,'LOG_TOPIC_TYPE_CHANGED','a:1:{i:0;s:37:\"8hr Race online registration open now\";}'),(305,0,2,0,0,0,'204.15.223.108',1238524383,'LOG_ADMIN_AUTH_SUCCESS',''),(306,0,2,0,0,0,'204.15.223.108',1238525014,'LOG_ADMIN_AUTH_SUCCESS',''),(307,0,2,0,0,0,'204.15.223.108',1238525053,'LOG_FORUM_ADD','a:1:{i:0;s:12:\"Trophy Karts\";}'),(308,0,2,0,0,0,'204.15.223.108',1238525082,'LOG_FORUM_DEL_MOVE_POSTS','a:2:{i:0;s:29:\"Grinding Stone Motocross Park\";i:1;s:12:\"Trophy Karts\";}'),(309,0,2,0,0,0,'204.15.223.108',1238525116,'LOG_FORUM_ADD','a:1:{i:0;s:12:\"Trophy Karts\";}'),(310,0,2,0,0,0,'204.15.223.108',1238525124,'LOG_FORUM_MOVE_UP','a:2:{i:0;s:12:\"Trophy Karts\";i:1;s:11:\"Suggestions\";}'),(311,0,2,0,0,0,'204.15.223.108',1238525128,'LOG_FORUM_MOVE_UP','a:2:{i:0;s:12:\"Trophy Karts\";i:1;s:11:\"Classifieds\";}'),(312,0,2,0,0,0,'204.15.223.108',1238525133,'LOG_FORUM_MOVE_UP','a:2:{i:0;s:12:\"Trophy Karts\";i:1;s:8:\"Sponsors\";}'),(313,0,2,0,0,0,'204.15.223.108',1238525138,'LOG_FORUM_MOVE_UP','a:2:{i:0;s:12:\"Trophy Karts\";i:1;s:12:\"Race Stories\";}'),(314,0,2,0,0,0,'204.15.223.108',1238525142,'LOG_FORUM_MOVE_UP','a:2:{i:0;s:12:\"Trophy Karts\";i:1;s:8:\"Products\";}'),(315,0,2,0,0,0,'204.15.223.108',1238525147,'LOG_FORUM_MOVE_UP','a:2:{i:0;s:12:\"Trophy Karts\";i:1;s:14:\"Tech Questions\";}'),(316,0,2,0,0,0,'204.15.223.108',1238525176,'LOG_FORUM_ADD','a:1:{i:0;s:11:\"China Lites\";}'),(317,0,2,0,0,0,'204.15.223.108',1238525189,'LOG_FORUM_MOVE_UP','a:2:{i:0;s:11:\"China Lites\";i:1;s:11:\"Suggestions\";}'),(318,0,2,0,0,0,'204.15.223.108',1238525206,'LOG_FORUM_MOVE_UP','a:2:{i:0;s:12:\"Race Stories\";i:1;s:8:\"Products\";}'),(319,0,2,0,0,0,'204.15.223.108',1238525211,'LOG_FORUM_MOVE_UP','a:2:{i:0;s:12:\"Race Stories\";i:1;s:14:\"Tech Questions\";}'),(320,0,2,0,0,0,'204.15.223.108',1238525215,'LOG_FORUM_MOVE_UP','a:2:{i:0;s:12:\"Race Stories\";i:1;s:12:\"Trophy Karts\";}'),(321,0,2,0,0,0,'204.15.223.108',1238525220,'LOG_FORUM_MOVE_UP','a:2:{i:0;s:12:\"Race Stories\";i:1;s:5:\"UTV\'s\";}'),(322,0,2,0,0,0,'204.15.223.108',1238525224,'LOG_FORUM_MOVE_UP','a:2:{i:0;s:12:\"Race Stories\";i:1;s:8:\"ATV Talk\";}'),(323,0,2,0,0,0,'204.15.223.108',1238525227,'LOG_FORUM_MOVE_UP','a:2:{i:0;s:12:\"Race Stories\";i:1;s:11:\"Motorcycles\";}'),(324,0,2,0,0,0,'204.15.223.108',1238525237,'LOG_FORUM_MOVE_UP','a:2:{i:0;s:11:\"China Lites\";i:1;s:11:\"Classifieds\";}'),(325,0,2,0,0,0,'204.15.223.108',1238525241,'LOG_FORUM_MOVE_UP','a:2:{i:0;s:11:\"China Lites\";i:1;s:8:\"Sponsors\";}'),(326,0,2,0,0,0,'204.15.223.108',1238525245,'LOG_FORUM_MOVE_UP','a:2:{i:0;s:11:\"China Lites\";i:1;s:8:\"Products\";}'),(327,0,2,0,0,0,'204.15.223.108',1238525250,'LOG_FORUM_MOVE_UP','a:2:{i:0;s:11:\"China Lites\";i:1;s:14:\"Tech Questions\";}'),(328,0,2,0,0,0,'204.15.223.108',1238525266,'LOG_FORUM_MOVE_DOWN','a:2:{i:0;s:8:\"Sponsors\";i:1;s:11:\"Classifieds\";}'),(329,1,2,4,142,0,'204.15.223.108',1238525554,'LOG_POST_EDITED','a:2:{i:0;s:22:\"Endurance Race Classes\";i:1;s:9:\"motomutts\";}'),(330,1,2,4,0,0,'204.15.223.108',1238531025,'LOG_DELETE_TOPIC','a:1:{i:0;s:22:\"Endurance race classes\";}'),(331,1,2,4,143,0,'204.15.223.108',1238531097,'LOG_POST_EDITED','a:2:{i:0;s:16:\"8hr team members\";i:1;s:9:\"motomutts\";}'),(332,0,2,0,0,0,'98.174.235.34',1238532224,'LOG_ADMIN_AUTH_SUCCESS',''),(333,1,2,6,0,0,'204.15.223.108',1238532905,'LOG_DELETE_TOPIC','a:1:{i:0;s:31:\"2009 GP Race Registration Forms\";}'),(334,1,2,6,151,0,'204.15.223.108',1238532942,'LOG_TOPIC_TYPE_CHANGED','a:1:{i:0;s:35:\"AMRA Members Kids Race FREE Round 2\";}'),(335,0,2,0,0,0,'204.15.223.108',1238533029,'LOG_ADMIN_AUTH_SUCCESS',''),(336,0,2,0,0,0,'204.15.223.108',1238533224,'LOG_CONFIG_REGISTRATION',''),(337,0,2,0,0,0,'98.174.235.34',1238534523,'LOG_ADMIN_AUTH_SUCCESS',''),(338,0,2,0,0,0,'66.210.38.194',1238540559,'LOG_BAN_USER','a:2:{i:0;s:4:\"porn\";i:1;s:12:\"CliClackclue\";}'),(339,1,2,0,0,0,'66.210.38.194',1238540559,'LOG_BAN_USER','a:2:{i:0;s:4:\"porn\";i:1;s:12:\"CliClackclue\";}'),(340,0,2,0,0,0,'66.210.38.194',1238540608,'LOG_BAN_USER','a:2:{i:0;s:7:\"garbage\";i:1;s:9:\"altelabor\";}'),(341,1,2,0,0,0,'66.210.38.194',1238540608,'LOG_BAN_USER','a:2:{i:0;s:7:\"garbage\";i:1;s:9:\"altelabor\";}'),(342,0,2,0,0,0,'98.174.235.34',1238542863,'LOG_ADMIN_AUTH_SUCCESS',''),(343,0,2,0,0,0,'98.174.235.34',1238543425,'LOG_ADMIN_AUTH_SUCCESS',''),(344,0,2,0,0,0,'98.174.235.34',1238543565,'LOG_ACL_ADD_FORUM_LOCAL_F_','a:2:{i:0;s:232:\"Grinding Stone Motocross Park, General, Classifieds, Endurance Races, Grand Prix Races, Suggestions, ATV Talk, Motorcycles, UTV\'s, Practice, Tech Questions, Products, Race Questions, Sponsors, Race Stories, China Lites, Trophy Karts\";i:1;s:39:\"<span class=\"sep\">Administrators</span>\";}'),(345,0,2,0,0,0,'98.174.235.34',1238543791,'LOG_ADMIN_AUTH_SUCCESS',''),(346,0,2,0,0,0,'98.174.235.34',1238543829,'LOG_USER_DELETED','a:1:{i:0;s:17:\"HYDROCODONEONLINE\";}'),(347,0,2,0,0,0,'98.174.235.34',1238543977,'LOG_ACL_ADD_GROUP_GLOBAL_A_','a:1:{i:0;s:41:\"<span class=\"sep\">Registered users</span>\";}'),(348,0,2,0,0,0,'98.174.235.34',1238544300,'LOG_STYLE_EDIT_DETAILS','a:1:{i:0;s:10:\"subsilver2\";}'),(349,0,2,0,0,0,'98.174.235.34',1238544490,'LOG_STYLE_EDIT_DETAILS','a:1:{i:0;s:9:\"prosilver\";}'),(350,0,2,0,0,0,'98.174.235.34',1238544500,'LOG_STYLE_EDIT_DETAILS','a:1:{i:0;s:10:\"subsilver2\";}'),(351,0,2,0,0,0,'98.174.235.34',1238544594,'LOG_STYLE_EDIT_DETAILS','a:1:{i:0;s:5:\"Bl@ck\";}'),(352,3,2,0,0,95,'98.174.235.34',1238544722,'LOG_USER_NEW_PASSWORD','a:1:{i:0;s:5:\"philw\";}'),(353,0,2,0,0,0,'98.174.235.34',1238544722,'LOG_USER_USER_UPDATE','a:1:{i:0;s:5:\"philw\";}'),(354,0,2,0,0,0,'98.174.235.34',1238546604,'LOG_ADMIN_AUTH_SUCCESS',''),(355,0,2,0,0,0,'98.174.235.34',1238546659,'LOG_ADMIN_AUTH_SUCCESS',''),(356,0,2,0,0,0,'98.174.235.34',1238546705,'LOG_USER_DELETED','a:1:{i:0;s:10:\"bbrfonline\";}'),(357,3,2,0,0,2,'98.174.235.34',1238546844,'LOG_USER_UPDATE_EMAIL','a:3:{i:0;s:13:\"grindingstone\";i:1;s:25:\"hostmaster@primaryhub.com\";i:2;s:20:\"krauseracing@cox.net\";}'),(358,0,2,0,0,0,'98.174.235.34',1238547930,'LOG_ADMIN_AUTH_SUCCESS',''),(359,0,2,0,0,0,'204.15.223.108',1238550755,'LOG_ACL_TRANSFER_PERMISSIONS','a:1:{i:0;s:11:\"OutfigSeefe\";}'),(360,0,2,0,0,0,'204.15.223.108',1238553408,'LOG_ACL_TRANSFER_PERMISSIONS','a:1:{i:0;s:6:\"ultbug\";}'),(361,0,1397,0,0,0,'98.165.35.112',1238553894,'LOG_ACL_TRANSFER_PERMISSIONS','a:1:{i:0;s:6:\"ultbug\";}'),(362,0,2,0,0,0,'68.231.45.181',1238569817,'LOG_ADMIN_AUTH_SUCCESS',''),(363,0,2,0,0,0,'68.231.45.181',1238569928,'LOG_ACL_RESTORE_PERMISSIONS','a:1:{i:0;s:6:\"ultbug\";}'),(364,0,2,0,0,0,'68.231.45.181',1238570131,'LOG_CONFIG_EMAIL',''),(365,0,2,0,0,0,'204.15.223.108',1238591022,'LOG_ACL_TRANSFER_PERMISSIONS','a:1:{i:0;s:9:\"RicardoLG\";}'),(366,0,2,0,0,0,'68.231.45.181',1238605419,'LOG_ADMIN_AUTH_SUCCESS',''),(367,0,2,0,0,0,'68.231.45.181',1238605433,'LOG_ACL_RESTORE_PERMISSIONS','a:1:{i:0;s:9:\"RicardoLG\";}'),(368,0,2,0,0,0,'68.231.45.181',1238605461,'LOG_CONFIG_REGISTRATION',''),(369,0,2,0,0,0,'68.231.45.181',1238605629,'LOG_CONFIG_POST',''),(370,0,2,0,0,0,'68.231.45.181',1238605728,'LOG_ACL_ADD_GROUP_LOCAL_M_','a:2:{i:0;s:29:\"Grinding Stone Motocross Park\";i:1;s:41:\"<span class=\"sep\">Registered users</span>\";}'),(371,0,2,0,0,0,'68.231.45.181',1238605863,'LOG_ACL_ADD_GROUP_LOCAL_F_','a:2:{i:0;s:7:\"General\";i:1;s:41:\"<span class=\"sep\">Registered users</span>\";}'),(372,3,92,0,0,92,'98.167.144.149',1238622933,'LOG_USER_UPDATE_EMAIL','a:3:{i:0;s:6:\"GSBill\";i:1;s:16:\"billsuef@cox.net\";i:2;s:21:\"dragrace1@hotmail.com\";}'),(373,0,2,0,0,0,'98.174.235.34',1238633207,'LOG_ADMIN_AUTH_SUCCESS',''),(374,0,2,0,0,0,'98.174.235.34',1238633991,'LOG_ADMIN_AUTH_SUCCESS',''),(375,0,1,0,0,0,'98.174.235.34',1238634012,'LOG_UPDATE_DATABASE','a:2:{i:0;s:5:\"3.0.2\";i:1;s:5:\"3.0.4\";}'),(376,0,2,0,0,0,'68.231.45.181',1238649638,'LOG_ADMIN_AUTH_SUCCESS',''),(377,3,2,0,0,4495,'68.231.45.181',1238649773,'LOG_USER_UPDATE_NAME','a:2:{i:0;s:15:\"keng727@aol.com\";i:1;s:7:\"keng727\";}'),(378,0,2,0,0,0,'68.231.45.181',1238649773,'LOG_USER_USER_UPDATE','a:1:{i:0;s:7:\"keng727\";}'),(379,1,2,2,0,0,'204.15.223.108',1239039025,'LOG_TOPIC_DELETED','a:1:{i:0;s:15:\"New User Emails\";}'),(380,1,2,6,0,0,'204.15.223.108',1239039095,'LOG_TOPIC_DELETED','a:1:{i:0;s:40:\"Round 2 GP April 4-5 Online Registration\";}'),(381,1,2,6,0,0,'204.15.223.108',1239039095,'LOG_TOPIC_DELETED','a:1:{i:0;s:16:\"Round 2 GP Flyer\";}'),(382,1,2,6,0,0,'204.15.223.108',1239039095,'LOG_TOPIC_DELETED','a:1:{i:0;s:35:\"AMRA Members Kids Race FREE Round 2\";}'),(383,1,2,6,0,0,'204.15.223.108',1239039095,'LOG_TOPIC_DELETED','a:1:{i:0;s:18:\"Race times Round 2\";}'),(384,1,2,6,0,0,'204.15.223.108',1239039095,'LOG_TOPIC_DELETED','a:1:{i:0;s:12:\"Transponders\";}'),(385,0,4529,0,0,0,'97.124.98.200',1239075583,'LOG_ACL_TRANSFER_PERMISSIONS','a:1:{i:0;s:13:\"grindingstone\";}'),(386,0,4529,0,0,0,'97.124.98.200',1239075796,'LOG_ACL_TRANSFER_PERMISSIONS','a:1:{i:0;s:13:\"grindingstone\";}'),(387,0,2,0,0,0,'204.15.223.108',1239123976,'LOG_ADMIN_AUTH_SUCCESS',''),(388,0,2,0,0,0,'204.15.223.108',1239124038,'LOG_FORUM_ADD','a:1:{i:0;s:9:\"GS Videos\";}'),(389,1,2,20,171,0,'204.15.223.108',1239124073,'LOG_MOVE','a:1:{i:0;s:7:\"General\";}'),(390,0,2,0,0,0,'204.15.223.108',1239124222,'LOG_FORUM_MOVE_UP','a:2:{i:0;s:9:\"GS Videos\";i:1;s:11:\"Suggestions\";}'),(391,0,2,0,0,0,'204.15.223.108',1239124229,'LOG_FORUM_MOVE_UP','a:2:{i:0;s:9:\"GS Videos\";i:1;s:8:\"Sponsors\";}'),(392,0,2,0,0,0,'204.15.223.108',1239124234,'LOG_FORUM_MOVE_UP','a:2:{i:0;s:9:\"GS Videos\";i:1;s:11:\"Classifieds\";}'),(393,0,2,0,0,0,'204.15.223.108',1239124240,'LOG_FORUM_MOVE_UP','a:2:{i:0;s:9:\"GS Videos\";i:1;s:8:\"Products\";}'),(394,0,2,0,0,0,'204.15.223.108',1239124245,'LOG_FORUM_MOVE_UP','a:2:{i:0;s:9:\"GS Videos\";i:1;s:14:\"Tech Questions\";}'),(395,0,2,0,0,0,'204.15.223.108',1239124253,'LOG_FORUM_MOVE_UP','a:2:{i:0;s:9:\"GS Videos\";i:1;s:11:\"China Lites\";}'),(396,0,2,0,0,0,'204.15.223.108',1239124258,'LOG_FORUM_MOVE_UP','a:2:{i:0;s:9:\"GS Videos\";i:1;s:12:\"Trophy Karts\";}'),(397,0,2,0,0,0,'204.15.223.108',1239124263,'LOG_FORUM_MOVE_UP','a:2:{i:0;s:9:\"GS Videos\";i:1;s:5:\"UTV\'s\";}'),(398,0,2,0,0,0,'204.15.223.108',1239124268,'LOG_FORUM_MOVE_UP','a:2:{i:0;s:9:\"GS Videos\";i:1;s:8:\"ATV Talk\";}'),(399,0,2,0,0,0,'204.15.223.108',1239124272,'LOG_FORUM_MOVE_UP','a:2:{i:0;s:9:\"GS Videos\";i:1;s:11:\"Motorcycles\";}'),(400,0,2,0,0,0,'204.15.223.108',1239586502,'LOG_ADMIN_AUTH_FAIL',''),(401,0,2,0,0,0,'204.15.223.108',1239586510,'LOG_ADMIN_AUTH_SUCCESS',''),(402,0,2,0,0,0,'204.15.223.108',1239586607,'LOG_FORUM_ADD','a:1:{i:0;s:13:\"Youth/PeeWees\";}'),(403,0,2,0,0,0,'204.15.223.108',1239586630,'LOG_FORUM_MOVE_UP','a:2:{i:0;s:13:\"Youth/PeeWees\";i:1;s:11:\"Suggestions\";}'),(404,0,2,0,0,0,'204.15.223.108',1239586634,'LOG_FORUM_MOVE_UP','a:2:{i:0;s:13:\"Youth/PeeWees\";i:1;s:8:\"Sponsors\";}'),(405,0,2,0,0,0,'204.15.223.108',1239586638,'LOG_FORUM_MOVE_UP','a:2:{i:0;s:13:\"Youth/PeeWees\";i:1;s:11:\"Classifieds\";}'),(406,0,2,0,0,0,'204.15.223.108',1239586643,'LOG_FORUM_MOVE_UP','a:2:{i:0;s:13:\"Youth/PeeWees\";i:1;s:8:\"Products\";}'),(407,0,2,0,0,0,'204.15.223.108',1239586648,'LOG_FORUM_MOVE_UP','a:2:{i:0;s:13:\"Youth/PeeWees\";i:1;s:14:\"Tech Questions\";}'),(408,0,114,0,0,0,'204.15.223.108',1239666617,'LOG_ADMIN_AUTH_SUCCESS',''),(409,0,2,0,0,0,'68.231.45.181',1239699892,'LOG_ADMIN_AUTH_SUCCESS',''),(410,0,114,0,0,0,'204.15.223.108',1239742962,'LOG_ADMIN_AUTH_SUCCESS',''),(411,0,114,0,0,0,'204.15.223.108',1239760326,'LOG_ADMIN_AUTH_SUCCESS',''),(412,0,114,0,0,0,'204.15.223.108',1239760395,'LOG_FORUM_ADD','a:1:{i:0;s:9:\"Extreme X\";}'),(413,0,114,0,0,0,'204.15.223.108',1239760408,'LOG_FORUM_MOVE_UP','a:2:{i:0;s:9:\"Extreme X\";i:1;s:11:\"Suggestions\";}'),(414,0,114,0,0,0,'204.15.223.108',1239760412,'LOG_FORUM_MOVE_UP','a:2:{i:0;s:9:\"Extreme X\";i:1;s:8:\"Sponsors\";}'),(415,0,114,0,0,0,'204.15.223.108',1239760417,'LOG_FORUM_MOVE_UP','a:2:{i:0;s:9:\"Extreme X\";i:1;s:11:\"Classifieds\";}'),(416,0,114,0,0,0,'204.15.223.108',1239760423,'LOG_FORUM_MOVE_UP','a:2:{i:0;s:9:\"Extreme X\";i:1;s:8:\"Products\";}'),(417,0,114,0,0,0,'204.15.223.108',1239760428,'LOG_FORUM_MOVE_UP','a:2:{i:0;s:9:\"Extreme X\";i:1;s:14:\"Tech Questions\";}'),(418,0,114,0,0,0,'204.15.223.108',1239760432,'LOG_FORUM_MOVE_UP','a:2:{i:0;s:9:\"Extreme X\";i:1;s:13:\"Youth/PeeWees\";}'),(419,0,114,0,0,0,'204.15.223.108',1239760441,'LOG_FORUM_MOVE_UP','a:2:{i:0;s:9:\"Extreme X\";i:1;s:11:\"China Lites\";}'),(420,0,114,0,0,0,'204.15.223.108',1239760446,'LOG_FORUM_MOVE_UP','a:2:{i:0;s:9:\"Extreme X\";i:1;s:12:\"Trophy Karts\";}'),(421,0,114,0,0,0,'204.15.223.108',1239760449,'LOG_FORUM_MOVE_UP','a:2:{i:0;s:9:\"Extreme X\";i:1;s:5:\"UTV\'s\";}'),(422,0,114,0,0,0,'204.15.223.108',1239760453,'LOG_FORUM_MOVE_UP','a:2:{i:0;s:9:\"Extreme X\";i:1;s:8:\"ATV Talk\";}'),(423,0,114,0,0,0,'204.15.223.108',1239760457,'LOG_FORUM_MOVE_UP','a:2:{i:0;s:9:\"Extreme X\";i:1;s:11:\"Motorcycles\";}'),(424,0,114,0,0,0,'204.15.223.108',1239760460,'LOG_FORUM_MOVE_UP','a:2:{i:0;s:9:\"Extreme X\";i:1;s:9:\"GS Videos\";}'),(425,0,114,0,0,0,'204.15.223.108',1239760463,'LOG_FORUM_MOVE_UP','a:2:{i:0;s:9:\"Extreme X\";i:1;s:12:\"Race Stories\";}'),(426,0,114,0,0,0,'204.15.223.108',1239760466,'LOG_FORUM_MOVE_UP','a:2:{i:0;s:9:\"Extreme X\";i:1;s:8:\"Practice\";}'),(427,0,114,0,0,0,'204.15.223.108',1239760469,'LOG_FORUM_MOVE_UP','a:2:{i:0;s:9:\"Extreme X\";i:1;s:14:\"Race Questions\";}'),(428,0,114,0,0,0,'204.15.223.108',1239931289,'LOG_ADMIN_AUTH_SUCCESS',''),(429,0,114,0,0,0,'204.15.223.108',1239931324,'LOG_FORUM_EDIT','a:1:{i:0;s:8:\"Xtreme-X\";}'),(430,0,114,0,0,0,'204.15.223.108',1239931369,'LOG_FORUM_EDIT','a:1:{i:0;s:14:\"Xtreme-X Races\";}'),(431,0,114,0,0,0,'204.15.223.108',1240280729,'LOG_ADMIN_AUTH_SUCCESS',''),(432,0,4460,0,0,0,'72.223.56.238',1240536228,'LOG_ADMIN_AUTH_SUCCESS',''),(433,0,4460,0,0,0,'72.223.56.238',1240537189,'LOG_CONFIG_SECURITY',''),(434,0,2,0,0,0,'68.231.45.181',1240548972,'LOG_ADMIN_AUTH_SUCCESS',''),(435,0,2,0,0,0,'68.231.45.181',1240549525,'LOG_ACL_TRANSFER_PERMISSIONS','a:1:{i:0;s:10:\"philwussow\";}'),(436,0,2,0,0,0,'68.231.45.181',1240549538,'LOG_ACL_RESTORE_PERMISSIONS','a:1:{i:0;s:10:\"philwussow\";}'),(437,0,2,0,0,0,'68.231.45.181',1240549541,'LOG_ACL_TRANSFER_PERMISSIONS','a:1:{i:0;s:10:\"philwussow\";}'),(438,0,2,0,0,0,'68.231.45.181',1240549548,'LOG_ACL_RESTORE_PERMISSIONS','a:1:{i:0;s:10:\"philwussow\";}'),(439,0,2,0,0,0,'68.231.45.181',1240549598,'LOG_GROUP_DEFAULTS','a:2:{i:0;s:16:\"Registered users\";i:1;s:13:\"grindingstone\";}'),(440,3,2,0,0,2,'68.231.45.181',1240549598,'LOG_USER_GROUP_CHANGE','a:1:{i:0;s:57:\"From “Administrators” group to “Registered users”\";}'),(441,0,2,0,0,0,'68.231.45.181',1240550061,'LOG_ACL_TRANSFER_PERMISSIONS','a:1:{i:0;s:8:\"Crazydog\";}'),(442,0,2,0,0,0,'68.231.45.181',1240550104,'LOG_ACL_RESTORE_PERMISSIONS','a:1:{i:0;s:8:\"Crazydog\";}'),(443,0,1,0,0,0,'68.231.45.181',1240558094,'LOG_UPDATE_DATABASE','a:2:{i:0;s:5:\"3.0.4\";i:1;s:5:\"3.0.4\";}'),(444,0,1,0,0,0,'68.231.45.181',1240559159,'LOG_UPDATE_DATABASE','a:2:{i:0;s:5:\"3.0.4\";i:1;s:5:\"3.0.4\";}'),(445,0,1,0,0,0,'68.231.45.181',1240559225,'LOG_UPDATE_DATABASE','a:2:{i:0;s:5:\"3.0.4\";i:1;s:5:\"3.0.4\";}'),(446,0,2,0,0,0,'68.231.45.181',1240562235,'LOG_ADMIN_AUTH_SUCCESS',''),(447,0,2,0,0,0,'98.174.235.34',1240600156,'LOG_ADMIN_AUTH_FAIL',''),(448,0,2,0,0,0,'98.174.235.34',1240600162,'LOG_ADMIN_AUTH_SUCCESS',''),(449,0,2,0,0,0,'98.174.235.34',1240600173,'LOG_ACL_TRANSFER_PERMISSIONS','a:1:{i:0;s:8:\"Crazydog\";}'),(450,0,2,0,0,0,'98.174.235.34',1240600604,'LOG_ACL_RESTORE_PERMISSIONS','a:1:{i:0;s:8:\"Crazydog\";}'),(451,0,2,0,0,0,'98.174.235.34',1240601249,'LOG_USER_DELETED','a:1:{i:0;s:11:\"AdandSabdaf\";}'),(452,0,2,0,0,0,'98.174.235.34',1240601366,'LOG_CONFIG_SECURITY',''),(453,0,2,0,0,0,'98.174.235.34',1240601416,'LOG_DB_BACKUP',''),(454,0,2,0,0,0,'98.174.235.34',1240601433,'LOG_RESET_ONLINE',''),(455,0,2,0,0,0,'98.174.235.34',1240601443,'LOG_PURGE_CACHE',''),(456,0,2,0,0,0,'98.174.235.34',1240601464,'LOG_ACL_DEL_ADMIN_GLOBAL_A_','a:1:{i:0;s:41:\"<span class=\"sep\">Registered users</span>\";}'),(457,1,56,2,188,0,'70.176.13.244',1243776384,'LOG_DELETE_POST','a:1:{i:0;s:21:\"Re: general questions\";}'),(458,3,99,0,0,99,'70.162.164.54',1246245486,'LOG_USER_NEW_PASSWORD','a:1:{i:0;s:6:\"Bajaxr\";}'),(459,0,2,0,0,0,'204.15.223.16',1246301408,'LOG_ADMIN_AUTH_SUCCESS',''),(460,0,2,0,0,0,'204.15.223.16',1246301486,'LOG_FORUM_ADD','a:1:{i:0;s:13:\"Moto X Racing\";}'),(461,0,2,0,0,0,'204.15.223.16',1246301560,'LOG_FORUM_MOVE_UP','a:2:{i:0;s:13:\"Moto X Racing\";i:1;s:11:\"Suggestions\";}'),(462,0,2,0,0,0,'204.15.223.16',1246301564,'LOG_FORUM_MOVE_UP','a:2:{i:0;s:13:\"Moto X Racing\";i:1;s:8:\"Sponsors\";}'),(463,0,2,0,0,0,'204.15.223.16',1246301570,'LOG_FORUM_MOVE_UP','a:2:{i:0;s:13:\"Moto X Racing\";i:1;s:11:\"Classifieds\";}'),(464,0,2,0,0,0,'204.15.223.16',1246301575,'LOG_FORUM_MOVE_UP','a:2:{i:0;s:13:\"Moto X Racing\";i:1;s:8:\"Products\";}'),(465,0,2,0,0,0,'204.15.223.16',1246301581,'LOG_FORUM_MOVE_UP','a:2:{i:0;s:13:\"Moto X Racing\";i:1;s:14:\"Tech Questions\";}'),(466,0,2,0,0,0,'204.15.223.16',1246301586,'LOG_FORUM_MOVE_UP','a:2:{i:0;s:13:\"Moto X Racing\";i:1;s:13:\"Youth/PeeWees\";}'),(467,0,2,0,0,0,'204.15.223.16',1246301591,'LOG_FORUM_MOVE_UP','a:2:{i:0;s:13:\"Moto X Racing\";i:1;s:11:\"China Lites\";}'),(468,0,2,0,0,0,'204.15.223.16',1246301595,'LOG_FORUM_MOVE_UP','a:2:{i:0;s:13:\"Moto X Racing\";i:1;s:12:\"Trophy Karts\";}'),(469,0,2,0,0,0,'204.15.223.16',1246301600,'LOG_FORUM_MOVE_UP','a:2:{i:0;s:13:\"Moto X Racing\";i:1;s:5:\"UTV\'s\";}'),(470,0,2,0,0,0,'204.15.223.16',1246301605,'LOG_FORUM_MOVE_UP','a:2:{i:0;s:13:\"Moto X Racing\";i:1;s:8:\"ATV Talk\";}'),(471,0,2,0,0,0,'204.15.223.16',1246301609,'LOG_FORUM_MOVE_UP','a:2:{i:0;s:13:\"Moto X Racing\";i:1;s:11:\"Motorcycles\";}'),(472,0,2,0,0,0,'204.15.223.16',1246301614,'LOG_FORUM_MOVE_UP','a:2:{i:0;s:13:\"Moto X Racing\";i:1;s:9:\"GS Videos\";}'),(473,0,2,0,0,0,'204.15.223.16',1246301617,'LOG_FORUM_MOVE_UP','a:2:{i:0;s:13:\"Moto X Racing\";i:1;s:12:\"Race Stories\";}'),(474,0,2,0,0,0,'204.15.223.16',1246301631,'LOG_FORUM_MOVE_UP','a:2:{i:0;s:13:\"Moto X Racing\";i:1;s:8:\"Practice\";}'),(475,0,2,0,0,0,'204.15.223.16',1246301635,'LOG_FORUM_MOVE_UP','a:2:{i:0;s:13:\"Moto X Racing\";i:1;s:14:\"Race Questions\";}'),(476,0,2,0,0,0,'204.15.223.16',1246301643,'LOG_FORUM_MOVE_UP','a:2:{i:0;s:13:\"Moto X Racing\";i:1;s:14:\"Xtreme-X Races\";}'),(477,0,2,0,0,0,'204.15.223.16',1246301648,'LOG_FORUM_MOVE_UP','a:2:{i:0;s:13:\"Moto X Racing\";i:1;s:16:\"Grand Prix Races\";}'),(478,0,2,0,0,0,'204.15.223.16',1246301653,'LOG_FORUM_MOVE_UP','a:2:{i:0;s:13:\"Moto X Racing\";i:1;s:15:\"Endurance Races\";}'),(479,0,2,0,0,0,'204.15.223.16',1246301657,'LOG_FORUM_MOVE_UP','a:2:{i:0;s:16:\"Grand Prix Races\";i:1;s:15:\"Endurance Races\";}'),(480,1,2,2,184,0,'204.15.223.16',1246302104,'LOG_DELETE_TOPIC','a:1:{i:0;s:19:\"red sox fitted hats\";}'),(481,0,2,0,0,0,'204.15.223.16',1246302345,'LOG_ADMIN_AUTH_SUCCESS',''),(482,0,2,0,0,0,'204.15.223.16',1246302401,'LOG_FORUM_DEL_POSTS','a:1:{i:0;s:11:\"China Lites\";}'),(483,0,2,0,0,0,'204.15.223.16',1246302519,'LOG_FORUM_EDIT','a:1:{i:0;s:13:\"Moto X Racing\";}'),(484,0,2,0,0,0,'204.15.223.16',1246302605,'LOG_FORUM_EDIT','a:1:{i:0;s:13:\"Moto X Racing\";}'),(485,0,2,0,0,0,'204.15.223.16',1246302672,'LOG_FORUM_EDIT','a:1:{i:0;s:13:\"Moto X Racing\";}'),(486,0,2,0,0,0,'204.15.223.16',1246329228,'LOG_ADMIN_AUTH_SUCCESS',''),(487,0,2,0,0,0,'204.15.223.16',1246329419,'LOG_ACL_ADD_FORUM_LOCAL_F_','a:2:{i:0;s:13:\"Moto X Racing\";i:1;s:39:\"<span class=\"sep\">Administrators</span>\";}'),(488,0,2,0,0,0,'204.15.223.16',1246329487,'LOG_ACL_ADD_FORUM_LOCAL_F_','a:2:{i:0;s:13:\"Moto X Racing\";i:1;s:190:\"<span class=\"sep\">Guests</span>, <span class=\"sep\">Registered users</span>, <span class=\"sep\">Global moderators</span>, <span class=\"sep\">Administrators</span>, <span class=\"sep\">Bots</span>\";}'),(489,0,2,0,0,0,'204.15.223.16',1246329616,'LOG_FORUM_EDIT','a:1:{i:0;s:13:\"Moto X Racing\";}'),(490,0,2,0,0,0,'204.15.223.16',1246329722,'LOG_ACL_ADD_FORUM_LOCAL_F_','a:2:{i:0;s:13:\"Moto X Racing\";i:1;s:39:\"<span class=\"sep\">Administrators</span>\";}'),(491,0,2,0,0,0,'204.15.223.16',1246329745,'LOG_ACL_ADD_FORUM_LOCAL_F_','a:2:{i:0;s:13:\"Moto X Racing\";i:1;s:41:\"<span class=\"sep\">Registered users</span>\";}'),(492,1,2,23,205,0,'204.15.223.16',1246329824,'LOG_MOVE','a:2:{i:0;s:7:\"General\";i:1;s:13:\"Moto X Racing\";}'),(493,1,2,23,225,0,'204.15.223.16',1246329824,'LOG_MOVE','a:2:{i:0;s:7:\"General\";i:1;s:13:\"Moto X Racing\";}'),(494,1,2,23,238,0,'204.15.223.16',1246329824,'LOG_MOVE','a:2:{i:0;s:7:\"General\";i:1;s:13:\"Moto X Racing\";}'),(495,1,2,2,228,0,'204.15.223.16',1246329847,'LOG_DELETE_TOPIC','a:1:{i:0;s:60:\"What types of links should accede to this attribute? viagra \";}'),(496,1,2,22,177,0,'204.15.223.16',1246329888,'LOG_MOVE','a:2:{i:0;s:7:\"General\";i:1;s:14:\"Xtreme-X Races\";}'),(497,0,2,0,0,0,'204.15.223.16',1246395336,'LOG_ADMIN_AUTH_SUCCESS',''),(498,0,2,0,0,0,'204.15.223.16',1246395372,'LOG_FORUM_EDIT','a:1:{i:0;s:13:\"Moto X Racing\";}'),(499,1,2,23,241,0,'204.15.223.16',1246395441,'LOG_POST_EDITED','a:2:{i:0;s:19:\"Moto X Race Results\";i:1;s:9:\"motomutts\";}'),(500,0,2,0,0,0,'204.15.222.193',1248791144,'LOG_ADMIN_AUTH_SUCCESS',''),(501,1,2,2,258,0,'204.15.222.193',1248791359,'LOG_DELETE_TOPIC','a:1:{i:0;s:33:\"The sentence becomes clearer w...\";}'),(502,1,2,2,257,0,'204.15.222.193',1248791380,'LOG_DELETE_TOPIC','a:1:{i:0;s:24:\"Personal business a site\";}'),(503,1,2,2,255,0,'204.15.222.193',1248791400,'LOG_DELETE_TOPIC','a:1:{i:0;s:28:\"RE: \n clip having sex video.\";}'),(504,1,2,2,243,0,'204.15.222.193',1248791427,'LOG_DELETE_TOPIC','a:1:{i:0;s:60:\"Question to forum.grindingstonemx.com Auto Car Guru , were a\";}'),(505,1,2,2,253,0,'204.15.222.193',1248791445,'LOG_DELETE_TOPIC','a:1:{i:0;s:39:\"region, which specifically binds to the\";}'),(506,1,2,2,249,0,'204.15.222.193',1248791462,'LOG_DELETE_TOPIC','a:1:{i:0;s:8:\"Sex toys\";}'),(507,1,2,2,264,0,'204.15.222.193',1249081205,'LOG_DELETE_TOPIC','a:1:{i:0;s:14:\"Dowload movies\";}'),(508,1,2,2,262,0,'204.15.222.193',1249081229,'LOG_DELETE_TOPIC','a:1:{i:0;s:42:\"How to Plan and Build a Business Part-Time\";}'),(509,1,2,2,260,0,'204.15.222.193',1249081255,'LOG_DELETE_TOPIC','a:1:{i:0;s:33:\"Data should be held safely for...\";}'),(510,1,2,2,245,0,'204.15.222.193',1249081278,'LOG_DELETE_TOPIC','a:1:{i:0;s:20:\"URGENT----ATV RACERS\";}'),(511,1,2,2,275,0,'204.15.222.193',1249320905,'LOG_DELETE_TOPIC','a:1:{i:0;s:108:\"Цель знакомства - дружба и общение, переписка, любовь, тноше\";}'),(512,1,2,2,274,0,'204.15.222.193',1249320925,'LOG_DELETE_TOPIC','a:1:{i:0;s:89:\"Регистрируйсяи тебе будут доступны - знакомства.\";}'),(513,1,2,2,273,0,'204.15.222.193',1249320950,'LOG_DELETE_TOPIC','a:1:{i:0;s:41:\"Рецепты на каждый день\";}'),(514,1,2,2,272,0,'204.15.222.193',1249320967,'LOG_DELETE_TOPIC','a:1:{i:0;s:109:\"Если вам нужен секс на одну ночь без обязательств и рамблер \";}'),(515,1,2,2,271,0,'204.15.222.193',1249320986,'LOG_DELETE_TOPIC','a:1:{i:0;s:102:\"Вх д тольк для с в ршенн л тних! П йдит п с ылке ниж и на ле\";}'),(516,1,2,2,270,0,'204.15.222.193',1249321017,'LOG_DELETE_TOPIC','a:1:{i:0;s:16:\"cartoon draw fox\";}'),(517,1,2,2,269,0,'204.15.222.193',1249321039,'LOG_DELETE_TOPIC','a:1:{i:0;s:112:\"Бисексуалы сайт знакомств груповое порно на дискотеке фото т\";}'),(518,1,2,2,268,0,'204.15.222.193',1249321055,'LOG_DELETE_TOPIC','a:1:{i:0;s:110:\"Знакомства для секса во всех городах! Знакомься и займись ст\";}'),(519,0,2,0,0,0,'204.15.222.193',1249321084,'LOG_ADMIN_AUTH_SUCCESS',''),(520,0,2,0,0,0,'204.15.222.193',1249321134,'LOG_BAN_USER','a:2:{i:0;s:0:\"\";i:1;s:12:\"MumakilInvip\";}'),(521,1,2,0,0,0,'204.15.222.193',1249321134,'LOG_BAN_USER','a:2:{i:0;s:0:\"\";i:1;s:12:\"MumakilInvip\";}'),(522,1,2,2,267,0,'204.15.222.193',1249321159,'LOG_DELETE_TOPIC','a:1:{i:0;s:114:\"Исходную территорию для фатьяновцев установили между днепром\";}'),(523,1,2,2,266,0,'204.15.222.193',1249321174,'LOG_DELETE_TOPIC','a:1:{i:0;s:45:\"Download movies - Скачать фильмы\";}'),(524,1,2,2,265,0,'204.15.222.193',1249321191,'LOG_DELETE_TOPIC','a:1:{i:0;s:15:\"Download movies\";}'),(525,1,2,2,263,0,'204.15.222.193',1249321218,'LOG_TOPIC_TYPE_CHANGED','a:1:{i:0;s:29:\"Destry Abbott ISDE Fundraiser\";}'),(526,1,2,20,261,0,'204.15.222.193',1249321372,'LOG_DELETE_TOPIC','a:1:{i:0;s:43:\"A Day with Joe Giannotti at Grinding Stone.\";}'),(527,1,2,2,285,0,'204.15.223.34',1250464666,'LOG_DELETE_TOPIC','a:1:{i:0;s:49:\"tiger airlines routes cza airlines  all knowledge\";}'),(528,1,2,2,284,0,'204.15.223.34',1250464688,'LOG_DELETE_TOPIC','a:1:{i:0;s:37:\"how to set up new antivirus program ?\";}'),(529,1,2,2,281,0,'204.15.223.34',1250464713,'LOG_DELETE_TOPIC','a:1:{i:0;s:60:\"singletreffs kontaktanzeigen afrika partnersuche sex seitens\";}'),(530,1,2,2,283,0,'204.15.223.34',1250464733,'LOG_DELETE_TOPIC','a:1:{i:0;s:60:\"Question to forum.grindingstonemx.com Hay Guru , were are yo\";}'),(531,1,2,2,279,0,'204.15.223.34',1250464761,'LOG_DELETE_TOPIC','a:1:{i:0;s:35:\"What movie should you view tomorrow\";}'),(532,1,2,2,280,0,'204.15.223.34',1250464791,'LOG_DELETE_TOPIC','a:1:{i:0;s:28:\"hello there happy to be here\";}'),(533,1,2,6,174,0,'204.15.223.34',1250464834,'LOG_DELETE_TOPIC','a:1:{i:0;s:36:\"Round 3 online registration now open\";}'),(534,1,2,6,173,0,'204.15.223.34',1250464854,'LOG_DELETE_TOPIC','a:1:{i:0;s:25:\"Round 3 Promotion/Special\";}'),(535,1,2,6,287,0,'204.15.223.34',1250465059,'LOG_TOPIC_TYPE_CHANGED','a:1:{i:0;s:14:\"2010 GP Season\";}'),(536,1,2,4,147,0,'204.15.223.34',1250465108,'LOG_DELETE_TOPIC','a:1:{i:0;s:37:\"8hr Race online registration open now\";}'),(537,1,2,4,134,0,'204.15.223.34',1250465128,'LOG_DELETE_TOPIC','a:1:{i:0;s:31:\"8Hr race Grinding Stone May 2-3\";}'),(538,1,2,4,200,0,'204.15.223.34',1250465160,'LOG_DELETE_TOPIC','a:1:{i:0;s:54:\"Help, any open ATV 30+ sportsman team spot for Sunday?\";}'),(539,1,2,4,222,0,'204.15.223.34',1250465187,'LOG_TOPIC_TYPE_CHANGED','a:1:{i:0;s:21:\"10hr Race DATE CHANGE\";}'),(540,1,2,4,207,0,'204.15.223.34',1250465215,'LOG_DELETE_TOPIC','a:1:{i:0;s:22:\"8 Hour Enduro results?\";}'),(541,1,2,4,201,0,'204.15.223.34',1250465252,'LOG_DELETE_TOPIC','a:1:{i:0;s:29:\"Teammate needed for TOMORROW.\";}'),(542,1,2,4,199,0,'204.15.223.34',1250465276,'LOG_DELETE_TOPIC','a:1:{i:0;s:25:\"Dirt Bike Teammate wanted\";}'),(543,1,2,22,234,0,'204.15.223.34',1250465325,'LOG_DELETE_TOPIC','a:1:{i:0;s:27:\"Friday Night Xtreme X at GS\";}'),(544,1,2,22,177,0,'204.15.223.34',1250465358,'LOG_DELETE_TOPIC','a:1:{i:0;s:27:\"Ariaona Enduro Cross Series\";}'),(545,1,2,22,195,0,'204.15.223.34',1250465383,'LOG_DELETE_TOPIC','a:1:{i:0;s:36:\"Xtreme X online registration is open\";}'),(546,1,2,22,192,0,'204.15.223.34',1250465406,'LOG_DELETE_TOPIC','a:1:{i:0;s:41:\"Xtreme X is here..... race it if you dare\";}'),(547,1,2,2,291,0,'204.15.223.34',1250655618,'LOG_DELETE_TOPIC','a:1:{i:0;s:26:\"Some feedback about resort\";}'),(548,1,2,2,290,0,'204.15.223.34',1250655648,'LOG_DELETE_TOPIC','a:1:{i:0;s:26:\"Some feedback about resort\";}'),(549,1,2,2,288,0,'204.15.223.34',1250655669,'LOG_DELETE_TOPIC','a:1:{i:0;s:25:\"Some feedback about hotel\";}'),(550,1,2,6,292,0,'204.15.223.34',1250655696,'LOG_DELETE_TOPIC','a:1:{i:0;s:26:\"Some feedback about resort\";}'),(551,1,2,6,289,0,'204.15.223.34',1250655713,'LOG_DELETE_TOPIC','a:1:{i:0;s:25:\"Some feedback about hotel\";}'),(552,1,2,4,293,0,'204.15.223.34',1250655742,'LOG_DELETE_TOPIC','a:1:{i:0;s:26:\"Some feedback about resort\";}'),(553,0,2,0,0,0,'204.15.223.34',1250655806,'LOG_BAN_USER','a:2:{i:0;s:0:\"\";i:1;s:11:\"pyncdreancy\";}'),(554,1,2,0,0,0,'204.15.223.34',1250655806,'LOG_BAN_USER','a:2:{i:0;s:0:\"\";i:1;s:11:\"pyncdreancy\";}'),(555,1,2,22,294,0,'204.15.223.34',1250655861,'LOG_DELETE_TOPIC','a:1:{i:0;s:25:\"Some feedback about hotel\";}'),(556,1,2,16,308,0,'204.15.223.34',1250655893,'LOG_DELETE_TOPIC','a:1:{i:0;s:25:\"Some feedback about hotel\";}'),(557,1,2,15,295,0,'204.15.223.34',1250655984,'LOG_DELETE_TOPIC','a:1:{i:0;s:25:\"Some feedback about hotel\";}'),(558,1,2,10,296,0,'204.15.223.34',1250656006,'LOG_DELETE_TOPIC','a:1:{i:0;s:25:\"Some feedback about hotel\";}'),(559,1,2,13,297,0,'204.15.223.34',1250656032,'LOG_DELETE_TOPIC','a:1:{i:0;s:25:\"Some feedback about hotel\";}'),(560,1,2,3,306,0,'204.15.223.34',1250656060,'LOG_DELETE_TOPIC','a:1:{i:0;s:26:\"Some feedback about resort\";}'),(561,0,2,0,0,0,'204.15.223.34',1251138260,'LOG_BAN_USER','a:2:{i:0;s:0:\"\";i:1;s:13:\"tulpan.zwetok\";}'),(562,1,2,0,0,0,'204.15.223.34',1251138260,'LOG_BAN_USER','a:2:{i:0;s:0:\"\";i:1;s:13:\"tulpan.zwetok\";}'),(563,1,2,2,315,0,'204.15.223.34',1251138294,'LOG_DELETE_TOPIC','a:1:{i:0;s:28:\"http://tulpan.freehostia.com\";}'),(564,1,2,2,314,0,'204.15.223.34',1251138311,'LOG_DELETE_TOPIC','a:1:{i:0;s:28:\"http://tulpan.freehostia.com\";}'),(565,1,2,2,312,0,'204.15.223.34',1251138327,'LOG_DELETE_TOPIC','a:1:{i:0;s:28:\"http://tulpan.freehostia.com\";}'),(566,1,2,6,316,0,'204.15.223.34',1251138362,'LOG_DELETE_TOPIC','a:1:{i:0;s:28:\"http://tulpan.freehostia.com\";}'),(567,1,2,6,313,0,'204.15.223.34',1251138376,'LOG_DELETE_TOPIC','a:1:{i:0;s:28:\"http://tulpan.freehostia.com\";}'),(568,1,2,4,317,0,'204.15.223.34',1251138399,'LOG_DELETE_TOPIC','a:1:{i:0;s:28:\"http://tulpan.freehostia.com\";}'),(569,1,2,22,318,0,'204.15.223.34',1251138420,'LOG_DELETE_TOPIC','a:1:{i:0;s:28:\"http://tulpan.freehostia.com\";}'),(570,1,2,15,319,0,'204.15.223.34',1251138453,'LOG_DELETE_TOPIC','a:1:{i:0;s:28:\"http://tulpan.freehostia.com\";}'),(571,1,2,10,320,0,'204.15.223.34',1251138481,'LOG_DELETE_TOPIC','a:1:{i:0;s:28:\"http://tulpan.freehostia.com\";}'),(572,1,2,13,321,0,'204.15.223.34',1251138528,'LOG_DELETE_TOPIC','a:1:{i:0;s:28:\"http://tulpan.freehostia.com\";}'),(573,1,2,20,322,0,'204.15.223.34',1251138562,'LOG_DELETE_TOPIC','a:1:{i:0;s:28:\"http://tulpan.freehostia.com\";}'),(574,1,2,20,298,0,'204.15.223.34',1251138583,'LOG_DELETE_TOPIC','a:1:{i:0;s:26:\"Some feedback about resort\";}'),(575,0,2,0,0,0,'204.15.223.34',1251138628,'LOG_ACL_TRANSFER_PERMISSIONS','a:1:{i:0;s:13:\"tulpan.zwetok\";}'),(576,0,2,0,0,0,'204.15.223.34',1251763766,'LOG_ACL_TRANSFER_PERMISSIONS','a:1:{i:0;s:9:\"tommanila\";}'),(577,0,2,0,0,0,'204.15.223.34',1251763829,'LOG_ADMIN_AUTH_SUCCESS',''),(578,0,2,0,0,0,'204.15.223.34',1251763855,'LOG_ACL_RESTORE_PERMISSIONS','a:1:{i:0;s:9:\"tommanila\";}'),(579,1,2,2,334,0,'204.15.223.34',1251763893,'LOG_DELETE_TOPIC','a:1:{i:0;s:59:\"Several Ways How To Find The Money For Charity Using Payday\";}'),(580,1,2,2,333,0,'204.15.223.34',1251763971,'LOG_DELETE_TOPIC','a:1:{i:0;s:70:\"Тайные мечтания московских выпускниц.\";}'),(581,1,2,2,347,0,'204.15.223.17',1252497665,'LOG_DELETE_TOPIC','a:1:{i:0;s:111:\"Молодые и горячие сучки ждут когда из трахнут настоящие мужи\";}'),(582,1,2,2,346,0,'204.15.223.17',1252497679,'LOG_DELETE_TOPIC','a:1:{i:0;s:110:\"Реально безумное видео со звездами, которые знают толк в сек\";}'),(583,1,2,2,345,0,'204.15.223.17',1252497700,'LOG_DELETE_TOPIC','a:1:{i:0;s:38:\"Any recomendations on a rts mac game ?\";}'),(584,1,2,2,344,0,'204.15.223.17',1252497714,'LOG_DELETE_TOPIC','a:1:{i:0;s:48:\"Индийская порнодива Priya Rai.\";}'),(585,1,2,2,343,0,'204.15.223.17',1252497728,'LOG_DELETE_TOPIC','a:1:{i:0;s:108:\"эти Дамы знают только в сексуальных играх, зайди и оцени их \";}'),(586,0,2,0,0,0,'204.15.223.17',1252497758,'LOG_BAN_USER','a:2:{i:0;s:0:\"\";i:1;s:11:\"boxBeaseBib\";}'),(587,1,2,0,0,0,'204.15.223.17',1252497758,'LOG_BAN_USER','a:2:{i:0;s:0:\"\";i:1;s:11:\"boxBeaseBib\";}'),(588,1,2,2,342,0,'204.15.223.17',1252497780,'LOG_DELETE_TOPIC','a:1:{i:0;s:108:\"Эти горячие парни обожают входить в тугие попки друг друга.\";}'),(589,0,2,0,0,0,'204.15.223.17',1252497799,'LOG_BAN_USER','a:2:{i:0;s:0:\"\";i:1;s:11:\"enconeesilm\";}'),(590,1,2,0,0,0,'204.15.223.17',1252497799,'LOG_BAN_USER','a:2:{i:0;s:0:\"\";i:1;s:11:\"enconeesilm\";}'),(591,1,2,2,341,0,'204.15.223.17',1252497818,'LOG_DELETE_TOPIC','a:1:{i:0;s:110:\"близился экзамен, а знания ну никак не хотели задерживаться \";}'),(592,0,2,0,0,0,'204.15.223.17',1252497838,'LOG_BAN_USER','a:2:{i:0;s:0:\"\";i:1;s:11:\"GUCCULPILIA\";}'),(593,1,2,0,0,0,'204.15.223.17',1252497838,'LOG_BAN_USER','a:2:{i:0;s:0:\"\";i:1;s:11:\"GUCCULPILIA\";}'),(594,1,2,2,340,0,'204.15.223.17',1252497852,'LOG_DELETE_TOPIC','a:1:{i:0;s:86:\"когда узнают, что у их подружек тоже есть члены.\";}'),(595,0,2,0,0,0,'204.15.223.17',1252497874,'LOG_BAN_USER','a:2:{i:0;s:0:\"\";i:1;s:13:\"Erusyfrefucky\";}'),(596,1,2,0,0,0,'204.15.223.17',1252497874,'LOG_BAN_USER','a:2:{i:0;s:0:\"\";i:1;s:13:\"Erusyfrefucky\";}'),(597,1,2,2,338,0,'204.15.223.17',1252497890,'LOG_DELETE_TOPIC','a:1:{i:0;s:78:\"Некоторым девкам алкоголь противопоказан.\";}'),(598,1,2,2,337,0,'204.15.223.17',1252497905,'LOG_DELETE_TOPIC','a:1:{i:0;s:113:\"Вкус сладкой спермы преследует парней после глубокого минета\";}'),(599,1,2,2,336,0,'204.15.223.17',1252497929,'LOG_DELETE_TOPIC','a:1:{i:0;s:42:\"My firewall got weird, please help anyone?\";}'),(600,1,2,2,335,0,'204.15.223.17',1252497946,'LOG_DELETE_TOPIC','a:1:{i:0;s:20:\"CDROM won\'t burn CD?\";}'),(639,1,2,2,354,0,'204.15.223.17',1252952155,'LOG_DELETE_TOPIC','a:1:{i:0;s:109:\"Массивный член подружки дарит парню незабываемые ощущения.\";}'),(630,0,2,0,0,0,'204.15.223.17',1252951988,'LOG_FORUM_DEL_POSTS','a:1:{i:0;s:11:\"Motorcycles\";}'),(638,1,2,2,355,0,'204.15.223.17',1252952142,'LOG_DELETE_TOPIC','a:1:{i:0;s:34:\"Nice Articles About Mickel Jackson\";}'),(631,0,2,0,0,0,'204.15.223.17',1252952010,'LOG_FORUM_DEL_POSTS','a:1:{i:0;s:8:\"ATV Talk\";}'),(637,1,2,2,357,0,'204.15.223.17',1252952126,'LOG_DELETE_TOPIC','a:1:{i:0;s:19:\"МЕГАМИНЕТ.\";}'),(632,0,2,0,0,0,'204.15.223.17',1252952023,'LOG_FORUM_DEL_POSTS','a:1:{i:0;s:5:\"UTV\'s\";}'),(607,1,2,18,326,0,'204.15.223.17',1252525446,'LOG_DELETE_TOPIC','a:1:{i:0;s:28:\"http://tulpan.freehostia.com\";}'),(608,1,2,18,302,0,'204.15.223.17',1252525459,'LOG_DELETE_TOPIC','a:1:{i:0;s:25:\"Some feedback about hotel\";}'),(633,0,2,0,0,0,'204.15.223.17',1252952038,'LOG_FORUM_DEL_POSTS','a:1:{i:0;s:13:\"Youth/PeeWees\";}'),(635,1,2,2,359,0,'204.15.223.17',1252952096,'LOG_DELETE_TOPIC','a:1:{i:0;s:49:\"Лучший отсос от зрелых дам.\";}'),(634,0,2,0,0,0,'204.15.223.17',1252952051,'LOG_FORUM_DEL_POSTS','a:1:{i:0;s:14:\"Tech Questions\";}'),(613,1,2,12,329,0,'204.15.223.17',1252525552,'LOG_DELETE_TOPIC','a:1:{i:0;s:28:\"http://tulpan.freehostia.com\";}'),(614,1,2,12,305,0,'204.15.223.17',1252525566,'LOG_DELETE_TOPIC','a:1:{i:0;s:26:\"Some feedback about resort\";}'),(615,1,2,12,132,0,'204.15.223.17',1252525588,'LOG_DELETE_POST','a:1:{i:0;s:29:\"HOT DOG WAGON...EASTER SUNDAY\";}'),(616,1,2,12,132,0,'204.15.223.17',1252525603,'LOG_DELETE_TOPIC','a:1:{i:0;s:29:\"HOT DOG WAGON...EASTER SUNDAY\";}'),(617,1,2,3,330,0,'204.15.223.17',1252525624,'LOG_DELETE_TOPIC','a:1:{i:0;s:28:\"http://tulpan.freehostia.com\";}'),(618,1,2,14,331,0,'204.15.223.17',1252525671,'LOG_DELETE_TOPIC','a:1:{i:0;s:28:\"http://tulpan.freehostia.com\";}'),(619,1,2,14,307,0,'204.15.223.17',1252525687,'LOG_DELETE_TOPIC','a:1:{i:0;s:26:\"Some feedback about resort\";}'),(620,1,2,16,332,0,'204.15.223.17',1252525721,'LOG_DELETE_TOPIC','a:1:{i:0;s:28:\"http://tulpan.freehostia.com\";}'),(621,1,2,10,348,0,'204.15.223.17',1252525759,'LOG_DELETE_TOPIC','a:1:{i:0;s:22:\"9-9-09 Practice closed\";}'),(622,1,2,10,256,0,'204.15.223.17',1252525789,'LOG_DELETE_POST','a:1:{i:0;s:26:\"Practice this Wed 29-July?\";}'),(623,1,2,10,256,0,'204.15.223.17',1252525813,'LOG_DELETE_TOPIC','a:1:{i:0;s:26:\"Practice this Wed 29-July?\";}'),(624,0,2,0,0,0,'68.231.36.37',1252561661,'LOG_ADMIN_AUTH_SUCCESS',''),(625,0,2,0,0,0,'68.231.36.37',1252561906,'LOG_BAN_USER','a:2:{i:0;s:0:\"\";i:1;s:15:\"deertatiangexes\";}'),(626,1,2,0,0,0,'68.231.36.37',1252561906,'LOG_BAN_USER','a:2:{i:0;s:0:\"\";i:1;s:15:\"deertatiangexes\";}'),(627,1,2,2,263,0,'204.15.223.17',1252951806,'LOG_DELETE_POST','a:1:{i:0;s:29:\"Destry Abbott ISDE Fundraiser\";}'),(628,1,2,2,263,0,'204.15.223.17',1252951824,'LOG_DELETE_TOPIC','a:1:{i:0;s:29:\"Destry Abbott ISDE Fundraiser\";}'),(629,0,2,0,0,0,'204.15.223.17',1252951893,'LOG_ADMIN_AUTH_SUCCESS',''),(640,1,2,2,353,0,'204.15.223.17',1252952169,'LOG_DELETE_TOPIC','a:1:{i:0;s:108:\"Никогда раньше вы не видели таких очаровательных девчонок.\";}'),(641,1,2,2,352,0,'204.15.223.17',1252952186,'LOG_DELETE_TOPIC','a:1:{i:0;s:86:\"Царство сладких стонов и возбужённого дыхания.\";}'),(642,1,2,2,351,0,'204.15.223.17',1252952204,'LOG_DELETE_TOPIC','a:1:{i:0;s:26:\"Practice for ATVs this Sat\";}'),(643,0,2,0,0,0,'204.15.223.17',1252952248,'LOG_BAN_USER','a:2:{i:0;s:0:\"\";i:1;s:11:\"diadwayCisK\";}'),(644,1,2,0,0,0,'204.15.223.17',1252952248,'LOG_BAN_USER','a:2:{i:0;s:0:\"\";i:1;s:11:\"diadwayCisK\";}'),(645,1,2,6,361,0,'204.15.223.17',1252952642,'LOG_TOPIC_TYPE_CHANGED','a:1:{i:0;s:10:\"Team Races\";}'),(646,1,2,6,360,0,'204.15.223.17',1252952665,'LOG_TOPIC_TYPE_CHANGED','a:1:{i:0;s:13:\"Class changes\";}'),(647,1,2,10,250,0,'204.15.223.17',1252952727,'LOG_DELETE_POST','a:1:{i:0;s:20:\"this weekend 7/25-26\";}'),(648,1,2,10,250,0,'204.15.223.17',1252952743,'LOG_DELETE_POST','a:1:{i:0;s:24:\"Re: this weekend 7/25-26\";}'),(649,1,2,10,250,0,'204.15.223.17',1252952758,'LOG_DELETE_TOPIC','a:1:{i:0;s:20:\"this weekend 7/25-26\";}'),(650,1,2,10,189,0,'204.15.223.17',1252952804,'LOG_DELETE_POST','a:1:{i:0;s:15:\"Friday Practice\";}'),(651,1,2,10,189,0,'204.15.223.17',1252952819,'LOG_DELETE_TOPIC','a:1:{i:0;s:15:\"Friday Practice\";}'),(652,1,2,10,252,0,'204.15.223.17',1252952839,'LOG_DELETE_POST','a:1:{i:0;s:29:\"Practice this wednesday 7/22?\";}'),(653,1,2,10,252,0,'204.15.223.17',1252952854,'LOG_DELETE_TOPIC','a:1:{i:0;s:29:\"Practice this wednesday 7/22?\";}'),(654,1,2,10,211,0,'204.15.223.17',1252952883,'LOG_DELETE_TOPIC','a:1:{i:0;s:18:\"Wednesday practice\";}'),(655,1,2,10,133,0,'204.15.223.17',1252952905,'LOG_DELETE_TOPIC','a:1:{i:0;s:36:\"Grinding Stone Practice Open April 3\";}'),(656,1,2,10,190,0,'204.15.223.17',1252952926,'LOG_DELETE_TOPIC','a:1:{i:0;s:14:\"Multiple Bikes\";}'),(657,1,2,23,225,0,'204.15.223.17',1252952969,'LOG_DELETE_TOPIC','a:1:{i:0;s:37:\"June 28 Moto-X Race at Grinding Stone\";}'),(658,1,2,15,226,0,'204.15.223.17',1252953024,'LOG_DELETE_TOPIC','a:1:{i:0;s:16:\"Upcoming MX race\";}'),(659,1,2,15,202,0,'204.15.223.17',1252953047,'LOG_DELETE_TOPIC','a:1:{i:0;s:15:\"motocross races\";}'),(660,1,2,15,180,0,'204.15.223.17',1252953154,'LOG_DELETE_TOPIC','a:1:{i:0;s:12:\"Transponders\";}'),(661,1,2,15,161,0,'204.15.223.17',1252953177,'LOG_DELETE_TOPIC','a:1:{i:0;s:20:\"65cc A &amp; B class\";}'),(662,1,2,15,159,0,'204.15.223.17',1252953198,'LOG_DELETE_TOPIC','a:1:{i:0;s:21:\"Registration at Races\";}'),(663,1,2,15,162,0,'204.15.223.17',1252953221,'LOG_DELETE_TOPIC','a:1:{i:0;s:15:\"Points Question\";}'),(664,1,2,2,371,0,'204.15.223.17',1253289021,'LOG_DELETE_TOPIC','a:1:{i:0;s:108:\"Они еще так молоды, но это не мешает им наслаждаться сексом.\";}'),(665,1,2,2,370,0,'204.15.223.17',1253289036,'LOG_DELETE_TOPIC','a:1:{i:0;s:84:\"Красивую девочку блондинку трахают в туалете.\";}'),(666,1,2,2,368,0,'204.15.223.17',1253289050,'LOG_DELETE_TOPIC','a:1:{i:0;s:112:\"Большой искусственный член заставляет эту крошку кричать от \";}'),(667,1,2,2,367,0,'204.15.223.17',1253289063,'LOG_DELETE_TOPIC','a:1:{i:0;s:66:\"Парень трахает грудастую блондинку.\";}'),(668,1,2,2,366,0,'204.15.223.17',1253289071,'LOG_DELETE_TOPIC','a:1:{i:0;s:108:\"Жми сюда, чтобы увидеть жесткий секс со сладкими девочками.\";}'),(669,1,2,2,365,0,'204.15.223.17',1253289079,'LOG_DELETE_TOPIC','a:1:{i:0;s:42:\"Ну очень сладкая детка.\";}'),(670,1,2,2,364,0,'204.15.223.17',1253289087,'LOG_DELETE_TOPIC','a:1:{i:0;s:100:\"Опаляющая страсть девочек будоражит твое воображение.\";}'),(671,1,2,2,363,0,'204.15.223.17',1253289094,'LOG_DELETE_TOPIC','a:1:{i:0;s:110:\"Толстый член в упругой попке - эксклюзивное порно видео Анал\";}'),(672,1,2,6,369,0,'204.15.223.17',1253289220,'LOG_TOPIC_TYPE_CHANGED','a:1:{i:0;s:21:\"Round 4 GP Race at GS\";}'),(673,0,2,0,0,0,'204.15.223.186',1254148559,'LOG_ADMIN_AUTH_SUCCESS',''),(674,1,2,10,382,0,'204.15.223.58',1254149156,'LOG_DELETE_TOPIC','a:1:{i:0;s:62:\"It’s time to forget about impotence! Autumn sale will help y\";}'),(675,0,2,0,0,0,'204.15.223.58',1254149202,'LOG_BAN_USER','a:2:{i:0;s:0:\"\";i:1;s:13:\"hyclopyillota\";}'),(676,1,2,0,0,0,'204.15.223.58',1254149202,'LOG_BAN_USER','a:2:{i:0;s:0:\"\";i:1;s:13:\"hyclopyillota\";}'),(677,1,2,22,383,0,'204.15.223.58',1254149221,'LOG_DELETE_TOPIC','a:1:{i:0;s:62:\"It’s time to forget about impotence! Autumn sale will help y\";}'),(678,1,2,2,398,0,'204.15.223.58',1254149332,'LOG_DELETE_TOPIC','a:1:{i:0;s:45:\"Hello I\'m new and wanted to introduce myself!\";}'),(679,1,2,2,389,0,'204.15.223.58',1254149332,'LOG_DELETE_TOPIC','a:1:{i:0;s:33:\"Flowers was the move Golden Steer\";}'),(680,1,2,2,390,0,'204.15.223.58',1254149332,'LOG_DELETE_TOPIC','a:1:{i:0;s:20:\"Кафе Принц.\";}'),(681,1,2,2,405,0,'204.15.223.58',1254149332,'LOG_DELETE_TOPIC','a:1:{i:0;s:71:\"Прикольные Картинки По Тетради Смерти.\";}'),(682,1,2,2,391,0,'204.15.223.58',1254149332,'LOG_DELETE_TOPIC','a:1:{i:0;s:18:\"Окна Кафе.\";}'),(683,1,2,2,402,0,'204.15.223.58',1254149332,'LOG_DELETE_TOPIC','a:1:{i:0;s:50:\"girl pissen natursekt hose girl pisst hose pinkeln\";}'),(684,1,2,2,379,0,'204.15.223.58',1254149332,'LOG_DELETE_TOPIC','a:1:{i:0;s:62:\"It’s time to forget about impotence! Autumn sale will help y\";}'),(685,1,2,2,377,0,'204.15.223.58',1254149332,'LOG_DELETE_TOPIC','a:1:{i:0;s:62:\"It’s time to forget about impotence! Autumn sale will help y\";}'),(686,1,2,2,376,0,'204.15.223.58',1254149332,'LOG_DELETE_TOPIC','a:1:{i:0;s:60:\"Их сладкие стоны возбудят и тебя.\";}'),(687,1,2,2,403,0,'204.15.223.58',1254149332,'LOG_DELETE_TOPIC','a:1:{i:0;s:54:\"public pissing mädchen pipi mund pissen pissen lesben\";}'),(688,1,2,2,375,0,'204.15.223.58',1254149332,'LOG_DELETE_TOPIC','a:1:{i:0;s:110:\"Негр с огромным членом выебал молодую брюнеточку в попку и н\";}'),(689,1,2,2,393,0,'204.15.223.58',1254149332,'LOG_DELETE_TOPIC','a:1:{i:0;s:24:\"Площадь Кафе.\";}'),(690,1,2,2,394,0,'204.15.223.58',1254149332,'LOG_DELETE_TOPIC','a:1:{i:0;s:31:\"Шутки Про Любовь.\";}'),(691,1,2,2,395,0,'204.15.223.58',1254149332,'LOG_DELETE_TOPIC','a:1:{i:0;s:42:\"Quest Pistols Стрекоза Любви.\";}'),(692,1,2,2,396,0,'204.15.223.58',1254149332,'LOG_DELETE_TOPIC','a:1:{i:0;s:34:\"Город Развлечений.\";}'),(693,1,2,2,401,0,'204.15.223.58',1254149332,'LOG_DELETE_TOPIC','a:1:{i:0;s:40:\"Ночной Клуб В Марьино.\";}'),(694,1,2,2,400,0,'204.15.223.58',1254149332,'LOG_DELETE_TOPIC','a:1:{i:0;s:60:\"nunavut airfare eva airline baggage mpl represents a state-o\";}'),(695,1,2,2,404,0,'204.15.223.58',1254149332,'LOG_DELETE_TOPIC','a:1:{i:0;s:60:\"pisse bilder pissen bilder kostenlos pissen sexy hosen pinke\";}'),(696,1,2,2,399,0,'204.15.223.58',1254149332,'LOG_DELETE_TOPIC','a:1:{i:0;s:20:\"Кафе Ангел.\";}'),(697,1,2,2,397,0,'204.15.223.58',1254149332,'LOG_DELETE_TOPIC','a:1:{i:0;s:48:\"Звезда Ночной Клуб Самара.\";}'),(698,1,2,2,384,0,'204.15.223.58',1254149332,'LOG_DELETE_TOPIC','a:1:{i:0;s:92:\"Безумный трах резиновым членом сочного влагалища.\";}'),(699,1,2,2,385,0,'204.15.223.58',1254149332,'LOG_DELETE_TOPIC','a:1:{i:0;s:77:\"Красивая девушка искусно исполняет минет.\";}'),(700,1,2,2,386,0,'204.15.223.58',1254149332,'LOG_DELETE_TOPIC','a:1:{i:0;s:107:\"Милашки в умопомрачительных сетках отдаются диким парням.\";}'),(701,1,2,2,387,0,'204.15.223.58',1254149332,'LOG_DELETE_TOPIC','a:1:{i:0;s:88:\"Стриптиз от невесты после свадьбы 21+, Не детское.\";}'),(702,1,2,2,349,0,'204.15.223.58',1254149356,'LOG_DELETE_TOPIC','a:1:{i:0;s:111:\"Две опытные штучки нежно учат юную подругу лесбийской любви.\";}'),(703,1,2,2,350,0,'204.15.223.58',1254149356,'LOG_DELETE_TOPIC','a:1:{i:0;s:51:\"Пацан делает сам себе минет.\";}'),(704,1,2,6,378,0,'204.15.223.58',1254149395,'LOG_DELETE_TOPIC','a:1:{i:0;s:62:\"It’s time to forget about impotence! Autumn sale will help y\";}'),(705,1,2,6,380,0,'204.15.223.58',1254149395,'LOG_DELETE_TOPIC','a:1:{i:0;s:62:\"It’s time to forget about impotence! Autumn sale will help y\";}'),(706,1,2,6,381,0,'204.15.223.58',1254149395,'LOG_DELETE_TOPIC','a:1:{i:0;s:62:\"It’s time to forget about impotence! Autumn sale will help y\";}'),(707,1,2,12,356,0,'204.15.223.58',1254149453,'LOG_DELETE_TOPIC','a:1:{i:0;s:60:\"Has anyone tried DrNatura\'s Colon Cleanse? I heard about it \";}'),(708,1,2,2,408,0,'204.15.223.58',1254181323,'LOG_DELETE_TOPIC','a:1:{i:0;s:47:\"Развлечения В Черногории.\";}'),(709,1,2,2,407,0,'204.15.223.58',1254181331,'LOG_DELETE_TOPIC','a:1:{i:0;s:30:\"Загородное Кафе.\";}'),(710,1,2,2,409,0,'204.15.223.58',1254506820,'LOG_DELETE_TOPIC','a:1:{i:0;s:40:\"Эротические Мультики.\";}'),(711,1,2,2,410,0,'204.15.223.58',1254506820,'LOG_DELETE_TOPIC','a:1:{i:0;s:57:\"Прикольные Смс С Днем Рождения.\";}'),(712,1,2,2,411,0,'204.15.223.58',1254506820,'LOG_DELETE_TOPIC','a:1:{i:0;s:22:\"Кафе Реутов.\";}'),(713,1,2,2,412,0,'204.15.223.58',1254506820,'LOG_DELETE_TOPIC','a:1:{i:0;s:69:\"Прикольные Картинки В Гостевую Книгу.\";}'),(714,1,2,2,413,0,'204.15.223.58',1254506820,'LOG_DELETE_TOPIC','a:1:{i:0;s:41:\"Recommendation for Very Cheap Web Hosting\";}'),(715,1,2,2,414,0,'204.15.223.58',1254506820,'LOG_DELETE_TOPIC','a:1:{i:0;s:71:\"Скачать Ирина Аллегрова День Рождения.\";}'),(716,1,2,2,415,0,'204.15.223.58',1254506820,'LOG_DELETE_TOPIC','a:1:{i:0;s:31:\"Любовь Не Просит.\";}'),(717,1,2,2,417,0,'204.15.223.58',1254760596,'LOG_DELETE_TOPIC','a:1:{i:0;s:65:\"Квест Пистолс Белая Стрекоза Любви.\";}'),(718,1,2,2,418,0,'204.15.223.58',1254760596,'LOG_DELETE_TOPIC','a:1:{i:0;s:43:\"Питерские Ночные Клубы.\";}'),(719,1,2,2,419,0,'204.15.223.58',1254760596,'LOG_DELETE_TOPIC','a:1:{i:0;s:36:\"Buy tamiflu without a prescription !\";}'),(720,1,2,2,421,0,'204.15.223.58',1254760596,'LOG_DELETE_TOPIC','a:1:{i:0;s:13:\"Buy tamiflu !\";}'),(721,1,2,2,422,0,'204.15.223.58',1254760596,'LOG_DELETE_TOPIC','a:1:{i:0;s:13:\"Buy tamiflu !\";}'),(722,1,2,2,435,0,'204.15.223.58',1254760596,'LOG_DELETE_TOPIC','a:1:{i:0;s:36:\"Buy Nintendo Wii Cheap. great offer.\";}'),(723,0,2,0,0,0,'204.15.223.58',1254760630,'LOG_BAN_USER','a:2:{i:0;s:0:\"\";i:1;s:7:\"Tamiflu\";}'),(724,1,2,0,0,0,'204.15.223.58',1254760630,'LOG_BAN_USER','a:2:{i:0;s:0:\"\";i:1;s:7:\"Tamiflu\";}'),(725,1,2,6,420,0,'204.15.223.58',1254760661,'LOG_DELETE_TOPIC','a:1:{i:0;s:13:\"Buy tamiflu !\";}'),(726,1,2,6,423,0,'204.15.223.58',1254760661,'LOG_DELETE_TOPIC','a:1:{i:0;s:13:\"Buy tamiflu !\";}'),(727,1,2,4,424,0,'204.15.223.58',1254760690,'LOG_DELETE_TOPIC','a:1:{i:0;s:13:\"Buy tamiflu !\";}'),(728,1,2,22,425,0,'204.15.223.58',1254760708,'LOG_DELETE_TOPIC','a:1:{i:0;s:36:\"Buy tamiflu without a prescription !\";}'),(729,1,2,2,437,0,'204.15.223.58',1255712237,'LOG_DELETE_TOPIC','a:1:{i:0;s:53:\"Картинки На Стену В Контакте.\";}'),(730,1,2,2,438,0,'204.15.223.58',1255712237,'LOG_DELETE_TOPIC','a:1:{i:0;s:16:\"First time here.\";}'),(731,1,2,2,439,0,'204.15.223.58',1255712237,'LOG_DELETE_TOPIC','a:1:{i:0;s:2:\"Hi\";}'),(732,1,2,2,440,0,'204.15.223.58',1255712237,'LOG_DELETE_TOPIC','a:1:{i:0;s:33:\"Шутки Bbcode Включен.\";}'),(733,1,2,2,441,0,'204.15.223.58',1255712237,'LOG_DELETE_TOPIC','a:1:{i:0;s:35:\"Поле Чудес Приколы.\";}'),(734,1,2,2,442,0,'204.15.223.58',1255712237,'LOG_DELETE_TOPIC','a:1:{i:0;s:18:\"Anonymous Browsing\";}'),(735,1,2,2,443,0,'204.15.223.58',1255712237,'LOG_DELETE_TOPIC','a:1:{i:0;s:30:\"Мобильные Шутки.\";}'),(736,1,2,2,444,0,'204.15.223.58',1255712237,'LOG_DELETE_TOPIC','a:1:{i:0;s:54:\"Развлечения Вечером В Москве.\";}'),(737,1,2,2,445,0,'204.15.223.58',1255712237,'LOG_DELETE_TOPIC','a:1:{i:0;s:52:\"Приколы Видео Порно Скачать.\";}'),(738,1,2,2,446,0,'204.15.223.58',1255712237,'LOG_DELETE_TOPIC','a:1:{i:0;s:22:\"Войлок Кафе.\";}'),(739,1,2,2,447,0,'204.15.223.58',1255712237,'LOG_DELETE_TOPIC','a:1:{i:0;s:61:\"15 Лет День Рождения Поздравления.\";}'),(740,1,2,2,448,0,'204.15.223.58',1255712237,'LOG_DELETE_TOPIC','a:1:{i:0;s:15:\"irritated penis\";}'),(741,1,2,2,436,0,'204.15.223.58',1255712263,'LOG_DELETE_TOPIC','a:1:{i:0;s:11:\"poker rules\";}'),(742,1,2,15,426,0,'204.15.223.58',1255712294,'LOG_DELETE_TOPIC','a:1:{i:0;s:13:\"Buy tamiflu !\";}'),(743,1,2,3,374,0,'204.15.223.58',1255712326,'LOG_DELETE_TOPIC','a:1:{i:0;s:31:\"2005 Honda TRX 90/125 Race Quad\";}'),(744,1,2,3,373,0,'204.15.223.58',1255712349,'LOG_DELETE_TOPIC','a:1:{i:0;s:28:\"2006 Custom Yamaha Rhino 660\";}'),(745,1,2,3,432,0,'204.15.223.58',1255712364,'LOG_DELETE_TOPIC','a:1:{i:0;s:36:\"Buy tamiflu without a prescription !\";}'),(746,1,2,3,276,0,'204.15.223.58',1255712382,'LOG_DELETE_TOPIC','a:1:{i:0;s:13:\"Honda CRF150R\";}'),(747,1,2,3,138,0,'204.15.223.58',1255712407,'LOG_DELETE_TOPIC','a:1:{i:0;s:13:\"Honda CRF150R\";}'),(748,1,2,6,369,0,'204.15.223.58',1255712443,'LOG_DELETE_POST','a:1:{i:0;s:21:\"Round 4 GP Race at GS\";}'),(749,1,2,6,369,0,'204.15.223.58',1255712483,'LOG_DELETE_TOPIC','a:1:{i:0;s:21:\"Round 4 GP Race at GS\";}'),(750,1,114,2,459,0,'204.15.223.58',1255987140,'LOG_DELETE_TOPIC','a:1:{i:0;s:9:\"GS Survey\";}'),(751,1,2,2,455,0,'204.15.223.197',1256247463,'LOG_DELETE_TOPIC','a:1:{i:0;s:50:\"Анекдоты И Веселые Истории.\";}'),(752,1,2,2,452,0,'204.15.223.197',1256247463,'LOG_DELETE_TOPIC','a:1:{i:0;s:58:\"Детские Анекдоты Про Чебурашку.\";}'),(753,1,2,2,449,0,'204.15.223.197',1256247463,'LOG_DELETE_TOPIC','a:1:{i:0;s:59:\"Песня С Днем Рождения Аллегрова.\";}'),(754,1,2,2,450,0,'204.15.223.197',1256247463,'LOG_DELETE_TOPIC','a:1:{i:0;s:34:\"Грустные Картинки.\";}'),(755,1,2,2,454,0,'204.15.223.197',1256247463,'LOG_DELETE_TOPIC','a:1:{i:0;s:37:\"Анекдоты Про Музыку.\";}'),(756,1,2,2,466,0,'204.15.223.197',1256247463,'LOG_DELETE_TOPIC','a:1:{i:0;s:42:\"Приколы Знаменитостей.\";}'),(757,1,2,2,451,0,'204.15.223.197',1256247463,'LOG_DELETE_TOPIC','a:1:{i:0;s:26:\"Seel a lot bins MasterCard\";}'),(758,1,2,2,465,0,'204.15.223.197',1256247463,'LOG_DELETE_TOPIC','a:1:{i:0;s:32:\"Новогодние Шутки.\";}'),(759,1,2,2,463,0,'204.15.223.197',1256247463,'LOG_DELETE_TOPIC','a:1:{i:0;s:41:\"Хорошие Шутки Аршавин.\";}'),(760,1,2,2,464,0,'204.15.223.197',1256247463,'LOG_DELETE_TOPIC','a:1:{i:0;s:28:\"Картинки Слезы.\";}'),(761,1,2,2,469,0,'204.15.223.197',1256247463,'LOG_DELETE_TOPIC','a:1:{i:0;s:32:\"Anti Depressants end other Drugs\";}'),(762,1,2,2,462,0,'204.15.223.197',1256247463,'LOG_DELETE_TOPIC','a:1:{i:0;s:48:\"anemia child needs food plan for vegetatian diet\";}'),(763,1,2,2,456,0,'204.15.223.197',1256247463,'LOG_DELETE_TOPIC','a:1:{i:0;s:36:\"Информер Анекдотов.\";}'),(764,1,2,2,457,0,'204.15.223.197',1256247463,'LOG_DELETE_TOPIC','a:1:{i:0;s:4:\"ello\";}'),(765,1,2,2,460,0,'204.15.223.197',1256247463,'LOG_DELETE_TOPIC','a:1:{i:0;s:29:\"Посуда Для Кафе.\";}'),(766,1,2,2,461,0,'204.15.223.197',1256247463,'LOG_DELETE_TOPIC','a:1:{i:0;s:67:\"Скачать Прикольные Картинки Для Ммс.\";}'),(767,1,2,2,453,0,'204.15.223.197',1256247463,'LOG_DELETE_TOPIC','a:1:{i:0;s:41:\"Шутки Про Журналистов.\";}'),(768,1,2,10,427,0,'204.15.223.197',1256247500,'LOG_DELETE_TOPIC','a:1:{i:0;s:13:\"Buy tamiflu !\";}'),(769,1,4543,3,210,0,'166.89.176.82',1256776500,'LOG_DELETE_POST','a:1:{i:0;s:31:\"Re: 400ex 440 big bore for sale\";}'),(770,1,2,2,567,0,'204.15.223.162',1257257202,'LOG_DELETE_TOPIC','a:1:{i:0;s:20:\"Клуб Шоссе.\";}'),(771,1,2,2,568,0,'204.15.223.162',1257257202,'LOG_DELETE_TOPIC','a:1:{i:0;s:51:\"Buy cigarettes here. Low price, high quality!!.. :)\";}'),(772,1,2,2,569,0,'204.15.223.162',1257257202,'LOG_DELETE_TOPIC','a:1:{i:0;s:29:\"tennessee refinance home loan\";}'),(773,1,2,2,571,0,'204.15.223.162',1257257202,'LOG_DELETE_TOPIC','a:1:{i:0;s:54:\"mortgage loan leads california mortgage rates mortgage\";}'),(774,1,2,2,572,0,'204.15.223.162',1257257202,'LOG_DELETE_TOPIC','a:1:{i:0;s:26:\"loan florida disaster 2006\";}'),(775,1,2,2,585,0,'204.15.223.162',1257257202,'LOG_DELETE_TOPIC','a:1:{i:0;s:46:\"Калейдоскоп Развлечений.\";}'),(776,1,2,2,586,0,'204.15.223.162',1257257202,'LOG_DELETE_TOPIC','a:1:{i:0;s:47:\"Фотографии Ночных Клубов.\";}'),(777,1,2,2,587,0,'204.15.223.162',1257257202,'LOG_DELETE_TOPIC','a:1:{i:0;s:47:\"Прикольные Картинки 100х100.\";}'),(778,1,2,2,588,0,'204.15.223.162',1257257202,'LOG_DELETE_TOPIC','a:1:{i:0;s:50:\"Ночной Клуб Инфинити Видео.\";}'),(779,1,2,2,589,0,'204.15.223.162',1257257202,'LOG_DELETE_TOPIC','a:1:{i:0;s:60:\"Секс знакомство во владивостоке.\";}'),(780,1,2,2,590,0,'204.15.223.162',1257257202,'LOG_DELETE_TOPIC','a:1:{i:0;s:48:\"student loan assistance after filling bankruptcy\";}'),(781,1,2,2,592,0,'204.15.223.162',1257257202,'LOG_DELETE_TOPIC','a:1:{i:0;s:52:\"i paid off the loan does that make the property mine\";}'),(782,1,2,2,593,0,'204.15.223.162',1257257202,'LOG_DELETE_TOPIC','a:1:{i:0;s:31:\"mortgage loan officer education\";}'),(783,1,2,2,606,0,'204.15.223.162',1257257202,'LOG_DELETE_TOPIC','a:1:{i:0;s:15:\"Клуб First.\";}'),(784,1,2,2,607,0,'204.15.223.162',1257257202,'LOG_DELETE_TOPIC','a:1:{i:0;s:49:\"Blackjackhitorstand.com - How To Win At Blackjack\";}'),(785,1,2,2,609,0,'204.15.223.162',1257257202,'LOG_DELETE_TOPIC','a:1:{i:0;s:60:\"online cialis apotheke ajanta sexkaugummi zollfrei generika \";}'),(786,1,2,2,610,0,'204.15.223.162',1257257202,'LOG_DELETE_TOPIC','a:1:{i:0;s:60:\"schlankheitpillen rezeptfrei bestellen schlankheitsmittel bi\";}'),(787,1,2,2,618,0,'204.15.223.162',1257257202,'LOG_DELETE_TOPIC','a:1:{i:0;s:39:\"Развлечения С Детьми.\";}'),(788,1,2,2,619,0,'204.15.223.162',1257257202,'LOG_DELETE_TOPIC','a:1:{i:0;s:26:\"metroit detroit loan giant\";}'),(789,1,2,2,621,0,'204.15.223.162',1257257202,'LOG_DELETE_TOPIC','a:1:{i:0;s:19:\"business loan rules\";}'),(790,1,2,2,622,0,'204.15.223.162',1257257202,'LOG_DELETE_TOPIC','a:1:{i:0;s:27:\"home equity loan definition\";}'),(791,1,2,2,635,0,'204.15.223.162',1257257202,'LOG_DELETE_TOPIC','a:1:{i:0;s:19:\"tennessee home loan\";}'),(792,1,2,2,637,0,'204.15.223.162',1257257202,'LOG_DELETE_TOPIC','a:1:{i:0;s:28:\"freemont investment and loan\";}'),(793,1,2,2,638,0,'204.15.223.162',1257257202,'LOG_DELETE_TOPIC','a:1:{i:0;s:47:\"philadelphia bad credit mortgage refinance loan\";}'),(794,1,2,2,651,0,'204.15.223.162',1257257202,'LOG_DELETE_TOPIC','a:1:{i:0;s:71:\"Развлечения Санкт Петербург Для Детей.\";}'),(795,1,2,2,497,0,'204.15.223.162',1257257254,'LOG_DELETE_TOPIC','a:1:{i:0;s:15:\"travel shop inc\";}'),(796,1,2,2,498,0,'204.15.223.162',1257257254,'LOG_DELETE_TOPIC','a:1:{i:0;s:10:\"Am I Lost?\";}'),(797,1,2,2,499,0,'204.15.223.162',1257257254,'LOG_DELETE_TOPIC','a:1:{i:0;s:21:\"corpus christi travel\";}'),(798,1,2,2,500,0,'204.15.223.162',1257257254,'LOG_DELETE_TOPIC','a:1:{i:0;s:26:\"Кафе Иркутска.\";}'),(799,1,2,2,501,0,'204.15.223.162',1257257254,'LOG_DELETE_TOPIC','a:1:{i:0;s:59:\"Знакомства, кинофильмы! Dating, movies!\";}'),(800,1,2,2,502,0,'204.15.223.162',1257257254,'LOG_DELETE_TOPIC','a:1:{i:0;s:20:\"Игры Шутки.\";}'),(801,1,2,2,503,0,'204.15.223.162',1257257254,'LOG_DELETE_TOPIC','a:1:{i:0;s:22:\"travel deal march 2008\";}'),(802,1,2,2,504,0,'204.15.223.162',1257257254,'LOG_DELETE_TOPIC','a:1:{i:0;s:33:\"Анекдоты Про Жопу.\";}'),(803,1,2,2,505,0,'204.15.223.162',1257257254,'LOG_DELETE_TOPIC','a:1:{i:0;s:59:\"Знакомства, кинофильмы! Dating, movies!\";}'),(804,1,2,2,506,0,'204.15.223.162',1257257254,'LOG_DELETE_TOPIC','a:1:{i:0;s:22:\"diabetes diet two type\";}'),(805,1,2,2,508,0,'204.15.223.162',1257257254,'LOG_DELETE_TOPIC','a:1:{i:0;s:22:\"medical chart analysis\";}'),(806,1,2,2,509,0,'204.15.223.162',1257257254,'LOG_DELETE_TOPIC','a:1:{i:0;s:20:\"amazing health facts\";}'),(807,1,2,2,522,0,'204.15.223.162',1257257254,'LOG_DELETE_TOPIC','a:1:{i:0;s:56:\"Туалетная Бумага С Анекдотами.\";}'),(808,1,2,2,523,0,'204.15.223.162',1257257254,'LOG_DELETE_TOPIC','a:1:{i:0;s:23:\"clean up computer files\";}'),(809,1,2,2,524,0,'204.15.223.162',1257257254,'LOG_DELETE_TOPIC','a:1:{i:0;s:26:\"printable pharmacy coupons\";}'),(810,1,2,2,526,0,'204.15.223.162',1257257254,'LOG_DELETE_TOPIC','a:1:{i:0;s:28:\"stress and health statistics\";}'),(811,1,2,2,527,0,'204.15.223.162',1257257254,'LOG_DELETE_TOPIC','a:1:{i:0;s:35:\"british columbia health association\";}'),(812,1,2,2,540,0,'204.15.223.162',1257257254,'LOG_DELETE_TOPIC','a:1:{i:0;s:60:\"amateurbilder nackt amateurporno tv kostenlose nacktbilder a\";}'),(813,1,2,2,542,0,'204.15.223.162',1257257254,'LOG_DELETE_TOPIC','a:1:{i:0;s:60:\"amateur sex bilder private videos privat sex bilder amateure\";}'),(814,1,2,2,543,0,'204.15.223.162',1257257254,'LOG_DELETE_TOPIC','a:1:{i:0;s:60:\"privatamateur private busen privater hausfrauensex privat po\";}'),(815,1,2,2,549,0,'204.15.223.162',1257257254,'LOG_DELETE_TOPIC','a:1:{i:0;s:39:\"registry cleaner software free download\";}'),(816,1,2,2,550,0,'204.15.223.162',1257257254,'LOG_DELETE_TOPIC','a:1:{i:0;s:21:\"top registry cleaners\";}'),(817,1,2,2,551,0,'204.15.223.162',1257257254,'LOG_DELETE_TOPIC','a:1:{i:0;s:21:\"franchise loan broker\";}'),(818,1,2,2,553,0,'204.15.223.162',1257257254,'LOG_DELETE_TOPIC','a:1:{i:0;s:18:\"ams signature loan\";}'),(819,1,2,2,554,0,'204.15.223.162',1257257254,'LOG_DELETE_TOPIC','a:1:{i:0;s:27:\"payday loan debt settlement\";}'),(820,1,2,2,473,0,'204.15.223.162',1257257297,'LOG_DELETE_TOPIC','a:1:{i:0;s:37:\"Анекдоты Про Аптеку.\";}'),(821,1,2,2,474,0,'204.15.223.162',1257257297,'LOG_DELETE_TOPIC','a:1:{i:0;s:43:\"Любовь Морковь 2 Онлайн.\";}'),(822,1,2,2,476,0,'204.15.223.162',1257257297,'LOG_DELETE_TOPIC','a:1:{i:0;s:50:\"Search for Uncomparable Bondage and BDSM Equipment\";}'),(823,1,2,2,477,0,'204.15.223.162',1257257297,'LOG_DELETE_TOPIC','a:1:{i:0;s:46:\"Калейдоскоп Развлечений.\";}'),(824,1,2,2,478,0,'204.15.223.162',1257257297,'LOG_DELETE_TOPIC','a:1:{i:0;s:37:\"Ночной Клуб Солярис.\";}'),(825,1,2,2,479,0,'204.15.223.162',1257257297,'LOG_DELETE_TOPIC','a:1:{i:0;s:32:\"Молодежные Шутки.\";}'),(826,1,2,2,480,0,'204.15.223.162',1257257297,'LOG_DELETE_TOPIC','a:1:{i:0;s:32:\"Угарные Анекдоты.\";}'),(827,1,2,2,481,0,'204.15.223.162',1257257297,'LOG_DELETE_TOPIC','a:1:{i:0;s:36:\"45 Лет День Рождения.\";}'),(828,1,2,2,482,0,'204.15.223.162',1257257297,'LOG_DELETE_TOPIC','a:1:{i:0;s:28:\"Картинки Денег.\";}'),(829,1,2,2,483,0,'204.15.223.162',1257257297,'LOG_DELETE_TOPIC','a:1:{i:0;s:19:\"Facial Hair Removal\";}'),(830,1,2,2,484,0,'204.15.223.162',1257257297,'LOG_DELETE_TOPIC','a:1:{i:0;s:26:\"Картинки Леры.\";}'),(831,1,2,2,485,0,'204.15.223.162',1257257297,'LOG_DELETE_TOPIC','a:1:{i:0;s:34:\"Не Для Смеха Шутки.\";}'),(832,1,2,2,486,0,'204.15.223.162',1257257297,'LOG_DELETE_TOPIC','a:1:{i:0;s:46:\"october 2007 fda drug approved for fibromylgia\";}'),(833,1,2,2,487,0,'204.15.223.162',1257257297,'LOG_DELETE_TOPIC','a:1:{i:0;s:54:\"Прикольные Картинки С Детьми.\";}'),(834,1,2,2,488,0,'204.15.223.162',1257257297,'LOG_DELETE_TOPIC','a:1:{i:0;s:34:\"Кафе Калининграда.\";}'),(835,1,2,2,489,0,'204.15.223.162',1257257297,'LOG_DELETE_TOPIC','a:1:{i:0;s:24:\"shoot tracers hit target\";}'),(836,1,2,2,490,0,'204.15.223.162',1257257297,'LOG_DELETE_TOPIC','a:1:{i:0;s:32:\"Картинки Приколі.\";}'),(837,1,2,2,491,0,'204.15.223.162',1257257297,'LOG_DELETE_TOPIC','a:1:{i:0;s:71:\"Скачать Прикольные Картинки На Мобилу.\";}'),(838,1,2,2,492,0,'204.15.223.162',1257257297,'LOG_DELETE_TOPIC','a:1:{i:0;s:49:\"Blackjackhitorstand.com - How To Win At Blackjack\";}'),(839,1,2,2,493,0,'204.15.223.162',1257257297,'LOG_DELETE_TOPIC','a:1:{i:0;s:20:\"Кафе Китай.\";}'),(840,1,2,2,494,0,'204.15.223.162',1257257297,'LOG_DELETE_TOPIC','a:1:{i:0;s:45:\"wake forest universoty baptist medical center\";}'),(841,1,2,2,495,0,'204.15.223.162',1257257297,'LOG_DELETE_TOPIC','a:1:{i:0;s:28:\"Свежие Приколы.\";}'),(842,1,2,6,507,0,'204.15.223.162',1257257367,'LOG_DELETE_TOPIC','a:1:{i:0;s:30:\"high muscle enzymes and people\";}'),(843,1,2,6,510,0,'204.15.223.162',1257257367,'LOG_DELETE_TOPIC','a:1:{i:0;s:27:\"hair loss topical treatment\";}'),(844,1,2,6,525,0,'204.15.223.162',1257257367,'LOG_DELETE_TOPIC','a:1:{i:0;s:17:\"atkins diet menus\";}'),(845,1,2,6,528,0,'204.15.223.162',1257257367,'LOG_DELETE_TOPIC','a:1:{i:0;s:14:\"mn smoking law\";}'),(846,1,2,6,541,0,'204.15.223.162',1257257367,'LOG_DELETE_TOPIC','a:1:{i:0;s:60:\"privatamateur amateure erotik amateure gratis amateur bilder\";}'),(847,1,2,6,544,0,'204.15.223.162',1257257367,'LOG_DELETE_TOPIC','a:1:{i:0;s:60:\"nacktfotos von voyeur videos voyeur movies amateure kostenlo\";}'),(848,1,2,6,552,0,'204.15.223.162',1257257367,'LOG_DELETE_TOPIC','a:1:{i:0;s:17:\"how to get a loan\";}'),(849,1,2,6,555,0,'204.15.223.162',1257257367,'LOG_DELETE_TOPIC','a:1:{i:0;s:38:\"sample loan agreements with collateral\";}'),(850,1,2,6,570,0,'204.15.223.162',1257257367,'LOG_DELETE_TOPIC','a:1:{i:0;s:32:\"bathroom refit cash loan england\";}'),(851,1,2,6,573,0,'204.15.223.162',1257257367,'LOG_DELETE_TOPIC','a:1:{i:0;s:32:\"loan value 2004 hyundai santa fe\";}'),(852,1,2,6,591,0,'204.15.223.162',1257257367,'LOG_DELETE_TOPIC','a:1:{i:0;s:27:\"refinancing home loan texas\";}'),(853,1,2,6,594,0,'204.15.223.162',1257257367,'LOG_DELETE_TOPIC','a:1:{i:0;s:18:\"no income car loan\";}'),(854,1,2,6,620,0,'204.15.223.162',1257257367,'LOG_DELETE_TOPIC','a:1:{i:0;s:19:\"loan to repair houe\";}'),(855,1,2,6,623,0,'204.15.223.162',1257257367,'LOG_DELETE_TOPIC','a:1:{i:0;s:16:\"sba loan forgive\";}'),(856,1,2,6,636,0,'204.15.223.162',1257257367,'LOG_DELETE_TOPIC','a:1:{i:0;s:19:\"mortgage loan types\";}'),(857,1,2,6,639,0,'204.15.223.162',1257257367,'LOG_DELETE_TOPIC','a:1:{i:0;s:22:\"classic car loan chase\";}'),(858,1,2,4,511,0,'204.15.223.162',1257257425,'LOG_DELETE_TOPIC','a:1:{i:0;s:37:\"delaware institute of health sciences\";}'),(859,1,2,4,529,0,'204.15.223.162',1257257425,'LOG_DELETE_TOPIC','a:1:{i:0;s:17:\"home health nurse\";}'),(860,1,2,4,545,0,'204.15.223.162',1257257425,'LOG_DELETE_TOPIC','a:1:{i:0;s:55:\"amateursex in private teens erotik amateur amateurteens\";}'),(861,1,2,4,556,0,'204.15.223.162',1257257425,'LOG_DELETE_TOPIC','a:1:{i:0;s:18:\"personal loan note\";}'),(862,1,2,4,574,0,'204.15.223.162',1257257425,'LOG_DELETE_TOPIC','a:1:{i:0;s:36:\"direct student loan servicing center\";}'),(863,1,2,4,595,0,'204.15.223.162',1257257425,'LOG_DELETE_TOPIC','a:1:{i:0;s:41:\"help getting out of money loan situations\";}'),(864,1,2,4,624,0,'204.15.223.162',1257257425,'LOG_DELETE_TOPIC','a:1:{i:0;s:24:\"first time personal loan\";}'),(865,1,2,4,640,0,'204.15.223.162',1257257425,'LOG_DELETE_TOPIC','a:1:{i:0;s:27:\"how to fight cash call loan\";}'),(866,1,2,10,514,0,'204.15.223.162',1257257486,'LOG_DELETE_TOPIC','a:1:{i:0;s:36:\"pysiological functions of vitamin b6\";}'),(867,1,2,10,532,0,'204.15.223.162',1257257486,'LOG_DELETE_TOPIC','a:1:{i:0;s:42:\"health products at the state fair of texas\";}'),(868,1,2,10,548,0,'204.15.223.162',1257257486,'LOG_DELETE_TOPIC','a:1:{i:0;s:60:\"geile privatamateure privatfotos nacktfoto amateursex videos\";}'),(869,1,2,10,559,0,'204.15.223.162',1257257486,'LOG_DELETE_TOPIC','a:1:{i:0;s:31:\"taking a loan against your 401k\";}'),(870,1,2,10,577,0,'204.15.223.162',1257257486,'LOG_DELETE_TOPIC','a:1:{i:0;s:58:\"student loan debt consolidation wallpack center new jersey\";}'),(871,1,2,10,598,0,'204.15.223.162',1257257486,'LOG_DELETE_TOPIC','a:1:{i:0;s:56:\"home equity loans payday loan student loan consolidation\";}'),(872,1,2,10,612,0,'204.15.223.162',1257257486,'LOG_DELETE_TOPIC','a:1:{i:0;s:60:\"sexkaugummi preiswert kaufen cialis rezeptfrei bestellen gen\";}'),(873,1,2,10,614,0,'204.15.223.162',1257257486,'LOG_DELETE_TOPIC','a:1:{i:0;s:60:\"potenzmittel preiswert online kaufen sexkaugummi rezeptfrei \";}'),(874,1,2,10,615,0,'204.15.223.162',1257257486,'LOG_DELETE_TOPIC','a:1:{i:0;s:60:\"generika online bestellen schlankheitpillen billig online be\";}'),(875,1,2,10,627,0,'204.15.223.162',1257257486,'LOG_DELETE_TOPIC','a:1:{i:0;s:30:\"best free low income home loan\";}'),(876,1,2,10,643,0,'204.15.223.162',1257257486,'LOG_DELETE_TOPIC','a:1:{i:0;s:23:\"loan officers san diego\";}'),(877,1,2,15,513,0,'204.15.223.162',1257257529,'LOG_DELETE_TOPIC','a:1:{i:0;s:24:\"doctor loss quick weight\";}'),(878,1,2,15,531,0,'204.15.223.162',1257257529,'LOG_DELETE_TOPIC','a:1:{i:0;s:19:\"roswell weight loss\";}'),(879,1,2,15,547,0,'204.15.223.162',1257257529,'LOG_DELETE_TOPIC','a:1:{i:0;s:58:\"hausfrauensex sex amateur www amateursex de amateur bilder\";}'),(880,1,2,15,558,0,'204.15.223.162',1257257529,'LOG_DELETE_TOPIC','a:1:{i:0;s:27:\"loan prepayment calculators\";}'),(881,1,2,15,576,0,'204.15.223.162',1257257529,'LOG_DELETE_TOPIC','a:1:{i:0;s:27:\"national loan interest rate\";}'),(882,1,2,15,597,0,'204.15.223.162',1257257529,'LOG_DELETE_TOPIC','a:1:{i:0;s:43:\"student loan forgiveness for social workers\";}'),(883,1,2,15,608,0,'204.15.223.162',1257257529,'LOG_DELETE_TOPIC','a:1:{i:0;s:60:\"viagra rezeptfrei kaufen schlankheitpillen rezeptfrei online\";}'),(884,1,2,15,626,0,'204.15.223.162',1257257529,'LOG_DELETE_TOPIC','a:1:{i:0;s:37:\"louisiana payday loan collection laws\";}'),(885,1,2,15,642,0,'204.15.223.162',1257257529,'LOG_DELETE_TOPIC','a:1:{i:0;s:29:\"counsel private loan students\";}'),(886,0,2,0,0,0,'204.15.223.80',1257803908,'LOG_BAN_USER','a:2:{i:0;s:0:\"\";i:1;s:9:\"Balexiree\";}'),(887,1,2,0,0,0,'204.15.223.80',1257803908,'LOG_BAN_USER','a:2:{i:0;s:0:\"\";i:1;s:9:\"Balexiree\";}'),(888,0,2,0,0,0,'204.15.223.80',1258041475,'LOG_BAN_USER','a:2:{i:0;s:0:\"\";i:1;s:11:\"choodokeera\";}'),(889,1,2,0,0,0,'204.15.223.80',1258041475,'LOG_BAN_USER','a:2:{i:0;s:0:\"\";i:1;s:11:\"choodokeera\";}'),(890,0,2,0,0,0,'204.15.223.80',1258041524,'LOG_BAN_USER','a:2:{i:0;s:0:\"\";i:1;s:13:\"DumdUmaddeway\";}'),(891,1,2,0,0,0,'204.15.223.80',1258041524,'LOG_BAN_USER','a:2:{i:0;s:0:\"\";i:1;s:13:\"DumdUmaddeway\";}'),(892,0,2,0,0,0,'204.15.223.80',1258041541,'LOG_BAN_USER','a:2:{i:0;s:0:\"\";i:1;s:11:\"owenrenwick\";}'),(893,1,2,0,0,0,'204.15.223.80',1258041541,'LOG_BAN_USER','a:2:{i:0;s:0:\"\";i:1;s:11:\"owenrenwick\";}'),(894,0,2,0,0,0,'204.15.223.80',1258041555,'LOG_BAN_USER','a:2:{i:0;s:0:\"\";i:1;s:11:\"LauntyUnupt\";}'),(895,1,2,0,0,0,'204.15.223.80',1258041555,'LOG_BAN_USER','a:2:{i:0;s:0:\"\";i:1;s:11:\"LauntyUnupt\";}'),(896,1,2,2,680,0,'204.15.223.80',1258041624,'LOG_DELETE_TOPIC','a:1:{i:0;s:30:\"heaven on earth britney spears\";}'),(897,1,2,2,682,0,'204.15.223.80',1258041624,'LOG_DELETE_TOPIC','a:1:{i:0;s:11:\"ipod bleach\";}'),(898,1,2,2,683,0,'204.15.223.80',1258041624,'LOG_DELETE_TOPIC','a:1:{i:0;s:18:\"music store oregon\";}'),(899,1,2,2,696,0,'204.15.223.80',1258041624,'LOG_DELETE_TOPIC','a:1:{i:0;s:15:\"Шутки Wow.\";}'),(900,1,2,2,697,0,'204.15.223.80',1258041624,'LOG_DELETE_TOPIC','a:1:{i:0;s:35:\"Casino Free Game Online Play Videos\";}'),(901,1,2,2,698,0,'204.15.223.80',1258041624,'LOG_DELETE_TOPIC','a:1:{i:0;s:21:\"Картинки 176.\";}'),(902,1,2,2,699,0,'204.15.223.80',1258041624,'LOG_DELETE_TOPIC','a:1:{i:0;s:38:\"southern illinois music mixer for hire\";}'),(903,1,2,2,701,0,'204.15.223.80',1258041624,'LOG_DELETE_TOPIC','a:1:{i:0;s:19:\"vox classical music\";}'),(904,1,2,2,702,0,'204.15.223.80',1258041624,'LOG_DELETE_TOPIC','a:1:{i:0;s:19:\"the greencard music\";}'),(905,1,2,2,716,0,'204.15.223.80',1258041624,'LOG_DELETE_TOPIC','a:1:{i:0;s:58:\"Сценарий Детского Дня Рождения.\";}'),(906,1,2,2,717,0,'204.15.223.80',1258041624,'LOG_DELETE_TOPIC','a:1:{i:0;s:69:\"Лучшие Ночные Клубы Санкт Петербурга.\";}'),(907,1,2,2,718,0,'204.15.223.80',1258041624,'LOG_DELETE_TOPIC','a:1:{i:0;s:26:\"Queensland Security Guards\";}'),(908,1,2,2,719,0,'204.15.223.80',1258041624,'LOG_DELETE_TOPIC','a:1:{i:0;s:26:\"Прикол Развод.\";}'),(909,1,2,2,720,0,'204.15.223.80',1258041624,'LOG_DELETE_TOPIC','a:1:{i:0;s:31:\"Ночной Клуб Аура.\";}'),(910,1,2,2,722,0,'204.15.223.80',1258041624,'LOG_DELETE_TOPIC','a:1:{i:0;s:34:\"Play Free Online Multiplayer Bingo\";}'),(911,1,2,2,724,0,'204.15.223.80',1258041624,'LOG_DELETE_TOPIC','a:1:{i:0;s:26:\"Play Free Poker Card Games\";}'),(912,1,2,2,725,0,'204.15.223.80',1258041624,'LOG_DELETE_TOPIC','a:1:{i:0;s:33:\"Online Bingo Network Game Players\";}'),(913,1,2,2,731,0,'204.15.223.80',1258041624,'LOG_DELETE_TOPIC','a:1:{i:0;s:23:\"Secret To Win In Casino\";}'),(914,1,2,2,736,0,'204.15.223.80',1258041624,'LOG_DELETE_TOPIC','a:1:{i:0;s:14:\"Psp Poker Game\";}'),(915,1,2,2,745,0,'204.15.223.80',1258041624,'LOG_DELETE_TOPIC','a:1:{i:0;s:30:\"Free Strippoker Game Downloads\";}'),(916,1,2,2,749,0,'204.15.223.80',1258041624,'LOG_DELETE_TOPIC','a:1:{i:0;s:11:\"Hey I\'m new\";}'),(917,1,2,2,751,0,'204.15.223.80',1258041624,'LOG_DELETE_TOPIC','a:1:{i:0;s:39:\"Анекдоты В Формате Txt.\";}'),(918,1,2,2,753,0,'204.15.223.80',1258041624,'LOG_DELETE_TOPIC','a:1:{i:0;s:22:\"Rushmore Casino Online\";}'),(919,1,2,2,754,0,'204.15.223.80',1258041624,'LOG_DELETE_TOPIC','a:1:{i:0;s:60:\"StartCasinoVentures.com | Start Casino - Have An Online Gamb\";}'),(920,1,2,2,755,0,'204.15.223.80',1258041624,'LOG_DELETE_TOPIC','a:1:{i:0;s:39:\"Хорошие Шутки Ургант.\";}'),(921,1,2,2,652,0,'204.15.223.80',1258041663,'LOG_DELETE_TOPIC','a:1:{i:0;s:29:\"Ночной Клуб Forbes.\";}'),(922,1,2,2,653,0,'204.15.223.80',1258041663,'LOG_DELETE_TOPIC','a:1:{i:0;s:48:\"Парки Развлечений В Киеве.\";}'),(923,1,2,2,654,0,'204.15.223.80',1258041663,'LOG_DELETE_TOPIC','a:1:{i:0;s:24:\"military pharmacy school\";}'),(924,1,2,2,656,0,'204.15.223.80',1258041663,'LOG_DELETE_TOPIC','a:1:{i:0;s:33:\"online drugs without prescription\";}'),(925,1,2,2,657,0,'204.15.223.80',1258041663,'LOG_DELETE_TOPIC','a:1:{i:0;s:47:\"heart stickers for valentines day download free\";}'),(926,1,2,2,670,0,'204.15.223.80',1258041663,'LOG_DELETE_TOPIC','a:1:{i:0;s:42:\"StartCasinoVentures.com - Start Casino Now\";}'),(927,1,2,2,671,0,'204.15.223.80',1258041663,'LOG_DELETE_TOPIC','a:1:{i:0;s:35:\"Ницца Ночные Клубы.\";}'),(928,1,2,2,673,0,'204.15.223.80',1258041663,'LOG_DELETE_TOPIC','a:1:{i:0;s:40:\"Food At The Races November 7th &amp; 8th\";}'),(929,1,2,2,674,0,'204.15.223.80',1258041663,'LOG_DELETE_TOPIC','a:1:{i:0;s:46:\"StartCasinoVentures.com - Create Online Casino\";}'),(930,1,2,2,675,0,'204.15.223.80',1258041663,'LOG_DELETE_TOPIC','a:1:{i:0;s:37:\"Ночные Клубы Тюмени.\";}'),(931,1,2,2,676,0,'204.15.223.80',1258041663,'LOG_DELETE_TOPIC','a:1:{i:0;s:27:\"Любовь К Людям.\";}'),(932,1,2,2,677,0,'204.15.223.80',1258041663,'LOG_DELETE_TOPIC','a:1:{i:0;s:31:\"Кафе На Лестнице.\";}'),(933,1,2,2,678,0,'204.15.223.80',1258041663,'LOG_DELETE_TOPIC','a:1:{i:0;s:57:\"Прикольные Векторные Картинки.\";}'),(934,1,2,2,679,0,'204.15.223.80',1258041663,'LOG_DELETE_TOPIC','a:1:{i:0;s:51:\"Start Casino Today - Create Your Own Gaming Destiny\";}'),(935,1,2,6,655,0,'204.15.223.80',1258041747,'LOG_DELETE_TOPIC','a:1:{i:0;s:38:\"medical coding work at home employment\";}'),(936,1,2,6,658,0,'204.15.223.80',1258041747,'LOG_DELETE_TOPIC','a:1:{i:0;s:20:\"heart tucson concert\";}'),(937,1,2,6,681,0,'204.15.223.80',1258041747,'LOG_DELETE_TOPIC','a:1:{i:0;s:37:\"elvis presley shoots tv robert goulet\";}'),(938,1,2,6,684,0,'204.15.223.80',1258041747,'LOG_DELETE_TOPIC','a:1:{i:0;s:35:\"papa was a rolling stone soundtrack\";}'),(939,1,2,6,700,0,'204.15.223.80',1258041747,'LOG_DELETE_TOPIC','a:1:{i:0;s:28:\"music byengleburt humperdink\";}'),(940,1,2,6,703,0,'204.15.223.80',1258041747,'LOG_DELETE_TOPIC','a:1:{i:0;s:28:\"internet music downloads htm\";}'),(941,1,2,6,715,0,'204.15.223.80',1258041747,'LOG_DELETE_TOPIC','a:1:{i:0;s:23:\"Play Online Rooms Poker\";}'),(942,1,2,6,727,0,'204.15.223.80',1258041747,'LOG_DELETE_TOPIC','a:1:{i:0;s:30:\"Printable New Years Bingo Game\";}'),(943,1,2,6,728,0,'204.15.223.80',1258041747,'LOG_DELETE_TOPIC','a:1:{i:0;s:23:\"Play Slot Games At Home\";}'),(944,1,2,6,732,0,'204.15.223.80',1258041747,'LOG_DELETE_TOPIC','a:1:{i:0;s:20:\"Mobile Online Casino\";}'),(945,1,2,6,735,0,'204.15.223.80',1258041747,'LOG_DELETE_TOPIC','a:1:{i:0;s:30:\"Deposit Bonus Code Party Poker\";}'),(946,1,2,6,738,0,'204.15.223.80',1258041747,'LOG_DELETE_TOPIC','a:1:{i:0;s:30:\"Realistic Slot Machines Online\";}'),(947,1,2,6,741,0,'204.15.223.80',1258041747,'LOG_DELETE_TOPIC','a:1:{i:0;s:15:\"Xbox Poker Game\";}'),(948,1,2,6,747,0,'204.15.223.80',1258041747,'LOG_DELETE_TOPIC','a:1:{i:0;s:30:\"How To Play Double Joker Poker\";}'),(949,1,2,6,752,0,'204.15.223.80',1258041747,'LOG_DELETE_TOPIC','a:1:{i:0;s:28:\"Kansas City Gambling Casinos\";}'),(950,1,2,6,756,0,'204.15.223.80',1258041747,'LOG_DELETE_TOPIC','a:1:{i:0;s:15:\"Bingo Game Card\";}'),(951,1,2,6,757,0,'204.15.223.80',1258041747,'LOG_DELETE_TOPIC','a:1:{i:0;s:21:\"Rakin It In Slot Game\";}'),(952,0,2,0,0,0,'204.15.223.80',1258041781,'LOG_BAN_USER','a:2:{i:0;s:0:\"\";i:1;s:9:\"Buimminly\";}'),(953,1,2,0,0,0,'204.15.223.80',1258041781,'LOG_BAN_USER','a:2:{i:0;s:0:\"\";i:1;s:9:\"Buimminly\";}'),(954,0,2,0,0,0,'204.15.223.80',1258041801,'LOG_BAN_USER','a:2:{i:0;s:0:\"\";i:1;s:13:\"hottofitoerly\";}'),(955,1,2,0,0,0,'204.15.223.80',1258041801,'LOG_BAN_USER','a:2:{i:0;s:0:\"\";i:1;s:13:\"hottofitoerly\";}'),(956,1,2,4,659,0,'204.15.223.80',1258041830,'LOG_DELETE_TOPIC','a:1:{i:0;s:22:\"cognitive disorder nos\";}'),(957,1,2,4,685,0,'204.15.223.80',1258041830,'LOG_DELETE_TOPIC','a:1:{i:0;s:35:\"disabled pop up blockers windows 98\";}'),(958,1,2,4,704,0,'204.15.223.80',1258041830,'LOG_DELETE_TOPIC','a:1:{i:0;s:18:\"music preschoolers\";}'),(959,1,2,4,721,0,'204.15.223.80',1258041830,'LOG_DELETE_TOPIC','a:1:{i:0;s:18:\"Signup Bonus Bingo\";}'),(960,1,2,4,723,0,'204.15.223.80',1258041830,'LOG_DELETE_TOPIC','a:1:{i:0;s:21:\"Play Bingo Isle Wight\";}'),(961,1,2,4,726,0,'204.15.223.80',1258041830,'LOG_DELETE_TOPIC','a:1:{i:0;s:25:\"Free Money Online Casinos\";}'),(962,1,2,4,742,0,'204.15.223.80',1258041830,'LOG_DELETE_TOPIC','a:1:{i:0;s:33:\"Riviera Online Casino Play Golden\";}'),(963,1,2,4,743,0,'204.15.223.80',1258041830,'LOG_DELETE_TOPIC','a:1:{i:0;s:22:\"Casino Music Play List\";}'),(964,1,2,4,750,0,'204.15.223.80',1258041830,'LOG_DELETE_TOPIC','a:1:{i:0;s:24:\"Indian Poker How To Play\";}'),(965,1,2,22,512,0,'204.15.223.80',1258041870,'LOG_DELETE_TOPIC','a:1:{i:0;s:13:\"health topics\";}'),(966,1,2,22,530,0,'204.15.223.80',1258041870,'LOG_DELETE_TOPIC','a:1:{i:0;s:17:\"diabetes lifeline\";}'),(967,1,2,22,546,0,'204.15.223.80',1258041870,'LOG_DELETE_TOPIC','a:1:{i:0;s:60:\"www privatamateure de amateurbilder nackt privatamateure ama\";}'),(968,1,2,22,557,0,'204.15.223.80',1258041870,'LOG_DELETE_TOPIC','a:1:{i:0;s:23:\"auto loan in chapter 13\";}'),(969,1,2,22,575,0,'204.15.223.80',1258041870,'LOG_DELETE_TOPIC','a:1:{i:0;s:60:\"when does the holiday help tax loan start with jackson hewit\";}'),(970,1,2,22,596,0,'204.15.223.80',1258041870,'LOG_DELETE_TOPIC','a:1:{i:0;s:19:\"what is ballon loan\";}'),(971,1,2,22,625,0,'204.15.223.80',1258041870,'LOG_DELETE_TOPIC','a:1:{i:0;s:30:\"california home loan mortgages\";}'),(972,1,2,22,641,0,'204.15.223.80',1258041870,'LOG_DELETE_TOPIC','a:1:{i:0;s:26:\"commerical loan bad credit\";}'),(973,1,2,22,660,0,'204.15.223.80',1258041870,'LOG_DELETE_TOPIC','a:1:{i:0;s:38:\"fantasy forced public fingering orgasm\";}'),(974,1,2,22,686,0,'204.15.223.80',1258041870,'LOG_DELETE_TOPIC','a:1:{i:0;s:19:\"free bulls ringtone\";}'),(975,1,2,22,705,0,'204.15.223.80',1258041870,'LOG_DELETE_TOPIC','a:1:{i:0;s:35:\"works progress administration music\";}'),(976,1,2,15,661,0,'204.15.223.80',1258041904,'LOG_DELETE_TOPIC','a:1:{i:0;s:15:\"cons of smoking\";}'),(977,1,2,15,706,0,'204.15.223.80',1258041904,'LOG_DELETE_TOPIC','a:1:{i:0;s:24:\"music on myspace profile\";}'),(978,1,2,15,687,0,'204.15.223.80',1258041924,'LOG_DELETE_TOPIC','a:1:{i:0;s:21:\"mary kate kiss scenes\";}'),(979,1,2,10,662,0,'204.15.223.80',1258041958,'LOG_DELETE_TOPIC','a:1:{i:0;s:31:\"kathryn coffey health education\";}'),(980,1,2,10,688,0,'204.15.223.80',1258041958,'LOG_DELETE_TOPIC','a:1:{i:0;s:24:\"renaissance music online\";}'),(981,1,2,10,707,0,'204.15.223.80',1258041958,'LOG_DELETE_TOPIC','a:1:{i:0;s:21:\"music and in the navy\";}'),(982,1,2,13,428,0,'204.15.223.80',1258041992,'LOG_DELETE_TOPIC','a:1:{i:0;s:13:\"Buy tamiflu !\";}'),(983,1,2,13,515,0,'204.15.223.80',1258041992,'LOG_DELETE_TOPIC','a:1:{i:0;s:57:\"oregon state university department of vererinary medicine\";}'),(984,1,2,13,533,0,'204.15.223.80',1258041992,'LOG_DELETE_TOPIC','a:1:{i:0;s:22:\"carbohydrates diabetes\";}'),(985,1,2,13,560,0,'204.15.223.80',1258041992,'LOG_DELETE_TOPIC','a:1:{i:0;s:10:\"aames loan\";}'),(986,1,2,13,578,0,'204.15.223.80',1258041992,'LOG_DELETE_TOPIC','a:1:{i:0;s:24:\"sample sba loan proposal\";}'),(987,1,2,13,599,0,'204.15.223.80',1258041992,'LOG_DELETE_TOPIC','a:1:{i:0;s:20:\"harvard student loan\";}'),(988,1,2,13,628,0,'204.15.223.80',1258041992,'LOG_DELETE_TOPIC','a:1:{i:0;s:16:\"mobile home loan\";}'),(989,1,2,13,644,0,'204.15.223.80',1258041992,'LOG_DELETE_TOPIC','a:1:{i:0;s:28:\"cash advance loan no fax 500\";}'),(990,1,2,13,663,0,'204.15.223.80',1258041992,'LOG_DELETE_TOPIC','a:1:{i:0;s:20:\"health care in syria\";}'),(991,1,2,13,689,0,'204.15.223.80',1258041992,'LOG_DELETE_TOPIC','a:1:{i:0;s:18:\"musical insruments\";}'),(992,1,2,13,708,0,'204.15.223.80',1258041992,'LOG_DELETE_TOPIC','a:1:{i:0;s:13:\"music in peru\";}'),(993,1,2,3,519,0,'204.15.223.80',1258042048,'LOG_DELETE_TOPIC','a:1:{i:0;s:34:\"duke university school of medicine\";}'),(994,1,2,3,537,0,'204.15.223.80',1258042048,'LOG_DELETE_TOPIC','a:1:{i:0;s:46:\"what mineral is found in electrical insulators\";}'),(995,1,2,3,564,0,'204.15.223.80',1258042048,'LOG_DELETE_TOPIC','a:1:{i:0;s:32:\"unsecured personal loan articles\";}'),(996,1,2,3,582,0,'204.15.223.80',1258042048,'LOG_DELETE_TOPIC','a:1:{i:0;s:33:\"consolidation debt loan online uk\";}'),(997,1,2,3,603,0,'204.15.223.80',1258042048,'LOG_DELETE_TOPIC','a:1:{i:0;s:24:\"biography james van loan\";}'),(998,1,2,3,616,0,'204.15.223.80',1258042048,'LOG_DELETE_TOPIC','a:1:{i:0;s:60:\"potenzmittel preiswert online kaufen sexkaugummi rezeptfrei \";}'),(999,1,2,3,632,0,'204.15.223.80',1258042048,'LOG_DELETE_TOPIC','a:1:{i:0;s:46:\"home federal savings and loan winona minnesota\";}'),(1000,1,2,3,648,0,'204.15.223.80',1258042048,'LOG_DELETE_TOPIC','a:1:{i:0;s:27:\"fha subsidized loan program\";}'),(1001,1,2,3,667,0,'204.15.223.80',1258042048,'LOG_DELETE_TOPIC','a:1:{i:0;s:24:\"wiki muscle shoals music\";}'),(1002,1,2,3,693,0,'204.15.223.80',1258042048,'LOG_DELETE_TOPIC','a:1:{i:0;s:20:\"flac music downloads\";}'),(1003,1,2,3,712,0,'204.15.223.80',1258042048,'LOG_DELETE_TOPIC','a:1:{i:0;s:31:\"free rock music video downloads\";}'),(1004,1,2,3,729,0,'204.15.223.80',1258042048,'LOG_DELETE_TOPIC','a:1:{i:0;s:18:\"Ways To Play Poker\";}'),(1005,1,2,3,730,0,'204.15.223.80',1258042048,'LOG_DELETE_TOPIC','a:1:{i:0;s:37:\"Casino Games Online Top Players Bonus\";}'),(1006,1,2,3,733,0,'204.15.223.80',1258042048,'LOG_DELETE_TOPIC','a:1:{i:0;s:30:\"Skill Bingo Ball Game Download\";}'),(1007,1,2,3,734,0,'204.15.223.80',1258042048,'LOG_DELETE_TOPIC','a:1:{i:0;s:46:\"Thecasinoguide Bonus Thepokerguide Pokercasino\";}'),(1008,1,2,3,737,0,'204.15.223.80',1258042048,'LOG_DELETE_TOPIC','a:1:{i:0;s:25:\"Play Free Line Bingo Game\";}'),(1009,1,2,3,739,0,'204.15.223.80',1258042048,'LOG_DELETE_TOPIC','a:1:{i:0;s:28:\"How To Play Horse Shoe Poker\";}'),(1010,1,2,3,740,0,'204.15.223.80',1258042048,'LOG_DELETE_TOPIC','a:1:{i:0;s:33:\"Poker Superstars Iii Online Games\";}'),(1011,1,2,3,744,0,'204.15.223.80',1258042048,'LOG_DELETE_TOPIC','a:1:{i:0;s:52:\"Alabama-coushatta Gambling Casino Indian Reservation\";}'),(1012,1,2,3,746,0,'204.15.223.80',1258042048,'LOG_DELETE_TOPIC','a:1:{i:0;s:19:\"Free Bingo Game Kid\";}'),(1013,1,2,3,748,0,'204.15.223.80',1258042048,'LOG_DELETE_TOPIC','a:1:{i:0;s:30:\"Bingo Free Online Saint Sinner\";}'),(1014,1,2,20,429,0,'204.15.223.80',1258042085,'LOG_DELETE_TOPIC','a:1:{i:0;s:36:\"Buy tamiflu without a prescription !\";}'),(1015,1,2,20,516,0,'204.15.223.80',1258042085,'LOG_DELETE_TOPIC','a:1:{i:0;s:35:\"post traumatic disorder video games\";}'),(1016,1,2,20,534,0,'204.15.223.80',1258042085,'LOG_DELETE_TOPIC','a:1:{i:0;s:26:\"trouble shoot 1991 sunbird\";}'),(1017,1,2,20,561,0,'204.15.223.80',1258042085,'LOG_DELETE_TOPIC','a:1:{i:0;s:24:\"guaranteed loan personal\";}'),(1018,1,2,20,579,0,'204.15.223.80',1258042085,'LOG_DELETE_TOPIC','a:1:{i:0;s:33:\"auto loan payoff early calculator\";}'),(1019,1,2,20,600,0,'204.15.223.80',1258042085,'LOG_DELETE_TOPIC','a:1:{i:0;s:24:\"loan servicing solutions\";}'),(1020,1,2,20,613,0,'204.15.223.80',1258042085,'LOG_DELETE_TOPIC','a:1:{i:0;s:60:\"potenzmittel billig kaufen cialis preiswert potenzmittel rez\";}'),(1021,1,2,20,629,0,'204.15.223.80',1258042085,'LOG_DELETE_TOPIC','a:1:{i:0;s:42:\"can you pay off a loan in full at any time\";}'),(1022,1,2,20,645,0,'204.15.223.80',1258042085,'LOG_DELETE_TOPIC','a:1:{i:0;s:21:\"single statement loan\";}'),(1023,1,2,20,664,0,'204.15.223.80',1258042085,'LOG_DELETE_TOPIC','a:1:{i:0;s:57:\"medical clinics that treat disorders of enteric neurology\";}'),(1024,1,2,20,690,0,'204.15.223.80',1258042085,'LOG_DELETE_TOPIC','a:1:{i:0;s:20:\"voltage ipod battery\";}'),(1025,1,2,20,709,0,'204.15.223.80',1258042085,'LOG_DELETE_TOPIC','a:1:{i:0;s:42:\"music software for making beats and sounds\";}'),(1026,0,2,0,0,0,'204.15.223.80',1258042118,'LOG_BAN_USER','a:2:{i:0;s:0:\"\";i:1;s:9:\"KNomohose\";}'),(1027,1,2,0,0,0,'204.15.223.80',1258042118,'LOG_BAN_USER','a:2:{i:0;s:0:\"\";i:1;s:9:\"KNomohose\";}'),(1028,1,2,12,431,0,'204.15.223.80',1258042159,'LOG_DELETE_TOPIC','a:1:{i:0;s:13:\"Buy tamiflu !\";}'),(1029,1,2,12,518,0,'204.15.223.80',1258042159,'LOG_DELETE_TOPIC','a:1:{i:0;s:15:\"beat of a heart\";}'),(1030,1,2,12,536,0,'204.15.223.80',1258042159,'LOG_DELETE_TOPIC','a:1:{i:0;s:24:\"meanings of muscle names\";}'),(1031,1,2,12,563,0,'204.15.223.80',1258042159,'LOG_DELETE_TOPIC','a:1:{i:0;s:53:\"questions to ask about obtaining a home loan in texas\";}'),(1032,1,2,12,581,0,'204.15.223.80',1258042159,'LOG_DELETE_TOPIC','a:1:{i:0;s:20:\"amount owing on loan\";}'),(1033,1,2,12,602,0,'204.15.223.80',1258042159,'LOG_DELETE_TOPIC','a:1:{i:0;s:45:\"stated income home equity line of credit loan\";}'),(1034,1,2,12,631,0,'204.15.223.80',1258042159,'LOG_DELETE_TOPIC','a:1:{i:0;s:23:\"horses offered for loan\";}'),(1035,1,2,12,647,0,'204.15.223.80',1258042159,'LOG_DELETE_TOPIC','a:1:{i:0;s:24:\"finance loan solution uk\";}'),(1036,1,2,12,666,0,'204.15.223.80',1258042159,'LOG_DELETE_TOPIC','a:1:{i:0;s:24:\"ulnar impaction syndrome\";}'),(1037,1,2,12,692,0,'204.15.223.80',1258042159,'LOG_DELETE_TOPIC','a:1:{i:0;s:17:\"bay are rap music\";}'),(1038,1,2,12,711,0,'204.15.223.80',1258042159,'LOG_DELETE_TOPIC','a:1:{i:0;s:16:\"ceremonies music\";}'),(1039,1,2,14,433,0,'204.15.223.80',1258042194,'LOG_DELETE_TOPIC','a:1:{i:0;s:36:\"Buy tamiflu without a prescription !\";}'),(1040,1,2,14,520,0,'204.15.223.80',1258042194,'LOG_DELETE_TOPIC','a:1:{i:0;s:16:\"blood activities\";}'),(1041,1,2,14,538,0,'204.15.223.80',1258042194,'LOG_DELETE_TOPIC','a:1:{i:0;s:37:\"bacteria escherichia coli description\";}'),(1042,1,2,14,565,0,'204.15.223.80',1258042194,'LOG_DELETE_TOPIC','a:1:{i:0;s:47:\"guaranteed home loan veterans armed services us\";}'),(1043,1,2,14,583,0,'204.15.223.80',1258042194,'LOG_DELETE_TOPIC','a:1:{i:0;s:42:\"bad credit mortgage loan in north carolina\";}'),(1044,1,2,14,604,0,'204.15.223.80',1258042194,'LOG_DELETE_TOPIC','a:1:{i:0;s:8:\"v a loan\";}'),(1045,1,2,14,633,0,'204.15.223.80',1258042194,'LOG_DELETE_TOPIC','a:1:{i:0;s:23:\"poor credit loan canada\";}'),(1046,1,2,14,649,0,'204.15.223.80',1258042194,'LOG_DELETE_TOPIC','a:1:{i:0;s:35:\"bad credit installment loan lenders\";}'),(1047,1,2,14,668,0,'204.15.223.80',1258042194,'LOG_DELETE_TOPIC','a:1:{i:0;s:17:\"propionate dosage\";}'),(1048,1,2,14,694,0,'204.15.223.80',1258042194,'LOG_DELETE_TOPIC','a:1:{i:0;s:10:\"ed madonna\";}'),(1049,1,2,14,713,0,'204.15.223.80',1258042194,'LOG_DELETE_TOPIC','a:1:{i:0;s:33:\"childrens music programs new york\";}'),(1050,1,2,18,430,0,'204.15.223.80',1258042230,'LOG_DELETE_TOPIC','a:1:{i:0;s:13:\"Buy tamiflu !\";}'),(1051,1,2,18,517,0,'204.15.223.80',1258042230,'LOG_DELETE_TOPIC','a:1:{i:0;s:33:\"skulls and teeth teach about diet\";}'),(1052,1,2,18,535,0,'204.15.223.80',1258042230,'LOG_DELETE_TOPIC','a:1:{i:0;s:18:\"smoke rated louver\";}'),(1053,1,2,18,562,0,'204.15.223.80',1258042230,'LOG_DELETE_TOPIC','a:1:{i:0;s:19:\"loan goddess eugene\";}'),(1054,1,2,18,580,0,'204.15.223.80',1258042230,'LOG_DELETE_TOPIC','a:1:{i:0;s:59:\"aid broadband car credit finance financial home loan mobile\";}'),(1055,1,2,18,601,0,'204.15.223.80',1258042230,'LOG_DELETE_TOPIC','a:1:{i:0;s:30:\"chase bank loan office contact\";}'),(1056,1,2,18,611,0,'204.15.223.80',1258042230,'LOG_DELETE_TOPIC','a:1:{i:0;s:60:\"schlankheitpillen preiswert kaufen viagra billig kaufen schl\";}'),(1057,1,2,18,630,0,'204.15.223.80',1258042230,'LOG_DELETE_TOPIC','a:1:{i:0;s:23:\"loan payment calulation\";}'),(1058,1,2,18,646,0,'204.15.223.80',1258042230,'LOG_DELETE_TOPIC','a:1:{i:0;s:24:\"refinancing an auto loan\";}'),(1059,1,2,18,665,0,'204.15.223.80',1258042230,'LOG_DELETE_TOPIC','a:1:{i:0;s:19:\"ronald copper drugs\";}'),(1060,1,2,18,691,0,'204.15.223.80',1258042230,'LOG_DELETE_TOPIC','a:1:{i:0;s:44:\"st emma military academy rock castle va 1955\";}'),(1061,1,2,18,710,0,'204.15.223.80',1258042230,'LOG_DELETE_TOPIC','a:1:{i:0;s:25:\"sheet music for woodwinds\";}'),(1062,1,2,16,248,0,'204.15.223.80',1258042272,'LOG_DELETE_TOPIC','a:1:{i:0;s:11:\"widen track\";}'),(1063,1,2,16,434,0,'204.15.223.80',1258042272,'LOG_DELETE_TOPIC','a:1:{i:0;s:13:\"Buy tamiflu !\";}'),(1064,1,2,16,521,0,'204.15.223.80',1258042272,'LOG_DELETE_TOPIC','a:1:{i:0;s:42:\"shortness of breath after quitting smoking\";}'),(1065,1,2,16,539,0,'204.15.223.80',1258042272,'LOG_DELETE_TOPIC','a:1:{i:0;s:17:\"the tea companion\";}'),(1066,1,2,16,566,0,'204.15.223.80',1258042272,'LOG_DELETE_TOPIC','a:1:{i:0;s:40:\"credit equity home loan refinance xxasdf\";}'),(1067,1,2,16,584,0,'204.15.223.80',1258042272,'LOG_DELETE_TOPIC','a:1:{i:0;s:35:\"online car loan guaranteed approval\";}'),(1068,1,2,16,605,0,'204.15.223.80',1258042272,'LOG_DELETE_TOPIC','a:1:{i:0;s:44:\"international student loan without co signer\";}'),(1069,1,2,16,617,0,'204.15.223.80',1258042272,'LOG_DELETE_TOPIC','a:1:{i:0;s:60:\"cialis online bestellen generika online kaufen schlankheitpi\";}'),(1070,1,2,16,634,0,'204.15.223.80',1258042272,'LOG_DELETE_TOPIC','a:1:{i:0;s:22:\"key bank stafford loan\";}'),(1071,1,2,16,650,0,'204.15.223.80',1258042272,'LOG_DELETE_TOPIC','a:1:{i:0;s:22:\"payday cash loan scams\";}'),(1072,1,2,16,669,0,'204.15.223.80',1258042272,'LOG_DELETE_TOPIC','a:1:{i:0;s:47:\"how big does a penis have to be to pop a cherry\";}'),(1073,1,2,16,695,0,'204.15.223.80',1258042272,'LOG_DELETE_TOPIC','a:1:{i:0;s:20:\"dance leotard tights\";}'),(1074,1,2,16,714,0,'204.15.223.80',1258042272,'LOG_DELETE_TOPIC','a:1:{i:0;s:31:\"how many people listen to music\";}'),(1075,0,2,0,0,0,'204.15.223.162',1258399626,'LOG_BAN_USER','a:2:{i:0;s:0:\"\";i:1;s:9:\"Aeroffmef\";}'),(1076,1,2,0,0,0,'204.15.223.162',1258399626,'LOG_BAN_USER','a:2:{i:0;s:0:\"\";i:1;s:9:\"Aeroffmef\";}'),(1077,0,2,0,0,0,'204.15.223.162',1258399652,'LOG_BAN_USER','a:2:{i:0;s:0:\"\";i:1;s:13:\"TodoNoriamdig\";}'),(1078,1,2,0,0,0,'204.15.223.162',1258399652,'LOG_BAN_USER','a:2:{i:0;s:0:\"\";i:1;s:13:\"TodoNoriamdig\";}'),(1079,0,2,0,0,0,'204.15.223.162',1258399668,'LOG_BAN_USER','a:2:{i:0;s:0:\"\";i:1;s:13:\"CitGuettecype\";}'),(1080,1,2,0,0,0,'204.15.223.162',1258399668,'LOG_BAN_USER','a:2:{i:0;s:0:\"\";i:1;s:13:\"CitGuettecype\";}'),(1081,0,2,0,0,0,'204.15.223.162',1258399683,'LOG_BAN_USER','a:2:{i:0;s:0:\"\";i:1;s:10:\"clemwingro\";}'),(1082,1,2,0,0,0,'204.15.223.162',1258399683,'LOG_BAN_USER','a:2:{i:0;s:0:\"\";i:1;s:10:\"clemwingro\";}'),(1083,0,2,0,0,0,'204.15.223.162',1258399699,'LOG_BAN_USER','a:2:{i:0;s:0:\"\";i:1;s:9:\"AgomeLott\";}'),(1084,1,2,0,0,0,'204.15.223.162',1258399699,'LOG_BAN_USER','a:2:{i:0;s:0:\"\";i:1;s:9:\"AgomeLott\";}'),(1085,0,2,0,0,0,'204.15.223.162',1258399718,'LOG_BAN_USER','a:2:{i:0;s:0:\"\";i:1;s:11:\"abalaysteah\";}'),(1086,1,2,0,0,0,'204.15.223.162',1258399718,'LOG_BAN_USER','a:2:{i:0;s:0:\"\";i:1;s:11:\"abalaysteah\";}'),(1087,0,2,0,0,0,'204.15.223.162',1258399734,'LOG_BAN_USER','a:2:{i:0;s:0:\"\";i:1;s:9:\"Waniarren\";}'),(1088,1,2,0,0,0,'204.15.223.162',1258399734,'LOG_BAN_USER','a:2:{i:0;s:0:\"\";i:1;s:9:\"Waniarren\";}'),(1089,0,2,0,0,0,'204.15.223.162',1258399751,'LOG_BAN_USER','a:2:{i:0;s:0:\"\";i:1;s:9:\"Drotwrego\";}'),(1090,1,2,0,0,0,'204.15.223.162',1258399751,'LOG_BAN_USER','a:2:{i:0;s:0:\"\";i:1;s:9:\"Drotwrego\";}'),(1091,1,2,2,758,0,'204.15.223.162',1258399799,'LOG_DELETE_TOPIC','a:1:{i:0;s:42:\"learn how to play the piano and read music\";}'),(1092,1,2,2,760,0,'204.15.223.162',1258399799,'LOG_DELETE_TOPIC','a:1:{i:0;s:24:\"grants for music schools\";}'),(1093,1,2,2,761,0,'204.15.223.162',1258399799,'LOG_DELETE_TOPIC','a:1:{i:0;s:27:\"seventeen chords song music\";}'),(1094,1,2,2,772,0,'204.15.223.162',1258399799,'LOG_DELETE_TOPIC','a:1:{i:0;s:29:\"music giant drags wicked game\";}'),(1095,1,2,2,774,0,'204.15.223.162',1258399799,'LOG_DELETE_TOPIC','a:1:{i:0;s:23:\"top 100 music hits 1971\";}'),(1096,1,2,2,775,0,'204.15.223.162',1258399799,'LOG_DELETE_TOPIC','a:1:{i:0;s:57:\"free sheet music electric guitar downloadable sheet music\";}'),(1097,1,2,2,788,0,'204.15.223.162',1258399799,'LOG_DELETE_TOPIC','a:1:{i:0;s:48:\"Поздравительные Открытки.\";}'),(1098,1,2,2,790,0,'204.15.223.162',1258399799,'LOG_DELETE_TOPIC','a:1:{i:0;s:48:\"Ravens vs Browns Summary (Monday Night Football)\";}'),(1099,1,2,2,791,0,'204.15.223.162',1258399799,'LOG_DELETE_TOPIC','a:1:{i:0;s:23:\"best music schools 2008\";}'),(1100,1,2,2,793,0,'204.15.223.162',1258399799,'LOG_DELETE_TOPIC','a:1:{i:0;s:23:\"summer music mania 2003\";}'),(1101,1,2,2,794,0,'204.15.223.162',1258399799,'LOG_DELETE_TOPIC','a:1:{i:0;s:24:\"music lessons for babies\";}'),(1102,1,2,2,808,0,'204.15.223.162',1258399799,'LOG_DELETE_TOPIC','a:1:{i:0;s:58:\"Where to buy motilium online? Your Best Drugstore, all our\";}'),(1103,1,2,2,809,0,'204.15.223.162',1258399799,'LOG_DELETE_TOPIC','a:1:{i:0;s:31:\"Шутки Про Музыку.\";}'),(1104,1,2,2,811,0,'204.15.223.162',1258399799,'LOG_DELETE_TOPIC','a:1:{i:0;s:12:\"sabbat music\";}'),(1105,1,2,2,813,0,'204.15.223.162',1258399799,'LOG_DELETE_TOPIC','a:1:{i:0;s:28:\"kate bush music picture disc\";}'),(1106,1,2,2,814,0,'204.15.223.162',1258399799,'LOG_DELETE_TOPIC','a:1:{i:0;s:18:\"harry potter music\";}'),(1107,1,2,2,827,0,'204.15.223.162',1258399799,'LOG_DELETE_TOPIC','a:1:{i:0;s:43:\"Анекдоты Про Адвокатов.\";}'),(1108,1,2,2,828,0,'204.15.223.162',1258399799,'LOG_DELETE_TOPIC','a:1:{i:0;s:32:\"Политика Приколы.\";}'),(1109,1,2,6,759,0,'204.15.223.162',1258399839,'LOG_DELETE_TOPIC','a:1:{i:0;s:35:\"free music downloads for apple macs\";}'),(1110,1,2,6,762,0,'204.15.223.162',1258399839,'LOG_DELETE_TOPIC','a:1:{i:0;s:30:\"christmas music internet radio\";}'),(1111,1,2,6,773,0,'204.15.223.162',1258399839,'LOG_DELETE_TOPIC','a:1:{i:0;s:23:\"australian music labels\";}'),(1112,1,2,6,776,0,'204.15.223.162',1258399839,'LOG_DELETE_TOPIC','a:1:{i:0;s:33:\"weekend countdown christian music\";}'),(1113,1,2,6,792,0,'204.15.223.162',1258399839,'LOG_DELETE_TOPIC','a:1:{i:0;s:24:\"david bowie music dvd uk\";}'),(1114,1,2,6,795,0,'204.15.223.162',1258399839,'LOG_DELETE_TOPIC','a:1:{i:0;s:37:\"free chinese christain music download\";}'),(1115,1,2,6,810,0,'204.15.223.162',1258399839,'LOG_DELETE_TOPIC','a:1:{i:0;s:60:\"Where to buy zofran online? 24/7 Phone Support, we offer a w\";}'),(1116,1,2,6,812,0,'204.15.223.162',1258399839,'LOG_DELETE_TOPIC','a:1:{i:0;s:44:\"coupon coder rent comcast pol info ron music\";}'),(1117,1,2,6,815,0,'204.15.223.162',1258399839,'LOG_DELETE_TOPIC','a:1:{i:0;s:13:\"sinatra music\";}'),(1118,1,2,4,763,0,'204.15.223.162',1258399879,'LOG_DELETE_TOPIC','a:1:{i:0;s:14:\"clip music htm\";}'),(1119,1,2,4,777,0,'204.15.223.162',1258399879,'LOG_DELETE_TOPIC','a:1:{i:0;s:22:\"arizona music teachers\";}'),(1120,1,2,4,796,0,'204.15.223.162',1258399879,'LOG_DELETE_TOPIC','a:1:{i:0;s:19:\"trax aerobics music\";}'),(1121,1,2,4,816,0,'204.15.223.162',1258399879,'LOG_DELETE_TOPIC','a:1:{i:0;s:50:\"crafter version of music for the recently deceased\";}'),(1122,1,2,6,829,0,'204.15.223.162',1258400211,'LOG_TOPIC_TYPE_CHANGED','a:1:{i:0;s:23:\"2010 Grand Prix Classes\";}'),(1123,1,2,6,830,0,'204.15.223.162',1258400474,'LOG_TOPIC_TYPE_CHANGED','a:1:{i:0;s:41:\"2010 Arizona Grand Prix Series Entry Fees\";}'),(1124,1,2,6,831,0,'204.15.223.162',1258400677,'LOG_TOPIC_TYPE_CHANGED','a:1:{i:0;s:41:\"2010 Arizona Grand Prix Series Race Times\";}'),(1125,1,2,6,287,0,'204.15.223.162',1258400792,'LOG_DELETE_TOPIC','a:1:{i:0;s:14:\"2010 GP Season\";}'),(1126,1,2,6,832,0,'204.15.223.162',1258400878,'LOG_TOPIC_TYPE_CHANGED','a:1:{i:0;s:39:\"2010 Arizona Grand Prix Series Schedule\";}'),(1127,1,2,4,836,0,'204.15.223.162',1258401400,'LOG_TOPIC_TYPE_CHANGED','a:1:{i:0;s:36:\"2010 4Hr Endurance Team Race Classes\";}'),(1128,0,2,0,0,0,'204.15.223.162',1258401615,'LOG_ADMIN_AUTH_SUCCESS',''),(1129,0,2,0,0,0,'204.15.223.162',1258401708,'LOG_FORUM_ADD','a:1:{i:0;s:14:\"Hare Scrambles\";}'),(1130,0,2,0,0,0,'204.15.223.162',1258401759,'LOG_FORUM_MOVE_UP','a:2:{i:0;s:14:\"Hare Scrambles\";i:1;s:11:\"Suggestions\";}'),(1131,0,2,0,0,0,'204.15.223.162',1258401764,'LOG_FORUM_MOVE_UP','a:2:{i:0;s:14:\"Hare Scrambles\";i:1;s:8:\"Sponsors\";}'),(1132,0,2,0,0,0,'204.15.223.162',1258401769,'LOG_FORUM_MOVE_UP','a:2:{i:0;s:14:\"Hare Scrambles\";i:1;s:11:\"Classifieds\";}'),(1133,0,2,0,0,0,'204.15.223.162',1258401776,'LOG_FORUM_MOVE_UP','a:2:{i:0;s:14:\"Hare Scrambles\";i:1;s:8:\"Products\";}'),(1134,0,2,0,0,0,'204.15.223.162',1258401781,'LOG_FORUM_MOVE_UP','a:2:{i:0;s:14:\"Hare Scrambles\";i:1;s:12:\"Trophy Karts\";}'),(1135,0,2,0,0,0,'204.15.223.162',1258401786,'LOG_FORUM_MOVE_UP','a:2:{i:0;s:14:\"Hare Scrambles\";i:1;s:9:\"GS Videos\";}'),(1136,0,2,0,0,0,'204.15.223.162',1258401790,'LOG_FORUM_MOVE_UP','a:2:{i:0;s:14:\"Hare Scrambles\";i:1;s:12:\"Race Stories\";}'),(1137,0,2,0,0,0,'204.15.223.162',1258401794,'LOG_FORUM_MOVE_UP','a:2:{i:0;s:14:\"Hare Scrambles\";i:1;s:8:\"Practice\";}'),(1138,0,2,0,0,0,'204.15.223.162',1258401797,'LOG_FORUM_MOVE_UP','a:2:{i:0;s:14:\"Hare Scrambles\";i:1;s:14:\"Race Questions\";}'),(1139,0,2,0,0,0,'204.15.223.162',1258401800,'LOG_FORUM_MOVE_UP','a:2:{i:0;s:14:\"Hare Scrambles\";i:1;s:14:\"Xtreme-X Races\";}'),(1140,0,2,0,0,0,'204.15.223.162',1258401933,'LOG_FORUM_EDIT','a:1:{i:0;s:14:\"Hare Scrambles\";}'),(1141,0,2,0,0,0,'204.15.223.162',1258402022,'LOG_FORUM_EDIT','a:1:{i:0;s:14:\"Hare Scrambles\";}'),(1142,0,2,0,0,0,'204.15.223.162',1258403305,'LOG_ADMIN_AUTH_SUCCESS',''),(1143,0,2,0,0,0,'204.15.223.162',1258403493,'LOG_FORUM_EDIT','a:1:{i:0;s:13:\"Moto X Racing\";}'),(1144,0,2,0,0,0,'204.15.223.162',1258403515,'LOG_FORUM_EDIT','a:1:{i:0;s:16:\"Grand Prix Races\";}'),(1145,0,2,0,0,0,'204.15.223.162',1258403531,'LOG_FORUM_EDIT','a:1:{i:0;s:15:\"Endurance Races\";}'),(1146,0,2,0,0,0,'204.15.223.162',1258403547,'LOG_FORUM_EDIT','a:1:{i:0;s:14:\"Xtreme-X Races\";}'),(1147,0,2,0,0,0,'204.15.223.162',1258403564,'LOG_FORUM_EDIT','a:1:{i:0;s:7:\"General\";}'),(1148,0,2,0,0,0,'204.15.223.162',1258403580,'LOG_FORUM_EDIT','a:1:{i:0;s:13:\"Moto X Racing\";}'),(1149,0,2,0,0,0,'76.227.147.71',1258435037,'LOG_ADMIN_AUTH_SUCCESS',''),(1150,0,2,0,0,0,'76.227.147.71',1258436110,'LOG_ADMIN_AUTH_SUCCESS',''),(1151,0,1,0,0,0,'76.227.147.71',1258436488,'LOG_UPDATE_DATABASE','a:2:{i:0;s:5:\"3.0.4\";i:1;s:5:\"3.0.5\";}'),(1152,0,1,0,0,0,'76.227.147.71',1258436797,'LOG_UPDATE_PHPBB','a:2:{i:0;s:5:\"3.0.4\";i:1;s:5:\"3.0.5\";}'),(1153,0,2,0,0,0,'76.227.147.71',1258437021,'LOG_ADMIN_AUTH_SUCCESS',''),(1154,0,2,0,0,0,'76.227.147.71',1258437405,'LOG_ACL_ADD_GROUP_GLOBAL_U_','a:1:{i:0;s:31:\"<span class=\"sep\">Guests</span>\";}'),(1155,1,2,15,765,0,'204.15.223.162',1258555658,'LOG_DELETE_TOPIC','a:1:{i:0;s:27:\"music therapy degrees in ky\";}'),(1156,1,2,15,779,0,'204.15.223.162',1258555658,'LOG_DELETE_TOPIC','a:1:{i:0;s:11:\"tokko music\";}'),(1157,1,2,15,798,0,'204.15.223.162',1258555658,'LOG_DELETE_TOPIC','a:1:{i:0;s:30:\"hersheypark music in the parks\";}'),(1158,1,2,15,818,0,'204.15.223.162',1258555658,'LOG_DELETE_TOPIC','a:1:{i:0;s:39:\"sound and music theatre in pennsylvania\";}'),(1159,1,2,15,845,0,'204.15.223.162',1258555658,'LOG_DELETE_TOPIC','a:1:{i:0;s:45:\"movie session times 8th september castle hill\";}'),(1160,1,2,15,853,0,'204.15.223.162',1258555658,'LOG_DELETE_TOPIC','a:1:{i:0;s:24:\"super troopers umd movie\";}'),(1161,0,2,0,0,0,'204.15.223.162',1258555680,'LOG_BAN_USER','a:2:{i:0;s:0:\"\";i:1;s:9:\"grarryitS\";}'),(1162,1,2,0,0,0,'204.15.223.162',1258555680,'LOG_BAN_USER','a:2:{i:0;s:0:\"\";i:1;s:9:\"grarryitS\";}'),(1163,1,2,22,764,0,'204.15.223.162',1258555705,'LOG_DELETE_TOPIC','a:1:{i:0;s:33:\"soul plane boondocks music ruckus\";}'),(1164,1,2,22,778,0,'204.15.223.162',1258555705,'LOG_DELETE_TOPIC','a:1:{i:0;s:32:\"how to download music onto a psp\";}'),(1165,1,2,22,797,0,'204.15.223.162',1258555705,'LOG_DELETE_TOPIC','a:1:{i:0;s:28:\"david bowie music dvd online\";}'),(1166,1,2,22,817,0,'204.15.223.162',1258555705,'LOG_DELETE_TOPIC','a:1:{i:0;s:19:\"ipod music capacity\";}'),(1167,1,2,10,766,0,'204.15.223.162',1258555738,'LOG_DELETE_TOPIC','a:1:{i:0;s:24:\"free music song download\";}'),(1168,1,2,10,780,0,'204.15.223.162',1258555738,'LOG_DELETE_TOPIC','a:1:{i:0;s:23:\"mesa boogie music store\";}'),(1169,1,2,10,799,0,'204.15.223.162',1258555738,'LOG_DELETE_TOPIC','a:1:{i:0;s:19:\"kate bush music dvd\";}'),(1170,1,2,10,819,0,'204.15.223.162',1258555738,'LOG_DELETE_TOPIC','a:1:{i:0;s:49:\"music lyrics for cant let you go by samantha jade\";}'),(1171,1,2,10,846,0,'204.15.223.162',1258555738,'LOG_DELETE_TOPIC','a:1:{i:0;s:20:\"eldest movie trailer\";}'),(1172,1,2,10,847,0,'204.15.223.162',1258555738,'LOG_DELETE_TOPIC','a:1:{i:0;s:14:\"kinnelon movie\";}'),(1173,1,2,10,848,0,'204.15.223.162',1258555738,'LOG_DELETE_TOPIC','a:1:{i:0;s:29:\"north attleboro movie theater\";}'),(1174,1,2,10,849,0,'204.15.223.162',1258555738,'LOG_DELETE_TOPIC','a:1:{i:0;s:19:\"movie georgia rules\";}'),(1175,1,2,10,850,0,'204.15.223.162',1258555738,'LOG_DELETE_TOPIC','a:1:{i:0;s:31:\"download movie the 10th kingdom\";}'),(1176,1,2,10,851,0,'204.15.223.162',1258555738,'LOG_DELETE_TOPIC','a:1:{i:0;s:23:\"kingdom of heaven movie\";}'),(1177,1,2,10,852,0,'204.15.223.162',1258555738,'LOG_DELETE_TOPIC','a:1:{i:0;s:15:\"tmd movie files\";}'),(1178,1,2,10,854,0,'204.15.223.162',1258555738,'LOG_DELETE_TOPIC','a:1:{i:0;s:23:\"movie cinnema newnan ga\";}'),(1179,1,2,13,767,0,'204.15.223.162',1258555795,'LOG_DELETE_TOPIC','a:1:{i:0;s:21:\"tower of london music\";}'),(1180,1,2,13,781,0,'204.15.223.162',1258555795,'LOG_DELETE_TOPIC','a:1:{i:0;s:16:\"realplayer music\";}'),(1181,1,2,13,800,0,'204.15.223.162',1258555795,'LOG_DELETE_TOPIC','a:1:{i:0;s:32:\"background music for home movies\";}'),(1182,1,2,13,820,0,'204.15.223.162',1258555795,'LOG_DELETE_TOPIC','a:1:{i:0;s:17:\"toxic music video\";}'),(1183,1,2,13,855,0,'204.15.223.162',1258555795,'LOG_DELETE_TOPIC','a:1:{i:0;s:31:\"suburban nightmare movie review\";}'),(1184,1,2,20,768,0,'204.15.223.162',1258555818,'LOG_DELETE_TOPIC','a:1:{i:0;s:20:\"music notation about\";}'),(1185,1,2,20,782,0,'204.15.223.162',1258555818,'LOG_DELETE_TOPIC','a:1:{i:0;s:21:\"music lyrics the rose\";}'),(1186,1,2,20,801,0,'204.15.223.162',1258555818,'LOG_DELETE_TOPIC','a:1:{i:0;s:49:\"ringtone free nextel ringtone disney mickey music\";}'),(1187,1,2,20,821,0,'204.15.223.162',1258555818,'LOG_DELETE_TOPIC','a:1:{i:0;s:30:\"beginner sheet music for piano\";}'),(1188,1,2,20,856,0,'204.15.223.162',1258555818,'LOG_DELETE_TOPIC','a:1:{i:0;s:18:\"may movie director\";}'),(1189,1,2,3,771,0,'204.15.223.162',1258555888,'LOG_DELETE_TOPIC','a:1:{i:0;s:17:\"the who music dvd\";}'),(1190,1,2,3,785,0,'204.15.223.162',1258555888,'LOG_DELETE_TOPIC','a:1:{i:0;s:29:\"who wrote music for halloween\";}'),(1191,1,2,3,789,0,'204.15.223.162',1258555888,'LOG_DELETE_TOPIC','a:1:{i:0;s:31:\"Problem with activating account\";}'),(1192,1,2,3,804,0,'204.15.223.162',1258555888,'LOG_DELETE_TOPIC','a:1:{i:0;s:21:\"sheet music retailers\";}'),(1193,1,2,3,807,0,'204.15.223.162',1258555888,'LOG_DELETE_TOPIC','a:1:{i:0;s:57:\"Where to buy pepcid online? 24/7 Phone Support, all packa\";}'),(1194,1,2,3,824,0,'204.15.223.162',1258555888,'LOG_DELETE_TOPIC','a:1:{i:0;s:31:\"negative influence of rap music\";}'),(1195,1,2,3,859,0,'204.15.223.162',1258555888,'LOG_DELETE_TOPIC','a:1:{i:0;s:25:\"tinsle town movie theater\";}'),(1196,1,2,12,770,0,'204.15.223.162',1258555914,'LOG_DELETE_TOPIC','a:1:{i:0;s:20:\"austin music project\";}'),(1197,1,2,12,784,0,'204.15.223.162',1258555914,'LOG_DELETE_TOPIC','a:1:{i:0;s:27:\"out of thin air music video\";}'),(1198,1,2,12,803,0,'204.15.223.162',1258555914,'LOG_DELETE_TOPIC','a:1:{i:0;s:32:\"import music from ipod to itunes\";}'),(1199,1,2,12,823,0,'204.15.223.162',1258555914,'LOG_DELETE_TOPIC','a:1:{i:0;s:21:\"music chord tablature\";}'),(1200,1,2,12,858,0,'204.15.223.162',1258555914,'LOG_DELETE_TOPIC','a:1:{i:0;s:23:\"pando movie tinto brass\";}'),(1201,1,2,18,769,0,'204.15.223.162',1258555935,'LOG_DELETE_TOPIC','a:1:{i:0;s:12:\"russia music\";}'),(1202,1,2,18,783,0,'204.15.223.162',1258555935,'LOG_DELETE_TOPIC','a:1:{i:0;s:34:\"how does loud music afect the ears\";}'),(1203,1,2,18,802,0,'204.15.223.162',1258555935,'LOG_DELETE_TOPIC','a:1:{i:0;s:13:\"outcast music\";}'),(1204,1,2,18,822,0,'204.15.223.162',1258555935,'LOG_DELETE_TOPIC','a:1:{i:0;s:31:\"santa clarita music instruction\";}'),(1205,1,2,18,857,0,'204.15.223.162',1258555935,'LOG_DELETE_TOPIC','a:1:{i:0;s:23:\"scary movie 3 rap lyric\";}'),(1206,1,2,14,786,0,'204.15.223.162',1258555958,'LOG_DELETE_TOPIC','a:1:{i:0;s:19:\"criss angel   music\";}'),(1207,1,2,14,805,0,'204.15.223.162',1258555958,'LOG_DELETE_TOPIC','a:1:{i:0;s:60:\"contours lite plus stroller with music on the go by kolcraft\";}'),(1208,1,2,14,825,0,'204.15.223.162',1258555958,'LOG_DELETE_TOPIC','a:1:{i:0;s:15:\"kim davis music\";}'),(1209,1,2,14,860,0,'204.15.223.162',1258555958,'LOG_DELETE_TOPIC','a:1:{i:0;s:24:\"gay movie house new york\";}'),(1210,1,2,16,787,0,'204.15.223.162',1258555985,'LOG_DELETE_TOPIC','a:1:{i:0;s:17:\"air america music\";}'),(1211,1,2,16,806,0,'204.15.223.162',1258555985,'LOG_DELETE_TOPIC','a:1:{i:0;s:18:\"old time music wav\";}'),(1212,1,2,16,826,0,'204.15.223.162',1258555985,'LOG_DELETE_TOPIC','a:1:{i:0;s:28:\"out of print music companies\";}'),(1213,1,2,16,861,0,'204.15.223.162',1258555985,'LOG_DELETE_TOPIC','a:1:{i:0;s:25:\"foot fetish movie archive\";}'),(1214,1,92,2,862,0,'98.177.161.10',1258684347,'LOG_POST_EDITED','a:2:{i:0;s:27:\"Xmas Team Race Dec 27, 2009\";i:1;s:13:\"grindingstone\";}'),(1215,0,2,0,0,0,'76.227.147.71',1258686632,'LOG_ADMIN_AUTH_SUCCESS',''),(1216,0,2,0,0,0,'76.227.147.71',1258686819,'LOG_ACL_TRANSFER_PERMISSIONS','a:1:{i:0;s:6:\"GSBill\";}'),(1217,0,2,0,0,0,'76.227.147.71',1258686903,'LOG_ACL_RESTORE_PERMISSIONS','a:1:{i:0;s:6:\"GSBill\";}'),(1218,0,2,0,0,0,'76.227.147.71',1258687013,'LOG_ACL_ADD_GROUP_GLOBAL_U_','a:1:{i:0;s:41:\"<span class=\"sep\">Registered users</span>\";}'),(1219,0,2,0,0,0,'76.227.147.71',1258687127,'LOG_U_ROLE_EDIT','a:1:{i:0;s:17:\"Standard Features\";}'),(1220,0,2,0,0,0,'76.227.147.71',1258687217,'LOG_ACL_ADD_GROUP_GLOBAL_U_','a:1:{i:0;s:41:\"<span class=\"sep\">Registered users</span>\";}'),(1221,0,2,0,0,0,'76.227.147.71',1258687290,'LOG_ACL_ADD_GROUP_GLOBAL_M_','a:1:{i:0;s:39:\"<span class=\"sep\">Administrators</span>\";}'),(1222,0,2,0,0,0,'76.227.147.71',1258687346,'LOG_ACL_ADD_GROUP_GLOBAL_U_','a:1:{i:0;s:39:\"<span class=\"sep\">Administrators</span>\";}'),(1223,0,2,0,0,0,'76.227.147.71',1258692656,'LOG_ADMIN_AUTH_SUCCESS',''),(1224,0,2,0,0,0,'76.227.147.71',1258692794,'LOG_ACL_TRANSFER_PERMISSIONS','a:1:{i:0;s:6:\"GSBill\";}'),(1225,0,2,0,0,0,'216.70.168.202',1258750066,'LOG_ADMIN_AUTH_SUCCESS',''),(1226,0,2,0,0,0,'216.70.168.202',1258750075,'LOG_ACL_RESTORE_PERMISSIONS','a:1:{i:0;s:6:\"GSBill\";}'),(1227,0,2,0,0,0,'216.70.168.202',1258750257,'LOG_ACL_ADD_FORUM_LOCAL_F_','a:2:{i:0;s:231:\"Grinding Stone Motocross Park, General, Classifieds, Endurance Races, Grand Prix Races, Suggestions, Practice, Products, Race Questions, Sponsors, Race Stories, Trophy Karts, Hare Scrambles, GS Videos, Xtreme-X Races, Moto X Racing\";i:1;s:39:\"<span class=\"sep\">Administrators</span>\";}'),(1228,0,2,0,0,0,'216.70.168.202',1258750354,'LOG_ACL_ADD_ADMIN_GLOBAL_A_','a:1:{i:0;s:39:\"<span class=\"sep\">Administrators</span>\";}'),(1229,0,2,0,0,0,'216.70.168.202',1258750711,'LOG_ACL_ADD_FORUM_LOCAL_F_','a:2:{i:0;s:231:\"Grinding Stone Motocross Park, General, Classifieds, Endurance Races, Grand Prix Races, Suggestions, Practice, Products, Race Questions, Sponsors, Race Stories, Trophy Karts, Hare Scrambles, GS Videos, Xtreme-X Races, Moto X Racing\";i:1;s:31:\"<span class=\"sep\">Guests</span>\";}'),(1230,0,2,0,0,0,'216.70.168.202',1258750784,'LOG_ACL_ADD_FORUM_LOCAL_F_','a:2:{i:0;s:231:\"Grinding Stone Motocross Park, General, Classifieds, Endurance Races, Grand Prix Races, Suggestions, Practice, Products, Race Questions, Sponsors, Race Stories, Trophy Karts, Hare Scrambles, GS Videos, Xtreme-X Races, Moto X Racing\";i:1;s:39:\"<span class=\"sep\">Administrators</span>\";}'),(1231,0,2,0,0,0,'216.70.168.202',1258750879,'LOG_ACL_ADD_FORUM_LOCAL_F_','a:2:{i:0;s:231:\"Grinding Stone Motocross Park, General, Classifieds, Endurance Races, Grand Prix Races, Suggestions, Practice, Products, Race Questions, Sponsors, Race Stories, Trophy Karts, Hare Scrambles, GS Videos, Xtreme-X Races, Moto X Racing\";i:1;s:41:\"<span class=\"sep\">Registered users</span>\";}'),(1232,3,1,0,0,95,'216.70.168.202',1258751840,'LOG_USER_NEW_PASSWORD','a:1:{i:0;s:5:\"philw\";}'),(1233,0,2,0,0,0,'204.15.223.162',1258942995,'LOG_BAN_USER','a:2:{i:0;s:0:\"\";i:1;s:10:\"jackmorres\";}'),(1234,1,2,0,0,0,'204.15.223.162',1258942995,'LOG_BAN_USER','a:2:{i:0;s:0:\"\";i:1;s:10:\"jackmorres\";}'),(1235,1,2,2,866,0,'204.15.223.162',1258943010,'LOG_DELETE_POST','a:1:{i:0;s:39:\"Apparel Industry growing in the Vietnam\";}'),(1236,0,2,0,0,0,'204.15.223.162',1258943031,'LOG_BAN_USER','a:2:{i:0;s:0:\"\";i:1;s:9:\"offeliemy\";}'),(1237,1,2,0,0,0,'204.15.223.162',1258943031,'LOG_BAN_USER','a:2:{i:0;s:0:\"\";i:1;s:9:\"offeliemy\";}'),(1238,1,2,15,864,0,'204.15.223.162',1258943045,'LOG_DELETE_TOPIC','a:1:{i:0;s:51:\"Анекдоты Бесплатно Слушать.\";}'),(1239,1,5927,2,886,0,'68.98.63.95',1268811288,'LOG_DELETE_TOPIC','a:1:{i:0;s:13:\"handlebars???\";}'),(1240,3,1,0,0,4767,'209.180.135.182',1270874737,'LOG_USER_NEW_PASSWORD','a:1:{i:0;s:11:\"schuster189\";}');

--
