-- Table structure for table `phpbb_privmsgs`
--

CREATE TABLE `phpbb_privmsgs` (
  `msg_id` mediumint(8) unsigned NOT NULL AUTO_INCREMENT,
  `root_level` mediumint(8) unsigned NOT NULL DEFAULT '0',
  `author_id` mediumint(8) unsigned NOT NULL DEFAULT '0',
  `icon_id` mediumint(8) unsigned NOT NULL DEFAULT '0',
  `author_ip` varchar(40) COLLATE utf8_bin NOT NULL DEFAULT '',
  `message_time` int(11) unsigned NOT NULL DEFAULT '0',
  `enable_bbcode` tinyint(1) unsigned NOT NULL DEFAULT '1',
  `enable_smilies` tinyint(1) unsigned NOT NULL DEFAULT '1',
  `enable_magic_url` tinyint(1) unsigned NOT NULL DEFAULT '1',
  `enable_sig` tinyint(1) unsigned NOT NULL DEFAULT '1',
  `message_subject` varchar(255) COLLATE utf8_bin NOT NULL DEFAULT '',
  `message_text` mediumtext COLLATE utf8_bin NOT NULL,
  `message_edit_reason` varchar(255) COLLATE utf8_bin NOT NULL DEFAULT '',
  `message_edit_user` mediumint(8) unsigned NOT NULL DEFAULT '0',
  `message_attachment` tinyint(1) unsigned NOT NULL DEFAULT '0',
  `bbcode_bitfield` varchar(255) COLLATE utf8_bin NOT NULL DEFAULT '',
  `bbcode_uid` varchar(8) COLLATE utf8_bin NOT NULL DEFAULT '',
  `message_edit_time` int(11) unsigned NOT NULL DEFAULT '0',
  `message_edit_count` smallint(4) unsigned NOT NULL DEFAULT '0',
  `to_address` text COLLATE utf8_bin NOT NULL,
  `bcc_address` text COLLATE utf8_bin NOT NULL,
  PRIMARY KEY (`msg_id`),
  KEY `author_ip` (`author_ip`),
  KEY `message_time` (`message_time`),
  KEY `author_id` (`author_id`),
  KEY `root_level` (`root_level`)
) ENGINE=MyISAM AUTO_INCREMENT=27 DEFAULT CHARSET=utf8 COLLATE=utf8_bin;

--
-- Dumping data for table `phpbb_privmsgs`
--

INSERT INTO `phpbb_privmsgs` VALUES (1,0,85,3,'71.211.125.85',1234848143,1,1,1,1,'Jeffrey Mitchell #609 40+B ATV','Motomutts, Kyle!\n\nHey I think we have a mutual friend named Brian Day.  Brian tells me he has known you for some time now!  I keep telling him he needs to come out and actually race.  He\'ll have to heal up some more from his mishap at ET first though!\n\nMy appologies, I met you at the round 1 race, I was the guy who lost my wallet,  <!-- s:( --><img src=\"{SMILIES_PATH}/icon_e_sad.gif\" alt=\":(\" title=\"Sad\" /><!-- s:( -->     but got 2nd place in my class   <!-- s:lol: --><img src=\"{SMILIES_PATH}/icon_lol.gif\" alt=\":lol:\" title=\"Laughing\" /><!-- s:lol: --> !  Obviously no one found it or turned it in!  Regardless I will probably run the 6 hour as Iron man, a couple guys want to team up but no news from them!  What ever I\'ll come out just to ride for fun!!!\n\nPeace Bro, see you at the race\nJeffrey Mitchell\n#609 40+B ATV GSMX','',0,0,'','2kt6ts0i',0,0,'u_114',''),(2,1,114,3,'204.15.223.170',1234881649,1,1,1,1,'Re: Jeffrey Mitchell #609 40+B ATV','I am so sorry you never found your wallet.\n\nYes, Brian is a good buddy of mine. He is a great guy.\n\nCome and say hi at the 6hr.\n\nsee ya there.\n\nKyle','',0,0,'','2yf1dw00',0,0,'u_85',''),(3,0,85,0,'63.230.242.230',1236702884,1,1,1,1,'More ATVs','Hey Kyle,\n\nTrooper / aka Jeff Mitchell here.  \n\nI see you caught my posting on RA about &quot;Quad riders where the hell are you&quot;.  Hopefully that posting has sparked enough interest with the 4 wheeled guys and gals that you should see more of them coming out on a regular basis. I know I\'ve received alot of PMs because of that posting!  Some good and some bad.  Nothing bad about GSMX, they just think I am a little too outspoken!  Little do they know just how out spoken I really am.  But that wouldn\'t benefit you or I!\n\nThere are a few people on RA that have enough &quot;clout&quot; that if they get behind something others will follow. I am slowly getting &quot;their&quot; support. They see and know just how good GSMX is from personal experience, I actually believe they are just too wrapped up financially to go out and ride at a track very often or are limited by time.  Who knows I have my own battles to fight.\n\nRegardless with the interest picking up on RA about &quot;group rides&quot; I believe the turn out will get better sooner than later.  Word of mouth seems to be the ticket for getting information to people about your venue, and so far everyone is positive.\n\nI know for a fact at least the majority of the RSD Racing guys will be at the next event, if they stay healthy!  The gang from XX racing will be there.  NVS Racing should be there.  By my estimation that is close to 30 quads.  I have no idea about the bike guys they seem to do their own thing, but from what i\'ve heard bike attendance isn\'t an issue.\n\nAnyway I won\'t bother you much longer, I just wanted to give you some insight.  Besides I do have an agenda, I want quad days and more races at GSMX!! <!-- s:lol: --><img src=\"{SMILIES_PATH}/icon_lol.gif\" alt=\":lol:\" title=\"Laughing\" /><!-- s:lol: --> \n\nThanks brother, peace out!\nJeff Mitchell','',0,0,'','3j81f1cm',0,0,'u_114',''),(4,3,114,0,'204.15.222.217',1236703807,1,1,1,1,'Re: More ATVs','Thanks for all the postive things you have said and are doing for us. Like I said, I have been racing for over 20 yrs and I really think we have a great place to race and I think we do a great job on making safe fun race courses..... keep up the talk about us and I know it will pick up.\n\nKyle','',0,0,'','3b1z5xp6',0,0,'u_85',''),(5,0,4460,0,'72.223.56.238',1238651811,1,1,1,1,'permissions','You may want to check the permissions you have activated as I can access the moderator control panel. I didn\'t try to, there was a link that read &quot;Moderator Control Panel&quot;, so I clicked it thinking there is no way it could be open, but there it was! It took me in! I\'m guessing that isn\'t intentional.\n\nBTW, I like the layout of the forum, much better with the categories listed.\n\nThanks for a great track!\n\nSincerely,\n\nAlex Kollitz','',0,0,'','25ea454f',0,0,'u_2',''),(6,5,2,0,'204.15.223.108',1238681059,1,1,1,1,'Re: permissions','Thanks so much we had a major problem but I think it\'s fixed now, please let me know if it still is allowing you to do this.','',0,0,'','4km2pwvv',0,0,'u_4460',''),(7,5,4460,0,'72.223.56.238',1238698059,1,1,1,1,'Re: permissions','Whatever you did worked!\n\nThe only control panel I see now is my own.','',0,0,'','3quwku7n',0,0,'u_2',''),(8,0,85,0,'71.211.121.184',1239662625,1,1,1,1,'8 hour ATV course','Kyle,\n\nHey brother, how is everything?  I\'m just gearing up for the 8 hour race, and i have a couple of questions for ya.  How much longer will the course be than the 6 hour course?  (I\'m guessing it to have been roughly 5.5 miles.)\n\nWhat are the possibilities of adding the long stretch of road I can see from the aerial views off the GS area into the actual race course?  And just out of curiousity how much more land do you guys have? (Any possibilities of walking / riding the actual course?)\n\nAny info you can give me will be greatly appreciated!\n\nthanks\nJeffrey Mitchell\n#609 ATV 40+ B / IRONMAN!!!','',0,0,'','6ko5gcsf',0,0,'u_114',''),(9,8,114,0,'204.15.223.108',1239663098,1,1,1,1,'Re: 8 hour ATV course','not sure how long yet, a lot of those roads we can\'t use and we can\'t go too far back because of the eagles. Sorry, I really couldn\'t answer anything you ask too good. We are planning some really cool stuff though.','',0,0,'','x93og0g0',0,0,'u_85',''),(10,8,85,0,'71.211.121.184',1239665606,1,1,1,1,'Re: 8 hour ATV course','It\'s all good bro!  When you find out the length let me know, I\'m anxious!!!!!\n\nPeace!!\nJeff','',0,0,'','2obqcekw',0,0,'u_114',''),(11,8,114,0,'204.15.223.108',1239666590,1,1,1,1,'Re: 8 hour ATV course','[quote=&quot;Trooper&quot;:nca4g57y]It\'s all good bro!  When you find out the length let me know, I\'m anxious!!!!!\n\nPeace!!\nJeff[/quote:nca4g57y]\n\nIt won\'t be until Friday before the race most likely','',0,0,'gA==','nca4g57y',0,0,'u_85',''),(12,0,4675,0,'64.57.197.214',1240884960,1,1,1,1,'Hey','Hey I just joined and was wondering if you can help me and my buddy we are very intrested in racing beginner\'s races i have an 07 ds-650 baja i have a yoshi pipe k&amp;n filter and a jet kit i am needing to install and my buddy is runinng a stock 08 trx 700xx and we are very intrested in CC races or some type of track races or even drags but if you can help us we would really appreciate it or point us in the right way thank you....','',0,0,'','38n2rsyu',0,0,'u_114',''),(13,0,4674,0,'63.224.129.161',1240925424,1,1,1,1,'8 Hour team ?','Is there still an open slot on you 8 hour team, I posted on you thread but you did not respond.  I am trying to get set up for the race, but may have to run stock plastic skid and stock tires.  I might be able to run the 19&quot; rears that I had on when I met you on Sunday?  What size tires do most people run for the GP events 20&quot; rear? or the tall 22&quot; rear?  Please PM me or post so I don\'t waste my time if the slot is not open? or if you changed your mind about the race?  \n\nThanks,\nBrian #31 KFX450','',0,0,'','r7z94vc1',0,0,'u_4460',''),(14,12,114,0,'204.15.223.108',1240925595,1,1,1,1,'Re: Hey','call me 623-363-9665 Kyle','',0,0,'','1om5lkyo',0,0,'u_4675',''),(15,13,4460,0,'98.177.164.183',1240977542,1,1,1,1,'Re: 8 Hour team ?','Hello Brian,\n\nYou should have received my e-mail by now, I didn\'t see yours come in from yesterday until this morning and the other post along with notification about this PM hasn\'t shown up yet, I was just back browsing the forum when I saw this.\n\nI think the 20&quot; tires will work just fine, at least for me with my IRS. I only saw one person with problems and they had the smaller tires on, but after 8 hours??? Insurance would say 22&quot;, any type of skill and 20\'s should do fine. This from a person who hasn\'t raced an endurance race there yet, so take it for what it\'s worth. The GP would be no problem on the 20\'s.\n\nSeeing as I bagged on the race, I will be looking to go out riding to get some seat time in and build my stamina for the next GP.\n\nLet\'s plan ahead for the 10hr!\n\nAlex','',0,0,'','2ss4ml9k',0,0,'u_4674',''),(16,0,4522,0,'68.99.217.160',1242138123,1,1,1,1,'8hr lap times','Is there any way you could post the lap times? I am curious to see how much time we lost getting my son\'s blown bike out of the single track and into impound on the second lap.\n\n\nThanks\n\nTony Neely','',0,0,'','37ziracu',0,0,'u_114',''),(17,16,114,0,'204.15.223.108',1242139563,1,1,1,1,'Re: 8hr lap times','[quote=&quot;tneely2327&quot;:34h8ajip]Is there any way you could post the lap times? I am curious to see how much time we lost getting my son\'s blown bike out of the single track and into impound on the second lap.\n\n\nThanks\n\nTony Neely[/quote:34h8ajip]\n\nHere you go. They are kind of hard to read','',0,1,'gA==','34h8ajip',0,0,'u_4522',''),(18,0,4729,0,'68.99.132.106',1242420981,1,1,1,1,'contingency','Pls call me about a contingency program for your racing series both finishing out this year and your next series.','',0,0,'','72se5r55',0,0,'u_114',''),(19,0,4460,0,'98.177.164.183',1243720540,1,1,1,1,'GP Rd 3 lap times','Any chance I can get the spreadsheet of times for the ATV races of the RD3 GP?\n\nI\'ve started a spreadsheet of my times vs all other riders that ran the same track. Now I would like to look at my individual lap times and see how that changed from the start to the end and compare that against the others also.\n\nThanks!\n\nAlex','',0,0,'','2folniu6',0,0,'u_114',''),(20,0,4460,0,'98.177.164.183',1243741502,1,1,1,1,'Connect','Hello Jeffrey,\n\nI\'m trying to connect all of us Senior B riders, especially as we\'re all pretty much running the same times. Do you have contact info for either Ken George or Jeff Barrett?\n\nHere is my info.\n\nAlex Kollitz #777\nOffice # 480 941-8995, It\'s my home biz, just ask for me\ncell 480 540-6216\n<!-- e --><a href=\"mailto:alex@ezprintsite.com\">alex@ezprintsite.com</a><!-- e -->\nI\'m in NW Mesa at Mesa, Dr. and McKellips.\n\nI\'m planning on going to practice on Wednesday morning and am open to going desert riding if anyone else is up to heading out for a good conditioning ride. \n\nI\'m also open to observing and critiquing and having someone else do the same for me (not to mention timing). I have a goal of being able to run with the Experts/Pros by the end of the year, with a little bit of work on the bike and a lot more conditioning, I think I can be there.\n\nI\'m also interested in putting together a team to race one of the larger desert races such as the Vegas to Reno or one of the Baja races.\n\nWas it you that had the helmet cam?\n\nThanks!\n\nAlex','',0,0,'','2wj1a9ww',0,0,'u_85',''),(21,20,85,0,'71.211.112.82',1245978865,1,1,1,1,'Re: Connect','Crazydog,\n\nHey I apologize for such a late response, I don\'t normally get on GSMX too often.\n\nRegarding your questions:\n\nKen George frequents &quot;Riding Arizona&quot; almost daily, thats probably the best way to contact him.\n\nJeff Barnett actually own &quot;BRM Off-road&quot;, one of my sponsors and friend.  Hit his website, its very cool!!\n\nI live in Gilbert and go to ETMX and GSMX when i have the time available, due to summer break I have little &quot;self time&quot; due to &quot;honey do\'s and running the kids all over the place.\n\nI also race WHIPLASH and I plan to do the &quot;Snowflake race&quot; only this season due to limited finances.\n\nMy email address is <!-- e --><a href=\"mailto:mitchelljjnn@hotmail.com\">mitchelljjnn@hotmail.com</a><!-- e --> send me an email and we\'ll get in touch and hook up for some future rides!\n\nThanks\nJeffrey Mitchell\n609 40+ B','',0,0,'','20jygkk1',0,0,'u_4460',''),(22,0,85,0,'71.211.112.82',1245979044,1,1,1,1,'IRONMAN points','Kyle,\n\nHey buddy!  Where would i find out how many points I have for IRONMAN this year.  I got 3rd place at the 6 hour and 2nd place at the 8 hour.  How will the points work for the night race on the 11th???\n\nThanks\nJeff Mitchell\n609 40+ ATV GSMX','',0,0,'','1e68t440',0,0,'u_114',''),(23,22,114,0,'204.15.223.16',1246062590,1,1,1,1,'Re: IRONMAN points','[quote=&quot;Trooper&quot;:2ya748a3]Kyle,\n\nHey buddy!  Where would i find out how many points I have for IRONMAN this year.  I got 3rd place at the 6 hour and 2nd place at the 8 hour.  How will the points work for the night race on the 11th???\n\nThanks\nJeff Mitchell\n609 40+ ATV GSMX[/quote:2ya748a3]\n\nHey Jeff, \n\nthey are now posted on the web site under race results.... are you racing our Night Race    July 11 ?????','',0,0,'gA==','2ya748a3',0,0,'u_85',''),(24,0,4775,0,'70.6.199.137',1246419865,1,1,1,1,'night race','hey kyle les hutchison here just want to check and make sure my reg. is in for the night race.i will be payin on wed. also how many are signed up as of now. talk to ya later. les #272','',0,0,'','kzn8eco6',0,0,'u_114',''),(25,24,114,0,'204.15.223.16',1246421140,1,1,1,1,'Re: night race','[quote=&quot;redneck racer&quot;:186m43f4]hey kyle les hutchison here just want to check and make sure my reg. is in for the night race.i will be payin on wed. also how many are signed up as of now. talk to ya later. les #272[/quote:186m43f4]\n\nyes, only seven teams so far','',0,0,'gA==','186m43f4',0,0,'u_4775',''),(26,0,85,0,'71.211.120.171',1249751105,1,1,1,1,'Touchey subject - Quads','Kyle,\n\nHey brother I hope life is treating you well and you\'re staying cool.\n\nI see you are offering the frequent rider passes, which is an awesome idea by the way.  It got me thinking.  \n\nSunday\'s are typically open to both bikes and quads and saturdays are bikes only.  I was wondering what would be the possibility of including &quot;authorized&quot; GSMX licensed quad riders on Saturdays as well?  The beauty of that would be to see how many of the GSMX Quad guys are open enough to come out more frequently.  I know personally coming out on Sundays can be a problem at times, and having the option of a Saturday open would definately have me there alot more.\n\nI think if you ask the bike guys how they would feel about have licensed GSMX Quad riders there with them it wouldn\'t be a problem.  Most of us 4 wheeled guys who race there are quite capable of being on the track with bikes!  I personally have never had any issues with any of the bikes, and I ride right next to them and have a blast doing it.\n\nIf you limit it to licensed riders only the general public (aka less experienced quads) wouldn\'t be a problem.\n\nOkay next &quot;soap box&quot; or question.\nHow many quads would I need to have to reserve the track for a day?  Actually how much would it cost to reserve the track for a &quot;private&quot; practice session?\n\nAnd finally what is the possibility of Friday afternoon / evening practice for both bikes and quads?\n\nThanks for your time, I certainly appreciate it.  And I will be there for the 10 hour and will be doing it IRONMAN again, looking for a 1st place trophy and points!!!!!\n\nJeffrey Mitchell\n#609 ATV 40+ B class GSMX\n480-606-8720','',0,0,'','2gvv7vay',0,0,'u_114','');

--
-- Table structure for table `phpbb_privmsgs_folder`
--

CREATE TABLE `phpbb_privmsgs_folder` (
  `folder_id` mediumint(8) unsigned NOT NULL AUTO_INCREMENT,
  `user_id` mediumint(8) unsigned NOT NULL DEFAULT '0',
  `folder_name` varchar(255) COLLATE utf8_bin NOT NULL DEFAULT '',
  `pm_count` mediumint(8) unsigned NOT NULL DEFAULT '0',
  PRIMARY KEY (`folder_id`),
  KEY `user_id` (`user_id`)
) ENGINE=MyISAM DEFAULT CHARSET=utf8 COLLATE=utf8_bin;

--
-- Dumping data for table `phpbb_privmsgs_folder`
--


--
-- Table structure for table `phpbb_privmsgs_rules`
--

CREATE TABLE `phpbb_privmsgs_rules` (
  `rule_id` mediumint(8) unsigned NOT NULL AUTO_INCREMENT,
  `user_id` mediumint(8) unsigned NOT NULL DEFAULT '0',
  `rule_check` mediumint(8) unsigned NOT NULL DEFAULT '0',
  `rule_connection` mediumint(8) unsigned NOT NULL DEFAULT '0',
  `rule_string` varchar(255) COLLATE utf8_bin NOT NULL DEFAULT '',
  `rule_user_id` mediumint(8) unsigned NOT NULL DEFAULT '0',
  `rule_group_id` mediumint(8) unsigned NOT NULL DEFAULT '0',
  `rule_action` mediumint(8) unsigned NOT NULL DEFAULT '0',
  `rule_folder_id` int(11) NOT NULL DEFAULT '0',
  PRIMARY KEY (`rule_id`),
  KEY `user_id` (`user_id`)
) ENGINE=MyISAM DEFAULT CHARSET=utf8 COLLATE=utf8_bin;

--
-- Dumping data for table `phpbb_privmsgs_rules`
--


--
-- Table structure for table `phpbb_privmsgs_to`
--

CREATE TABLE `phpbb_privmsgs_to` (
  `msg_id` mediumint(8) unsigned NOT NULL DEFAULT '0',
  `user_id` mediumint(8) unsigned NOT NULL DEFAULT '0',
  `author_id` mediumint(8) unsigned NOT NULL DEFAULT '0',
  `pm_deleted` tinyint(1) unsigned NOT NULL DEFAULT '0',
  `pm_new` tinyint(1) unsigned NOT NULL DEFAULT '1',
  `pm_unread` tinyint(1) unsigned NOT NULL DEFAULT '1',
  `pm_replied` tinyint(1) unsigned NOT NULL DEFAULT '0',
  `pm_marked` tinyint(1) unsigned NOT NULL DEFAULT '0',
  `pm_forwarded` tinyint(1) unsigned NOT NULL DEFAULT '0',
  `folder_id` int(11) NOT NULL DEFAULT '0',
  KEY `msg_id` (`msg_id`),
  KEY `author_id` (`author_id`),
  KEY `usr_flder_id` (`user_id`,`folder_id`)
) ENGINE=MyISAM DEFAULT CHARSET=utf8 COLLATE=utf8_bin;

--
-- Dumping data for table `phpbb_privmsgs_to`
--

INSERT INTO `phpbb_privmsgs_to` VALUES (6,2,2,0,0,0,0,0,0,-1),(1,85,85,0,0,0,0,0,0,-1),(17,114,114,0,0,0,0,0,0,-1),(2,114,114,0,0,0,0,0,0,-1),(6,4460,2,0,0,0,1,0,0,0),(3,85,85,0,0,0,0,0,0,-1),(17,4522,114,0,0,0,0,0,0,0),(4,114,114,0,0,0,0,0,0,-1),(5,2,4460,0,0,0,1,0,0,0),(5,4460,4460,0,0,0,0,0,0,-1),(7,2,4460,0,0,0,0,0,0,0),(7,4460,4460,0,0,0,0,0,0,-1),(8,114,85,0,0,0,1,0,0,0),(8,85,85,0,0,0,0,0,0,-1),(16,4522,4522,0,0,0,0,0,0,-1),(9,114,114,0,0,0,0,0,0,-1),(10,114,85,0,0,0,1,0,0,0),(10,85,85,0,0,0,0,0,0,-1),(16,114,4522,0,0,0,1,0,0,0),(11,114,114,0,0,0,0,0,0,-1),(12,114,4675,0,0,0,1,0,0,0),(12,4675,4675,0,0,0,0,0,0,-1),(13,4460,4674,0,0,0,1,0,0,0),(13,4674,4674,0,0,0,0,0,0,-1),(14,4675,114,0,0,0,0,0,0,0),(14,114,114,0,0,0,0,0,0,-1),(15,4674,4460,0,0,0,0,0,0,0),(15,4460,4460,0,0,0,0,0,0,-1),(18,114,4729,0,0,0,0,0,0,0),(18,4729,4729,0,0,0,0,0,0,-1),(19,114,4460,0,0,0,0,0,0,0),(19,4460,4460,0,0,0,0,0,0,-1),(20,85,4460,0,0,0,1,0,0,0),(20,4460,4460,0,0,0,0,0,0,-1),(21,4460,85,0,0,0,0,0,0,0),(21,85,85,0,0,0,0,0,0,-1),(22,114,85,0,0,0,1,0,0,0),(22,85,85,0,0,0,0,0,0,-1),(23,85,114,0,0,0,0,0,0,0),(23,114,114,0,0,0,0,0,0,-1),(24,114,4775,0,0,0,1,0,0,0),(24,4775,4775,0,0,0,0,0,0,-1),(25,4775,114,0,0,0,0,0,0,0),(25,114,114,0,0,0,0,0,0,-1),(26,114,85,0,0,0,0,0,0,0),(26,85,85,0,0,0,0,0,0,-1);

--
-- Table structure for table `phpbb_profile_fields`
--

CREATE TABLE `phpbb_profile_fields` (
  `field_id` mediumint(8) unsigned NOT NULL AUTO_INCREMENT,
  `field_name` varchar(255) COLLATE utf8_bin NOT NULL DEFAULT '',
  `field_type` tinyint(4) NOT NULL DEFAULT '0',
  `field_ident` varchar(20) COLLATE utf8_bin NOT NULL DEFAULT '',
  `field_length` varchar(20) COLLATE utf8_bin NOT NULL DEFAULT '',
  `field_minlen` varchar(255) COLLATE utf8_bin NOT NULL DEFAULT '',
  `field_maxlen` varchar(255) COLLATE utf8_bin NOT NULL DEFAULT '',
  `field_novalue` varchar(255) COLLATE utf8_bin NOT NULL DEFAULT '',
  `field_default_value` varchar(255) COLLATE utf8_bin NOT NULL DEFAULT '',
  `field_validation` varchar(20) COLLATE utf8_bin NOT NULL DEFAULT '',
  `field_required` tinyint(1) unsigned NOT NULL DEFAULT '0',
  `field_show_on_reg` tinyint(1) unsigned NOT NULL DEFAULT '0',
  `field_hide` tinyint(1) unsigned NOT NULL DEFAULT '0',
  `field_no_view` tinyint(1) unsigned NOT NULL DEFAULT '0',
  `field_active` tinyint(1) unsigned NOT NULL DEFAULT '0',
  `field_order` mediumint(8) unsigned NOT NULL DEFAULT '0',
  PRIMARY KEY (`field_id`),
  KEY `fld_type` (`field_type`),
  KEY `fld_ordr` (`field_order`)
) ENGINE=MyISAM DEFAULT CHARSET=utf8 COLLATE=utf8_bin;

--
-- Dumping data for table `phpbb_profile_fields`
--


--
-- Table structure for table `phpbb_profile_fields_data`
--

CREATE TABLE `phpbb_profile_fields_data` (
  `user_id` mediumint(8) unsigned NOT NULL DEFAULT '0',
  PRIMARY KEY (`user_id`)
) ENGINE=MyISAM DEFAULT CHARSET=utf8 COLLATE=utf8_bin;

--
-- Dumping data for table `phpbb_profile_fields_data`
--


--
-- Table structure for table `phpbb_profile_fields_lang`
--

CREATE TABLE `phpbb_profile_fields_lang` (
  `field_id` mediumint(8) unsigned NOT NULL DEFAULT '0',
  `lang_id` mediumint(8) unsigned NOT NULL DEFAULT '0',
  `option_id` mediumint(8) unsigned NOT NULL DEFAULT '0',
  `field_type` tinyint(4) NOT NULL DEFAULT '0',
  `lang_value` varchar(255) COLLATE utf8_bin NOT NULL DEFAULT '',
  PRIMARY KEY (`field_id`,`lang_id`,`option_id`)
) ENGINE=MyISAM DEFAULT CHARSET=utf8 COLLATE=utf8_bin;

--
-- Dumping data for table `phpbb_profile_fields_lang`
--


--
-- Table structure for table `phpbb_profile_lang`
--

CREATE TABLE `phpbb_profile_lang` (
  `field_id` mediumint(8) unsigned NOT NULL DEFAULT '0',
  `lang_id` mediumint(8) unsigned NOT NULL DEFAULT '0',
  `lang_name` varchar(255) COLLATE utf8_bin NOT NULL DEFAULT '',
  `lang_explain` text COLLATE utf8_bin NOT NULL,
  `lang_default_value` varchar(255) COLLATE utf8_bin NOT NULL DEFAULT '',
  PRIMARY KEY (`field_id`,`lang_id`)
) ENGINE=MyISAM DEFAULT CHARSET=utf8 COLLATE=utf8_bin;

--
-- Dumping data for table `phpbb_profile_lang`
--


--
-- Table structure for table `phpbb_ranks`
--

CREATE TABLE `phpbb_ranks` (
  `rank_id` mediumint(8) unsigned NOT NULL AUTO_INCREMENT,
  `rank_title` varchar(255) COLLATE utf8_bin NOT NULL DEFAULT '',
  `rank_min` mediumint(8) unsigned NOT NULL DEFAULT '0',
  `rank_special` tinyint(1) unsigned NOT NULL DEFAULT '0',
  `rank_image` varchar(255) COLLATE utf8_bin NOT NULL DEFAULT '',
  PRIMARY KEY (`rank_id`)
) ENGINE=MyISAM AUTO_INCREMENT=2 DEFAULT CHARSET=utf8 COLLATE=utf8_bin;

--
-- Dumping data for table `phpbb_ranks`
--

INSERT INTO `phpbb_ranks` VALUES (1,'Site Admin',0,1,'');

--
-- Table structure for table `phpbb_reports`
--

CREATE TABLE `phpbb_reports` (
  `report_id` mediumint(8) unsigned NOT NULL AUTO_INCREMENT,
  `reason_id` smallint(4) unsigned NOT NULL DEFAULT '0',
  `post_id` mediumint(8) unsigned NOT NULL DEFAULT '0',
  `user_id` mediumint(8) unsigned NOT NULL DEFAULT '0',
  `user_notify` tinyint(1) unsigned NOT NULL DEFAULT '0',
  `report_closed` tinyint(1) unsigned NOT NULL DEFAULT '0',
  `report_time` int(11) unsigned NOT NULL DEFAULT '0',
  `report_text` mediumtext COLLATE utf8_bin NOT NULL,
  PRIMARY KEY (`report_id`)
) ENGINE=MyISAM DEFAULT CHARSET=utf8 COLLATE=utf8_bin;

--
-- Dumping data for table `phpbb_reports`
--


--
-- Table structure for table `phpbb_reports_reasons`
--

CREATE TABLE `phpbb_reports_reasons` (
  `reason_id` smallint(4) unsigned NOT NULL AUTO_INCREMENT,
  `reason_title` varchar(255) COLLATE utf8_bin NOT NULL DEFAULT '',
  `reason_description` mediumtext COLLATE utf8_bin NOT NULL,
  `reason_order` smallint(4) unsigned NOT NULL DEFAULT '0',
  PRIMARY KEY (`reason_id`)
) ENGINE=MyISAM AUTO_INCREMENT=5 DEFAULT CHARSET=utf8 COLLATE=utf8_bin;

--
-- Dumping data for table `phpbb_reports_reasons`
--

INSERT INTO `phpbb_reports_reasons` VALUES (1,'warez','The post contains links to illegal or pirated software.',1),(2,'spam','The reported post has the only purpose to advertise for a website or another product.',2),(3,'off_topic','The reported post is off topic.',3),(4,'other','The reported post does not fit into any other category, please use the further information field.',4);

--
-- Table structure for table `phpbb_search_results`
--

CREATE TABLE `phpbb_search_results` (
  `search_key` varchar(32) COLLATE utf8_bin NOT NULL DEFAULT '',
  `search_time` int(11) unsigned NOT NULL DEFAULT '0',
  `search_keywords` mediumtext COLLATE utf8_bin NOT NULL,
  `search_authors` mediumtext COLLATE utf8_bin NOT NULL,
  PRIMARY KEY (`search_key`)
) ENGINE=MyISAM DEFAULT CHARSET=utf8 COLLATE=utf8_bin;

--
-- Dumping data for table `phpbb_search_results`
--


--
-- Table structure for table `phpbb_search_wordlist`
--

CREATE TABLE `phpbb_search_wordlist` (
  `word_id` mediumint(8) unsigned NOT NULL AUTO_INCREMENT,
  `word_text` varchar(255) COLLATE utf8_bin NOT NULL DEFAULT '',
  `word_common` tinyint(1) unsigned NOT NULL DEFAULT '0',
  `word_count` mediumint(8) unsigned NOT NULL DEFAULT '0',
  PRIMARY KEY (`word_id`),
  UNIQUE KEY `wrd_txt` (`word_text`),
  KEY `wrd_cnt` (`word_count`)
) ENGINE=MyISAM AUTO_INCREMENT=36103 DEFAULT CHARSET=utf8 COLLATE=utf8_bin;

--
-- Dumping data for table `phpbb_search_wordlist`
--



--
-- Table structure for table `phpbb_search_wordmatch`
--

CREATE TABLE `phpbb_search_wordmatch` (
  `post_id` mediumint(8) unsigned NOT NULL DEFAULT '0',
  `word_id` mediumint(8) unsigned NOT NULL DEFAULT '0',
  `title_match` tinyint(1) unsigned NOT NULL DEFAULT '0',
  UNIQUE KEY `unq_mtch` (`word_id`,`post_id`,`title_match`),
  KEY `word_id` (`word_id`),
  KEY `post_id` (`post_id`)
) ENGINE=MyISAM DEFAULT CHARSET=utf8 COLLATE=utf8_bin;

--
-- Dumping data for table `phpbb_search_wordmatch`
--

INSERT INTO `phpbb_search_wordmatch` VALUES (194,3,0),(316,3,0),(336,3,0),(409,3,0),(410,3,0),(474,3,0),(1200,3,0),(1236,3,0),(1245,3,0),(1247,3,0),(1248,3,0),(1249,4,0),(214,7,0),(395,7,0),(617,7,0),(214,8,0),(338,8,0),(342,8,0),(1249,10,0),(1249,11,0),(1249,14,0),(1249,16,0),(15,17,0),(758,17,0),(1201,17,1),(1211,17,0),(64,18,0),(124,18,0),(272,18,0),(374,18,0),(479,18,0),(1163,18,0),(1174,18,0),(1244,18,0),(1245,18,0),(1246,18,0),(1249,18,0),(1249,19,0),(1216,20,0),(1217,20,0),(1223,20,0),(1225,20,0),(1227,20,0),(1249,20,0),(1249,21,0),(1249,24,0),(1249,28,0),(1249,33,0),(1247,37,0),(1249,41,0),(1249,44,0),(1249,46,0),(1170,48,0),(1164,49,0),(1213,49,0),(1215,49,0),(1218,49,0),(1219,49,0),(1220,49,0),(1223,49,0),(1226,49,0),(1246,50,0),(1249,53,0),(1249,56,0),(1249,59,0),(272,65,0),(320,65,0),(396,65,0),(397,65,0),(659,65,0),(1244,65,0),(1247,65,0),(404,68,0),(139,69,0),(488,69,0),(592,69,0),(786,69,0),(1190,69,0),(634,70,0),(659,70,0),(1249,72,0),(1249,73,0),(197,74,0),(333,74,0),(338,74,0),(340,74,0),(342,74,0),(384,74,0),(397,74,0),(431,74,0),(479,74,0),(566,74,0),(617,74,0),(197,76,0),(225,76,0),(247,76,0),(248,76,0),(425,76,0),(5,78,0),(11,78,0),(14,78,0),(186,78,0),(1227,78,0),(139,79,0),(381,80,0),(419,80,0),(426,82,0),(1174,82,0),(1247,82,0),(10,83,0),(186,83,0),(197,83,0),(214,83,0),(345,83,0),(395,83,0),(404,83,0),(419,83,0),(425,83,0),(426,83,0),(479,83,0),(591,83,0),(1249,86,0),(267,88,0),(448,88,0),(592,88,0),(1163,88,0),(1165,88,0),(1249,89,0),(1135,90,0),(1190,90,0),(1249,94,0),(5,95,0),(14,95,0),(5,96,0),(5,96,1),(6,96,0),(7,96,1),(9,96,1),(11,96,1),(12,96,1),(14,96,0),(14,96,1),(15,96,1),(24,96,1),(43,96,1),(45,96,1),(46,96,1),(49,96,1),(64,96,1),(1249,100,0),(5,102,0),(14,102,0),(139,102,0),(193,102,0),(272,102,0),(5,103,0),(14,103,0),(139,103,0),(193,103,0),(272,103,0),(5,104,0),(14,104,0),(139,104,0),(1249,105,0),(5,109,0),(14,109,0),(139,109,0),(345,109,0),(377,109,0),(566,109,0),(645,109,0),(1249,110,0),(5,111,0),(14,111,0),(190,111,0),(479,111,0),(5,112,0),(14,112,0),(320,112,0),(5,113,0),(14,113,0),(186,113,0),(5,115,0),(14,115,0),(564,115,0),(564,115,1),(5,116,0),(14,116,0),(5,117,0),(14,117,0),(442,117,0),(505,117,0),(5,118,0),(14,118,0),(5,119,0),(14,119,0),(139,119,0),(1248,119,0),(5,120,0),(14,120,0),(5,122,0),(14,122,0),(5,123,0),(14,123,0),(5,124,0),(14,124,0),(5,125,0),(14,125,0),(5,126,0),(14,126,0),(133,126,0),(316,126,0),(551,126,0),(558,126,0),(1213,126,0),(1217,126,0),(1218,126,0),(1219,126,0),(1221,126,0),(1225,126,0),(1228,126,0),(1247,126,0),(1249,126,0),(5,127,0),(14,127,0),(5,128,0),(14,128,0),(1220,128,0),(1223,128,0),(1225,128,0),(1227,128,0),(5,129,0),(14,129,0),(1249,130,0),(5,132,0),(14,132,0),(214,132,0),(225,132,0),(395,132,0),(1249,133,0),(5,134,0),(14,134,0),(5,136,0),(14,136,0),(232,136,0),(386,136,0),(457,136,0),(458,136,0),(1249,136,0),(5,137,0),(14,137,0),(402,137,0),(419,137,0),(503,137,0),(659,137,0),(5,138,0),(14,138,0),(345,138,0),(345,138,1),(376,138,0),(376,138,1),(377,138,0),(377,138,1),(5,140,0),(14,140,0),(1249,141,0),(1249,142,0),(5,143,0),(7,143,0),(14,143,0),(139,143,0),(1249,144,0),(5,146,0),(14,146,0),(139,146,0),(5,149,0),(14,149,0),(592,149,0),(6,151,0),(10,151,0),(49,151,0),(197,151,0),(1154,151,0),(6,152,0),(1249,153,0),(6,155,0),(6,156,0),(1249,157,0),(6,159,0),(6,160,0),(6,161,0),(139,161,0),(272,161,0),(369,161,0),(370,161,0),(1195,161,0),(1213,161,0),(1216,161,0),(1224,161,0),(6,162,0),(198,162,0),(272,162,0),(1246,162,0),(6,164,0),(133,164,0),(340,164,0),(383,164,0),(551,164,0),(6,165,0),(336,165,0),(383,165,0),(426,165,0),(471,165,0),(472,165,0),(1161,165,0),(1244,165,0),(1246,165,0),(1249,165,0),(6,169,0),(419,169,0),(1246,169,0),(6,171,0),(1248,171,0),(7,176,0),(1160,176,0),(1249,176,0),(7,177,0),(49,177,0),(282,177,0),(282,177,1),(359,177,0),(383,177,1),(1154,177,0),(1158,177,1),(1249,178,0),(7,179,0),(383,179,0),(502,179,0),(1246,179,0),(1249,179,0),(7,181,0),(272,181,0),(7,183,0),(7,187,0),(274,187,0),(382,187,0),(397,187,0),(441,187,0),(442,187,0),(558,187,0),(7,188,0),(274,188,0),(382,188,0),(397,188,0),(558,188,0),(7,189,0),(274,189,0),(382,189,0),(397,189,0),(558,189,0),(7,190,0),(428,190,0),(453,190,0),(1135,190,0),(1249,191,0),(7,192,0),(267,192,0),(338,192,0),(342,192,0),(1249,192,0),(7,193,0),(9,193,0),(502,193,0),(765,193,0),(7,194,0),(9,194,0),(272,194,0),(479,194,0),(524,194,0),(527,194,0),(7,196,0),(197,196,0),(374,196,0),(425,196,0),(435,196,0),(436,196,0),(507,196,0),(1246,196,0),(1247,196,0),(7,197,1),(9,197,1),(12,197,1),(24,197,1),(43,197,1),(45,197,1),(46,197,1),(49,197,1),(64,197,0),(64,197,1),(139,200,0),(1249,203,0),(9,204,0),(119,204,0),(10,205,0),(456,205,0),(11,208,0),(186,208,0),(1249,212,0),(11,213,0),(15,213,0),(426,213,0),(1205,213,0),(1246,213,0),(11,214,0),(503,214,0),(1176,214,0),(272,215,0),(358,215,0),(397,215,0),(647,215,0),(659,215,0),(676,215,0),(1188,215,0),(11,216,0),(139,216,0),(249,216,0),(272,216,0),(676,216,0),(676,216,1),(730,216,1),(1122,216,1),(1123,216,1),(1124,216,0),(1124,216,1),(1125,216,1),(1126,216,1),(1166,216,0),(1236,216,0),(12,217,0),(321,217,0),(365,217,0),(1249,217,0),(437,218,0),(786,218,0),(786,218,1),(963,218,0),(437,223,0),(14,229,0),(15,229,0),(395,229,0),(14,230,0),(425,230,0),(14,231,0),(14,232,0),(1248,232,0),(14,234,0),(1249,234,0),(14,235,0),(409,235,0),(410,235,0),(505,235,0),(14,236,0),(198,236,0),(14,237,0),(14,238,0),(14,239,0),(16,239,0),(494,239,0),(786,239,0),(1246,239,0),(1249,239,0),(14,240,0),(139,240,0),(197,240,0),(214,240,0),(645,240,0),(1249,241,0),(14,244,0),(14,245,0),(404,245,0),(649,245,0),(1190,245,0),(14,246,0),(1158,246,0),(14,247,0),(139,247,0),(503,247,0),(14,248,0),(14,249,0),(139,249,0),(484,249,0),(502,249,0),(14,250,0),(14,251,0),(14,252,0),(14,254,0),(477,254,0),(1193,254,0),(1206,254,1),(14,256,0),(1168,256,0),(14,257,0),(272,257,0),(14,258,0),(14,259,0),(14,260,0),(14,261,0),(343,261,1),(623,261,0),(623,261,1),(765,261,0),(1167,261,0),(1173,261,0),(1249,261,0),(15,262,0),(139,262,0),(15,263,0),(372,263,0),(380,263,0),(393,263,0),(423,263,0),(488,263,0),(617,263,0),(1212,263,0),(1219,263,0),(1221,263,0),(1225,263,0),(1226,263,0),(1227,263,0),(15,265,0),(139,265,0),(272,265,0),(1245,265,0),(15,267,0),(15,268,0),(312,268,0),(1247,268,0),(1249,269,0),(1249,270,0),(15,272,0),(139,272,0),(494,272,0),(1213,272,0),(1220,272,0),(1221,272,0),(1223,272,0),(15,273,0),(200,273,0),(202,273,0),(267,273,0),(348,273,0),(348,273,1),(426,273,1),(473,273,0),(474,273,0),(481,273,1),(561,273,0),(1249,274,0),(15,275,0),(190,275,0),(426,275,0),(431,275,0),(15,276,0),(474,276,0),(15,277,0),(214,277,0),(294,277,0),(1190,277,0),(1248,277,0),(15,278,0),(1249,279,0),(15,281,0),(15,282,0),(15,283,0),(1249,284,0),(15,285,0),(1179,285,0),(1248,285,0),(1249,285,0),(15,286,0),(1163,286,0),(1164,286,0),(1173,286,0),(1249,287,0),(15,289,0),(15,290,0),(16,291,0),(1249,292,0),(1249,293,0),(1249,294,0),(16,297,0),(16,298,0),(1249,299,0),(17,300,0),(17,301,0),(18,302,0),(18,303,0),(19,304,0),(19,305,0),(20,306,0),(20,307,0),(21,308,0),(21,309,0),(22,310,0),(22,311,0),(22,312,0),(22,313,0),(23,315,0),(139,315,0),(272,315,0),(380,315,0),(477,315,0),(505,315,0),(615,315,0),(23,317,0),(319,317,0),(384,317,0),(397,317,0),(457,317,0),(458,317,0),(623,317,0),(1239,317,0),(23,319,0),(139,319,0),(23,320,0),(24,320,0),(23,321,0),(24,321,0),(1190,325,0),(1190,325,1),(1200,325,0),(1207,325,0),(592,327,0),(507,328,0),(615,328,0),(1200,328,0),(1158,329,0),(1158,329,1),(1247,329,0),(475,330,0),(476,330,0),(1229,333,1),(278,334,0),(293,334,0),(294,334,0),(1188,334,0),(1249,338,0),(272,341,0),(380,341,0),(617,341,0),(1169,341,0),(1188,341,0),(1165,342,0),(1176,342,0),(139,343,0),(232,343,0),(342,344,0),(395,344,0),(404,344,0),(1215,344,0),(1225,344,0),(1249,344,0),(428,345,0),(429,345,0),(1249,345,0),(197,346,0),(232,346,0),(272,346,0),(404,346,0),(197,348,0),(1246,348,0),(206,349,0),(1249,351,0),(186,352,0),(1168,352,0),(358,353,0),(477,353,0),(1245,353,0),(1249,354,0),(316,355,0),(358,355,0),(480,355,0),(503,355,0),(561,355,0),(659,355,0),(1247,355,0),(1249,355,0),(1179,356,0),(340,359,0),(1176,359,0),(1204,359,0),(1244,359,0),(1247,359,0),(338,364,0),(342,364,0),(439,364,0),(454,364,0),(659,364,0),(248,366,0),(319,366,0),(358,366,0),(404,366,0),(419,366,0),(424,366,0),(473,366,0),(479,366,0),(502,366,0),(553,366,0),(615,366,0),(1249,367,0),(336,369,0),(1249,371,0),(1249,372,0),(1217,373,0),(1222,373,0),(1226,373,0),(139,375,0),(1246,375,0),(1249,376,0),(480,377,0),(1212,379,0),(1214,379,0),(1215,379,0),(1216,379,0),(1221,379,0),(1222,379,0),(1225,379,0),(1228,379,0),(1249,379,0),(139,382,0),(427,382,0),(479,382,0),(502,383,0),(1230,383,0),(247,384,0),(248,384,0),(291,384,0),(419,384,0),(272,385,0),(1155,385,0),(291,386,0),(206,387,0),(503,387,0),(1215,387,0),(1216,387,0),(1217,387,0),(1222,387,0),(1225,387,0),(1226,387,0),(1249,387,0),(1249,388,0),(1249,390,0),(503,392,0),(1249,394,0),(374,395,0),(460,395,0),(463,395,0),(522,395,0),(267,396,0),(479,396,0),(200,398,0),(202,398,0),(267,398,0),(1249,398,0),(479,399,0),(190,401,0),(1212,401,0),(1214,401,0),(1216,401,0),(1219,401,0),(1220,401,0),(1221,401,0),(1223,401,0),(1225,401,0),(1249,402,0),(336,407,0),(1213,407,0),(1218,407,0),(1220,407,0),(1221,407,0),(1222,407,0),(1223,407,0),(1224,407,0),(1226,407,0),(1249,407,0),(1249,409,0),(395,413,0),(1246,413,0),(1166,415,0),(139,418,0),(272,418,0),(1249,420,0),(1249,421,0),(1249,422,0),(1246,423,0),(1247,423,0),(139,424,0),(381,424,0),(398,424,1),(435,424,1),(436,424,1),(1215,424,0),(1216,424,0),(1219,424,0),(1220,424,0),(1221,424,0),(1222,424,0),(1226,424,0),(1227,424,0),(1246,426,0),(1247,426,0),(1249,427,0),(249,428,0),(427,428,0),(439,428,0),(454,428,0),(480,428,0),(1246,428,0),(1246,430,0),(369,431,0),(369,431,1),(370,431,0),(370,431,1),(439,431,1),(441,431,1),(454,431,1),(1160,431,0),(214,432,0),(272,432,0),(340,432,0),(419,432,0),(1230,432,0),(275,438,0),(247,439,0),(248,439,0),(505,439,0),(551,439,0),(1244,439,0),(1165,440,0),(1163,441,0),(477,443,0),(757,443,0),(1163,443,0),(1164,443,0),(1166,443,0),(1168,443,1),(1176,443,0),(1177,443,0),(1246,443,0),(1232,449,0),(1246,449,0),(1247,449,0),(1243,459,0),(1243,459,1),(383,460,0),(431,460,0),(119,462,0),(419,462,0),(1249,463,0),(193,465,0),(342,465,0),(374,465,0),(427,465,0),(437,465,0),(463,465,0),(472,465,0),(488,465,0),(190,467,0),(198,467,0),(272,467,0),(380,467,0),(437,467,0),(437,467,1),(448,467,0),(450,467,1),(473,467,0),(502,467,0),(412,468,0),(413,468,0),(423,468,0),(437,468,0),(437,468,1),(450,468,1),(1235,468,0),(1249,468,0),(1249,469,0),(202,470,0),(267,470,0),(358,470,0),(395,470,0),(479,470,0),(483,470,0),(190,471,0),(206,471,0),(214,471,0),(336,471,0),(395,471,0),(427,471,0),(479,471,0),(1249,477,0),(200,480,0),(202,480,0),(267,480,0),(139,482,1),(272,482,1),(319,482,0),(319,482,1),(1248,482,0),(566,483,0),(1244,483,0),(1247,483,0),(1249,483,0),(437,484,0),(1249,486,0),(448,488,0),(1163,488,0),(1172,488,0),(1178,488,1),(1244,488,0),(133,489,0),(248,489,0),(423,489,0),(1165,489,0),(1176,489,0),(194,490,0),(340,491,0),(342,491,0),(402,491,0),(414,491,0),(1168,491,0),(1169,491,0),(1216,491,0),(1217,491,0),(1219,491,0),(1220,491,0),(1223,491,0),(1238,491,0),(1249,491,0),(458,494,0),(623,494,0),(1247,494,0),(1163,496,0),(1183,496,0),(1184,496,0),(1184,496,1),(1185,496,0),(1186,496,0),(1186,496,1),(1187,496,0),(1187,496,1),(1248,496,0),(395,501,0),(190,504,0),(338,504,0),(342,504,0),(758,504,0),(758,504,1),(139,506,0),(214,506,0),(427,506,0),(507,506,0),(1246,506,0),(1249,506,0),(424,508,0),(479,508,0),(1249,510,0),(248,511,0),(419,511,0),(419,511,1),(435,511,0),(436,511,0),(659,511,0),(267,512,0),(272,512,0),(434,512,1),(1246,512,0),(1246,513,0),(1237,516,0),(404,518,0),(419,518,0),(274,520,0),(645,524,0),(647,524,0),(1197,524,0),(139,525,0),(404,525,0),(436,525,0),(1239,525,0),(1240,525,0),(1244,525,0),(1171,526,0),(1249,528,0),(659,529,0),(198,531,0),(200,531,0),(202,531,0),(267,531,0),(319,531,0),(396,531,0),(397,531,0),(474,531,0),(566,531,0),(617,531,0),(1171,531,0),(1161,532,0),(1161,532,1),(139,535,0),(457,535,0),(458,535,0),(645,535,0),(1247,535,0),(1249,535,0),(214,540,0),(315,540,0),(397,540,0),(479,540,0),(561,540,0),(1178,541,0),(423,542,0),(424,544,0),(1244,544,0),(396,545,0),(397,545,0),(342,546,0),(481,546,0),(383,548,0),(399,548,0),(419,548,0),(424,548,0),(494,548,0),(647,548,0),(1135,548,0),(396,550,0),(397,550,0),(498,550,0),(499,550,0),(647,550,0),(33,552,0),(33,553,0),(34,554,0),(34,555,0),(35,556,0),(35,557,0),(1249,558,0),(36,559,0),(1241,561,0),(219,562,0),(293,562,0),(294,562,0),(404,562,0),(1163,562,0),(409,563,0),(410,563,0),(1249,564,0),(1249,566,0),(316,567,0),(1198,567,0),(1201,567,1),(1248,567,0),(279,568,1),(280,568,1),(1122,568,0),(1122,568,1),(1129,568,0),(1129,568,1),(1132,568,0),(1132,568,1),(1246,568,0),(1163,572,0),(1175,572,0),(1238,572,0),(1247,572,0),(1249,572,0),(404,573,0),(1182,573,0),(1249,573,0),(1178,574,0),(489,575,0),(489,575,1),(1163,575,0),(1166,575,1),(1169,575,0),(1198,575,0),(214,576,0),(395,576,0),(214,577,0),(395,577,0),(214,578,0),(395,578,0),(214,579,0),(395,579,0),(442,579,0),(481,579,0),(202,580,0),(214,580,0),(267,580,0),(443,580,0),(494,580,0),(1212,580,0),(1215,580,0),(1216,580,0),(1219,580,0),(1226,580,0),(1239,580,0),(1247,580,0),(1249,580,0),(1241,584,0),(1244,584,0),(43,585,0),(46,585,0),(49,585,0),(119,585,0),(186,585,0),(429,585,0),(1154,585,0),(1247,586,0),(1240,589,0),(1249,589,0),(1247,590,0),(1236,591,0),(206,592,0),(267,592,0),(1246,592,0),(197,593,0),(1246,593,0),(1165,594,0),(1176,594,0),(1177,594,0),(1249,596,0),(419,598,0),(1161,601,1),(352,602,1),(358,602,0),(1160,602,0),(1249,604,0),(1249,605,0),(139,609,0),(272,609,0),(1174,609,0),(1158,612,0),(498,616,0),(499,616,0),(214,618,0),(349,618,1),(439,618,0),(454,618,0),(460,618,1),(494,618,0),(1249,618,0),(483,619,0),(1160,619,0),(1214,619,0),(1223,619,0),(214,620,0),(1170,620,0),(214,623,0),(358,623,0),(396,623,0),(397,623,0),(431,623,0),(473,623,0),(694,623,0),(232,624,0),(311,624,0),(659,624,0),(1249,624,0),(272,626,0),(410,626,0),(1212,627,0),(1213,627,0),(1214,627,0),(1215,627,0),(1216,627,0),(1217,627,0),(1218,627,0),(1219,627,0),(1220,627,0),(1221,627,0),(1222,627,0),(1223,627,0),(1224,627,0),(1225,627,0),(1226,627,0),(1227,627,0),(1228,627,0),(480,628,0),(1249,628,0),(395,629,0),(1246,629,0),(278,630,0),(282,631,0),(494,631,0),(786,631,0),(1158,631,0),(1249,632,0),(1249,633,0),(275,636,0),(456,636,0),(730,636,0),(214,637,0),(197,638,0),(1246,638,0),(1249,638,0),(460,641,0),(116,643,0),(349,643,0),(362,643,0),(363,643,0),(460,643,0),(461,643,0),(462,643,0),(513,643,0),(530,643,0),(530,643,1),(349,653,0),(1155,656,0),(1155,656,1),(274,657,0),(349,657,1),(460,657,0),(460,657,1),(349,658,1),(460,658,0),(460,658,1),(43,659,0),(46,659,0),(419,659,0),(1249,660,0),(435,662,0),(436,662,0),(1249,664,0),(45,665,0),(64,665,0),(395,665,0),(435,665,0),(436,665,0),(1212,665,0),(1213,665,0),(1217,665,0),(1219,665,0),(1226,665,0),(1227,665,0),(1246,665,0),(1249,665,0),(46,666,0),(46,667,0),(448,667,0),(474,667,0),(1166,667,0),(1249,667,0),(46,668,0),(132,670,0),(1249,671,0),(1177,672,0),(1249,675,0),(49,678,0),(139,678,0),(1154,678,0),(49,679,0),(193,679,0),(1154,679,0),(1169,679,0),(1213,679,0),(1220,679,0),(49,680,0),(275,680,0),(442,680,0),(623,680,0),(757,680,0),(1154,680,0),(1164,680,0),(49,682,0),(1154,682,0),(397,683,0),(1195,683,0),(1207,683,1),(1210,683,0),(1249,689,0),(423,690,0),(464,690,0),(316,691,0),(459,691,0),(1249,694,0),(139,695,0),(272,695,0),(198,696,0),(312,696,0),(358,696,0),(412,696,0),(413,696,0),(435,696,0),(436,696,0),(730,696,0),(272,699,0),(1120,699,0),(635,700,0),(659,700,1),(1246,700,0),(1249,703,0),(328,704,0),(342,704,0),(424,704,0),(524,704,0),(527,704,0),(1188,704,0),(293,705,0),(294,705,0),(316,705,0),(294,712,0),(676,713,0),(623,714,0),(1161,715,0),(1246,715,0),(345,718,0),(420,718,0),(530,718,0),(1249,719,0),(1249,719,1),(465,723,0),(494,724,0),(647,724,0),(1247,724,0),(276,725,0),(286,725,0),(287,725,0),(369,725,0),(370,725,0),(423,725,0),(448,725,0),(484,725,0),(550,725,0),(1126,729,0),(289,730,0),(290,730,0),(1122,731,0),(1122,731,1),(1129,731,0),(1129,731,1),(1132,731,0),(1132,731,1),(1246,731,0),(194,733,0),(1190,733,0),(336,734,0),(1180,734,0),(274,736,0),(460,736,0),(1249,738,0),(1249,739,0),(395,744,0),(404,744,0),(448,744,0),(591,744,0),(694,745,0),(694,745,1),(275,748,0),(460,748,0),(484,748,0),(530,748,0),(530,748,1),(1179,748,0),(448,751,0),(494,751,0),(494,751,1),(592,751,1),(786,751,0),(1229,751,1),(1188,752,0),(1219,756,0),(1222,756,0),(1223,756,0),(1224,756,0),(320,760,0),(1249,760,0),(197,764,0),(202,764,0),(267,764,0),(1164,764,0),(1179,764,0),(1213,764,0),(1216,764,0),(1222,764,0),(1223,764,0),(1226,764,0),(1228,764,0),(1205,765,0),(1246,765,0),(345,766,1),(376,766,1),(377,766,1),(404,766,0),(680,766,1),(758,766,0),(402,772,0),(414,772,0),(426,772,0),(433,772,0),(473,772,0),(503,772,0),(1247,775,0),(1249,775,0),(1249,777,0),(1163,781,0),(1177,781,0),(1249,782,0),(64,783,0),(133,783,0),(453,783,0),(499,783,0),(551,783,0),(758,783,0),(765,783,0),(64,786,0),(1216,786,0),(1217,786,0),(1220,786,0),(1221,786,0),(1223,786,0),(1225,786,0),(1236,786,0),(1239,786,0),(1246,786,0),(1247,786,0),(1249,786,0),(186,787,0),(272,787,0),(358,787,0),(1160,787,0),(1190,787,0),(1246,787,0),(1247,787,0),(1249,787,0),(419,788,0),(435,788,0),(436,788,0),(1249,788,0),(133,789,0),(274,789,0),(428,789,0),(558,789,0),(1176,789,0),(1249,790,0),(592,794,0),(1204,794,0),(1231,794,0),(1240,794,0),(1182,795,0),(592,796,0),(439,802,0),(454,802,0),(458,802,0),(1161,802,0),(139,803,0),(1233,806,0),(1235,806,0),(336,809,0),(426,810,0),(214,816,0),(340,816,0),(502,816,0),(423,817,0),(464,817,0),(502,818,0),(186,821,0),(219,821,0),(358,821,0),(393,821,0),(395,821,0),(404,821,0),(479,821,0),(505,821,0),(617,821,0),(1230,821,0),(457,823,0),(458,823,0),(194,824,0),(316,824,0),(318,824,0),(376,824,0),(377,824,0),(439,824,0),(454,824,0),(480,824,0),(1234,824,0),(551,826,0),(1171,826,0),(1206,826,0),(1246,826,0),(1247,826,0),(1249,826,0),(312,827,0),(1126,827,0),(198,828,0),(274,828,0),(316,828,0),(424,828,0),(1203,828,0),(1204,828,0),(1232,828,0),(1234,828,0),(1239,828,0),(1247,828,0),(276,829,0),(1249,832,0),(340,838,0),(499,838,0),(765,838,0),(448,839,0),(494,839,0),(1214,839,0),(1216,839,0),(1222,839,0),(1223,839,0),(1225,839,0),(1226,839,0),(448,840,0),(1175,840,0),(358,842,0),(615,842,0),(358,843,0),(479,843,0),(1246,843,0),(1212,844,0),(1219,844,0),(1224,844,0),(1226,844,0),(1228,844,0),(404,849,0),(1158,849,0),(1196,849,0),(1211,849,0),(1236,849,0),(1246,849,0),(1247,849,0),(1249,849,0),(358,850,0),(659,850,0),(1155,850,0),(1246,850,0),(1247,850,0),(1249,851,0),(283,853,0),(284,853,0),(374,853,0),(454,853,0),(463,853,0),(522,853,0),(551,853,0),(623,853,0),(1246,853,0),(1161,856,0),(1170,856,0),(1173,856,0),(1200,856,0),(1207,856,0),(437,859,0),(589,859,0),(1175,859,0),(1247,859,0),(395,860,0),(206,861,0),(219,861,0),(399,861,0),(424,861,0),(646,861,0),(1214,861,0),(1216,861,0),(1220,861,0),(1225,861,0),(1246,869,0),(465,871,0),(471,871,0),(472,871,0),(566,871,0),(1123,871,0),(1229,871,0),(1246,871,0),(1247,871,0),(1249,871,0),(139,872,0),(272,872,0),(315,872,0),(340,872,0),(376,872,0),(377,872,0),(730,872,0),(1245,872,0),(1247,872,0),(1244,877,0),(505,878,0),(505,883,0),(316,884,0),(457,884,0),(458,884,0),(477,884,0),(505,884,0),(765,884,0),(316,886,0),(439,886,0),(454,886,0),(190,887,0),(477,887,0),(503,887,0),(477,888,0),(765,888,0),(1244,888,0),(1193,890,0),(1247,890,0),(623,892,0),(443,895,0),(381,896,0),(1229,896,0),(268,898,0),(395,898,0),(1247,899,0),(553,901,0),(268,904,0),(1166,906,0),(1170,906,0),(397,907,0),(423,907,0),(765,907,0),(197,913,0),(198,913,0),(419,913,0),(479,913,0),(502,913,0),(659,913,0),(1213,913,0),(1214,913,0),(1218,913,0),(1220,913,0),(1224,913,0),(1225,913,0),(1246,913,0),(479,914,0),(502,914,0),(395,917,0),(396,917,0),(397,917,0),(479,917,0),(623,917,0),(1241,917,0),(1233,918,0),(1234,918,0),(1247,918,0),(1249,918,0),(524,920,0),(527,920,0),(249,924,0),(310,924,0),(482,924,0),(494,924,0),(561,925,0),(1212,926,0),(1213,926,0),(1216,926,0),(1217,926,0),(1224,926,0),(276,927,0),(425,927,1),(494,927,0),(552,927,0),(554,927,0),(623,927,0),(659,927,0),(1158,927,0),(1190,927,0),(1237,927,0),(1161,932,0),(1161,932,1),(530,933,0),(1161,933,0),(1163,933,0),(1237,933,0),(1247,933,0),(1249,933,0),(1249,933,1),(1235,934,0),(381,937,0),(435,937,0),(436,937,0),(1173,939,0),(1241,939,0),(1248,939,0),(558,941,1),(1190,942,0),(428,943,0),(480,943,0),(275,944,0),(1158,944,0),(1160,944,0),(1190,944,0),(1213,944,0),(1214,944,0),(1216,944,0),(1217,944,0),(1218,944,0),(1219,944,0),(1223,944,0),(1225,944,0),(1228,944,0),(1229,944,0),(1236,944,0),(1246,944,0),(1249,944,0),(355,950,0),(470,950,0),(704,950,0),(963,950,0),(503,952,0),(1167,952,0),(479,953,0),(275,954,0),(488,954,0),(513,954,0),(633,954,0),(758,954,0),(1166,954,0),(1173,954,0),(1230,954,0),(1241,954,0),(1246,954,0),(1249,956,0),(463,957,0),(513,960,0),(513,960,1),(1175,960,0),(336,962,0),(1191,964,0),(1247,965,0),(1249,965,0),(139,966,0),(561,966,0),(1232,966,0),(1236,966,0),(480,967,0),(1201,967,0),(1203,967,0),(139,973,0),(1206,979,0),(1249,980,0),(139,981,0),(190,981,0),(428,981,0),(765,981,0),(193,983,0),(374,983,0),(139,986,0),(190,986,0),(197,986,0),(272,986,0),(409,986,0),(410,986,0),(561,986,0),(1249,986,0),(139,988,0),(272,988,0),(276,988,0),(505,988,0),(1247,988,0),(139,991,0),(139,995,0),(193,995,0),(272,995,0),(1239,998,0),(1244,998,0),(1249,998,0),(316,1008,0),(401,1008,0),(372,1009,0),(393,1009,0),(415,1009,0),(522,1011,0),(214,1012,0),(505,1012,0),(1247,1012,0),(248,1014,0),(277,1014,0),(423,1014,0),(214,1019,0),(225,1019,0),(198,1025,0),(249,1025,0),(267,1025,0),(338,1025,0),(342,1025,0),(475,1025,0),(476,1025,0),(1248,1025,0),(357,1026,0),(524,1026,0),(527,1026,0),(272,1027,0),(340,1027,0),(357,1027,0),(380,1027,0),(505,1027,0),(1135,1027,0),(1189,1027,0),(1191,1027,0),(1249,1027,0),(193,1028,1),(286,1028,0),(286,1028,1),(357,1028,0),(442,1028,0),(527,1028,0),(116,1032,0),(232,1032,0),(459,1032,0),(1163,1032,0),(1247,1032,0),(116,1033,0),(350,1033,0),(116,1034,0),(350,1034,0),(505,1034,0),(505,1034,1),(116,1035,0),(1249,1036,0),(116,1037,0),(623,1037,0),(116,1038,0),(116,1039,0),(1249,1040,0),(117,1041,0),(117,1041,1),(119,1041,0),(119,1041,1),(1154,1041,1),(117,1042,1),(119,1042,1),(320,1042,0),(426,1042,0),(429,1042,0),(471,1042,0),(472,1042,0),(503,1042,0),(1134,1042,0),(1154,1042,1),(118,1043,0),(120,1043,0),(435,1043,0),(436,1043,0),(473,1043,0),(474,1043,0),(649,1043,0),(119,1044,0),(119,1045,0),(448,1045,0),(1176,1052,0),(1249,1052,0),(139,1060,0),(1176,1060,0),(428,1062,0),(1196,1062,0),(1197,1062,0),(1200,1062,0),(1201,1062,0),(1202,1062,0),(1204,1062,0),(1205,1062,0),(1206,1062,0),(1208,1062,0),(1209,1062,0),(1210,1062,0),(1211,1062,0),(326,1065,0),(1174,1067,0),(1177,1067,0),(1182,1067,0),(1212,1075,0),(1213,1075,0),(1214,1075,0),(1215,1075,0),(1216,1075,0),(1217,1075,0),(1218,1075,0),(1219,1075,0),(1220,1075,0),(1221,1075,0),(1222,1075,0),(1223,1075,0),(1224,1075,0),(1225,1075,0),(1226,1075,0),(1227,1075,0),(1228,1075,0),(1176,1076,0),(503,1078,0),(1212,1078,0),(1213,1078,0),(1217,1078,0),(1223,1078,0),(1226,1078,0),(1228,1078,0),(1172,1080,0),(1173,1080,0),(1174,1085,0),(1249,1086,0),(1162,1089,0),(1166,1089,0),(480,1090,0),(1163,1090,0),(1168,1090,0),(1169,1090,0),(1244,1090,0),(623,1091,0),(1213,1091,0),(1219,1091,0),(1221,1091,0),(1222,1091,0),(1224,1091,0),(1225,1091,0),(1249,1092,0),(124,1100,0),(1165,1102,0),(1242,1105,0),(1165,1106,0),(1249,1106,0),(1165,1108,0),(1174,1109,0),(454,1117,0),(1163,1121,0),(1187,1123,0),(1248,1123,0),(1182,1125,0),(1248,1125,0),(1183,1126,0),(448,1127,0),(477,1127,0),(505,1127,0),(1174,1127,0),(1179,1127,0),(1227,1127,0),(1247,1127,0),(1248,1127,0),(1237,1128,0),(1245,1128,0),(1246,1128,0),(1247,1128,0),(1247,1128,1),(1249,1128,0),(477,1130,0),(1196,1132,0),(1239,1135,0),(1179,1137,0),(1245,1137,0),(1246,1137,0),(1248,1141,0),(765,1142,0),(1248,1142,0),(1179,1144,0),(1183,1144,0),(1173,1145,0),(1183,1145,0),(1183,1148,0),(1248,1148,0),(1179,1151,0),(1248,1151,0),(1199,1153,0),(198,1161,0),(487,1161,0),(1240,1161,0),(1246,1161,0),(1247,1161,0),(1249,1161,0),(186,1164,0),(484,1167,0),(1211,1167,0),(1248,1167,0),(139,1168,0),(553,1168,0),(561,1168,0),(786,1170,0),(1171,1170,0),(1172,1170,0),(1174,1170,0),(1177,1170,0),(1178,1170,0),(1207,1172,0),(1212,1172,0),(1216,1172,0),(1218,1172,0),(1219,1172,0),(1221,1172,0),(1222,1172,0),(1225,1172,0),(1228,1172,0),(1246,1172,0),(214,1181,0),(1168,1181,1),(1221,1181,0),(1224,1181,0),(1228,1181,0),(1244,1181,0),(1246,1181,0),(338,1182,0),(342,1182,0),(424,1183,0),(1167,1185,0),(1248,1186,0),(1248,1189,0),(1248,1191,0),(1169,1192,0),(1248,1192,0),(219,1194,0),(1164,1197,0),(1200,1197,0),(272,1200,0),(502,1200,0),(272,1201,0),(502,1201,0),(1248,1203,0),(1164,1210,0),(272,1212,0),(1160,1212,0),(197,1213,0),(267,1213,0),(377,1213,0),(1172,1213,0),(1249,1213,0),(1166,1217,0),(1170,1217,0),(1247,1217,0),(494,1219,0),(1164,1219,0),(1168,1219,0),(1171,1223,0),(1163,1225,0),(1248,1225,0),(274,1228,0),(448,1228,0),(477,1228,0),(1245,1236,0),(1197,1241,0),(1247,1242,0),(1244,1248,0),(1248,1248,0),(139,1250,0),(336,1250,0),(561,1250,0),(276,1251,0),(1160,1251,0),(1244,1251,0),(1247,1251,0),(1160,1252,0),(1248,1257,0),(1169,1262,0),(1174,1262,0),(1178,1262,0),(1179,1262,0),(274,1263,0),(419,1263,0),(1174,1263,0),(1170,1266,0),(1210,1267,0),(1231,1267,0),(1232,1267,0),(1233,1267,0),(1235,1267,0),(1239,1267,0),(1245,1267,0),(1246,1267,0),(1246,1267,1),(1247,1267,0),(1249,1267,0),(1248,1270,0),(1245,1272,0),(1248,1272,0),(477,1275,0),(1171,1275,1),(1246,1275,0),(1249,1275,0),(480,1279,0),(1164,1281,0),(1166,1281,0),(1167,1281,0),(1173,1281,0),(1174,1281,0),(1179,1281,0),(1172,1282,0),(1248,1282,0),(1248,1283,0),(1246,1284,0),(1248,1284,0),(1247,1285,0),(478,1286,1),(479,1286,1),(1214,1286,0),(488,1289,0),(1170,1289,0),(1241,1289,1),(1248,1289,0),(1187,1296,1),(1195,1298,0),(1197,1298,0),(1198,1298,0),(1199,1298,0),(1200,1298,0),(1204,1298,0),(1206,1298,0),(1213,1304,0),(1222,1304,0),(214,1309,0),(477,1310,0),(505,1310,0),(1165,1310,0),(1178,1310,0),(1246,1310,0),(1247,1310,0),(1248,1310,0),(1156,1311,0),(1156,1311,1),(139,1316,0),(186,1316,0),(278,1316,0),(1200,1317,0),(757,1319,0),(1214,1319,0),(1219,1319,0),(1220,1319,0),(1223,1319,0),(1227,1319,0),(1247,1320,0),(139,1323,0),(1211,1325,1),(1247,1325,0),(1248,1333,0),(1174,1336,0),(730,1340,0),(1135,1340,0),(1135,1340,1),(1189,1340,1),(1191,1340,1),(1192,1340,1),(1246,1342,0),(1196,1344,0),(1206,1344,0),(1244,1344,0),(1200,1345,0),(1249,1348,0),(274,1354,0),(377,1354,0),(425,1354,0),(564,1354,1),(1174,1354,0),(1242,1354,0),(1242,1354,1),(1246,1354,0),(1244,1357,0),(590,1358,0),(1166,1360,0),(1202,1361,0),(1184,1365,0),(1186,1365,0),(1204,1373,0),(1239,1373,1),(1246,1373,0),(659,1376,0),(409,1377,0),(410,1377,0),(503,1377,0),(561,1377,0),(1187,1383,0),(1171,1384,0),(1202,1385,0),(1168,1387,0),(1248,1387,0),(429,1388,0),(503,1388,0),(1247,1388,0),(1239,1390,0),(1244,1390,0),(1246,1390,0),(1246,1390,1),(139,1392,0),(483,1392,0),(1244,1392,0),(1248,1393,0),(374,1404,0),(439,1407,0),(454,1407,0),(553,1407,0),(1244,1407,0),(1247,1407,0),(1249,1407,0),(395,1410,0),(134,1411,0),(134,1411,1),(134,1412,0),(134,1412,1),(1233,1412,0),(1236,1412,0),(1238,1412,0),(1248,1419,0),(1236,1425,0),(1248,1429,0),(593,1437,0),(1166,1437,0),(1212,1438,0),(1213,1438,0),(1214,1438,0),(1215,1438,0),(1217,1438,0),(1218,1438,0),(1219,1438,0),(1220,1438,0),(1221,1438,0),(1222,1438,0),(1223,1438,0),(1224,1438,0),(1225,1438,0),(1227,1438,0),(1170,1443,0),(1201,1443,0),(1248,1443,0),(1179,1450,0),(1232,1450,0),(198,1453,0),(232,1453,0),(1248,1459,0),(1212,1460,0),(1213,1460,0),(1214,1460,0),(1216,1460,0),(1218,1460,0),(1221,1460,0),(1224,1460,0),(1227,1460,0),(1228,1460,0),(593,1461,0),(1219,1461,0),(1221,1461,0),(1222,1461,0),(1226,1461,0),(1246,1461,0),(477,1466,0),(1248,1467,0),(1200,1468,0),(1201,1468,0),(424,1470,0),(1236,1470,0),(1249,1472,0),(322,1473,0),(1186,1477,0),(1194,1477,1),(1248,1477,0),(404,1479,0),(617,1479,0),(786,1479,0),(1248,1479,0),(1248,1481,0),(1248,1482,0),(1233,1486,0),(1249,1486,0),(1233,1487,0),(1245,1487,0),(1249,1487,0),(272,1488,0),(505,1488,0),(1209,1488,0),(1232,1488,0),(1164,1492,0),(1163,1496,0),(505,1498,0),(1168,1498,0),(1248,1498,0),(1247,1502,0),(133,1503,1),(551,1503,1),(1163,1507,0),(1249,1509,0),(1177,1510,0),(449,1513,0),(395,1515,0),(1232,1515,1),(1233,1515,0),(1237,1515,0),(1245,1515,0),(1247,1515,0),(1249,1515,0),(1244,1521,0),(1246,1521,0),(1247,1521,0),(1169,1522,0),(1245,1522,0),(214,1523,0),(272,1523,0),(395,1523,0),(1211,1525,0),(1246,1526,0),(1232,1527,0),(1246,1527,0),(1246,1529,0),(439,1532,0),(454,1532,0),(1249,1536,0),(1209,1538,0),(1179,1539,0),(1236,1539,0),(198,1541,0),(267,1541,0),(340,1541,0),(381,1541,0),(659,1541,0),(1212,1541,0),(1213,1541,0),(1218,1541,0),(357,1545,0),(479,1545,0),(428,1546,0),(1166,1546,0),(1167,1546,0),(1168,1546,0),(1170,1546,0),(1171,1546,0),(1175,1546,0),(1176,1546,0),(1177,1546,0),(1179,1546,0),(1231,1547,0),(1232,1547,0),(1246,1548,0),(214,1550,0),(232,1550,0),(404,1550,0),(479,1550,0),(1203,1550,0),(1245,1550,0),(1246,1550,0),(1249,1550,0),(1239,1553,0),(1245,1553,0),(1245,1554,0),(1249,1554,0),(1236,1557,0),(139,1561,0),(186,1561,0),(190,1561,0),(272,1561,0),(404,1561,0),(478,1561,0),(479,1561,0),(757,1561,0),(190,1562,0),(198,1562,0),(247,1562,0),(248,1562,0),(272,1562,0),(1214,1562,0),(1215,1562,0),(1217,1562,0),(219,1565,0),(1213,1565,0),(1215,1565,0),(1218,1565,0),(1219,1565,0),(1220,1565,0),(1221,1565,0),(1223,1565,0),(1224,1565,0),(1225,1565,0),(1226,1565,0),(1227,1565,0),(1228,1565,0),(659,1568,0),(1249,1578,0),(1195,1579,0),(1206,1579,0),(385,1580,0),(448,1580,0),(634,1580,0),(757,1580,0),(1208,1580,1),(1214,1580,0),(1218,1580,0),(1219,1580,0),(1225,1580,0),(1227,1580,0),(1228,1580,0),(1246,1581,0),(1202,1583,0),(248,1585,0),(274,1585,0),(316,1585,0),(340,1585,0),(1249,1585,0),(437,1589,0),(1195,1589,0),(1221,1589,0),(1222,1589,0),(1224,1589,0),(1233,1591,0),(1244,1595,0),(1246,1595,0),(1200,1596,0),(1176,1603,0),(1239,1603,0),(1249,1608,0),(1182,1610,0),(1246,1610,0),(1247,1610,0),(1249,1610,0),(1178,1611,0),(1237,1611,0),(1246,1611,0),(1247,1611,0),(1249,1611,0),(765,1617,0),(278,1620,0),(336,1620,0),(1246,1620,0),(1206,1622,0),(1234,1622,0),(1237,1622,0),(1249,1622,0),(479,1627,0),(197,1628,0),(1238,1630,1),(1244,1630,0),(1231,1631,0),(1234,1631,0),(1239,1631,0),(1240,1631,0),(1244,1631,0),(1246,1631,0),(1247,1631,0),(1249,1631,0),(272,1633,0),(1171,1633,0),(505,1635,0),(1240,1637,0),(1249,1637,0),(1249,1643,0),(1173,1644,0),(1238,1650,0),(1247,1650,0),(1249,1650,0),(200,1651,0),(202,1651,0),(267,1651,0),(311,1651,0),(1245,1651,0),(1174,1652,0),(1168,1655,0),(197,1662,0),(274,1662,0),(277,1662,0),(401,1662,0),(423,1662,0),(1192,1662,0),(1247,1662,0),(214,1664,0),(1246,1679,0),(1247,1679,0),(1248,1680,0),(1160,1688,0),(1161,1688,0),(272,1691,0),(1235,1694,0),(358,1697,0),(362,1697,0),(363,1697,0),(1185,1697,0),(439,1700,0),(454,1700,0),(1197,1700,0),(1238,1700,0),(1214,1701,0),(1220,1701,0),(1221,1701,0),(1222,1701,0),(1226,1701,0),(1228,1701,0),(1238,1701,0),(1247,1701,0),(374,1705,0),(1249,1708,0),(139,1709,0),(479,1709,0),(395,1712,0),(186,1713,0),(198,1713,0),(1203,1714,0),(198,1717,0),(1195,1723,0),(1232,1723,0),(1236,1723,1),(1238,1723,0),(1174,1727,0),(1179,1727,0),(1187,1727,0),(1249,1730,0),(1249,1730,1),(1233,1742,0),(1237,1742,0),(1246,1742,0),(1249,1742,0),(1247,1751,0),(1236,1759,0),(1236,1760,0),(1247,1760,0),(1249,1760,0),(1198,1771,0),(1177,1773,0),(1246,1773,0),(1209,1780,0),(1237,1780,0),(1240,1780,0),(1245,1780,0),(1246,1780,0),(1249,1780,0),(1249,1781,0),(1211,1782,0),(1231,1782,0),(1232,1782,0),(1233,1782,0),(1234,1782,0),(1235,1782,0),(1237,1782,0),(1237,1782,1),(1238,1782,0),(1239,1782,0),(1240,1782,0),(1244,1782,0),(1244,1782,1),(1245,1782,0),(1246,1782,0),(1247,1782,0),(1249,1782,0),(1214,1786,0),(1203,1789,0),(1245,1789,0),(1246,1789,0),(372,1791,0),(393,1791,0),(1237,1794,0),(1240,1794,0),(1212,1798,0),(1213,1798,0),(1215,1798,0),(1216,1798,0),(1217,1798,0),(1218,1798,0),(1219,1798,0),(1220,1798,0),(1246,1798,0),(1247,1798,0),(139,1800,0),(272,1800,0),(1247,1800,0),(1232,1810,0),(1236,1810,0),(1238,1810,0),(1172,1819,0),(1172,1820,0),(1244,1820,0),(1249,1820,0),(1246,1823,0),(1178,1824,0),(1208,1825,0),(1202,1826,0),(1247,1826,0),(1238,1833,0),(1195,1837,0),(1204,1837,0),(274,1840,0),(424,1840,0),(757,1840,0),(1249,1840,0),(1183,1848,0),(1185,1848,0),(1186,1848,0),(1187,1848,0),(1194,1848,1),(1249,1853,0),(1231,1862,0),(202,1866,0),(267,1866,0),(730,1866,0),(479,1870,0),(1238,1874,0),(1248,1874,0),(357,1882,0),(322,1885,0),(479,1885,0),(1248,1885,0),(1236,1888,0),(1236,1891,0),(1165,1893,0),(1248,1893,0),(1248,1893,1),(1134,1894,0),(1134,1894,1),(1171,1895,0),(1165,1899,0),(1163,1903,0),(440,1905,0),(505,1906,0),(1246,1906,0),(190,1910,0),(459,1910,0),(659,1910,0),(1174,1910,0),(1177,1910,0),(1179,1910,0),(1238,1910,0),(1239,1910,0),(1245,1910,1),(1248,1910,0),(1249,1910,0),(1172,1911,0),(1176,1911,0),(1178,1911,0),(1248,1911,0),(1248,1912,0),(1248,1919,0),(1168,1924,0),(1174,1926,0),(1166,1927,0),(1179,1934,0),(1234,1934,0),(1238,1934,0),(1239,1934,0),(1245,1934,1),(1169,1941,0),(1196,1946,0),(1174,1947,0),(757,1950,0),(1233,1950,1),(1247,1950,0),(1248,1950,0),(399,1955,0),(1178,1955,1),(1213,1955,0),(1217,1955,0),(1224,1955,0),(1226,1955,0),(1227,1955,0),(1228,1955,0),(1247,1955,0),(1248,1957,0),(1236,1958,0),(1238,1959,0),(395,1960,0),(404,1960,0),(426,1960,0),(457,1960,0),(458,1960,0),(480,1960,0),(502,1960,0),(645,1960,0),(1195,1960,0),(278,1961,0),(316,1961,0),(1183,1961,0),(1184,1961,0),(1184,1961,1),(1185,1961,0),(1185,1961,1),(1186,1961,0),(1186,1961,1),(1187,1961,0),(1187,1961,1),(1248,1961,0),(1248,1961,1),(1174,1963,0),(1177,1963,0),(1197,1963,0),(1198,1963,0),(1246,1963,0),(1249,1963,0),(1205,1967,0),(1246,1974,0),(1249,1974,0),(132,1975,0),(132,1976,0),(139,1976,0),(132,1977,0),(132,1978,0),(1239,1978,0),(132,1979,0),(419,1979,0),(592,1979,0),(1234,1979,1),(1236,1979,0),(1247,1979,0),(132,1980,0),(133,1981,0),(453,1981,0),(453,1981,1),(551,1981,1),(1247,1981,0),(133,1982,0),(453,1982,0),(453,1982,1),(494,1982,0),(551,1982,0),(1207,1982,1),(1246,1982,0),(1247,1982,0),(133,1983,0),(133,1984,0),(1176,1984,0),(1198,1984,0),(133,1985,0),(133,1986,0),(1170,1986,0),(1247,1986,0),(1249,1986,0),(133,1987,1),(134,1988,0),(415,1988,0),(427,1988,0),(134,1989,0),(134,1989,1),(134,1990,0),(134,1990,1),(134,1991,0),(214,1991,0),(397,1991,0),(487,1991,0),(561,1991,0),(623,1991,0),(659,1991,0),(757,1991,0),(1156,1991,0),(313,1993,0),(315,1993,0),(381,1993,0),(419,1993,0),(434,1993,0),(437,1998,0),(437,1998,1),(450,1998,1),(1180,1998,0),(1180,1998,1),(1247,2000,0),(139,2001,0),(193,2001,0),(272,2001,0),(1169,2001,0),(139,2002,0),(272,2002,0),(139,2003,0),(272,2003,0),(139,2004,0),(272,2004,0),(139,2005,0),(272,2005,0),(1243,2005,0),(139,2006,0),(272,2006,0),(321,2006,0),(321,2006,1),(139,2007,0),(477,2007,0),(139,2008,0),(139,2009,0),(1243,2009,0),(139,2010,0),(505,2010,0),(1166,2010,0),(1248,2010,0),(139,2011,0),(439,2011,0),(454,2011,0),(591,2011,0),(1178,2011,0),(1218,2011,0),(1219,2011,0),(1220,2011,0),(139,2012,0),(139,2013,0),(139,2014,0),(272,2014,0),(139,2016,0),(139,2017,0),(272,2017,0),(694,2017,0),(694,2017,1),(139,2018,0),(272,2018,0),(1165,2018,0),(139,2019,0),(139,2020,0),(232,2020,0),(276,2020,0),(1246,2020,0),(139,2021,0),(395,2021,0),(139,2022,0),(424,2022,0),(139,2023,0),(1169,2023,0),(1248,2023,0),(139,2024,0),(477,2024,0),(139,2025,0),(139,2026,0),(272,2026,0),(356,2026,1),(448,2026,0),(1166,2026,0),(1167,2026,0),(1169,2026,0),(1173,2026,0),(1174,2026,0),(1179,2026,0),(1238,2026,1),(1249,2026,0),(139,2027,0),(139,2028,0),(139,2029,0),(190,2029,0),(225,2029,0),(272,2029,0),(479,2029,0),(553,2029,0),(615,2029,0),(139,2030,0),(214,2030,0),(623,2030,0),(623,2030,1),(1249,2030,0),(139,2031,0),(272,2031,0),(395,2031,0),(505,2031,0),(139,2032,0),(437,2032,0),(1247,2032,0),(139,2034,0),(139,2035,0),(431,2035,0),(1249,2035,0),(139,2036,0),(139,2037,0),(272,2037,0),(1242,2037,0),(139,2039,0),(1169,2039,0),(139,2040,0),(139,2041,0),(139,2042,0),(139,2043,0),(139,2044,0),(139,2045,0),(272,2045,0),(480,2045,0),(139,2046,0),(267,2046,0),(139,2047,0),(395,2047,0),(444,2047,0),(445,2047,0),(139,2048,0),(139,2049,0),(139,2050,0),(139,2051,0),(139,2053,0),(139,2054,0),(1234,2054,0),(139,2055,0),(278,2055,0),(1246,2055,0),(139,2056,0),(381,2056,0),(429,2056,0),(139,2057,0),(1167,2057,0),(139,2058,0),(139,2059,0),(139,2060,0),(139,2061,0),(505,2061,0),(139,2062,0),(272,2062,0),(1169,2062,0),(139,2063,0),(139,2064,0),(139,2065,0),(139,2066,0),(272,2066,0),(380,2066,0),(428,2066,1),(139,2067,0),(139,2068,0),(436,2068,0),(488,2068,0),(649,2068,0),(139,2069,0),(312,2069,0),(139,2070,0),(190,2070,0),(316,2070,0),(342,2070,0),(381,2070,0),(401,2070,0),(478,2070,0),(479,2070,0),(503,2070,0),(1192,2070,0),(139,2071,0),(479,2071,0),(139,2072,0),(139,2073,0),(139,2074,0),(190,2074,0),(1174,2074,0),(1179,2074,0),(139,2075,0),(429,2075,0),(1200,2075,0),(1213,2075,0),(1215,2075,0),(1216,2075,0),(1220,2075,0),(1227,2075,0),(139,2076,0),(272,2076,0),(139,2077,0),(139,2078,0),(139,2079,0),(139,2080,0),(139,2081,0),(274,2081,0),(477,2081,0),(139,2082,0),(477,2082,0),(139,2083,0),(139,2084,0),(272,2084,0),(1161,2084,0),(139,2085,0),(139,2086,0),(1249,2086,0),(139,2087,0),(139,2088,0),(247,2088,0),(248,2088,0),(139,2089,0),(272,2089,0),(1176,2089,0),(1182,2089,0),(1249,2089,0),(139,2091,0),(272,2091,0),(479,2091,0),(494,2091,0),(1207,2091,0),(1232,2091,0),(1238,2091,0),(1244,2091,0),(1249,2091,0),(139,2092,0),(225,2092,0),(272,2092,0),(409,2092,0),(410,2092,0),(1155,2092,0),(1241,2092,1),(139,2093,0),(190,2093,0),(272,2093,0),(345,2093,0),(423,2093,0),(1249,2094,0),(139,2096,0),(232,2096,0),(139,2097,0),(139,2098,0),(139,2099,0),(419,2099,0),(139,2100,0),(139,2101,0),(139,2102,0),(139,2103,0),(139,2104,0),(139,2105,0),(139,2106,0),(139,2107,0),(139,2108,0),(139,2109,0),(139,2110,0),(139,2111,0),(139,2112,0),(139,2113,0),(139,2114,0),(139,2115,0),(1203,2115,0),(139,2116,0),(139,2117,0),(139,2118,0),(139,2119,0),(139,2120,0),(139,2121,0),(139,2122,0),(139,2123,0),(139,2124,0),(139,2125,0),(139,2126,0),(1241,2126,0),(139,2127,0),(139,2128,0),(272,2128,0),(139,2129,0),(139,2130,0),(1167,2130,0),(139,2131,0),(139,2132,0),(139,2133,0),(139,2134,0),(139,2135,0),(139,2136,0),(139,2137,0),(139,2138,0),(139,2139,0),(139,2140,0),(139,2141,0),(139,2142,0),(139,2143,0),(139,2144,0),(139,2145,0),(139,2146,0),(139,2147,0),(139,2148,0),(139,2149,0),(272,2149,0),(139,2150,0),(139,2151,0),(139,2152,0),(139,2153,0),(139,2154,0),(139,2155,0),(659,2155,0),(139,2156,0),(139,2157,0),(139,2158,0),(139,2159,0),(139,2160,0),(139,2161,0),(139,2162,0),(200,2162,0),(202,2162,0),(267,2162,0),(765,2162,0),(139,2163,0),(139,2164,0),(139,2165,0),(479,2165,0),(139,2166,0),(139,2167,0),(139,2168,0),(139,2169,0),(139,2170,0),(139,2171,0),(139,2172,0),(139,2173,0),(331,2173,0),(1163,2173,0),(139,2174,0),(139,2175,0),(139,2176,0),(139,2177,0),(448,2177,0),(139,2178,0),(139,2179,0),(139,2180,0),(139,2181,0),(1193,2181,0),(139,2182,0),(139,2183,0),(139,2184,0),(139,2185,0),(482,2185,0),(139,2186,0),(139,2187,0),(139,2188,0),(139,2189,0),(139,2190,0),(139,2191,0),(139,2192,0),(272,2192,0),(139,2193,0),(139,2194,0),(139,2195,0),(139,2196,0),(139,2197,0),(139,2198,0),(139,2199,0),(1201,2199,0),(139,2200,0),(139,2201,0),(139,2202,0),(139,2203,0),(139,2204,0),(139,2205,0),(272,2205,0),(139,2206,0),(139,2207,0),(139,2208,0),(139,2209,0),(139,2210,0),(272,2210,0),(139,2211,0),(214,2211,0),(348,2211,0),(139,2212,0),(139,2213,0),(139,2214,0),(139,2215,0),(139,2216,0),(139,2217,0),(1246,2217,0),(139,2218,0),(139,2219,0),(272,2219,0),(139,2220,0),(272,2220,0),(139,2221,0),(139,2222,0),(139,2223,0),(139,2224,0),(272,2224,0),(139,2225,0),(139,2226,0),(139,2227,0),(139,2228,0),(139,2229,0),(139,2230,0),(139,2231,0),(139,2232,0),(1245,2232,0),(139,2233,0),(139,2234,0),(274,2236,0),(336,2236,0),(272,2239,0),(334,2239,0),(372,2239,0),(393,2239,0),(398,2239,0),(404,2239,0),(407,2239,0),(408,2239,0),(435,2239,0),(436,2239,0),(479,2239,0),(316,2243,0),(404,2243,0),(369,2245,0),(370,2245,0),(1232,2252,0),(1233,2252,0),(1238,2252,0),(1239,2252,0),(1244,2252,0),(1245,2252,0),(1249,2252,0),(1234,2255,0),(274,2261,0),(274,2262,0),(274,2263,0),(448,2263,0),(786,2263,0),(274,2264,0),(623,2264,1),(1156,2264,0),(274,2265,0),(623,2265,1),(274,2266,0),(274,2267,0),(274,2268,0),(274,2268,1),(336,2268,0),(385,2268,1),(550,2268,1),(274,2269,0),(1248,2269,0),(274,2270,0),(477,2270,0),(274,2271,0),(274,2272,0),(274,2273,0),(274,2274,0),(274,2275,0),(274,2276,0),(274,2277,0),(274,2278,0),(1246,2278,0),(274,2279,0),(274,2280,0),(274,2281,0),(274,2282,0),(274,2283,0),(274,2284,0),(1174,2284,0),(274,2285,0),(274,2286,0),(274,2287,0),(274,2288,0),(274,2289,0),(274,2290,0),(274,2291,0),(765,2291,0),(274,2292,0),(190,2293,0),(274,2293,0),(431,2293,0),(274,2294,0),(274,2295,0),(1164,2295,0),(272,2298,0),(276,2298,0),(318,2298,0),(318,2298,1),(366,2298,1),(479,2298,0),(503,2298,0),(272,2301,0),(336,2301,0),(404,2301,0),(479,2301,0),(1244,2301,0),(260,2308,0),(477,2312,1),(480,2312,0),(480,2312,1),(482,2312,1),(498,2312,1),(499,2312,1),(428,2325,1),(318,2328,0),(480,2328,0),(1171,2328,0),(260,2330,0),(1193,2330,0),(1193,2330,1),(321,2331,0),(1248,2331,0),(1249,2331,0),(316,2334,0),(365,2334,0),(365,2334,1),(1163,2334,0),(1173,2334,1),(1177,2334,0),(411,2335,1),(415,2335,1),(427,2335,1),(487,2335,1),(791,2335,1),(1246,2336,0),(404,2338,0),(1249,2345,0),(478,2357,0),(1160,2357,0),(1161,2357,0),(1231,2360,0),(1234,2360,0),(1238,2360,0),(272,2362,0),(362,2362,0),(363,2362,0),(429,2362,0),(1249,2362,0),(1160,2364,0),(1198,2364,0),(1178,2376,0),(1246,2378,0),(279,2386,0),(280,2386,0),(423,2386,0),(1160,2386,0),(1163,2386,0),(1174,2386,0),(1177,2386,0),(1180,2386,0),(1244,2386,0),(1246,2386,0),(1247,2386,0),(1249,2386,0),(316,2387,0),(617,2387,0),(765,2387,0),(480,2395,0),(1246,2400,0),(1174,2426,0),(1178,2426,0),(267,2429,0),(363,2429,0),(758,2429,0),(442,2433,1),(480,2433,0),(480,2433,1),(482,2433,1),(498,2433,1),(499,2433,1),(623,2433,0),(1171,2433,0),(1172,2433,0),(1162,2435,0),(1246,2437,0),(316,2440,0),(489,2440,0),(1166,2440,0),(1164,2442,0),(1248,2442,0),(320,2447,0),(502,2448,0),(1236,2453,0),(272,2456,0),(477,2456,0),(1170,2456,0),(1204,2456,0),(272,2458,0),(1238,2458,0),(423,2463,0),(465,2463,0),(1243,2463,1),(1240,2466,0),(1244,2466,0),(1246,2466,0),(1249,2466,0),(1247,2469,0),(1246,2472,0),(1247,2472,0),(1249,2472,0),(343,2473,1),(369,2473,0),(370,2473,0),(439,2473,0),(454,2473,0),(1209,2475,1),(479,2476,0),(1168,2476,0),(272,2489,0),(1161,2504,0),(1161,2504,1),(1165,2504,0),(1178,2504,0),(1237,2504,0),(1248,2508,0),(1248,2511,0),(473,2514,0),(1247,2514,0),(1163,2515,1),(316,2516,0),(448,2516,0),(1236,2516,0),(1246,2516,0),(1213,2526,0),(1214,2526,0),(1218,2526,0),(1220,2526,0),(1225,2526,0),(220,2528,0),(345,2528,0),(479,2528,0),(1248,2528,0),(1179,2530,0),(1170,2531,0),(659,2536,0),(593,2540,0),(1161,2540,0),(1246,2557,0),(321,2559,0),(321,2559,1),(1165,2559,0),(1248,2572,0),(591,2592,0),(1241,2592,0),(1247,2592,0),(1166,2598,0),(1238,2604,0),(312,2624,0),(282,2628,0),(359,2628,0),(1192,2628,0),(1170,2633,1),(1172,2633,0),(1175,2633,0),(1199,2633,0),(1246,2633,0),(1160,2634,0),(1166,2634,0),(1173,2634,0),(1174,2634,0),(1247,2634,0),(1249,2634,0),(1249,2636,0),(1167,2638,0),(1168,2638,1),(1170,2638,0),(1173,2639,0),(1248,2639,0),(1249,2639,0),(289,2641,0),(438,2641,0),(470,2641,0),(1120,2641,0),(1172,2642,0),(1188,2643,0),(1188,2643,1),(1246,2643,0),(1247,2643,0),(1249,2643,0),(1170,2648,0),(1247,2648,0),(1170,2649,0),(1247,2649,0),(1178,2651,0),(1164,2654,0),(1166,2654,0),(1205,2654,0),(1247,2664,0),(272,2666,0),(647,2666,0),(358,2667,0),(1173,2668,0),(1204,2673,1),(272,2687,0),(362,2687,0),(363,2687,0),(1247,2687,0),(479,2690,0),(1158,2690,0),(197,2693,0),(649,2693,0),(483,2706,0),(483,2706,1),(1249,2711,0),(1215,2715,0),(786,2716,0),(443,2717,0),(1200,2718,0),(1247,2718,0),(423,2723,0),(470,2723,0),(494,2723,0),(1246,2725,0),(1249,2730,0),(1168,2731,0),(1171,2731,0),(1246,2731,0),(359,2735,0),(1125,2735,0),(1125,2735,1),(396,2738,0),(397,2738,0),(561,2738,0),(503,2752,0),(1182,2752,0),(206,2753,0),(214,2753,0),(397,2753,0),(401,2753,0),(1160,2754,0),(1246,2754,0),(1247,2754,0),(1178,2757,0),(1190,2758,0),(592,2782,0),(1158,2782,0),(635,2822,1),(634,2862,0),(1162,2937,0),(634,2997,0),(634,3099,0),(634,3111,1),(634,3210,0),(1162,3300,0),(635,3319,1),(634,3331,1),(1218,3344,0),(1219,3344,0),(1220,3344,0),(1239,3356,0),(502,3361,0),(502,3361,1),(503,3361,0),(503,3361,1),(507,3361,1),(552,3361,1),(554,3361,1),(590,3361,1),(1196,3361,0),(480,3365,0),(1216,3365,0),(1223,3365,0),(1228,3365,0),(1246,3365,0),(1247,3365,0),(1233,3371,0),(1235,3371,0),(1240,3371,0),(193,3380,0),(272,3380,0),(374,3380,0),(463,3380,0),(591,3380,0),(1241,3380,0),(1249,3380,0),(1231,3383,0),(1237,3383,0),(1168,3392,0),(1233,3397,0),(1170,3398,0),(1175,3398,0),(1235,3401,0),(197,3404,0),(402,3404,0),(481,3404,0),(1218,3404,0),(1221,3404,0),(1225,3404,0),(1226,3404,0),(1245,3413,0),(1231,3422,0),(1232,3422,0),(1233,3422,0),(272,3423,0),(1231,3425,1),(1238,3425,0),(1245,3425,0),(272,3432,0),(1161,3432,0),(358,3437,1),(359,3437,1),(362,3437,1),(363,3437,1),(369,3437,0),(370,3437,0),(1180,3437,1),(1234,3438,0),(1235,3438,0),(1236,3438,0),(1237,3438,0),(1238,3438,0),(1239,3438,0),(1240,3438,0),(1245,3439,0),(1211,3441,0),(1244,3444,0),(1212,3450,0),(1213,3450,0),(1214,3450,0),(1215,3450,0),(1216,3450,0),(1220,3450,0),(1221,3450,0),(1222,3450,0),(1223,3450,0),(1224,3450,0),(1226,3450,0),(1227,3450,0),(1245,3453,0),(267,3455,0),(404,3455,0),(479,3455,0),(1236,3461,0),(186,3462,0),(214,3462,0),(404,3462,0),(503,3462,0),(1247,3462,0),(1228,3464,0),(1236,3464,0),(1245,3464,0),(214,3479,0),(1246,3479,0),(197,3481,0),(272,3481,0),(366,3481,0),(1246,3481,0),(1247,3481,0),(1249,3481,0),(1237,3485,0),(397,3486,0),(1244,3498,0),(1245,3498,0),(272,3499,0),(1175,3499,0),(1215,3499,0),(1217,3499,0),(1221,3499,0),(1227,3499,0),(1233,3504,0),(1239,3509,0),(336,3520,0),(479,3520,0),(659,3520,0),(786,3520,0),(1249,3520,0),(1162,3723,0),(635,3816,1),(634,3956,0),(635,3969,1),(1162,4027,0),(1246,4125,0),(1247,4125,0),(186,4126,0),(419,4126,0),(1247,4126,0),(1170,4131,0),(1175,4131,0),(197,4134,0),(396,4134,0),(397,4134,0),(419,4134,0),(424,4134,0),(479,4134,0),(1195,4136,0),(1164,4137,0),(1163,4142,0),(1164,4142,1),(1178,4142,0),(1179,4142,0),(1198,4142,0),(1246,4142,0),(1247,4142,0),(1164,4150,0),(1248,4151,0),(272,4156,0),(397,4156,0),(448,4156,0),(1247,4156,0),(1249,4156,0),(190,4157,0),(272,4157,0),(423,4159,0),(479,4159,0),(1188,4159,0),(635,4424,0),(634,4428,1),(634,4511,0),(1162,4572,0),(1246,4603,0),(1247,4603,0),(1170,4607,0),(197,4608,0),(316,4608,0),(358,4608,0),(401,4608,0),(1246,4608,0),(272,4611,0),(558,4611,0),(558,4611,1),(1245,4611,0),(1234,4612,1),(439,4615,0),(454,4615,0),(1246,4623,0),(425,4632,0),(1248,4632,0),(272,4637,0),(659,4637,0),(1242,4637,0),(1232,4640,0),(477,4642,0),(214,4647,0),(1245,4647,0),(505,4650,0),(551,4650,0),(1244,4650,0),(1167,4658,0),(1177,4658,0),(1179,4658,0),(479,4659,0),(757,4659,0),(757,4659,1),(1214,4667,0),(1221,4667,0),(1223,4667,0),(1249,4667,0),(1160,4669,0),(1160,4669,1),(444,4678,0),(445,4678,0),(1158,4678,0),(479,4689,0),(1247,4689,0),(190,4691,0),(1167,4694,0),(404,4698,0),(1232,4703,0),(1232,4703,1),(1235,4703,0),(1236,4703,0),(1238,4703,0),(1239,4703,0),(1240,4703,0),(1240,4703,1),(1208,4707,0),(419,4709,0),(1190,4709,0),(1249,4716,0),(358,4717,0),(1165,4717,0),(1170,4717,0),(1173,4717,0),(1174,4717,0),(491,4720,0),(1161,4739,0),(1218,4739,0),(1220,4739,0),(1224,4739,0),(1227,4739,0),(1228,4739,0),(1232,4739,0),(1246,4739,0),(1247,4739,0),(275,4741,0),(1166,4741,0),(1170,4743,0),(1209,4745,0),(1179,4746,0),(623,4749,0),(963,4754,0),(1165,4754,0),(1172,4754,0),(1179,4754,0),(1161,4763,0),(443,4766,0),(507,4766,0),(1169,4768,0),(503,4769,0),(287,4772,0),(287,4772,1),(310,4772,0),(310,4772,1),(730,4772,0),(1164,4772,0),(1208,4778,1),(1216,4778,0),(1219,4778,0),(1235,4778,0),(1239,4778,0),(1240,4778,0),(1246,4778,0),(1247,4778,0),(1177,4779,0),(1164,4780,0),(1165,4780,0),(1167,4780,0),(1168,4780,0),(1170,4780,0),(1172,4780,0),(1174,4780,0),(1177,4780,0),(1179,4780,0),(634,4919,1),(635,4949,0),(1162,5187,0),(316,5227,0),(1164,5227,0),(1168,5227,0),(1169,5227,0),(505,5228,0),(272,5233,0),(267,5234,0),(505,5240,0),(381,5241,0),(1201,5242,0),(505,5243,0),(1126,5243,0),(1161,5243,0),(272,5244,0),(634,5399,0),(635,5607,0),(272,5616,0),(272,5617,0),(456,5619,0),(1244,5626,0),(381,5628,0),(1249,5628,0),(381,5629,0),(505,5629,0),(1201,5635,0),(1246,5637,0),(477,5639,0),(1174,5639,0),(435,5640,0),(436,5640,0),(437,5640,0),(438,5640,0),(438,5640,1),(477,5640,0),(1247,5640,0),(214,5641,0),(503,5641,0),(520,5641,0),(1193,5641,0),(1247,5641,0),(477,5644,0),(380,5660,0),(623,5660,0),(1170,5665,0),(1175,5665,0),(505,5669,0),(1212,5669,0),(1222,5669,0),(1228,5669,0),(474,5670,0),(1247,5674,0),(1249,5674,0),(381,5675,0),(404,5675,0),(1161,5675,0),(1246,5675,0),(1249,5675,0),(214,5676,0),(1169,5676,0),(1172,5676,0),(1244,5676,0),(186,5682,0),(200,5682,0),(202,5682,0),(267,5682,0),(272,5682,0),(404,5682,0),(186,5683,0),(186,5684,0),(395,5684,0),(1249,5684,0),(186,5685,0),(319,5685,0),(186,5686,0),(214,5686,0),(1173,5686,0),(1239,5686,0),(186,5687,0),(272,5687,0),(494,5687,0),(1183,5691,0),(1184,5691,0),(1185,5691,0),(1186,5691,0),(1187,5691,0),(322,5692,0),(1248,5692,0),(1183,5697,0),(1185,5697,0),(190,5708,0),(190,5709,0),(197,5709,0),(190,5710,0),(190,5711,0),(474,5711,0),(190,5712,0),(197,5712,0),(190,5713,0),(190,5714,0),(1246,5714,0),(190,5715,0),(190,5716,0),(479,5716,0),(1247,5716,0),(190,5717,0),(190,5718,0),(429,5718,0),(190,5719,0),(380,5719,0),(190,5720,0),(441,5720,0),(442,5720,1),(190,5721,0),(190,5722,0),(190,5723,0),(190,5724,0),(272,5724,0),(479,5724,0),(1247,5724,0),(190,5725,0),(348,5725,0),(190,5726,0),(1247,5726,0),(190,5727,0),(190,5728,0),(197,5728,0),(190,5729,0),(200,5729,0),(202,5729,0),(267,5729,0),(190,5730,0),(431,5730,0),(1245,5730,0),(191,5731,0),(191,5733,0),(191,5734,0),(1188,5734,0),(428,5741,1),(1173,5748,0),(1201,5749,1),(1249,5750,0),(1248,5753,0),(1202,5754,0),(1248,5754,0),(1214,5760,0),(1216,5760,0),(1224,5760,0),(1227,5760,0),(1177,5762,0),(1196,5762,0),(1246,5762,0),(1247,5762,0),(1249,5762,0),(1171,5763,0),(272,5765,0),(1245,5765,0),(1199,5766,0),(1248,5766,0),(758,5769,0),(758,5769,1),(1246,5769,0),(1169,5772,0),(193,5774,0),(193,5775,0),(193,5776,0),(193,5777,0),(1249,5777,0),(193,5778,0),(193,5779,0),(193,5780,0),(191,5782,0),(191,5783,0),(342,5783,0),(191,5784,0),(191,5785,0),(191,5786,0),(194,5787,0),(194,5788,0),(198,5788,0),(413,5788,0),(423,5788,0),(194,5789,0),(194,5790,0),(1195,5791,0),(1249,5792,0),(1198,5793,0),(1199,5793,0),(1199,5793,1),(1202,5793,0),(1203,5793,0),(1205,5793,0),(1206,5793,0),(1211,5793,0),(1235,5793,0),(1237,5793,1),(1246,5793,0),(1247,5793,0),(279,5794,0),(280,5794,0),(1213,5794,0),(1214,5794,0),(1215,5794,0),(1216,5794,0),(1217,5794,0),(1223,5794,0),(1224,5794,0),(1231,5794,0),(1235,5794,0),(1236,5794,0),(1239,5794,0),(1246,5794,0),(1247,5794,0),(1249,5794,0),(1249,5795,0),(1197,5796,0),(1233,5796,0),(1237,5796,0),(1245,5796,0),(1247,5796,0),(1247,5800,0),(1231,5801,0),(1239,5801,0),(1244,5801,0),(1247,5801,0),(1249,5801,0),(1247,5805,0),(1203,5806,0),(1246,5806,0),(1209,5808,1),(1204,5809,0),(1247,5809,0),(1248,5809,0),(1244,5810,0),(1212,5812,0),(1213,5812,0),(1216,5812,0),(1217,5812,0),(1218,5812,0),(1219,5812,0),(1220,5812,0),(1222,5812,0),(1223,5812,0),(1225,5812,0),(1226,5812,0),(1227,5812,0),(1228,5812,0),(1247,5812,0),(1249,5812,0),(291,5813,0),(1213,5813,0),(1218,5813,0),(1222,5813,0),(1213,5815,0),(1214,5815,0),(1215,5815,0),(1216,5815,0),(1217,5815,0),(1218,5815,0),(1221,5815,0),(1223,5815,0),(1224,5815,0),(1227,5815,0),(1231,5815,0),(1232,5815,0),(1235,5815,0),(1236,5815,0),(1239,5815,0),(1246,5815,0),(1247,5815,0),(1249,5815,0),(1249,5816,0),(1195,5817,0),(1198,5817,1),(1249,5817,0),(1235,5818,0),(1240,5818,0),(1246,5818,0),(1247,5818,0),(1249,5818,0),(1249,5819,0),(1246,5822,0),(1198,5825,0),(1249,5825,0),(1245,5830,0),(1247,5830,0),(1246,5831,0),(1208,5832,0),(1247,5832,0),(1249,5837,0),(1247,5838,0),(1239,5839,0),(1244,5839,0),(1246,5839,0),(1247,5839,0),(1249,5839,0),(1237,5842,0),(1249,5842,0),(1246,5850,0),(1247,5850,0),(1249,5850,0),(1207,5852,0),(1246,5855,0),(1247,5855,0),(1249,5857,0),(1178,5860,0),(1238,5860,0),(1239,5860,0),(1245,5860,0),(1246,5860,0),(1247,5860,0),(1249,5860,0),(1169,5861,1),(1247,5863,0),(1246,5865,0),(1247,5865,0),(1249,5865,0),(1246,5869,0),(1199,5873,0),(1176,5882,0),(198,5888,0),(219,5888,0),(395,5888,0),(479,5888,0),(553,5888,0),(561,5888,0),(591,5888,0),(342,5889,0),(260,5892,0),(1165,5892,0),(1168,5895,0),(1201,5902,1),(1164,5903,0),(1178,5903,0),(1245,5914,0),(272,5918,0),(1214,5918,0),(1216,5918,0),(1217,5918,0),(1219,5918,0),(1228,5918,0),(1236,5918,0),(1160,5923,0),(1161,5923,0),(1170,5924,0),(1171,5927,0),(198,5929,0),(1247,5930,0),(1168,5932,0),(505,5933,0),(1164,5933,0),(1168,5933,0),(1173,5933,0),(1185,5940,0),(1155,5941,0),(1163,5942,0),(1177,5942,0),(1179,5942,0),(197,5946,0),(278,5946,0),(481,5946,0),(645,5946,0),(197,5947,0),(232,5947,0),(436,5947,0),(645,5947,0),(1160,5947,0),(1174,5947,0),(197,5948,0),(348,5948,0),(431,5948,0),(431,5948,1),(479,5948,0),(197,5949,0),(232,5949,0),(345,5949,0),(197,5950,0),(197,5951,0),(197,5952,0),(384,5952,0),(197,5953,0),(197,5954,0),(197,5955,0),(200,5955,0),(202,5955,0),(267,5955,0),(197,5956,0),(197,5957,0),(197,5958,0),(197,5959,0),(197,5960,0),(197,5961,0),(200,5961,0),(202,5961,0),(267,5961,0),(272,5961,0),(477,5961,0),(197,5962,0),(1213,5962,0),(1214,5962,0),(1215,5962,0),(1218,5962,0),(1224,5962,0),(1225,5962,0),(1226,5962,0),(1228,5962,0),(197,5963,0),(197,5964,0),(198,5965,0),(200,5965,0),(202,5965,0),(214,5965,0),(267,5965,0),(198,5966,0),(198,5967,0),(198,5968,0),(198,5969,0),(1244,5969,0),(198,5970,0),(198,5971,0),(198,5972,0),(1165,5972,0),(198,5973,0),(198,5974,0),(198,5975,0),(623,5975,0),(1175,5975,0),(1247,5975,0),(198,5976,0),(198,5977,0),(198,5978,0),(198,5979,0),(198,5980,0),(479,5980,0),(198,5981,0),(198,5982,0),(457,5982,0),(458,5982,0),(198,5983,0),(1232,5987,0),(1172,5991,0),(1248,5991,0),(1179,5993,0),(1195,5994,0),(1196,5994,0),(1198,5994,0),(1199,5994,0),(1200,5994,0),(1202,5994,0),(1205,5994,0),(1210,5994,0),(1211,5994,0),(1235,5994,1),(200,5996,0),(202,5996,0),(267,5996,0),(1247,5996,0),(200,5997,0),(202,5997,0),(267,5997,0),(200,5998,0),(202,5998,0),(267,5998,0),(200,5999,0),(202,5999,0),(267,5999,0),(200,6000,0),(202,6000,0),(267,6000,0),(200,6001,0),(202,6001,0),(267,6001,0),(200,6002,0),(202,6002,0),(267,6002,0),(425,6002,0),(479,6002,0),(494,6002,0),(503,6002,0),(200,6003,0),(202,6003,0),(267,6003,0),(419,6003,0),(200,6004,0),(202,6004,0),(267,6004,0),(357,6004,0),(200,6005,0),(202,6005,0),(267,6005,0),(200,6006,0),(202,6006,0),(267,6006,0),(1245,6006,0),(1249,6006,0),(200,6008,0),(202,6008,0),(267,6008,0),(272,6008,0),(200,6009,0),(202,6009,0),(267,6009,0),(272,6009,0),(404,6009,0),(434,6009,0),(1202,6009,0),(1247,6009,0),(200,6010,0),(202,6010,0),(267,6010,0),(272,6010,0),(404,6010,0),(200,6011,0),(202,6011,0),(267,6011,0),(219,6012,0),(1172,6012,0),(1176,6012,0),(448,6014,0),(202,6030,0),(267,6030,0),(479,6032,0),(272,6033,0),(440,6033,0),(1249,6033,0),(431,6036,0),(623,6036,0),(1226,6036,0),(1179,6037,0),(1183,6039,0),(1186,6039,0),(1212,6040,0),(1213,6040,0),(1214,6040,0),(1215,6040,0),(1216,6040,0),(1217,6040,0),(1218,6040,0),(1219,6040,0),(1220,6040,0),(1221,6040,0),(1222,6040,0),(1223,6040,0),(1224,6040,0),(1225,6040,0),(1226,6040,0),(1227,6040,0),(1228,6040,0),(1183,6050,0),(1187,6053,0),(1183,6056,0),(1183,6056,1),(1184,6056,0),(1186,6056,0),(1187,6056,0),(1249,6056,0),(1187,6058,0),(1183,6063,0),(1184,6063,0),(1185,6063,0),(1186,6063,0),(1187,6063,0),(1244,6063,0),(1183,6067,0),(1184,6067,0),(1185,6067,0),(1186,6067,0),(1187,6067,0),(1183,6068,0),(1185,6068,0),(1187,6068,0),(1212,6074,0),(1213,6074,0),(1214,6074,0),(1215,6074,0),(1216,6074,0),(1217,6074,0),(1219,6074,0),(1220,6074,0),(1221,6074,0),(1223,6074,0),(1224,6074,0),(1225,6074,0),(1226,6074,0),(1227,6074,0),(1237,6074,0),(1183,6075,0),(1184,6075,0),(1185,6075,0),(1183,6078,0),(1185,6078,0),(1187,6078,0),(1184,6084,0),(1185,6084,0),(1183,6085,0),(1183,6091,0),(1184,6095,0),(1186,6095,0),(1187,6095,0),(1212,6109,0),(1214,6109,0),(1215,6109,0),(1221,6109,0),(1222,6109,0),(1246,6121,0),(1249,6121,0),(459,6130,0),(1247,6130,0),(1244,6131,0),(1249,6131,0),(1172,6134,0),(1176,6134,0),(1178,6134,0),(1176,6136,0),(1172,6140,0),(214,6141,0),(206,6142,0),(267,6142,0),(1161,6147,0),(336,6162,0),(1213,6162,0),(1217,6162,0),(1224,6162,0),(1226,6162,0),(1227,6162,0),(1228,6162,0),(1247,6162,0),(1221,6172,1),(1166,6176,0),(1173,6176,0),(1248,6193,0),(1199,6235,0),(1247,6243,0),(1202,6247,0),(316,6249,0),(1196,6252,0),(1167,6257,0),(1171,6257,0),(1177,6257,0),(1169,6261,1),(1173,6261,0),(1176,6261,0),(1179,6261,0),(1170,6276,0),(1164,6294,0),(1249,6315,0),(1197,6318,0),(1245,6318,0),(1215,6322,0),(1225,6322,0),(1173,6325,0),(1179,6325,1),(1211,6325,0),(1215,6325,0),(1217,6325,0),(1224,6325,0),(1234,6326,0),(1249,6329,0),(1240,6330,0),(1249,6331,0),(1237,6336,0),(440,6337,0),(1176,6338,1),(395,6341,0),(1232,6345,0),(1233,6345,0),(1244,6345,0),(1246,6345,0),(1247,6345,0),(1249,6345,0),(214,6349,0),(278,6351,0),(1169,6351,1),(1238,6351,0),(1246,6355,0),(1198,6358,0),(1207,6363,0),(1212,6371,0),(1213,6371,0),(1214,6371,0),(1215,6371,0),(1216,6371,0),(1217,6371,0),(1218,6371,0),(1219,6371,0),(1220,6371,0),(1221,6371,0),(1222,6371,0),(1223,6371,0),(1224,6371,0),(1225,6371,0),(1226,6371,0),(1228,6371,0),(1244,6373,0),(1207,6374,0),(1238,6374,0),(1246,6375,0),(395,6378,0),(1214,6378,0),(1215,6378,0),(1219,6378,0),(1220,6378,0),(1227,6378,0),(1231,6378,0),(1236,6378,0),(384,6381,0),(1231,6383,0),(1232,6383,0),(1233,6383,0),(1234,6383,0),(1237,6383,0),(1209,6384,0),(1200,6388,0),(1237,6388,0),(1247,6393,0),(1216,6403,0),(1227,6403,0),(381,6412,0),(1214,6415,0),(1218,6415,0),(1219,6415,0),(1227,6415,0),(1247,6415,0),(1249,6415,0),(1200,6425,0),(272,6430,0),(352,6430,1),(480,6430,0),(1198,6434,0),(1172,6458,0),(1163,6463,0),(1166,6464,0),(232,6467,0),(318,6467,0),(505,6467,1),(1166,6470,0),(1176,6471,0),(1168,6473,0),(1236,6473,0),(1244,6476,0),(1165,6489,0),(1247,6512,0),(1166,6535,1),(1169,6569,0),(1176,6569,0),(214,6572,0),(395,6572,0),(214,6573,0),(395,6573,0),(214,6574,0),(395,6574,0),(214,6575,0),(214,6577,0),(214,6578,0),(325,6578,0),(431,6578,0),(479,6578,0),(1245,6578,0),(214,6579,0),(489,6579,0),(489,6579,1),(1231,6579,0),(214,6580,0),(1247,6580,0),(214,6581,0),(214,6582,0),(1245,6582,0),(214,6583,0),(214,6584,0),(214,6585,0),(1190,6585,0),(1249,6823,0),(1218,6848,0),(1223,6848,0),(1228,6848,0),(1247,6850,0),(1158,6851,0),(1247,6851,0),(1244,6855,0),(1195,6857,0),(1197,6857,0),(1201,6857,0),(1204,6857,0),(1211,6860,0),(1244,6862,0),(1234,6866,0),(1240,6866,0),(1233,6869,0),(219,6872,0),(1218,6872,0),(1224,6872,0),(1246,6873,0),(435,6875,0),(436,6875,0),(1247,6875,0),(1249,6875,0),(1246,6876,0),(1249,6876,0),(376,6879,0),(377,6879,0),(1184,6885,0),(1185,6885,0),(1186,6885,0),(1187,6885,0),(1184,6888,0),(1187,6888,0),(1184,6890,0),(1185,6897,0),(1186,6897,0),(1245,6912,0),(1183,6920,0),(1183,6920,1),(1184,6920,0),(1184,6920,1),(1185,6920,0),(1186,6920,0),(1187,6920,0),(479,6923,0),(225,6930,0),(477,6932,0),(505,6932,0),(1193,6932,0),(1247,6933,0),(505,6934,0),(1185,6938,0),(1183,6940,0),(1184,6940,0),(1185,6940,0),(1186,6940,0),(462,6946,0),(1231,6948,0),(1228,6952,0),(1247,6952,0),(1249,6952,0),(1232,6953,1),(1246,6953,0),(1247,6953,0),(1246,6954,0),(1249,6954,0),(1160,6955,0),(1176,6955,0),(1249,6956,0),(477,6957,0),(1218,6960,0),(1225,6960,0),(1226,6960,0),(1228,6960,0),(1249,6960,0),(1236,6962,0),(1246,6962,0),(1249,6962,0),(1249,6965,0),(1249,6975,0),(1223,6976,0),(1227,6976,0),(1179,6977,0),(1247,6977,0),(1245,6979,0),(1247,6982,0),(1200,6985,0),(1246,6991,0),(1247,6993,0),(1247,6994,0),(272,6995,0),(1170,6995,0),(1206,6995,0),(1210,6995,0),(1234,6995,0),(1247,6995,0),(1249,6995,0),(1247,6998,0),(1206,7000,0),(1240,7000,0),(1244,7000,0),(1249,7000,0),(1161,7003,0),(1246,7003,0),(1248,7003,0),(1249,7003,0),(1197,7007,0),(1199,7007,0),(1209,7007,0),(1210,7007,0),(1197,7008,0),(1199,7008,0),(1209,7008,0),(1210,7008,0),(1196,7009,0),(1244,7009,0),(1246,7009,0),(1247,7009,0),(1161,7010,0),(1244,7010,0),(1245,7010,0),(1246,7010,0),(1247,7010,0),(1249,7010,0),(1247,7013,0),(1190,7019,0),(1244,7019,0),(1247,7019,0),(1249,7019,0),(1246,7033,0),(1249,7034,0),(1247,7044,0),(1248,7046,0),(1232,7049,0),(1246,7052,0),(1231,7063,0),(1240,7063,0),(1244,7063,0),(635,7180,0),(634,7190,0),(1244,7272,0),(1245,7275,0),(1246,7275,0),(448,7277,0),(232,7279,0),(232,7280,0),(348,7280,0),(411,7280,0),(424,7280,0),(232,7281,0),(479,7281,0),(659,7281,0),(1163,7281,0),(232,7283,0),(440,7283,0),(1247,7283,0),(1249,7283,0),(232,7284,0),(338,7284,0),(342,7284,0),(1195,7284,0),(1210,7284,0),(1240,7284,0),(1249,7284,0),(232,7285,0),(503,7285,0),(1171,7285,0),(232,7286,0),(474,7286,0),(1172,7287,0),(1248,7287,0),(1241,7288,0),(431,7290,0),(528,7290,0),(1215,7292,0),(1220,7292,0),(1222,7292,0),(1223,7292,0),(1225,7292,0),(268,7294,0),(278,7299,0),(429,7299,0),(1246,7299,0),(272,7300,0),(1212,7300,0),(1217,7300,0),(1249,7303,0),(1160,7306,0),(1214,7307,0),(1215,7307,0),(1216,7307,0),(1217,7307,0),(1221,7307,0),(1228,7307,0),(272,7310,0),(1170,7312,0),(494,7317,0),(1248,7317,0),(1247,7329,0),(1246,7337,0),(1249,7339,0),(1212,7342,0),(1213,7342,0),(1219,7342,0),(1163,7350,0),(1164,7350,0),(1168,7350,0),(1169,7350,0),(1171,7350,0),(1178,7350,0),(1179,7350,0),(1217,7351,0),(1172,7355,0),(1247,7355,0),(1237,7363,0),(1197,7367,0),(1239,7367,0),(1246,7367,0),(1247,7367,0),(1249,7367,0),(1167,7373,0),(1200,7373,0),(1214,7373,0),(1218,7373,0),(1226,7373,0),(1227,7373,0),(1232,7376,0),(1206,7383,0),(428,7384,1),(1178,7393,0),(1246,7393,0),(1247,7393,0),(1179,7410,0),(1176,7420,0),(1166,7423,0),(1176,7423,0),(1199,7423,0),(1177,7424,1),(358,7425,0),(484,7425,0),(1248,7435,0),(1171,7438,0),(1248,7448,0),(1206,7455,0),(247,7456,0),(248,7456,0),(457,7456,0),(458,7456,0),(247,7457,0),(248,7457,0),(247,7458,0),(248,7458,0),(1202,7458,0),(1204,7458,0),(1206,7458,0),(1210,7458,0),(247,7459,0),(248,7459,0),(419,7459,0),(248,7460,0),(249,7461,0),(1235,7465,0),(1246,7465,0),(1247,7465,0),(1249,7465,0),(1175,7475,0),(1175,7476,0),(1248,7476,0),(1167,7494,0),(1213,7495,0),(1216,7495,0),(1219,7495,0),(1222,7495,0),(1224,7495,0),(1226,7495,0),(1176,7500,0),(1186,7506,0),(1187,7506,0),(1195,7506,0),(1201,7506,0),(1171,7511,0),(1172,7517,0),(1244,7517,0),(414,7521,0),(460,7521,0),(1177,7523,0),(1171,7524,0),(1179,7524,0),(1174,7525,0),(1175,7525,0),(1164,7532,0),(1168,7532,0),(1177,7532,0),(1220,7532,0),(1223,7532,0),(1175,7534,1),(1177,7534,0),(1248,7538,0),(1247,7542,0),(748,7544,0),(1164,7545,0),(1170,7545,0),(1248,7545,0),(1239,7546,0),(1245,7551,0),(316,7556,0),(1168,7558,0),(1249,7559,0),(448,7565,0),(448,7565,1),(449,7565,1),(491,7565,1),(592,7565,0),(617,7573,0),(272,7579,0),(419,7579,0),(409,7583,0),(410,7583,0),(1175,7587,0),(1213,7588,1),(1164,7597,0),(1176,7597,1),(1233,7597,0),(1247,7618,0),(1207,7621,0),(348,7625,0),(431,7625,0),(474,7625,0),(646,7625,0),(1246,7625,0),(1247,7625,0),(1170,7633,0),(1207,7633,0),(617,7636,0),(1165,7636,0),(1249,7636,0),(1171,7641,0),(1171,7644,0),(1200,7650,0),(1248,7651,0),(386,7653,0),(404,7653,0),(757,7653,0),(1248,7653,0),(505,7659,0),(1239,7659,0),(1249,7659,0),(272,7660,0),(1175,7660,0),(1248,7660,0),(1195,7670,0),(1211,7670,0),(1214,7671,0),(1217,7671,0),(1220,7671,0),(1226,7671,0),(1227,7671,0),(419,7672,0),(484,7672,0),(260,7679,0),(1201,7680,0),(1211,7680,0),(748,7681,1),(1174,7682,0),(1195,7683,0),(623,7685,0),(1248,7696,0),(1248,7705,0),(615,7711,0),(396,7717,0),(397,7717,0),(1216,7717,0),(1217,7717,0),(1218,7717,0),(1221,7717,0),(1223,7717,0),(1224,7717,0),(1225,7717,0),(1228,7717,0),(659,7721,0),(1163,7726,0),(1164,7726,0),(1166,7726,0),(1167,7726,0),(1170,7726,0),(1177,7726,0),(1179,7726,0),(1246,7727,0),(358,7746,0),(553,7751,0),(1158,7751,0),(1184,7754,0),(1173,7759,0),(1172,7762,0),(1214,7762,1),(1219,7772,0),(1220,7772,0),(1227,7772,0),(1246,7772,0),(1166,7774,0),(1163,7776,0),(1165,7780,0),(1166,7780,0),(425,7781,0),(1171,7785,0),(1178,7785,0),(1171,7786,0),(1178,7786,0),(1165,7794,0),(479,7802,0),(503,7802,0),(358,7803,0),(1204,7813,0),(1245,7819,0),(1248,7840,0),(1247,7858,0),(1167,7861,0),(448,7867,0),(1205,7871,0),(1173,7873,0),(1172,7874,0),(479,7880,0),(1244,7880,0),(1247,7881,0),(1248,7887,0),(1176,7893,0),(1240,7893,0),(1244,7893,0),(1164,7894,0),(1165,7895,0),(1247,7902,0),(1208,7909,0),(1204,7911,0),(1172,7915,0),(1210,7917,0),(1246,7917,0),(591,7926,0),(1163,7932,0),(1167,7932,0),(1170,7932,0),(1172,7932,0),(1173,7932,0),(1176,7932,0),(1249,7932,0),(384,7953,0),(1212,7955,0),(1218,7955,0),(1224,7955,0),(1225,7955,0),(1163,7958,0),(1206,7959,0),(1231,7959,0),(1249,7973,0),(441,7979,0),(442,7979,0),(1168,7983,0),(1177,7983,0),(479,7985,0),(1203,7987,0),(1247,7999,0),(1247,8003,0),(1249,8003,0),(1244,8011,0),(1168,8019,0),(623,8028,0),(1214,8031,0),(1217,8031,0),(1218,8031,0),(1222,8031,0),(1225,8031,0),(1166,8032,0),(1197,8035,0),(1244,8035,0),(395,8036,0),(1249,8036,0),(1248,8041,0),(1183,8060,0),(1184,8060,0),(1186,8060,0),(1187,8060,0),(1248,8060,0),(1210,8066,0),(1163,8067,0),(659,8079,0),(1246,8079,0),(1162,8197,0),(1248,8379,0),(1164,8384,0),(1248,8386,0),(1239,8387,0),(1244,8390,0),(1203,8393,0),(1247,8394,0),(1166,8404,0),(1174,8404,0),(1185,8406,0),(1186,8406,0),(448,8420,0),(1226,8422,0),(1199,8425,0),(1205,8425,0),(1248,8425,0),(1244,8430,0),(1246,8430,0),(1206,8432,0),(1249,8432,0),(1242,8439,0),(272,8446,0),(1170,8453,0),(1173,8453,0),(1197,8453,0),(1178,8454,0),(1214,8456,0),(1216,8456,0),(1222,8456,0),(1223,8456,0),(1224,8456,0),(1225,8456,0),(1227,8456,0),(1228,8456,0),(275,8464,0),(1172,8466,0),(1195,8468,0),(1233,8475,0),(279,8486,0),(280,8486,0),(1212,8498,1),(1249,8507,0),(623,8513,0),(1163,8513,0),(1167,8513,0),(1168,8513,0),(1164,8515,0),(1176,8515,0),(1161,8529,0),(1248,8532,0),(786,8535,0),(1246,8535,0),(1247,8535,0),(1249,8535,0),(1238,8547,0),(1239,8547,0),(1248,8547,0),(1201,8552,0),(340,8559,0),(479,8559,0),(1244,8559,0),(1247,8559,0),(1232,8563,0),(1197,8575,0),(1248,8578,0),(313,8581,0),(315,8581,0),(424,8581,0),(1160,8586,1),(1161,8586,0),(1161,8586,1),(1178,8589,0),(419,8597,0),(336,8598,0),(471,8598,0),(472,8598,0),(1177,8600,0),(1247,8606,0),(372,8617,0),(393,8617,0),(1248,8624,0),(1178,8631,0),(1205,8633,0),(479,8643,0),(757,8643,1),(1169,8643,0),(1171,8643,0),(1177,8643,0),(1249,8643,0),(1203,8651,1),(1214,8668,1),(1165,8685,0),(1166,8685,0),(1168,8685,0),(1174,8685,0),(1176,8685,0),(505,8693,0),(1163,8696,0),(1249,8696,0),(765,8711,0),(1248,8714,0),(1248,8721,0),(272,8730,0),(1177,8730,0),(1238,8730,0),(505,8731,0),(336,8740,0),(1204,8740,0),(1178,8751,0),(1249,8752,0),(1175,8754,0),(1168,8755,0),(1168,8765,0),(1163,8777,0),(1169,8777,0),(1177,8787,0),(272,8789,0),(1239,8789,1),(260,8793,0),(262,8793,0),(260,8794,0),(260,8795,0),(260,8796,0),(260,8797,0),(260,8798,0),(260,8799,0),(260,8799,1),(262,8799,0),(262,8799,1),(1178,8800,0),(505,8805,0),(381,8810,0),(477,8810,0),(1174,8810,0),(1179,8810,0),(369,8812,1),(370,8812,1),(439,8812,1),(441,8812,1),(454,8812,1),(1164,8815,0),(262,8822,0),(507,8825,0),(554,8825,0),(494,8826,0),(1249,8826,0),(395,8827,0),(592,8827,0),(267,8838,0),(963,8838,0),(1214,8838,0),(1226,8838,0),(267,8839,0),(267,8840,0),(267,8841,0),(267,8842,0),(267,8843,0),(437,8843,0),(268,8844,0),(272,8845,0),(272,8846,0),(694,8846,0),(694,8846,1),(272,8847,0),(272,8848,0),(272,8849,0),(381,8849,0),(757,8849,0),(1232,8849,0),(272,8850,0),(1155,8850,0),(1212,8850,0),(1213,8850,0),(1214,8850,0),(1215,8850,0),(1220,8850,0),(1221,8850,0),(1224,8850,0),(1226,8850,0),(1228,8850,0),(272,8851,0),(272,8852,0),(272,8853,0),(272,8854,0),(272,8855,0),(312,8855,0),(1234,8855,0),(272,8856,0),(272,8857,0),(272,8858,0),(272,8859,0),(1248,8859,0),(272,8860,0),(272,8861,0),(272,8862,0),(1247,8862,0),(1249,8862,0),(272,8863,0),(272,8864,0),(276,8864,0),(336,8864,0),(272,8865,0),(272,8866,0),(272,8867,0),(272,8868,0),(272,8869,0),(272,8870,0),(272,8871,0),(272,8872,0),(272,8873,0),(272,8874,0),(272,8875,0),(276,8875,0),(272,8876,0),(272,8877,0),(272,8878,0),(272,8879,0),(272,8880,0),(272,8881,0),(272,8882,0),(272,8883,0),(1241,8883,0),(272,8884,0),(396,8884,0),(397,8884,0),(272,8885,0),(477,8885,0),(558,8885,0),(558,8885,1),(272,8886,0),(272,8887,0),(272,8888,0),(274,8890,0),(274,8891,1),(385,8891,1),(503,8891,0),(550,8891,1),(275,8892,0),(276,8893,0),(276,8894,0),(277,8894,1),(316,8894,1),(336,8894,1),(340,8894,1),(380,8894,1),(386,8894,1),(471,8894,0),(472,8894,0),(276,8895,0),(277,8896,0),(1247,8896,0),(277,8897,0),(278,8898,0),(278,8899,0),(278,8899,1),(293,8899,1),(294,8899,1),(350,8899,0),(513,8899,0),(1188,8899,1),(278,8900,0),(381,8900,0),(434,8900,0),(479,8900,0),(645,8900,0),(279,8902,0),(280,8902,0),(286,8904,0),(286,8904,1),(429,8904,0),(1177,8904,0),(286,8905,1),(287,8905,1),(448,8905,0),(474,8905,0),(530,8905,0),(591,8905,0),(287,8906,0),(287,8906,1),(310,8906,0),(310,8906,1),(287,8907,0),(333,8915,0),(316,8919,0),(336,8919,0),(1236,8919,0),(1244,8919,0),(474,8928,0),(336,8930,0),(290,8933,0),(291,8935,0),(293,8936,0),(294,8936,0),(1247,8938,0),(1246,8941,0),(474,8942,0),(503,8942,0),(589,8942,0),(617,8942,0),(1195,8942,0),(758,8944,0),(1156,8944,0),(503,8949,0),(1247,8969,0),(397,8972,0),(309,8974,0),(311,8975,0),(483,8975,0),(311,8976,0),(340,8976,0),(369,8976,0),(370,8976,0),(439,8976,0),(454,8976,0),(480,8976,0),(311,8977,0),(311,8978,0),(402,8978,0),(481,8978,0),(1238,8978,0),(1247,8978,0),(311,8979,0),(499,8979,0),(311,8980,0),(311,8981,1),(482,8981,0),(498,8981,0),(499,8981,0),(312,8982,0),(457,8982,0),(458,8982,0),(479,8982,0),(1247,8982,0),(313,8983,0),(315,8983,0),(313,8984,0),(315,8984,0),(316,8985,0),(316,8986,0),(316,8987,0),(316,8989,0),(411,8989,1),(415,8989,1),(427,8989,1),(487,8989,1),(791,8989,1),(316,8990,0),(316,8991,0),(316,8992,0),(316,8993,0),(316,8994,0),(316,8995,0),(316,8996,0),(1188,8996,0),(316,8997,0),(316,8998,0),(316,8999,0),(316,9000,0),(316,9001,0),(340,9001,0),(383,9001,0),(384,9001,0),(415,9001,0),(431,9001,0),(459,9001,0),(1189,9001,0),(318,9002,0),(1247,9002,0),(318,9003,0),(318,9004,0),(320,9005,0),(320,9005,1),(333,9005,1),(429,9005,0),(320,9006,0),(320,9007,0),(320,9008,0),(320,9009,0),(320,9010,0),(429,9010,0),(505,9010,0),(320,9011,0),(441,9011,0),(442,9011,0),(320,9012,0),(320,9013,0),(321,9014,0),(428,9014,1),(428,9019,0),(428,9020,0),(428,9021,0),(322,9023,0),(322,9024,0),(322,9025,0),(323,9026,0),(324,9027,0),(325,9028,0),(326,9029,0),(326,9030,0),(327,9031,0),(327,9032,0),(327,9033,0),(328,9034,0),(383,9037,0),(1249,9037,0),(331,9038,0),(331,9039,0),(331,9040,0),(332,9041,0),(332,9042,0),(333,9043,0),(336,9045,0),(336,9046,0),(1243,9046,0),(336,9047,0),(336,9048,0),(336,9049,0),(336,9050,0),(336,9051,0),(336,9052,0),(336,9053,0),(479,9053,0),(659,9053,0),(1238,9053,0),(336,9054,0),(479,9054,0),(524,9054,0),(527,9054,0),(659,9054,0),(336,9055,0),(404,9055,0),(1241,9055,1),(336,9056,0),(336,9057,0),(786,9057,0),(336,9058,0),(786,9058,0),(336,9059,0),(340,9059,0),(336,9060,0),(336,9061,0),(336,9062,0),(336,9063,0),(617,9063,0),(1165,9063,0),(338,9064,0),(342,9064,0),(338,9065,0),(342,9065,0),(338,9066,0),(342,9066,0),(338,9067,0),(342,9067,0),(437,9067,0),(340,9068,0),(340,9069,0),(340,9070,0),(340,9071,0),(1244,9071,0),(345,9074,0),(348,9075,0),(348,9076,0),(479,9076,0),(348,9077,0),(348,9078,0),(1169,9078,0),(1248,9078,0),(348,9079,0),(348,9080,0),(481,9080,0),(1161,9080,0),(349,9081,0),(505,9081,0),(343,9083,0),(352,9084,0),(352,9085,0),(352,9086,1),(1165,9086,0),(377,9088,0),(1249,9092,0),(355,9094,0),(963,9094,0),(355,9095,0),(355,9096,0),(356,9097,0),(356,9098,0),(356,9099,0),(356,9100,1),(357,9101,0),(357,9103,0),(358,9106,0),(358,9107,0),(358,9108,0),(358,9109,0),(1249,9109,0),(358,9110,0),(358,9111,0),(358,9112,0),(1244,9112,0),(358,9113,0),(358,9114,0),(758,9114,0),(358,9115,1),(359,9115,1),(362,9115,1),(363,9115,1),(1167,9115,0),(1170,9115,0),(1244,9115,0),(359,9116,0),(1249,9116,0),(1190,9117,0),(362,9118,0),(363,9118,0),(362,9119,0),(363,9119,0),(1247,9122,0),(477,9125,0),(484,9125,0),(1175,9125,0),(1220,9126,0),(1225,9126,0),(1228,9126,0),(1177,9136,0),(1246,9138,0),(1239,9147,0),(1244,9148,0),(505,9151,0),(505,9152,0),(963,9155,0),(1124,9155,0),(1127,9155,0),(1130,9155,0),(1166,9155,0),(1169,9155,0),(1170,9155,0),(1174,9155,0),(1175,9155,0),(1178,9155,0),(1179,9155,0),(704,9156,0),(365,9159,0),(369,9160,0),(370,9160,0),(1249,9160,0),(369,9161,0),(370,9161,0),(369,9162,0),(370,9162,0),(369,9163,0),(370,9163,0),(454,9163,0),(372,9164,0),(393,9164,0),(419,9165,0),(494,9165,0),(503,9165,0),(757,9165,0),(1247,9165,0),(561,9168,0),(566,9168,0),(963,9169,0),(376,9175,0),(377,9175,0),(1177,9176,0),(1233,9176,0),(1246,9176,0),(1247,9176,0),(1249,9176,0),(505,9181,0),(376,9183,0),(377,9183,0),(379,9184,0),(380,9185,0),(380,9186,0),(380,9187,0),(381,9188,0),(381,9189,0),(381,9190,0),(381,9191,0),(381,9191,1),(382,9191,1),(384,9191,1),(396,9191,1),(397,9191,1),(381,9192,0),(381,9193,0),(381,9194,0),(381,9195,0),(381,9196,0),(384,9198,0),(384,9199,0),(384,9200,0),(384,9201,0),(385,9202,0),(385,9203,0),(428,9203,0),(1160,9203,0),(1182,9203,0),(1182,9203,1),(386,9204,0),(386,9205,0),(386,9206,0),(386,9207,0),(1247,9208,0),(391,9214,0),(503,9215,0),(395,9216,0),(395,9217,0),(553,9217,0),(562,9217,0),(765,9217,0),(395,9218,0),(395,9219,0),(395,9220,0),(395,9221,0),(395,9222,0),(395,9223,0),(395,9224,0),(395,9225,0),(395,9226,0),(395,9227,0),(395,9228,0),(395,9229,0),(494,9229,0),(1245,9229,0),(1246,9229,0),(1249,9229,0),(395,9230,0),(1212,9230,0),(1213,9230,0),(1216,9230,0),(1217,9230,0),(1220,9230,0),(1221,9230,0),(1223,9230,0),(1224,9230,0),(1225,9230,0),(1228,9230,0),(395,9231,0),(395,9232,0),(395,9233,0),(1212,9233,0),(1215,9233,0),(1222,9233,0),(395,9234,0),(419,9234,0),(1246,9234,0),(396,9235,0),(397,9235,0),(396,9236,0),(397,9236,0),(396,9237,0),(397,9237,0),(396,9238,0),(397,9238,0),(443,9238,0),(758,9238,0),(396,9239,0),(397,9239,0),(396,9240,0),(397,9240,0),(396,9241,0),(397,9241,0),(396,9242,0),(397,9242,0),(396,9243,0),(397,9243,0),(758,9243,0),(396,9244,0),(397,9244,0),(396,9245,0),(397,9245,0),(435,9245,0),(436,9245,0),(1165,9245,0),(398,9246,0),(1248,9246,0),(502,9247,0),(401,9248,0),(442,9248,0),(786,9248,0),(1160,9248,0),(1182,9248,0),(402,9249,0),(414,9249,0),(404,9250,0),(404,9251,0),(503,9251,0),(404,9252,0),(404,9253,0),(481,9253,0),(590,9253,0),(404,9254,0),(404,9255,0),(404,9256,0),(404,9257,0),(404,9258,0),(404,9259,0),(404,9260,0),(404,9261,0),(505,9261,0),(404,9262,0),(404,9263,0),(1248,9263,0),(404,9264,0),(553,9264,0),(617,9264,0),(409,9266,0),(410,9266,0),(456,9270,0),(505,9280,0),(505,9281,0),(1249,9282,0),(411,9286,1),(415,9286,1),(427,9286,1),(487,9286,1),(791,9286,1),(1170,9287,0),(1161,9290,0),(1244,9290,0),(1247,9290,0),(1205,9291,0),(513,9292,0),(505,9296,0),(474,9307,0),(419,9314,0),(419,9315,0),(419,9316,0),(419,9317,0),(429,9317,0),(503,9317,0),(419,9318,0),(419,9319,0),(419,9320,0),(419,9321,0),(419,9322,0),(1170,9322,0),(419,9323,0),(419,9324,0),(419,9325,0),(419,9326,0),(419,9327,0),(423,9330,0),(423,9331,0),(423,9332,0),(423,9333,0),(423,9334,0),(423,9335,0),(1212,9335,0),(1216,9335,0),(1224,9335,0),(1246,9335,0),(423,9336,0),(423,9337,0),(424,9338,0),(1249,9338,0),(424,9339,0),(424,9340,0),(440,9340,0),(424,9341,0),(424,9342,0),(424,9343,0),(425,9344,0),(1158,9344,0),(425,9345,0),(1246,9345,0),(426,9346,0),(1244,9346,0),(1246,9346,0),(426,9347,0),(426,9348,0),(522,9348,0),(426,9349,0),(426,9350,0),(426,9351,0),(427,9352,0),(765,9352,0),(427,9353,0),(427,9354,0),(427,9355,0),(659,9355,0),(427,9356,0),(428,9357,0),(428,9358,0),(428,9359,0),(429,9360,0),(429,9361,0),(424,9362,0),(444,9362,0),(445,9362,0),(479,9362,0),(424,9363,0),(424,9364,0),(430,9365,0),(430,9366,0),(430,9367,0),(430,9368,0),(431,9369,0),(431,9369,1),(1179,9369,0),(431,9370,0),(1244,9370,0),(431,9371,0),(431,9372,0),(431,9373,0),(434,9376,0),(434,9377,0),(437,9378,0),(438,9379,0),(439,9380,0),(454,9380,0),(1198,9380,0),(1203,9380,0),(1246,9380,0),(440,9381,0),(479,9381,0),(440,9382,0),(440,9383,0),(440,9384,0),(1239,9384,0),(440,9385,0),(441,9386,0),(442,9386,0),(441,9387,0),(442,9387,0),(441,9388,0),(442,9388,0),(441,9389,0),(442,9390,0),(442,9390,1),(442,9391,0),(442,9391,1),(477,9391,0),(479,9391,0),(505,9391,0),(1193,9391,0),(1247,9391,0),(442,9392,1),(443,9393,0),(443,9394,0),(786,9394,0),(1229,9394,0),(448,9396,0),(1229,9396,0),(448,9397,0),(1229,9397,0),(448,9398,0),(448,9398,1),(449,9398,1),(491,9398,1),(448,9399,0),(448,9400,0),(448,9401,0),(448,9402,0),(448,9403,0),(448,9404,0),(448,9405,0),(448,9406,0),(448,9407,0),(494,9407,1),(592,9407,0),(592,9407,1),(786,9407,1),(1158,9407,1),(1190,9407,1),(1229,9407,1),(448,9408,0),(448,9409,0),(448,9410,0),(448,9411,0),(448,9412,0),(450,9413,0),(1248,9414,0),(1249,9418,0),(1246,9427,0),(1212,9429,0),(1213,9429,0),(1214,9429,0),(1215,9429,0),(1216,9429,0),(1217,9429,0),(1218,9429,0),(1219,9429,0),(1220,9429,0),(1221,9429,0),(1222,9429,0),(1223,9429,0),(1224,9429,0),(1225,9429,0),(1227,9429,0),(1228,9429,0),(1234,9429,0),(1233,9442,0),(1239,9442,0),(1246,9446,0),(1215,9454,0),(1218,9454,0),(1219,9454,0),(1220,9454,0),(1225,9454,0),(1226,9454,0),(1227,9454,0),(1238,9454,0),(1240,9456,0),(1247,9457,0),(1212,9458,0),(1214,9458,0),(1215,9458,0),(1216,9458,0),(1220,9458,0),(1222,9458,0),(1223,9458,0),(1224,9458,0),(1225,9458,0),(1226,9458,0),(1227,9458,0),(1199,9459,0),(1205,9460,0),(1214,9460,0),(1226,9460,0),(448,9463,0),(494,9463,0),(1190,9463,0),(448,9464,0),(448,9465,0),(452,9467,0),(454,9468,0),(454,9469,0),(454,9470,0),(1167,9471,0),(1249,9471,0),(456,9472,0),(457,9473,0),(458,9473,0),(473,9473,0),(457,9474,0),(458,9474,0),(457,9475,0),(458,9475,0),(1247,9475,0),(457,9476,0),(458,9476,0),(459,9477,0),(460,9478,0),(460,9479,0),(460,9480,0),(460,9481,0),(461,9481,0),(461,9482,0),(461,9483,0),(461,9484,1),(1206,9484,0),(462,9485,0),(462,9486,0),(462,9487,1),(462,9488,1),(464,9489,0),(471,9491,0),(472,9491,0),(472,9492,0),(1249,9492,0),(474,9493,0),(473,9494,0),(615,9494,0),(477,9495,0),(477,9496,0),(477,9497,0),(477,9498,0),(477,9499,0),(477,9500,0),(477,9501,0),(477,9502,0),(477,9503,0),(477,9504,0),(477,9505,0),(478,9506,0),(1210,9506,0),(1214,9506,0),(1238,9506,0),(478,9507,0),(479,9508,0),(479,9509,0),(479,9510,0),(1171,9510,0),(1249,9510,0),(479,9511,0),(479,9512,0),(615,9512,0),(1248,9512,0),(1249,9512,0),(479,9513,0),(479,9514,0),(479,9515,0),(479,9516,0),(479,9517,0),(479,9518,0),(479,9519,0),(479,9520,0),(479,9521,0),(479,9522,0),(479,9523,0),(479,9524,0),(786,9524,0),(963,9524,1),(1134,9524,0),(1134,9524,1),(479,9525,0),(479,9526,0),(479,9527,0),(479,9528,0),(479,9529,0),(1244,9529,0),(479,9530,0),(479,9531,0),(479,9532,0),(593,9532,0),(479,9533,0),(479,9534,0),(479,9535,0),(479,9536,0),(479,9537,0),(479,9538,0),(479,9539,0),(479,9540,0),(479,9541,0),(479,9542,0),(479,9543,0),(479,9544,0),(480,9544,0),(1190,9544,0),(479,9545,0),(479,9546,0),(479,9547,0),(479,9548,0),(1160,9548,0),(1246,9548,0),(479,9549,0),(479,9550,0),(479,9551,0),(479,9552,0),(479,9553,0),(479,9554,0),(479,9555,0),(479,9556,0),(479,9557,0),(479,9558,0),(479,9559,0),(479,9560,0),(479,9561,0),(1246,9561,0),(1249,9561,0),(479,9562,0),(480,9563,0),(480,9564,0),(1247,9564,0),(480,9565,0),(480,9566,0),(480,9567,0),(480,9568,0),(480,9569,0),(480,9570,0),(480,9571,0),(480,9572,0),(480,9573,0),(480,9574,1),(482,9574,1),(498,9574,1),(499,9574,1),(1170,9574,0),(481,9575,0),(481,9576,0),(481,9577,0),(483,9578,0),(484,9579,0),(484,9580,0),(484,9581,0),(484,9582,0),(484,9583,0),(484,9584,0),(1169,9584,0),(484,9585,0),(484,9586,0),(484,9587,0),(484,9588,0),(487,9589,0),(488,9590,0),(488,9591,0),(489,9592,0),(1249,9595,0),(1218,9597,0),(1227,9597,0),(1228,9597,0),(1196,9600,1),(1217,9601,0),(1223,9601,0),(1227,9601,0),(1228,9601,0),(1202,9608,0),(730,9630,0),(1200,9635,0),(1246,9637,0),(1249,9641,0),(1195,9645,0),(1197,9645,0),(1207,9645,0),(491,9649,0),(491,9650,0),(491,9651,0),(1215,9659,0),(1216,9659,0),(1220,9659,0),(1224,9659,0),(1227,9659,0),(1249,9688,0),(1167,9694,0),(494,9697,0),(1214,9697,0),(1217,9697,0),(1218,9697,0),(1220,9697,0),(1222,9697,0),(1228,9697,0),(494,9698,0),(494,9699,0),(494,9700,0),(494,9701,0),(494,9702,0),(1158,9702,0),(1229,9702,0),(494,9703,0),(494,9704,0),(494,9705,0),(494,9706,0),(494,9707,0),(494,9708,0),(494,9709,0),(1247,9726,0),(1214,9732,0),(1215,9732,0),(1218,9732,0),(1219,9732,0),(1220,9732,0),(1221,9732,0),(1222,9732,0),(1224,9732,0),(1226,9732,0),(1210,9733,0),(1249,9754,0),(502,9800,0),(502,9801,0),(762,9801,0),(502,9802,0),(617,9802,0),(502,9803,0),(502,9804,0),(503,9805,0),(1249,9806,0),(503,9807,0),(1247,9807,0),(503,9808,0),(503,9809,0),(503,9810,0),(503,9811,0),(503,9812,0),(503,9813,0),(503,9814,0),(1170,9814,0),(503,9815,0),(505,9848,0),(505,9849,0),(505,9850,0),(505,9850,1),(505,9851,0),(505,9852,0),(505,9853,0),(505,9854,0),(505,9855,0),(505,9856,0),(505,9857,0),(505,9858,0),(505,9859,0),(505,9860,0),(505,9861,0),(505,9862,0),(505,9863,0),(505,9864,0),(505,9865,0),(505,9866,0),(505,9867,0),(505,9868,0),(505,9869,0),(505,9870,0),(623,9870,0),(505,9871,0),(505,9872,0),(505,9873,0),(505,9874,0),(1232,9882,0),(1237,9882,0),(1175,9894,0),(1178,9894,0),(1187,9920,0),(1176,9933,1),(1178,9947,0),(513,9949,0),(513,9949,1),(1212,9953,0),(1218,9953,0),(1219,9953,0),(1220,9953,0),(1223,9953,0),(1224,9953,0),(1226,9953,0),(1227,9953,0),(1222,9987,0),(1163,9992,0),(1165,9992,0),(1169,9992,0),(1170,9992,0),(1173,9992,0),(1176,9992,0),(1177,9992,0),(1248,9992,0),(1244,9995,0),(1245,9995,0),(1235,10002,0),(1207,10006,0),(1247,10006,0),(1208,10016,0),(1247,10026,0),(1244,10040,0),(520,10041,0),(1127,10041,0),(1127,10041,1),(1128,10041,0),(1128,10041,1),(1129,10041,0),(1129,10041,1),(1249,10059,0),(530,10074,0),(1246,10085,0),(1249,10085,0),(1234,10087,0),(1216,10095,0),(1219,10095,0),(1222,10095,0),(1223,10095,0),(1224,10095,0),(1226,10095,0),(589,10099,0),(1249,10099,0),(1212,10101,0),(1213,10101,0),(1214,10101,0),(1215,10101,0),(1216,10101,0),(1217,10101,0),(1218,10101,0),(1219,10101,0),(1220,10101,0),(1221,10101,0),(1222,10101,0),(1223,10101,0),(1224,10101,0),(1225,10101,0),(1226,10101,0),(1227,10101,0),(1228,10101,0),(1247,10101,0),(1247,10102,0),(1247,10105,0),(1249,10105,0),(1196,10108,0),(694,10111,0),(694,10111,1),(634,10135,0),(634,10234,1),(635,10275,0),(635,10314,0),(1247,10343,0),(1246,10347,0),(1248,10370,0),(1208,10372,0),(1246,10372,0),(1246,10379,0),(1239,10385,0),(1244,10397,0),(1247,10400,0),(1248,10417,0),(634,10436,0),(1162,10463,0),(634,10578,0),(635,10633,0),(551,10671,0),(551,10672,0),(552,10673,0),(553,10674,0),(553,10675,0),(1248,10680,0),(1187,10689,0),(1184,10693,0),(1183,10698,0),(1184,10698,0),(1185,10698,0),(1186,10698,0),(1186,10698,1),(1183,10706,0),(1184,10706,0),(1185,10706,0),(1185,10706,1),(1186,10706,0),(1187,10706,0),(1184,10709,0),(1185,10709,0),(1186,10709,0),(1183,10712,0),(1187,10712,0),(1184,10716,0),(1187,10719,0),(1184,10721,0),(1187,10721,0),(1187,10724,0),(1187,10725,0),(1183,10731,0),(1187,10731,0),(1184,10734,0),(1185,10734,0),(1187,10734,0),(1186,10741,0),(1187,10741,0),(1184,10744,0),(1187,10744,0),(1187,10752,0),(1187,10757,0),(1187,10761,1),(1185,10762,0),(1183,10770,0),(558,10778,0),(558,10779,0),(558,10780,0),(558,10781,0),(1161,10782,0),(1221,10792,0),(1226,10792,0),(1247,10798,0),(1200,10819,0),(1247,10819,0),(1166,10821,0),(1199,10821,1),(1245,10821,0),(561,10824,0),(561,10825,0),(561,10826,0),(561,10827,0),(562,10827,0),(1207,10833,0),(1172,10834,0),(564,10844,1),(566,10846,0),(1213,10846,0),(1216,10846,0),(1219,10846,0),(1220,10846,0),(1221,10846,0),(1163,10851,0),(1248,10853,0),(1178,10854,1),(1169,10859,0),(1168,10860,0),(1231,10865,0),(1249,10865,0),(1195,10868,0),(1174,10892,0),(1246,10904,0),(1172,10907,1),(1177,10907,0),(1175,10908,0),(1246,10908,0),(1246,10912,0),(1247,10912,0),(1166,10915,0),(1170,10915,0),(1169,10916,0),(1175,10920,0),(1238,10920,1),(1163,10930,0),(1177,10930,0),(1218,10931,1),(1178,10946,1),(1246,10952,0),(1164,10957,0),(1167,10966,0),(1174,10973,0),(1224,10973,1),(1248,10973,0),(1249,10973,0),(1173,10982,0),(1249,10996,0),(1161,10997,0),(1245,10997,0),(1249,10997,0),(1198,11005,0),(1169,11018,0),(1246,11023,0),(589,11031,0),(591,11032,0),(592,11033,0),(592,11034,0),(593,11035,0),(593,11038,0),(593,11039,0),(593,11040,0),(593,11041,0),(634,11043,0),(634,11044,0),(1171,11207,0),(1246,11216,0),(1163,11223,0),(1219,11223,0),(1221,11223,0),(1227,11223,0),(1231,11223,0),(1239,11223,0),(1247,11223,0),(1233,11225,0),(1247,11226,0),(1249,11226,0),(1167,11235,0),(1170,11242,0),(1154,11258,0),(1176,11258,0),(1164,11263,0),(635,11345,0),(635,11396,0),(635,11397,0),(1212,11406,0),(1213,11406,0),(1214,11406,0),(1215,11406,0),(1216,11406,0),(1217,11406,0),(1218,11406,0),(1219,11406,0),(1220,11406,0),(1221,11406,0),(1222,11406,0),(1223,11406,0),(1224,11406,0),(1225,11406,0),(1226,11406,0),(1227,11406,0),(1228,11406,0),(623,11488,0),(623,11489,0),(623,11490,0),(623,11491,0),(623,11492,0),(623,11493,0),(623,11494,0),(623,11495,0),(623,11496,0),(623,11497,0),(623,11498,0),(623,11499,0),(623,11500,0),(623,11501,0),(623,11502,0),(623,11503,0),(634,11611,0),(635,11781,0),(1236,11846,0),(1246,11846,0),(634,11907,0),(634,12052,0),(623,12170,0),(1168,12173,0),(1247,12173,0),(635,12450,0),(633,12466,0),(634,12467,0),(634,12468,0),(634,12469,0),(634,12470,0),(634,12471,0),(634,12472,0),(634,12473,0),(634,12474,0),(634,12475,0),(634,12476,0),(634,12477,0),(634,12478,0),(634,12479,0),(634,12480,0),(634,12481,0),(634,12482,0),(634,12483,0),(634,12484,0),(634,12485,0),(634,12486,0),(634,12487,0),(634,12488,0),(634,12489,0),(634,12490,0),(634,12491,0),(634,12492,0),(634,12493,0),(634,12494,0),(634,12495,0),(634,12496,0),(634,12497,0),(634,12498,0),(634,12499,0),(634,12500,0),(634,12501,0),(634,12502,0),(634,12503,0),(634,12504,0),(634,12505,0),(634,12506,0),(634,12507,0),(634,12508,0),(634,12509,0),(634,12510,0),(634,12511,0),(634,12512,0),(634,12513,0),(634,12514,0),(634,12515,0),(634,12516,0),(634,12517,0),(634,12518,0),(634,12519,0),(634,12520,0),(634,12521,0),(634,12522,0),(634,12523,0),(634,12524,0),(634,12525,0),(634,12526,0),(634,12527,0),(634,12528,0),(634,12529,0),(634,12530,0),(634,12531,0),(634,12532,0),(634,12533,0),(634,12534,0),(634,12535,0),(634,12536,0),(634,12537,0),(634,12538,0),(634,12539,0),(634,12540,0),(634,12541,0),(634,12542,0),(634,12543,0),(634,12544,0),(634,12545,0),(634,12546,0),(634,12547,0),(634,12548,0),(634,12549,0),(634,12550,0),(634,12551,0),(634,12552,0),(634,12553,0),(634,12554,0),(634,12555,0),(634,12556,0),(634,12557,0),(634,12558,0),(634,12559,0),(634,12560,0),(634,12561,0),(634,12562,0),(634,12563,0),(634,12564,0),(634,12565,0),(634,12566,0),(634,12567,0),(634,12568,0),(634,12569,0),(634,12570,0),(634,12571,0),(634,12572,0),(634,12573,0),(634,12574,0),(634,12575,0),(634,12576,0),(634,12577,0),(634,12578,0),(634,12579,0),(634,12580,0),(634,12581,0),(634,12582,1),(634,12583,1),(634,12584,1),(634,12585,1),(635,12586,0),(635,12587,0),(635,12588,0),(635,12589,0),(635,12590,0),(635,12591,0),(635,12592,0),(635,12593,0),(635,12594,0),(635,12595,0),(635,12596,0),(635,12597,0),(635,12598,0),(635,12599,0),(635,12600,0),(635,12601,0),(635,12602,0),(635,12603,0),(635,12604,0),(635,12605,0),(635,12606,0),(635,12607,0),(635,12608,0),(635,12609,0),(635,12610,0),(635,12611,0),(635,12612,0),(635,12613,0),(635,12614,0),(635,12615,0),(635,12616,0),(635,12617,0),(635,12618,0),(635,12619,0),(635,12620,0),(635,12621,0),(635,12622,0),(635,12623,0),(635,12624,0),(635,12625,0),(635,12626,0),(635,12627,0),(635,12628,0),(635,12629,0),(635,12630,0),(635,12631,0),(635,12632,0),(635,12633,0),(635,12634,0),(635,12635,0),(635,12636,0),(635,12637,0),(635,12638,0),(635,12639,0),(635,12640,0),(635,12641,0),(635,12642,0),(635,12643,0),(635,12644,0),(635,12645,0),(635,12646,0),(635,12647,0),(635,12648,0),(635,12649,0),(635,12650,0),(635,12651,0),(635,12652,0),(635,12653,0),(635,12654,0),(635,12655,0),(635,12656,0),(635,12657,0),(635,12658,0),(635,12659,0),(635,12660,0),(635,12661,0),(635,12662,0),(635,12663,0),(635,12664,0),(635,12665,0),(635,12666,0),(635,12667,0),(635,12668,0),(635,12669,0),(635,12670,0),(635,12671,0),(635,12672,0),(635,12673,0),(635,12674,0),(635,12675,0),(635,12676,0),(635,12677,0),(635,12678,0),(635,12679,0),(635,12680,0),(635,12681,0),(635,12682,0),(635,12683,0),(635,12684,0),(635,12685,0),(635,12686,0),(635,12687,0),(635,12688,0),(635,12689,0),(635,12690,0),(635,12691,0),(635,12692,0),(635,12693,0),(635,12694,0),(635,12695,0),(635,12696,1),(1164,13058,0),(1173,13074,0),(1249,13075,0),(1249,13078,0),(1162,13094,0),(1246,13125,0),(645,13489,0),(646,13490,0),(647,13491,0),(647,13491,1),(647,13492,0),(1162,13998,0),(1166,14028,0),(1168,14028,0),(1179,14028,0),(1212,14028,0),(1214,14028,0),(1216,14028,0),(1217,14028,0),(1218,14028,0),(1221,14028,0),(1222,14028,0),(1223,14028,0),(1224,14028,0),(1226,14028,0),(1227,14028,0),(1247,14028,0),(1249,14028,0),(1249,14208,0),(659,14491,0),(659,14492,0),(659,14493,0),(659,14494,0),(1245,14494,0),(659,14495,0),(659,14496,0),(659,14497,0),(659,14498,1),(1174,14505,0),(757,14512,0),(757,14512,1),(1164,14515,0),(1246,14535,0),(1169,14805,0),(1212,14805,0),(1219,14805,0),(1220,14805,0),(1224,14805,0),(1226,14805,0),(1236,14805,0),(1204,14809,0),(1249,14812,0),(1246,14814,0),(1214,14939,0),(1220,14939,0),(1225,14939,0),(676,15283,0),(676,15284,0),(676,15285,0),(676,15286,0),(1198,15298,0),(1234,15298,0),(1249,15313,0),(1216,15335,0),(1218,15335,0),(1220,15335,0),(1223,15335,0),(1206,15342,0),(1172,15346,0),(1246,15355,0),(1174,15359,0),(1172,15365,0),(1249,15365,0),(680,15602,0),(1236,16086,0),(1238,16086,0),(1247,16086,0),(1212,16230,0),(1213,16230,0),(1214,16230,0),(1215,16230,0),(1218,16230,0),(1219,16230,0),(1220,16230,0),(1221,16230,0),(1222,16230,0),(1223,16230,0),(1225,16230,0),(1226,16230,0),(1247,16230,0),(1249,16230,0),(1170,16236,1),(1164,16249,0),(1169,16249,0),(1166,16256,0),(1170,16256,0),(1246,16260,0),(1249,16260,0),(1249,16279,0),(1183,16356,0),(1183,16356,1),(1184,16356,0),(1184,16356,1),(1185,16356,0),(1186,16356,0),(1187,16356,0),(1183,16357,0),(1184,16357,0),(1185,16357,0),(1186,16357,0),(1187,16357,0),(1184,16362,0),(1187,16367,0),(1184,16393,0),(1185,16393,0),(1187,16393,0),(1167,16401,0),(1182,16401,0),(1183,16401,0),(1184,16401,0),(1187,16401,0),(1199,16401,0),(1185,16404,0),(1185,16406,0),(1187,16407,0),(1184,16411,0),(1187,16413,0),(1187,16427,0),(1185,16439,1),(1186,16439,0),(1187,16439,0),(1183,16443,0),(1184,16443,0),(1185,16443,0),(1186,16443,0),(1187,16443,0),(1184,16444,0),(1185,16444,0),(1187,16444,1),(1183,16447,0),(1187,16448,0),(1187,16459,0),(1184,16462,0),(1187,16462,0),(1183,16470,0),(1183,16471,0),(1186,16475,0),(1186,16475,1),(1187,16475,0),(1184,16487,0),(1187,16487,0),(1185,16491,0),(1187,16491,0),(1185,16493,0),(1185,16496,0),(1187,16496,0),(1183,16498,0),(1184,16498,0),(1185,16498,0),(1186,16498,0),(1187,16498,0),(1248,16498,0),(1183,16499,0),(1184,16499,0),(1185,16499,0),(1186,16499,0),(1187,16499,0),(1185,16500,0),(1184,16502,1),(1185,16502,0),(1186,16502,0),(1183,16506,0),(1186,16514,0),(1184,16522,0),(1184,16525,0),(1187,16525,0),(1185,16526,0),(1186,16526,0),(1185,16534,0),(1187,16541,0),(1236,16552,0),(694,16696,0),(1163,16696,0),(1164,16696,0),(1165,16696,0),(1170,16696,0),(1172,16696,0),(1174,16696,0),(1175,16696,0),(1176,16696,0),(1177,16696,0),(694,16697,0),(1162,17120,0),(1162,17281,0),(760,17421,1),(963,17421,0),(704,17659,0),(1174,17907,0),(1163,17910,0),(1164,17910,0),(1165,17910,0),(1166,17910,0),(1167,17910,0),(1168,17910,0),(1171,17910,0),(1172,17910,0),(1173,17910,0),(1178,17910,0),(1165,17911,0),(1166,17911,0),(1234,17912,0),(1247,17912,0),(1249,17912,0),(1249,17920,0),(1246,17930,0),(1249,17933,0),(1247,17944,0),(1176,17954,0),(1155,18671,0),(1155,18671,1),(1164,18887,0),(757,18889,0),(1206,18889,0),(1214,18889,0),(1215,18889,0),(1222,18889,0),(1223,18889,0),(1199,18891,0),(1244,18894,0),(1247,18894,0),(1176,18988,0),(1246,18988,0),(1166,19126,0),(1169,19126,0),(1171,19126,0),(1172,19126,0),(1173,19126,0),(1174,19126,0),(1175,19126,0),(1176,19126,0),(1178,19126,0),(1179,19126,0),(1249,19128,0),(765,19200,0),(1175,19362,0),(1207,19362,0),(748,19658,0),(748,19659,0),(1162,19667,0),(1214,19689,0),(1217,19689,0),(1219,19689,0),(1200,19866,0),(757,20243,0),(757,20244,0),(757,20244,1),(757,20245,0),(757,20246,0),(1196,20246,0),(757,20247,0),(757,20248,0),(757,20249,0),(757,20250,0),(757,20251,0),(757,20252,0),(758,20253,0),(758,20254,0),(758,20254,1),(758,20255,0),(1232,20256,0),(1244,20256,0),(1246,20257,0),(1249,20257,0),(1163,20258,0),(1202,20258,0),(1249,20258,0),(760,20261,0),(761,20262,0),(762,20263,0),(765,20522,0),(765,20523,0),(765,20524,0),(765,20525,0),(765,20526,0),(765,20527,0),(1179,20527,0),(765,20528,0),(765,20529,0),(765,20530,0),(765,20531,0),(765,20532,0),(765,20533,0),(765,20534,0),(765,20535,1),(1214,20541,0),(1219,20541,0),(1220,20541,0),(1221,20541,0),(1222,20541,0),(1224,20541,0),(1226,20541,0),(1211,20550,1),(1249,21238,0),(1233,21412,0),(1238,21412,0),(1247,21412,0),(1249,21412,0),(1205,21594,0),(1247,21594,0),(1249,21594,0),(1162,21680,0),(1212,21814,0),(1213,21814,0),(1223,21814,0),(1226,21814,0),(1227,21814,0),(1247,21818,0),(1249,21818,0),(786,22076,0),(963,22076,0),(963,22076,1),(786,22077,0),(1172,22088,0),(1172,22094,0),(1175,22094,0),(1178,22094,0),(1166,22095,0),(1249,22095,0),(1170,22101,0),(1171,22101,0),(1177,22101,1),(1205,22102,0),(1177,22103,0),(1169,22105,0),(791,22196,0),(1162,22298,0),(1201,22299,0),(1175,22302,0),(1165,22307,0),(1168,22421,0),(1177,22421,0),(1169,22423,0),(1172,22433,0),(1215,22433,0),(1218,22433,0),(1219,22433,0),(1223,22433,0),(1224,22433,0),(1176,22435,0),(1249,22438,0),(1249,22440,0),(1247,22444,0),(1195,22445,0),(1246,22448,0),(1249,22448,0),(1245,22449,0),(1246,22458,0),(1249,22458,0),(1247,22469,0),(1196,22475,0),(1231,22475,0),(1239,22475,0),(1246,22475,0),(1247,22475,0),(1246,22476,0),(1168,22478,0),(1172,22478,0),(1205,22484,0),(1246,22484,0),(1233,22485,0),(1238,22497,0),(1245,22497,0),(1234,22498,0),(1247,22498,0),(1236,22500,0),(1247,22500,0),(1247,22501,0),(1204,22505,0),(1233,22509,0),(1240,22515,0),(1244,22515,0),(1249,22515,0),(1202,22518,0),(1233,22519,0),(1244,22519,0),(1177,22521,0),(1233,22523,0),(1164,22525,0),(1210,22528,0),(1247,22528,0),(1169,22530,0),(1247,22540,0),(1203,22640,0),(1246,22640,0),(1235,22641,0),(1163,22645,0),(1165,22645,0),(1167,22645,0),(1168,22645,0),(1173,22645,0),(1174,22645,0),(1175,22645,0),(1176,22645,0),(1177,22645,0),(1179,22645,0),(1165,22646,0),(1170,22646,0),(1248,22647,0),(1231,22649,0),(1232,22649,0),(1239,22649,0),(1245,22650,0),(1233,22653,0),(1246,22653,0),(1247,22655,0),(1201,22656,0),(1234,22656,0),(1203,22657,0),(1197,22661,0),(1201,22661,0),(1211,22661,0),(1249,22667,0),(1179,22675,0),(1158,22688,0),(1164,22690,0),(1208,22693,0),(1196,22702,0),(1236,22702,0),(1246,22708,0),(1205,22710,0),(1246,22710,0),(1249,22710,0),(1172,22716,0),(1246,22716,0),(1248,22716,0),(1249,22717,0),(1238,22720,0),(1238,22728,0),(1200,22730,1),(1240,22730,0),(1247,22730,0),(1184,22733,0),(1186,22733,0),(1183,22734,0),(1184,22734,0),(1185,22734,0),(1186,22734,0),(1183,22736,0),(1185,22736,0),(1185,22736,1),(1186,22736,0),(1187,22736,0),(1183,22737,0),(1184,22737,0),(1185,22737,0),(1186,22737,0),(1187,22737,0),(1186,22740,0),(1185,22742,0),(1184,22746,0),(1187,22746,0),(1185,22754,0),(1184,22755,0),(1183,22760,0),(1183,22760,1),(1184,22760,0),(1185,22760,0),(1186,22760,0),(1187,22760,0),(1187,22761,0),(1184,22772,0),(1187,22776,0),(1183,22786,0),(1184,22786,0),(1186,22786,0),(1187,22786,0),(1183,22787,0),(1185,22787,0),(1185,22787,1),(1187,22787,0),(1186,22788,0),(1184,22791,0),(1184,22792,0),(1183,22793,0),(1184,22793,0),(1187,22794,0),(1186,22795,0),(1187,22795,0),(1183,22796,0),(1184,22796,0),(1186,22796,0),(1187,22796,0),(1183,22797,0),(1184,22797,0),(1185,22797,0),(1185,22797,1),(1186,22797,0),(1187,22797,0),(1183,22798,0),(1184,22798,0),(1184,22798,1),(1186,22798,0),(1183,22803,0),(1183,22804,0),(1185,22804,0),(1186,22804,0),(1187,22804,0),(1183,22805,0),(1187,22805,0),(1184,22806,0),(1186,22806,0),(1187,22807,0),(1184,22808,0),(1185,22808,0),(1185,22810,0),(1185,22815,0),(1187,22815,0),(1183,22816,0),(1187,22817,0),(1187,22824,0),(1183,22832,0),(1184,22832,0),(1185,22832,0),(1186,22832,0),(1187,22832,0),(1187,22832,1),(1184,22833,0),(1185,22833,0),(1186,22833,0),(1187,22833,0),(1183,22837,0),(1183,22838,0),(1185,22838,0),(1186,22838,0),(1187,22838,0),(1186,22853,0),(1184,22862,0),(1183,22866,1),(1184,22866,0),(1185,22866,0),(1183,22869,0),(1184,22869,0),(1185,22869,0),(1186,22869,1),(1187,22871,0),(1187,22874,0),(1183,22886,0),(1163,22890,0),(1184,22899,0),(1187,22899,0),(1186,22907,0),(1186,22908,0),(1186,22912,0),(1186,22913,0),(1184,22924,0),(1184,22935,0),(1185,22935,0),(1187,22935,0),(1185,22941,0),(1186,22941,0),(1183,22957,0),(1187,22958,0),(1186,22959,0),(1185,22984,0),(1184,22992,0),(1169,22999,0),(1183,23000,0),(1184,23000,0),(1185,23000,0),(1187,23000,0),(1185,23009,0),(1185,23018,0),(1185,23019,0),(1185,23031,0),(1185,23032,0),(1186,23032,0),(1187,23045,0),(1186,23046,0),(1184,23048,0),(1185,23048,0),(1187,23052,0),(1184,23056,0),(1186,23056,0),(1183,23065,0),(1166,23086,0),(1168,23086,0),(1163,23087,0),(1174,23087,0),(1177,23087,0),(1248,23087,0),(1202,23097,0),(1165,23104,0),(1172,23104,0),(1177,23104,0),(1249,23104,0),(1167,23115,0),(1249,23127,0),(1199,23129,0),(1163,23241,0),(1167,23241,0),(1205,23241,0),(1162,23317,0),(1174,23724,0),(1160,23731,0),(1249,23840,0),(1184,23849,0),(1187,23849,0),(1186,23910,0),(1212,23938,0),(1213,23938,0),(1217,23938,0),(1218,23938,0),(1225,23938,0),(1228,23938,0),(1209,23956,0),(1246,24086,0),(1203,24107,0),(1249,24139,0),(1195,24396,0),(1163,24399,0),(1174,24399,0),(1177,24399,0),(1204,24399,0),(1238,24399,1),(1212,24400,0),(1213,24400,0),(1214,24400,0),(1215,24400,0),(1216,24400,0),(1217,24400,0),(1218,24400,0),(1219,24400,0),(1220,24400,0),(1221,24400,0),(1222,24400,0),(1223,24400,0),(1224,24400,0),(1225,24400,0),(1226,24400,0),(1227,24400,0),(1228,24400,0),(1239,24400,0),(1207,24404,0),(1249,24404,0),(1236,24418,0),(1246,24425,0),(1234,24437,0),(1244,24437,0),(1239,24449,0),(1160,24455,0),(1247,24456,0),(1246,24458,0),(1246,24463,0),(1247,24463,0),(1195,24464,0),(1244,24464,0),(1245,24464,0),(1165,24466,0),(1215,24466,1),(1163,24468,0),(1247,24470,0),(1248,24475,0),(1177,24477,0),(1167,24480,0),(1244,24483,0),(1231,24502,0),(1233,24502,0),(1231,24504,0),(1233,24504,0),(1240,24504,0),(1246,24504,0),(1247,24504,0),(1201,24507,0),(1211,24507,0),(1232,24507,0),(1239,24507,0),(1240,24507,0),(1247,24507,0),(1197,24510,0),(1232,24510,0),(1233,24510,0),(1236,24510,0),(1249,24512,0),(1207,24514,0),(1246,24520,0),(1210,24523,0),(1233,24523,0),(1244,24531,1),(1232,24537,0),(1238,24539,0),(1246,24549,0),(1208,24550,0),(1231,24554,0),(1233,24554,0),(1234,24554,0),(1235,24554,0),(1236,24554,0),(1237,24554,0),(1240,24554,0),(1244,24554,0),(1245,24554,0),(1247,24554,0),(1247,24554,1),(1170,24556,0),(963,24657,0),(963,24658,0),(963,24658,1),(963,24659,0),(963,24660,0),(1162,24689,1),(1173,25123,0),(1168,25133,0),(1163,25135,0),(1170,25135,0),(1169,25140,0),(1177,25140,0),(1170,25142,0),(1176,25160,0),(1236,25177,0),(1173,25184,0),(1170,25191,0),(1206,25191,0),(1249,25218,0),(1165,25222,0),(1173,25222,0),(1200,25243,0),(1174,25257,0),(1231,25264,0),(1247,25264,0),(1169,25267,0),(1196,25268,0),(1244,25311,0),(1245,25311,0),(1247,25311,0),(1249,25311,0),(1206,25343,0),(1232,25343,0),(1171,25465,0),(1179,25472,0),(1178,25490,0),(1168,25634,0),(1176,25634,0),(1244,25643,0),(1248,25665,0),(1247,25668,0),(1176,25672,0),(1177,25709,0),(1169,25715,0),(1174,25735,0),(1169,25736,0),(1174,25736,0),(1177,25736,0),(1166,25761,0),(1173,25761,0),(1166,25811,0),(1174,25811,0),(1178,25811,0),(1246,25813,0),(1199,25841,0),(1208,25841,0),(1246,25841,0),(1249,25841,0),(1165,25882,0),(1166,25882,0),(1175,25891,0),(1178,25891,0),(1175,25921,0),(1238,25937,0),(1246,25945,0),(1217,26004,0),(1220,26004,0),(1224,26004,0),(1174,26005,0),(1173,26017,0),(1174,26017,0),(1163,26046,0),(1244,26081,0),(1231,26082,1),(1233,26082,0),(1246,26129,0),(1198,26150,0),(1246,26150,0),(1212,26183,0),(1213,26183,0),(1214,26183,0),(1215,26183,0),(1216,26183,0),(1217,26183,0),(1218,26183,0),(1219,26183,0),(1220,26183,0),(1221,26183,0),(1222,26183,0),(1223,26183,0),(1224,26183,0),(1225,26183,0),(1226,26183,0),(1227,26183,0),(1228,26183,0),(1212,26195,0),(1213,26195,0),(1214,26195,0),(1215,26195,0),(1218,26195,0),(1220,26195,0),(1224,26195,0),(1227,26195,0),(1228,26195,0),(1246,26199,0),(1245,26222,0),(1246,26222,0),(1247,26222,0),(1249,26222,0),(1177,26224,0),(1160,26230,0),(1160,26247,0),(1245,26250,0),(1233,26260,0),(1203,26275,0),(1163,26276,0),(1179,26277,0),(1215,26294,0),(1224,26294,0),(1247,26513,0),(1212,26516,0),(1224,26516,0),(1160,26519,0),(1212,26519,0),(1213,26519,0),(1215,26519,0),(1216,26519,0),(1217,26519,0),(1218,26519,0),(1219,26519,0),(1220,26519,0),(1227,26519,0),(1245,26736,0),(1163,26738,0),(1244,26748,0),(1214,26756,0),(1215,26756,0),(1221,26756,0),(1222,26756,0),(1223,26756,0),(1168,26757,0),(1249,26768,0),(1205,26776,0),(1214,26784,0),(1221,26784,0),(1222,26784,0),(1223,26784,0),(1225,26784,0),(1227,26784,0),(1249,26797,0),(1176,26798,0),(1168,26818,0),(1214,26886,0),(1216,26886,0),(1218,26886,0),(1222,26886,0),(1245,26907,0),(1167,26911,0),(1175,26911,0),(1212,26914,0),(1214,26914,0),(1215,26914,0),(1216,26914,0),(1217,26914,0),(1221,26914,0),(1225,26914,0),(1226,26914,0),(1247,26919,0),(1249,26923,0),(1246,26932,0),(1165,26940,0),(1239,26946,0),(1165,26991,0),(1166,26991,0),(1167,26991,0),(1169,26991,0),(1170,26991,0),(1174,26991,0),(1175,26991,0),(1176,26991,0),(1177,26991,0),(1205,27009,1),(1205,27031,1),(1245,27052,0),(1249,27052,0),(1164,27060,0),(1178,27064,0),(1202,27126,0),(1232,27126,0),(1238,27126,0),(1175,27139,1),(1241,27179,0),(1164,27200,1),(1176,27200,0),(1249,27268,0),(1246,27276,0),(1213,27287,0),(1215,27287,0),(1216,27287,0),(1217,27287,0),(1220,27287,0),(1225,27287,0),(1161,27297,0),(1178,27308,0),(1167,27310,0),(1161,27312,0),(1246,27321,0),(1161,27345,0),(1246,27358,0),(1249,27373,0),(1172,27388,0),(1167,27393,0),(1175,27393,0),(1246,27393,0),(1245,27398,0),(1247,27398,0),(1245,27409,0),(1244,27412,0),(1177,27463,0),(1176,27486,0),(1215,27499,0),(1218,27499,0),(1221,27499,0),(1222,27499,0),(1245,27543,0),(1201,27569,0),(1244,27580,0),(1178,27628,0),(1244,27666,0),(1177,27674,0),(1246,27687,0),(1221,27714,0),(1223,27714,0),(1247,27717,0),(1238,27731,0),(1246,27745,0),(1171,27763,0),(1212,27768,0),(1214,27768,0),(1216,27768,0),(1217,27768,0),(1218,27768,0),(1219,27768,0),(1220,27768,0),(1223,27768,0),(1224,27768,0),(1225,27768,0),(1226,27768,0),(1228,27768,0),(1216,27769,0),(1220,27769,0),(1246,27787,0),(1247,27787,0),(1249,27787,0),(1244,27795,0),(1212,27804,0),(1213,27804,0),(1214,27804,0),(1215,27804,0),(1216,27804,0),(1217,27804,0),(1218,27804,0),(1219,27804,0),(1220,27804,0),(1221,27804,0),(1222,27804,0),(1223,27804,0),(1224,27804,0),(1225,27804,0),(1226,27804,0),(1227,27804,0),(1228,27804,0),(1246,27808,0),(1247,27808,0),(1244,27823,0),(1245,27847,0),(1249,27872,0),(1249,27873,0),(1172,27887,0),(1234,27889,0),(1215,27903,0),(1226,27903,0),(1247,27914,0),(1212,27925,0),(1213,27925,0),(1216,27925,0),(1220,27925,0),(1222,27925,0),(1225,27925,0),(1249,27928,0),(1249,27938,0),(1246,27945,0),(1249,27984,0),(1212,27987,0),(1215,27987,0),(1216,27987,0),(1217,27987,0),(1219,27987,0),(1221,27987,0),(1222,27987,0),(1224,27987,0),(1249,27987,0),(1161,27991,0),(1163,28075,0),(1249,28077,0),(1161,28093,0),(1246,28093,0),(1249,28100,0),(1215,28126,0),(1216,28126,0),(1222,28126,0),(1247,28151,0),(1249,28151,0),(1232,28173,0),(1161,28178,0),(1174,28179,0),(1199,28220,0),(1206,28220,0),(1245,28235,0),(1246,28253,0),(1179,28259,0),(1244,28275,0),(1214,28278,0),(1219,28278,0),(1221,28278,0),(1223,28278,0),(1227,28278,0),(1228,28278,0),(1210,28292,0),(1249,28296,0),(1168,28320,0),(1246,28320,0),(1217,28335,0),(1220,28335,0),(1226,28335,0),(1212,28341,0),(1213,28341,0),(1214,28341,0),(1215,28341,0),(1216,28341,0),(1217,28341,0),(1218,28341,0),(1219,28341,0),(1220,28341,0),(1221,28341,0),(1222,28341,0),(1223,28341,0),(1224,28341,0),(1225,28341,0),(1226,28341,0),(1227,28341,0),(1228,28341,0),(1246,28350,0),(1174,28410,0),(1249,28410,0),(1166,28413,0),(1240,28419,0),(1249,28419,0),(1246,28420,0),(1247,28440,0),(1212,28475,0),(1213,28475,0),(1214,28475,0),(1215,28475,0),(1216,28475,0),(1217,28475,0),(1218,28475,0),(1219,28475,0),(1220,28475,0),(1221,28475,0),(1222,28475,0),(1223,28475,0),(1224,28475,0),(1225,28475,0),(1226,28475,0),(1227,28475,0),(1228,28475,0),(1245,28477,0),(1160,28482,0),(1245,28483,0),(1249,28502,0),(1249,28510,0),(1236,28520,0),(1244,28525,0),(1172,28555,0),(1213,28561,0),(1224,28561,0),(1226,28561,0),(1212,28570,0),(1213,28570,0),(1214,28570,0),(1215,28570,0),(1216,28570,0),(1217,28570,0),(1218,28570,0),(1219,28570,0),(1220,28570,0),(1221,28570,0),(1222,28570,0),(1223,28570,0),(1224,28570,0),(1225,28570,0),(1226,28570,0),(1227,28570,0),(1228,28570,0),(1173,28571,0),(1187,28597,0),(1163,28600,0),(1164,28600,0),(1244,28610,0),(1244,28623,0),(1249,28656,0),(1249,28676,0),(1164,28679,0),(1249,28685,0),(1175,28719,0),(1233,28721,0),(1247,28721,0),(1249,28721,0),(1246,28729,0),(1249,28734,0),(1247,28736,0),(1217,28769,0),(1223,28769,0),(1247,28811,0),(1164,28818,0),(1207,28827,0),(1249,28827,0),(1246,28871,0),(1247,28871,0),(1246,28876,0),(1212,28902,0),(1213,28902,0),(1214,28902,0),(1215,28902,0),(1216,28902,0),(1217,28902,0),(1218,28902,0),(1219,28902,0),(1220,28902,0),(1221,28902,0),(1222,28902,0),(1223,28902,0),(1224,28902,0),(1225,28902,0),(1226,28902,0),(1227,28902,0),(1228,28902,0),(1249,28916,0),(1249,28929,0),(1246,28940,0),(1246,28951,0),(1212,28971,0),(1213,28971,0),(1214,28971,0),(1215,28971,0),(1216,28971,0),(1217,28971,0),(1218,28971,0),(1219,28971,0),(1220,28971,0),(1221,28971,0),(1222,28971,0),(1223,28971,0),(1224,28971,0),(1225,28971,0),(1226,28971,0),(1227,28971,0),(1228,28971,0),(1238,28976,0),(1249,28976,0),(1217,28984,0),(1247,28998,0),(1183,29013,0),(1206,29020,0),(1213,29067,0),(1217,29067,0),(1218,29067,0),(1220,29067,0),(1223,29067,0),(1224,29067,0),(1203,29068,0),(1244,29078,0),(1171,29089,0),(1244,29095,0),(1246,29095,0),(1240,29118,0),(1244,29118,0),(1245,29118,0),(1247,29118,0),(1241,29154,0),(1164,29182,0),(1245,29205,0),(1182,29228,0),(1246,29231,0),(1246,29245,0),(1172,29265,0),(1214,29274,1),(1247,29274,0),(1163,29338,0),(1238,29338,0),(1212,29342,0),(1213,29342,0),(1215,29342,0),(1216,29342,0),(1217,29342,0),(1219,29342,0),(1220,29342,0),(1222,29342,0),(1224,29342,0),(1225,29342,0),(1228,29342,0),(1173,29380,0),(1248,29380,0),(1246,29410,0),(1246,29493,0),(1167,29501,0),(1170,29501,0),(1176,29501,0),(1247,29528,0),(1177,29567,0),(1246,29575,0),(1247,29575,0),(1199,29597,0),(1244,29602,0),(1247,29602,0),(1216,29644,0),(1217,29644,0),(1218,29644,0),(1219,29644,0),(1223,29644,0),(1225,29644,0),(1226,29644,0),(1249,29667,0),(1239,29690,0),(1240,29690,0),(1247,29690,0),(1167,29694,0),(1249,29694,0),(1135,29760,0),(1135,29760,1),(1189,29760,1),(1191,29760,1),(1192,29760,1),(1249,29768,0),(1247,29787,0),(1249,29802,0),(1235,29806,0),(1249,29806,0),(1160,29808,0),(1160,29808,1),(1202,29808,0),(1247,29810,0),(1179,29827,0),(1245,29834,0),(1160,29840,0),(1244,29857,0),(1214,29864,0),(1221,29864,0),(1213,29868,0),(1218,29868,0),(1220,29868,0),(1226,29868,0),(1240,29869,0),(1247,29891,0),(1233,29902,0),(1178,29909,0),(1170,29922,0),(1171,29926,0),(1245,29938,0),(1249,29962,0),(1207,29963,0),(1249,29983,0),(1247,29994,0),(1249,29999,0),(1165,30004,1),(1240,30005,0),(1247,30032,0),(1168,30044,0),(1167,30061,0),(1244,30069,0),(1247,30076,0),(1179,30081,0),(1247,30090,0),(1160,30108,0),(1249,30134,0),(1248,30148,0),(1204,30175,0),(1246,30227,0),(1247,30227,0),(1219,30235,0),(1226,30235,0),(1227,30235,0),(1228,30270,0),(1248,30296,0),(1208,30315,0),(1249,30332,0),(1216,30339,0),(1219,30339,0),(1161,30342,0),(1249,30387,0),(1244,30391,0),(1246,30391,0),(1163,30395,0),(1160,30397,0),(1212,30401,0),(1219,30401,0),(1220,30401,0),(1213,30409,0),(1217,30409,0),(1227,30409,0),(1182,30427,0),(1244,30488,0),(1246,30507,0),(1178,30510,0),(1248,30537,0),(1213,30538,0),(1216,30538,0),(1221,30538,0),(1225,30538,0),(1246,30624,0),(1160,30628,0),(1175,30629,0),(1245,30630,0),(1165,30686,0),(1168,30689,0),(1213,30701,0),(1217,30701,0),(1218,30701,0),(1220,30701,0),(1225,30701,0),(1227,30701,0),(1236,30720,0),(1163,30722,0),(1249,30722,0),(1247,30724,0),(1246,30760,0),(1244,30777,0),(1212,30785,0),(1213,30785,0),(1218,30785,0),(1223,30785,0),(1228,30785,0),(1246,30789,0),(1164,30807,0),(1212,30817,0),(1213,30817,0),(1214,30817,0),(1215,30817,0),(1216,30817,0),(1217,30817,0),(1218,30817,0),(1219,30817,0),(1220,30817,0),(1221,30817,0),(1222,30817,0),(1223,30817,0),(1224,30817,0),(1225,30817,0),(1226,30817,0),(1227,30817,0),(1228,30817,0),(1197,30861,0),(1233,30887,0),(1160,30892,0),(1249,30923,0),(1212,30933,0),(1213,30933,0),(1214,30933,0),(1215,30933,0),(1216,30933,0),(1217,30933,0),(1218,30933,0),(1219,30933,0),(1220,30933,0),(1221,30933,0),(1222,30933,0),(1223,30933,0),(1224,30933,0),(1225,30933,0),(1226,30933,0),(1227,30933,0),(1228,30933,0),(1160,30945,0),(1249,30945,0),(1196,30966,0),(1246,30966,0),(1211,31028,0),(1212,31034,0),(1214,31034,0),(1227,31034,0),(1182,31044,0),(1182,31045,0),(1249,31046,0),(1247,31062,0),(1212,31101,0),(1213,31101,0),(1227,31101,0),(1249,31103,0),(1212,31136,0),(1222,31136,0),(1228,31136,0),(1245,31149,0),(1235,31158,0),(1237,31158,0),(1240,31158,0),(1247,31158,0),(1246,31165,0),(1215,31255,0),(1217,31255,0),(1221,31255,0),(1227,31255,0),(1168,31259,0),(1169,31259,0),(1232,31285,0),(1233,31285,0),(1236,31285,0),(1249,31285,0),(1212,31291,0),(1213,31291,0),(1214,31291,0),(1215,31291,0),(1216,31291,0),(1217,31291,0),(1218,31291,0),(1219,31291,0),(1220,31291,0),(1221,31291,0),(1222,31291,0),(1223,31291,0),(1224,31291,0),(1225,31291,0),(1226,31291,0),(1227,31291,0),(1228,31291,0),(1249,31309,0),(1201,31310,0),(1244,31314,0),(1247,31317,0),(1244,31378,0),(1249,31378,0),(1244,31405,0),(1249,31420,0),(1246,31449,0),(1167,31461,0),(1245,31611,0),(1235,31625,0),(1237,31625,0),(1240,31625,0),(1246,31634,0),(1239,31670,0),(1246,31733,0),(1246,31762,0),(1177,31772,0),(1156,31809,0),(1156,31809,1),(1244,31812,0),(1176,31824,0),(1155,31836,0),(1246,31863,0),(1174,31866,0),(1249,31876,0),(1187,31884,0),(1169,31891,0),(1236,31894,0),(1169,31918,0),(1174,31918,0),(1178,31918,0),(1179,31918,0),(1233,31925,1),(1247,31945,0),(1238,31961,0),(1163,31997,0),(1165,32021,0),(1165,32098,0),(1246,32151,0),(1167,32185,0),(1176,32194,0),(1177,32194,0),(1163,32201,0),(1170,32240,0),(1170,32242,0),(1249,32242,0),(1248,32253,0),(1213,32267,0),(1217,32267,0),(1218,32267,0),(1161,32280,0),(1173,32423,0),(1220,32425,0),(1221,32425,0),(1226,32425,0),(1164,32461,0),(1167,32487,0),(1169,32487,0),(1174,32487,0),(1178,32487,0),(1179,32487,0),(1246,32490,0),(1162,32557,0),(1213,32575,0),(1216,32575,0),(1217,32575,0),(1219,32575,0),(1221,32575,0),(1226,32575,0),(1227,32575,0),(1190,32599,0),(1164,32631,0),(1178,32635,0),(1239,32635,0),(1216,32649,1),(1170,32652,0),(1248,32659,0),(1183,32693,0),(1168,32804,0),(1166,32815,0),(1178,32843,0),(1245,32873,0),(1165,32893,0),(1172,32893,0),(1175,32893,0),(1229,32899,0),(1248,32899,0),(1178,32900,0),(1245,32903,0),(1247,32945,0),(1249,32945,0),(1247,32946,0),(1249,32946,0),(1246,32947,0),(1249,32947,0),(1246,32948,0),(1249,32948,0),(1248,32972,0),(1246,32982,0),(1244,32984,0),(1249,32987,0),(1247,32996,0),(1247,32997,0),(1244,33002,0),(1244,33004,0),(1245,33004,0),(1247,33004,0),(1249,33004,0),(1245,33005,0),(1246,33005,0),(1247,33005,0),(1249,33005,0),(1249,33021,0),(1246,33024,0),(1164,33031,1),(1244,33040,0),(1212,33045,0),(1213,33045,0),(1214,33045,0),(1215,33045,0),(1216,33045,0),(1217,33045,0),(1218,33045,0),(1219,33045,0),(1220,33045,0),(1221,33045,0),(1222,33045,0),(1223,33045,0),(1224,33045,0),(1225,33045,0),(1226,33045,0),(1227,33045,0),(1228,33045,0),(1212,33055,0),(1215,33055,0),(1225,33055,0),(1227,33055,0),(1228,33055,0),(1210,33058,0),(1239,33058,0),(1246,33062,0),(1247,33064,0),(1212,33068,0),(1213,33068,0),(1223,33068,0),(1226,33068,0),(1244,33077,0),(1245,33082,0),(1246,33091,0),(1244,33115,0),(1245,33115,0),(1233,33120,0),(1249,33143,0),(1246,33146,0),(1247,33146,0),(1246,33148,0),(1249,33148,0),(1244,33153,0),(1246,33153,0),(1247,33163,0),(1249,33163,0),(1246,33165,0),(1246,33167,0),(1207,33168,0),(1210,33168,0),(1235,33168,0),(1238,33168,0),(1239,33168,0),(1245,33168,0),(1245,33170,0),(1246,33173,0),(1249,33173,0),(1247,33181,0),(1247,33187,0),(1247,33207,0),(1244,33208,0),(1160,33211,0),(1247,33212,0),(1247,33219,0),(1239,33227,0),(1247,33349,0),(1246,33351,0),(1177,33365,0),(1207,33381,0),(1249,33381,0),(1235,33382,0),(1173,33383,0),(1208,33395,0),(1247,33395,0),(1244,33401,0),(1232,33408,0),(1233,33408,0),(1209,33410,0),(1239,33410,0),(1196,33421,0),(1247,33441,0),(1244,33448,0),(1249,33448,0),(1244,33451,0),(1240,33465,0),(1249,33471,0),(1247,33485,0),(1249,33485,0),(1207,33495,0),(1249,33508,0),(1244,33514,0),(1244,33518,0),(1236,33521,0),(1246,33527,0),(1239,33536,0),(1246,33537,0),(1247,33537,0),(1231,33543,0),(1244,33543,1),(1203,33546,1),(1247,33555,0),(1232,33559,0),(1236,33559,0),(1237,33559,0),(1238,33559,0),(1167,33575,0),(1172,33576,0),(1212,33576,0),(1224,33576,0),(1248,33587,0),(1246,33607,0),(1202,33646,0),(1220,33652,0),(1223,33652,0),(1226,33652,0),(1227,33652,0),(1228,33652,0),(1169,33663,0),(1207,33677,0),(1232,33677,0),(1246,33677,0),(1249,33677,0),(1244,33798,0),(1243,33799,0),(1168,33840,0),(1176,33840,0),(1166,33846,0),(1126,34110,0),(1130,34111,0),(1130,34111,1),(1131,34111,0),(1131,34111,1),(1132,34111,0),(1132,34111,1),(1130,34112,0),(1130,34112,1),(1131,34112,0),(1131,34112,1),(1132,34112,0),(1132,34112,1),(1132,34113,0),(1133,34114,0),(1133,34114,1),(1136,34114,0),(1136,34114,1),(1134,34115,0),(1135,34116,0),(1179,34173,0),(1167,34214,0),(1175,34226,0),(1178,34269,0),(1248,34281,0),(1248,34349,0),(1179,34357,0),(1214,34397,0),(1215,34397,0),(1219,34397,0),(1220,34397,0),(1222,34397,0),(1223,34397,0),(1227,34397,0),(1155,34407,0),(1241,34407,1),(1158,34494,0),(1158,34495,0),(1229,34495,0),(1245,34500,0),(1249,34500,0),(1160,34510,0),(1168,34510,0),(1220,34510,1),(1160,34511,0),(1160,34512,0),(1160,34512,1),(1160,34513,0),(1160,34514,0),(1160,34515,0),(1160,34516,0),(1160,34517,1),(1160,34518,1),(1161,34519,0),(1161,34520,0),(1161,34521,0),(1161,34522,0),(1161,34522,1),(1161,34523,0),(1161,34524,0),(1161,34525,0),(1161,34526,0),(1161,34527,0),(1161,34528,0),(1161,34529,0),(1162,34530,0),(1162,34531,0),(1162,34532,0),(1162,34533,0),(1162,34534,0),(1162,34535,0),(1162,34536,0),(1162,34537,0),(1162,34538,0),(1162,34538,1),(1162,34539,0),(1162,34540,0),(1162,34541,0),(1162,34542,0),(1162,34543,0),(1162,34544,0),(1162,34545,0),(1162,34546,0),(1162,34547,0),(1162,34548,0),(1162,34549,0),(1162,34550,0),(1162,34551,0),(1162,34552,0),(1162,34553,0),(1162,34554,0),(1162,34555,0),(1162,34556,0),(1162,34557,0),(1162,34558,0),(1162,34559,0),(1162,34560,0),(1162,34561,0),(1162,34562,0),(1162,34563,0),(1162,34564,0),(1162,34565,0),(1162,34566,0),(1162,34567,0),(1162,34568,1),(1162,34569,1),(1163,34571,0),(1163,34572,0),(1165,34572,0),(1166,34572,0),(1168,34572,0),(1169,34572,0),(1171,34572,0),(1174,34572,0),(1175,34572,0),(1176,34572,0),(1178,34572,0),(1179,34572,0),(1163,34573,0),(1169,34573,0),(1163,34574,0),(1169,34574,0),(1163,34575,0),(1163,34576,0),(1163,34577,0),(1163,34578,0),(1166,34578,0),(1163,34579,0),(1163,34580,0),(1163,34581,0),(1163,34582,0),(1174,34582,0),(1177,34582,0),(1163,34583,0),(1165,34583,0),(1166,34583,0),(1170,34583,0),(1171,34583,0),(1172,34583,0),(1173,34583,0),(1174,34583,0),(1176,34583,0),(1179,34583,0),(1163,34584,0),(1169,34584,0),(1163,34585,0),(1163,34586,0),(1163,34587,0),(1163,34588,1),(1164,34589,0),(1221,34589,1),(1164,34590,0),(1170,34590,0),(1164,34591,0),(1164,34592,0),(1164,34593,0),(1164,34594,0),(1164,34595,0),(1164,34596,0),(1164,34597,0),(1164,34598,0),(1164,34599,0),(1167,34599,0),(1169,34599,0),(1171,34599,0),(1176,34599,0),(1177,34599,0),(1178,34599,0),(1164,34600,0),(1164,34601,0),(1164,34602,0),(1164,34603,0),(1208,34603,0),(1246,34603,0),(1247,34603,0),(1164,34604,0),(1164,34605,0),(1169,34605,0),(1164,34606,0),(1164,34607,0),(1164,34608,0),(1164,34609,0),(1165,34610,0),(1165,34611,0),(1174,34611,0),(1165,34612,0),(1166,34612,0),(1168,34612,0),(1169,34612,0),(1170,34612,0),(1172,34612,0),(1173,34612,0),(1174,34612,0),(1175,34612,0),(1176,34612,0),(1177,34612,0),(1178,34612,0),(1179,34612,0),(1165,34613,0),(1166,34613,0),(1244,34613,0),(1165,34614,0),(1165,34615,0),(1213,34615,0),(1216,34615,0),(1222,34615,0),(1225,34615,0),(1227,34615,0),(1228,34615,0),(1165,34616,0),(1165,34617,0),(1178,34617,0),(1165,34618,0),(1165,34619,0),(1165,34620,0),(1165,34621,0),(1165,34622,0),(1165,34623,0),(1165,34624,0),(1173,34624,0),(1165,34625,0),(1165,34626,0),(1165,34627,0),(1165,34628,0),(1165,34629,0),(1165,34630,0),(1172,34630,0),(1177,34630,0),(1165,34631,0),(1172,34631,0),(1165,34632,0),(1172,34632,0),(1165,34633,0),(1165,34634,1),(1166,34635,0),(1166,34636,0),(1166,34637,0),(1175,34637,0),(1166,34638,0),(1175,34638,0),(1166,34639,0),(1173,34639,0),(1166,34640,0),(1170,34640,0),(1175,34640,0),(1166,34641,0),(1166,34642,0),(1166,34643,0),(1166,34644,0),(1166,34645,0),(1166,34646,0),(1166,34647,0),(1166,34648,0),(1171,34648,0),(1173,34648,0),(1176,34648,0),(1166,34649,0),(1171,34649,0),(1173,34649,0),(1167,34650,0),(1167,34651,0),(1170,34651,0),(1167,34652,0),(1170,34652,0),(1167,34653,0),(1167,34654,0),(1167,34655,0),(1177,34655,0),(1167,34656,0),(1167,34657,0),(1167,34658,0),(1167,34659,0),(1167,34660,0),(1167,34661,0),(1168,34661,0),(1167,34662,0),(1167,34663,0),(1175,34663,0),(1167,34664,1),(1168,34665,0),(1168,34666,0),(1168,34667,0),(1172,34667,0),(1173,34667,0),(1176,34667,0),(1177,34667,0),(1168,34668,0),(1168,34669,0),(1168,34670,0),(1168,34671,0),(1168,34672,0),(1168,34673,0),(1168,34674,0),(1172,34674,0),(1168,34675,0),(1168,34676,0),(1168,34677,0),(1168,34678,0),(1168,34679,0),(1168,34680,0),(1168,34681,0),(1169,34682,0),(1169,34683,0),(1169,34684,0),(1169,34685,0),(1169,34686,0),(1169,34687,0),(1169,34688,0),(1169,34689,0),(1169,34690,0),(1169,34691,0),(1169,34692,0),(1169,34693,0),(1170,34694,0),(1170,34695,0),(1170,34696,0),(1170,34697,0),(1170,34698,0),(1170,34699,0),(1170,34700,0),(1170,34701,0),(1170,34702,0),(1175,34702,0),(1170,34703,0),(1170,34704,0),(1212,34704,0),(1170,34705,0),(1171,34706,0),(1171,34707,0),(1171,34708,0),(1171,34709,0),(1171,34710,0),(1171,34711,0),(1171,34712,0),(1171,34713,0),(1171,34714,0),(1171,34715,0),(1171,34716,0),(1171,34717,0),(1171,34718,0),(1171,34719,0),(1171,34720,0),(1171,34721,0),(1171,34722,0),(1171,34723,0),(1171,34724,1),(1172,34725,0),(1172,34726,0),(1172,34727,0),(1172,34728,0),(1172,34729,0),(1172,34730,0),(1172,34731,0),(1172,34732,0),(1173,34732,0),(1174,34732,0),(1172,34733,0),(1172,34734,0),(1172,34735,0),(1172,34736,0),(1172,34737,0),(1172,34738,0),(1172,34739,0),(1172,34740,0),(1172,34741,0),(1172,34742,0),(1172,34743,0),(1172,34744,0),(1172,34745,0),(1172,34746,0),(1172,34747,0),(1172,34748,0),(1172,34749,0),(1172,34750,1),(1172,34751,1),(1173,34752,0),(1173,34753,0),(1173,34754,0),(1173,34755,0),(1173,34756,0),(1173,34757,0),(1173,34758,0),(1173,34759,0),(1173,34760,0),(1173,34761,0),(1173,34762,0),(1173,34763,0),(1173,34764,0),(1173,34765,0),(1173,34766,1),(1174,34767,0),(1174,34768,0),(1174,34769,0),(1174,34770,0),(1174,34771,0),(1174,34772,0),(1174,34773,0),(1174,34774,0),(1174,34775,0),(1174,34776,0),(1174,34777,0),(1174,34778,0),(1174,34779,0),(1174,34780,0),(1175,34781,0),(1175,34782,0),(1175,34783,0),(1175,34784,0),(1175,34785,0),(1175,34786,0),(1175,34787,0),(1175,34788,0),(1175,34789,0),(1175,34790,0),(1175,34791,0),(1175,34792,0),(1175,34793,0),(1175,34794,0),(1179,34794,0),(1175,34795,0),(1178,34795,0),(1175,34796,0),(1178,34796,0),(1175,34797,0),(1178,34797,0),(1175,34798,0),(1178,34798,0),(1176,34799,0),(1176,34800,0),(1199,34800,0),(1247,34800,0),(1176,34801,0),(1176,34802,0),(1214,34802,0),(1223,34802,0),(1227,34802,0),(1228,34802,0),(1176,34803,0),(1177,34803,0),(1176,34804,0),(1179,34804,0),(1176,34805,0),(1176,34806,0),(1176,34807,0),(1176,34808,0),(1176,34809,0),(1176,34810,0),(1176,34811,0),(1176,34812,0),(1176,34813,0),(1177,34814,0),(1177,34815,0),(1177,34816,0),(1177,34817,0),(1177,34818,0),(1177,34819,0),(1177,34820,0),(1177,34821,0),(1177,34822,0),(1177,34823,0),(1177,34824,0),(1178,34825,0),(1178,34826,0),(1178,34827,0),(1178,34828,0),(1178,34829,0),(1178,34830,0),(1178,34831,0),(1178,34832,0),(1178,34833,0),(1178,34834,0),(1178,34835,0),(1178,34836,0),(1178,34837,0),(1178,34838,0),(1178,34839,0),(1179,34840,0),(1179,34841,0),(1179,34842,0),(1179,34843,0),(1179,34844,0),(1179,34845,0),(1179,34846,0),(1179,34847,0),(1179,34848,0),(1179,34849,0),(1179,34850,0),(1179,34851,0),(1179,34852,0),(1179,34853,1),(1182,34858,1),(1183,34859,0),(1185,34859,0),(1183,34860,0),(1183,34861,0),(1183,34862,0),(1183,34863,0),(1183,34864,0),(1185,34864,0),(1183,34865,0),(1183,34866,0),(1183,34867,0),(1183,34868,0),(1183,34869,0),(1183,34870,0),(1183,34871,0),(1183,34872,0),(1183,34873,0),(1183,34874,0),(1183,34875,0),(1183,34876,0),(1183,34877,0),(1183,34878,0),(1183,34879,0),(1183,34880,0),(1183,34881,0),(1183,34882,0),(1183,34883,0),(1183,34884,0),(1183,34885,0),(1183,34886,0),(1183,34887,0),(1183,34888,0),(1187,34888,0),(1183,34889,0),(1183,34890,0),(1183,34891,1),(1184,34892,0),(1184,34893,0),(1184,34894,0),(1184,34895,0),(1184,34896,0),(1184,34897,0),(1184,34898,0),(1184,34899,0),(1184,34900,0),(1184,34901,0),(1184,34902,0),(1186,34902,0),(1184,34903,0),(1184,34904,0),(1184,34905,0),(1184,34906,0),(1184,34907,0),(1184,34908,0),(1184,34909,0),(1184,34910,0),(1184,34911,0),(1184,34912,0),(1184,34913,0),(1184,34914,0),(1184,34915,0),(1184,34916,0),(1184,34917,0),(1184,34918,0),(1184,34919,0),(1184,34920,0),(1184,34921,0),(1184,34922,0),(1184,34923,0),(1184,34924,1),(1185,34925,0),(1185,34926,0),(1185,34927,0),(1185,34928,0),(1185,34929,0),(1185,34930,0),(1185,34931,0),(1185,34932,0),(1185,34933,0),(1185,34934,0),(1185,34935,0),(1185,34936,0),(1185,34937,0),(1185,34938,0),(1185,34939,0),(1185,34940,0),(1185,34941,0),(1185,34942,0),(1185,34943,0),(1185,34944,0),(1185,34945,0),(1185,34946,0),(1185,34947,0),(1185,34948,0),(1185,34949,0),(1185,34950,0),(1185,34951,0),(1185,34952,0),(1185,34953,0),(1185,34954,0),(1185,34955,0),(1185,34956,0),(1185,34957,0),(1185,34958,0),(1185,34959,0),(1185,34960,0),(1185,34961,0),(1185,34962,0),(1185,34963,0),(1186,34964,0),(1186,34965,0),(1186,34966,0),(1186,34967,0),(1186,34968,0),(1186,34969,0),(1186,34970,0),(1186,34971,0),(1186,34972,0),(1186,34973,0),(1186,34974,0),(1186,34975,0),(1186,34976,0),(1186,34977,0),(1186,34978,0),(1186,34979,0),(1187,34980,0),(1187,34981,0),(1187,34982,0),(1187,34983,0),(1187,34984,0),(1187,34985,0),(1187,34986,0),(1187,34987,0),(1187,34988,0),(1187,34989,0),(1187,34990,0),(1187,34991,0),(1187,34992,0),(1188,34993,0),(1188,34994,0),(1188,34995,0),(1188,34996,1),(1189,34997,0),(1243,34997,0),(1190,34998,0),(1190,34999,0),(1235,34999,0),(1246,34999,0),(1190,35000,0),(1193,35001,0),(1193,35001,1),(1193,35002,0),(1193,35003,0),(1193,35004,0),(1194,35005,0),(1194,35006,0),(1195,35007,0),(1195,35008,0),(1196,35008,0),(1198,35008,0),(1199,35008,0),(1201,35008,0),(1202,35008,0),(1203,35008,0),(1205,35008,0),(1207,35008,0),(1208,35008,0),(1209,35008,0),(1211,35008,0),(1195,35009,0),(1196,35009,0),(1198,35009,0),(1199,35009,0),(1201,35009,0),(1202,35009,0),(1203,35009,0),(1204,35009,0),(1205,35009,0),(1207,35009,0),(1208,35009,0),(1209,35009,0),(1211,35009,0),(1195,35010,0),(1195,35011,0),(1195,35012,0),(1195,35013,0),(1195,35014,0),(1195,35015,0),(1195,35016,0),(1197,35016,0),(1198,35016,0),(1199,35016,0),(1200,35016,0),(1204,35016,0),(1206,35016,0),(1195,35017,0),(1196,35017,0),(1197,35017,0),(1198,35017,0),(1199,35017,0),(1200,35017,0),(1201,35017,0),(1202,35017,0),(1204,35017,0),(1206,35017,0),(1208,35017,0),(1209,35017,0),(1210,35017,0),(1195,35018,0),(1199,35018,0),(1202,35018,0),(1203,35018,0),(1204,35018,0),(1207,35018,0),(1208,35018,0),(1195,35019,0),(1199,35019,0),(1202,35019,0),(1203,35019,0),(1204,35019,0),(1207,35019,0),(1208,35019,0),(1195,35020,0),(1195,35021,0),(1195,35022,0),(1195,35023,1),(1196,35024,0),(1196,35025,0),(1196,35026,0),(1196,35027,0),(1196,35028,0),(1196,35029,0),(1196,35030,0),(1196,35031,0),(1200,35031,0),(1205,35031,0),(1209,35031,0),(1210,35031,0),(1211,35031,0),(1196,35032,0),(1196,35033,0),(1196,35034,0),(1197,35035,0),(1197,35036,0),(1205,35036,0),(1210,35036,0),(1211,35036,0),(1197,35037,0),(1197,35038,0),(1197,35039,0),(1200,35039,0),(1201,35039,0),(1202,35039,0),(1204,35039,0),(1206,35039,0),(1208,35039,0),(1209,35039,0),(1197,35040,0),(1197,35041,0),(1197,35042,1),(1197,35043,1),(1198,35044,0),(1245,35044,0),(1198,35045,0),(1198,35046,0),(1198,35047,0),(1198,35048,0),(1198,35049,0),(1198,35050,0),(1198,35051,0),(1198,35052,0),(1198,35053,0),(1198,35054,0),(1211,35054,0),(1237,35054,0),(1199,35055,0),(1199,35056,0),(1247,35056,0),(1199,35057,0),(1199,35058,0),(1199,35059,0),(1199,35060,0),(1199,35061,0),(1199,35062,0),(1199,35063,0),(1199,35064,1),(1200,35065,0),(1200,35066,0),(1200,35067,0),(1200,35068,0),(1200,35069,0),(1200,35070,0),(1200,35071,0),(1211,35071,0),(1246,35071,0),(1200,35072,0),(1200,35073,0),(1200,35074,0),(1200,35075,0),(1200,35076,0),(1200,35077,0),(1201,35078,0),(1201,35079,0),(1201,35080,0),(1201,35081,0),(1201,35082,0),(1249,35082,0),(1201,35083,0),(1201,35084,0),(1201,35085,0),(1201,35086,0),(1201,35087,0),(1201,35088,0),(1201,35089,0),(1202,35090,0),(1202,35091,0),(1202,35092,0),(1202,35093,0),(1202,35094,0),(1202,35095,0),(1202,35096,0),(1202,35097,0),(1202,35098,0),(1202,35099,0),(1202,35100,1),(1203,35101,0),(1203,35102,0),(1246,35102,0),(1247,35102,0),(1249,35102,0),(1203,35103,0),(1203,35104,0),(1203,35105,0),(1203,35106,0),(1203,35107,0),(1249,35107,0),(1203,35108,0),(1203,35109,0),(1203,35110,0),(1203,35111,0),(1204,35112,0),(1204,35113,0),(1204,35114,0),(1204,35115,0),(1204,35116,0),(1233,35116,0),(1204,35117,0),(1204,35118,0),(1204,35119,0),(1204,35120,0),(1247,35120,0),(1204,35121,0),(1204,35122,0),(1204,35123,0),(1205,35124,0),(1205,35125,0),(1205,35126,0),(1205,35127,0),(1205,35128,0),(1205,35129,0),(1205,35130,0),(1205,35131,0),(1205,35132,0),(1205,35133,0),(1205,35134,0),(1205,35135,0),(1206,35136,0),(1206,35137,0),(1206,35138,0),(1206,35139,0),(1206,35140,0),(1206,35141,0),(1206,35142,1),(1207,35143,0),(1207,35144,0),(1249,35144,0),(1207,35145,0),(1207,35146,0),(1207,35147,0),(1248,35147,0),(1207,35148,0),(1207,35149,0),(1207,35150,0),(1207,35151,0),(1207,35152,1),(1208,35153,0),(1237,35153,0),(1208,35154,0),(1208,35155,0),(1208,35156,0),(1247,35156,0),(1208,35157,0),(1233,35157,0),(1244,35157,0),(1208,35158,0),(1209,35159,0),(1212,35159,0),(1213,35159,0),(1214,35159,0),(1216,35159,0),(1219,35159,0),(1220,35159,0),(1221,35159,0),(1222,35159,0),(1224,35159,0),(1225,35159,0),(1227,35159,0),(1228,35159,0),(1237,35159,0),(1209,35160,0),(1209,35161,0),(1210,35161,0),(1209,35162,0),(1209,35163,0),(1209,35164,0),(1209,35165,0),(1209,35166,0),(1209,35167,0),(1209,35168,0),(1209,35169,0),(1209,35170,0),(1209,35171,0),(1209,35172,0),(1209,35173,0),(1209,35174,0),(1210,35175,0),(1210,35176,0),(1210,35177,0),(1210,35178,0),(1210,35179,0),(1232,35179,0),(1210,35180,0),(1210,35181,0),(1210,35182,0),(1210,35183,0),(1210,35184,0),(1210,35185,0),(1210,35186,0),(1231,35186,0),(1210,35187,1),(1211,35188,0),(1211,35189,0),(1211,35190,0),(1211,35191,0),(1211,35192,0),(1211,35193,0),(1211,35194,0),(1211,35195,0),(1211,35196,0),(1211,35197,0),(1211,35198,0),(1211,35199,0),(1211,35200,1),(1212,35201,0),(1213,35201,0),(1214,35201,0),(1215,35201,0),(1216,35201,0),(1217,35201,0),(1218,35201,0),(1219,35201,0),(1220,35201,0),(1221,35201,0),(1222,35201,0),(1223,35201,0),(1224,35201,0),(1225,35201,0),(1226,35201,0),(1227,35201,0),(1228,35201,0),(1212,35202,0),(1215,35202,0),(1217,35202,0),(1218,35202,0),(1224,35202,0),(1212,35203,0),(1218,35203,0),(1212,35204,0),(1212,35205,0),(1215,35205,0),(1220,35205,0),(1221,35205,0),(1222,35205,0),(1223,35205,0),(1224,35205,0),(1225,35205,0),(1226,35205,0),(1228,35205,0),(1212,35206,0),(1213,35206,0),(1215,35206,0),(1218,35206,0),(1220,35206,0),(1224,35206,0),(1212,35207,0),(1216,35207,0),(1219,35207,0),(1221,35207,0),(1222,35207,0),(1223,35207,0),(1224,35207,0),(1212,35208,0),(1216,35208,0),(1222,35208,0),(1223,35208,0),(1227,35208,0),(1212,35209,0),(1215,35209,0),(1223,35209,0),(1228,35209,0),(1212,35210,0),(1217,35210,0),(1228,35210,0),(1212,35211,0),(1214,35211,0),(1215,35211,0),(1216,35211,0),(1217,35211,0),(1218,35211,0),(1221,35211,0),(1222,35211,0),(1223,35211,0),(1224,35211,0),(1225,35211,0),(1226,35211,0),(1228,35211,0),(1212,35212,0),(1213,35212,0),(1214,35212,0),(1219,35212,0),(1225,35212,0),(1226,35212,0),(1212,35213,0),(1213,35213,0),(1214,35213,0),(1215,35213,0),(1216,35213,0),(1217,35213,0),(1218,35213,0),(1219,35213,0),(1220,35213,0),(1221,35213,0),(1222,35213,0),(1223,35213,0),(1224,35213,0),(1225,35213,0),(1226,35213,0),(1227,35213,0),(1228,35213,0),(1212,35214,0),(1213,35214,0),(1215,35214,0),(1216,35214,0),(1220,35214,0),(1226,35214,0),(1212,35215,0),(1220,35215,0),(1212,35216,0),(1213,35216,0),(1214,35216,0),(1215,35216,0),(1216,35216,0),(1217,35216,0),(1218,35216,0),(1219,35216,0),(1220,35216,0),(1221,35216,0),(1222,35216,0),(1223,35216,0),(1224,35216,0),(1225,35216,0),(1227,35216,0),(1228,35216,0),(1212,35217,0),(1213,35217,0),(1214,35217,0),(1215,35217,0),(1216,35217,0),(1217,35217,0),(1218,35217,0),(1219,35217,0),(1220,35217,0),(1221,35217,0),(1222,35217,0),(1223,35217,0),(1224,35217,0),(1225,35217,0),(1226,35217,0),(1227,35217,0),(1228,35217,0),(1212,35218,0),(1215,35218,0),(1223,35218,0),(1212,35219,0),(1213,35219,0),(1214,35219,0),(1215,35219,0),(1216,35219,0),(1217,35219,0),(1218,35219,0),(1219,35219,0),(1220,35219,0),(1221,35219,0),(1222,35219,0),(1223,35219,0),(1224,35219,0),(1225,35219,0),(1226,35219,0),(1227,35219,0),(1228,35219,0),(1212,35220,0),(1213,35220,0),(1220,35220,0),(1221,35220,0),(1228,35220,0),(1212,35221,0),(1213,35221,0),(1214,35221,0),(1215,35221,0),(1216,35221,0),(1217,35221,0),(1218,35221,0),(1219,35221,0),(1220,35221,0),(1221,35221,0),(1222,35221,0),(1223,35221,0),(1224,35221,0),(1225,35221,0),(1226,35221,0),(1227,35221,0),(1228,35221,0),(1212,35222,0),(1215,35222,0),(1223,35222,0),(1224,35222,0),(1226,35222,0),(1212,35223,0),(1214,35223,0),(1221,35223,0),(1222,35223,0),(1224,35223,0),(1226,35223,0),(1212,35224,0),(1213,35224,0),(1217,35224,0),(1218,35224,0),(1219,35224,0),(1220,35224,0),(1221,35224,0),(1225,35224,0),(1226,35224,0),(1212,35225,0),(1214,35225,0),(1216,35225,0),(1227,35225,0),(1228,35225,0),(1212,35226,0),(1217,35226,0),(1220,35226,0),(1221,35226,0),(1212,35227,0),(1213,35227,0),(1214,35227,0),(1215,35227,0),(1216,35227,0),(1217,35227,0),(1218,35227,0),(1219,35227,0),(1220,35227,0),(1221,35227,0),(1222,35227,0),(1223,35227,0),(1224,35227,0),(1225,35227,0),(1226,35227,0),(1227,35227,0),(1228,35227,0),(1212,35228,0),(1213,35228,0),(1214,35228,0),(1215,35228,0),(1216,35228,0),(1217,35228,0),(1218,35228,0),(1219,35228,0),(1220,35228,0),(1221,35228,0),(1222,35228,0),(1223,35228,0),(1224,35228,0),(1225,35228,0),(1226,35228,0),(1227,35228,0),(1228,35228,0),(1212,35229,0),(1218,35229,0),(1219,35229,0),(1221,35229,0),(1227,35229,0),(1212,35230,0),(1213,35230,0),(1214,35230,0),(1215,35230,0),(1216,35230,0),(1217,35230,0),(1218,35230,0),(1219,35230,0),(1220,35230,0),(1221,35230,0),(1222,35230,0),(1223,35230,0),(1224,35230,0),(1225,35230,0),(1226,35230,0),(1227,35230,0),(1228,35230,0),(1212,35231,0),(1215,35231,0),(1218,35231,0),(1220,35231,0),(1212,35232,0),(1216,35232,0),(1224,35232,0),(1212,35233,0),(1213,35233,0),(1214,35233,0),(1227,35233,0),(1228,35233,0),(1212,35234,0),(1214,35234,0),(1219,35234,0),(1227,35234,0),(1228,35234,0),(1212,35235,0),(1213,35235,0),(1214,35235,0),(1215,35235,0),(1216,35235,0),(1217,35235,0),(1218,35235,0),(1219,35235,0),(1220,35235,0),(1221,35235,0),(1222,35235,0),(1223,35235,0),(1224,35235,0),(1225,35235,0),(1226,35235,0),(1227,35235,0),(1228,35235,0),(1212,35236,0),(1213,35236,0),(1218,35236,0),(1221,35236,0),(1212,35237,0),(1213,35237,0),(1214,35237,0),(1215,35237,0),(1216,35237,0),(1217,35237,0),(1218,35237,0),(1219,35237,0),(1220,35237,0),(1221,35237,0),(1222,35237,0),(1223,35237,0),(1224,35237,0),(1225,35237,0),(1226,35237,0),(1227,35237,0),(1228,35237,0),(1212,35238,1),(1213,35239,0),(1221,35239,0),(1225,35239,0),(1228,35239,0),(1213,35240,0),(1215,35240,0),(1216,35240,0),(1217,35240,0),(1224,35240,0),(1226,35240,0),(1228,35240,0),(1213,35241,0),(1214,35241,0),(1218,35241,0),(1225,35241,0),(1213,35242,0),(1218,35242,0),(1225,35242,0),(1213,35243,0),(1214,35243,0),(1216,35243,0),(1217,35243,0),(1218,35243,0),(1219,35243,0),(1222,35243,0),(1224,35243,0),(1225,35243,0),(1226,35243,0),(1227,35243,0),(1228,35243,0),(1213,35244,0),(1216,35244,0),(1218,35244,0),(1219,35244,0),(1220,35244,0),(1222,35244,0),(1223,35244,0),(1224,35244,0),(1225,35244,0),(1226,35244,0),(1227,35244,0),(1213,35245,0),(1216,35245,0),(1217,35245,0),(1218,35245,0),(1219,35245,0),(1226,35245,0),(1227,35245,0),(1228,35245,0),(1213,35246,0),(1214,35246,0),(1215,35246,0),(1218,35246,0),(1219,35246,0),(1220,35246,0),(1221,35246,0),(1223,35246,0),(1224,35246,0),(1225,35246,0),(1226,35246,0),(1227,35246,0),(1213,35247,0),(1214,35247,0),(1215,35247,0),(1218,35247,0),(1219,35247,0),(1220,35247,0),(1225,35247,0),(1213,35248,0),(1214,35248,0),(1217,35248,0),(1219,35248,0),(1224,35248,0),(1213,35249,0),(1214,35249,0),(1215,35249,0),(1216,35249,0),(1217,35249,0),(1218,35249,0),(1219,35249,0),(1222,35249,0),(1224,35249,0),(1225,35249,0),(1227,35249,0),(1228,35249,0),(1213,35250,0),(1216,35250,0),(1217,35250,0),(1218,35250,0),(1220,35250,0),(1222,35250,0),(1224,35250,0),(1226,35250,0),(1213,35251,0),(1238,35251,0),(1213,35252,1),(1214,35253,0),(1215,35253,0),(1217,35253,0),(1222,35253,0),(1224,35253,0),(1225,35253,0),(1227,35253,0),(1228,35253,0),(1214,35254,0),(1216,35254,0),(1222,35254,0),(1223,35254,0),(1224,35254,0),(1225,35254,0),(1227,35254,0),(1228,35254,0),(1214,35255,0),(1218,35255,0),(1221,35255,0),(1214,35256,0),(1218,35256,0),(1219,35256,0),(1227,35256,0),(1228,35256,0),(1214,35257,0),(1217,35257,0),(1218,35257,0),(1219,35257,0),(1221,35257,0),(1223,35257,0),(1225,35257,0),(1227,35257,0),(1228,35257,0),(1214,35258,0),(1218,35258,0),(1219,35258,0),(1220,35258,0),(1221,35258,0),(1214,35259,0),(1215,35259,0),(1222,35259,0),(1227,35259,0),(1214,35260,0),(1221,35260,0),(1228,35260,0),(1214,35261,0),(1215,35261,0),(1218,35261,0),(1222,35261,0),(1224,35261,0),(1225,35261,0),(1214,35262,0),(1215,35262,0),(1222,35262,0),(1223,35262,0),(1224,35262,0),(1228,35262,0),(1214,35263,0),(1215,35263,0),(1218,35263,0),(1225,35263,0),(1226,35263,0),(1214,35264,0),(1215,35264,0),(1220,35264,0),(1225,35264,0),(1246,35264,0),(1214,35265,0),(1215,35265,0),(1216,35265,0),(1219,35265,0),(1220,35265,0),(1226,35265,0),(1214,35266,0),(1215,35266,0),(1219,35266,0),(1222,35266,0),(1227,35266,0),(1228,35266,0),(1214,35267,0),(1218,35267,0),(1223,35267,0),(1224,35267,0),(1214,35268,1),(1215,35269,0),(1226,35269,0),(1215,35270,0),(1217,35270,0),(1218,35270,0),(1215,35271,0),(1217,35271,0),(1221,35271,0),(1222,35271,0),(1225,35271,0),(1215,35272,0),(1222,35272,0),(1223,35272,0),(1227,35272,0),(1215,35273,0),(1216,35273,0),(1221,35273,0),(1222,35273,0),(1225,35273,0),(1215,35274,0),(1216,35274,0),(1220,35274,0),(1222,35274,0),(1227,35274,0),(1228,35274,0),(1215,35275,1),(1215,35276,1),(1215,35277,1),(1216,35278,0),(1222,35278,0),(1226,35278,0),(1216,35279,0),(1217,35279,0),(1219,35279,0),(1221,35279,0),(1222,35279,0),(1225,35279,0),(1216,35280,0),(1225,35280,0),(1227,35280,0),(1216,35281,0),(1218,35281,0),(1222,35281,0),(1216,35282,0),(1219,35282,0),(1222,35282,0),(1216,35283,0),(1218,35283,0),(1222,35283,0),(1223,35283,0),(1216,35284,0),(1219,35284,0),(1223,35284,0),(1225,35284,0),(1226,35284,0),(1216,35285,0),(1217,35285,0),(1225,35285,0),(1228,35285,0),(1216,35286,0),(1246,35286,0),(1216,35287,0),(1220,35287,0),(1226,35287,0),(1216,35288,1),(1216,35289,1),(1217,35290,0),(1227,35290,0),(1228,35290,0),(1217,35291,0),(1220,35291,0),(1217,35292,0),(1220,35292,0),(1221,35292,0),(1223,35292,0),(1227,35292,0),(1217,35293,0),(1219,35293,0),(1221,35293,0),(1223,35293,0),(1225,35293,0),(1217,35294,0),(1217,35295,0),(1219,35295,0),(1224,35295,0),(1225,35295,0),(1226,35295,0),(1217,35296,0),(1223,35296,0),(1224,35296,0),(1225,35296,0),(1245,35296,0),(1246,35296,0),(1217,35297,1),(1217,35298,1),(1218,35299,0),(1225,35299,0),(1228,35299,0),(1218,35300,0),(1222,35300,0),(1224,35300,0),(1226,35300,0),(1227,35300,0),(1228,35300,0),(1218,35301,0),(1219,35301,0),(1220,35301,0),(1224,35301,0),(1227,35301,0),(1218,35302,0),(1218,35303,1),(1219,35304,0),(1223,35304,0),(1219,35305,0),(1221,35305,0),(1222,35305,0),(1226,35305,0),(1227,35305,0),(1219,35306,0),(1227,35306,0),(1219,35307,1),(1219,35308,1),(1220,35309,0),(1221,35309,0),(1224,35309,0),(1226,35309,0),(1220,35310,0),(1220,35311,1),(1221,35312,0),(1223,35312,0),(1221,35313,0),(1222,35313,0),(1224,35313,0),(1225,35313,0),(1221,35314,0),(1224,35314,0),(1227,35314,0),(1221,35315,1),(1222,35316,1),(1222,35317,1),(1246,35317,0),(1223,35318,1),(1223,35319,1),(1224,35320,0),(1224,35321,1),(1225,35322,1),(1225,35323,1),(1226,35324,0),(1226,35325,1),(1226,35326,1),(1227,35327,0),(1227,35328,1),(1227,35329,1),(1228,35330,1),(1228,35331,1),(1229,35332,0),(1230,35333,0),(1230,35334,1),(1231,35335,0),(1234,35335,0),(1236,35335,0),(1231,35336,0),(1231,35337,0),(1233,35337,0),(1231,35338,0),(1240,35338,0),(1231,35339,0),(1239,35339,0),(1240,35339,1),(1231,35340,0),(1231,35341,0),(1232,35341,0),(1231,35342,1),(1234,35342,1),(1235,35342,0),(1244,35342,0),(1232,35343,0),(1232,35344,0),(1238,35344,0),(1240,35344,0),(1232,35345,0),(1232,35346,0),(1232,35347,0),(1237,35347,0),(1238,35347,0),(1232,35348,0),(1247,35348,0),(1232,35349,0),(1232,35350,0),(1232,35351,0),(1232,35352,0),(1239,35352,0),(1247,35352,0),(1232,35353,0),(1232,35354,0),(1232,35355,0),(1232,35356,0),(1232,35357,0),(1232,35358,0),(1239,35358,0),(1247,35358,0),(1232,35359,0),(1232,35360,0),(1233,35360,0),(1233,35361,0),(1233,35362,0),(1233,35363,0),(1233,35364,0),(1233,35365,0),(1233,35366,0),(1233,35367,0),(1233,35368,0),(1249,35368,0),(1249,35368,1),(1233,35369,1),(1244,35369,0),(1233,35370,1),(1244,35370,0),(1234,35371,0),(1234,35372,0),(1234,35373,0),(1234,35374,0),(1234,35375,0),(1234,35376,0),(1236,35376,0),(1237,35376,0),(1238,35376,0),(1239,35376,0),(1240,35376,0),(1246,35376,0),(1235,35377,0),(1235,35378,0),(1235,35379,0),(1237,35379,0),(1247,35379,0),(1235,35380,0),(1235,35381,0),(1235,35382,0),(1235,35383,0),(1235,35384,0),(1235,35385,0),(1235,35386,0),(1235,35387,0),(1235,35388,0),(1247,35388,0),(1249,35388,0),(1235,35389,0),(1235,35390,0),(1235,35391,1),(1235,35392,1),(1236,35393,0),(1236,35394,0),(1236,35395,0),(1237,35395,1),(1244,35395,0),(1236,35396,0),(1236,35397,0),(1236,35398,0),(1236,35399,0),(1236,35400,0),(1237,35400,0),(1247,35400,0),(1249,35400,0),(1236,35401,0),(1245,35401,0),(1236,35402,0),(1246,35402,0),(1236,35403,0),(1236,35404,0),(1236,35405,0),(1247,35405,0),(1236,35406,0),(1236,35407,0),(1236,35408,0),(1238,35408,0),(1236,35409,1),(1247,35409,0),(1237,35410,0),(1239,35410,0),(1237,35411,0),(1239,35411,0),(1237,35412,0),(1239,35412,0),(1237,35413,0),(1237,35414,0),(1237,35415,0),(1237,35416,0),(1237,35417,0),(1237,35418,0),(1238,35419,0),(1238,35420,0),(1238,35421,0),(1238,35422,0),(1244,35422,0),(1247,35422,0),(1238,35423,0),(1238,35424,0),(1238,35425,0),(1238,35426,0),(1238,35427,1),(1239,35428,0),(1239,35429,0),(1239,35430,0),(1239,35431,0),(1239,35432,0),(1239,35433,0),(1245,35433,1),(1239,35434,0),(1239,35435,0),(1239,35436,0),(1239,35437,0),(1239,35438,0),(1239,35439,0),(1239,35440,0),(1239,35441,0),(1240,35442,0),(1240,35443,0),(1240,35444,0),(1240,35445,0),(1240,35446,0),(1246,35446,0),(1240,35447,0),(1241,35448,0),(1241,35449,0),(1244,35450,0),(1244,35451,0),(1244,35452,0),(1244,35453,0),(1244,35454,0),(1244,35455,0),(1244,35456,0),(1244,35457,0),(1244,35458,0),(1244,35459,0),(1244,35460,0),(1244,35461,0),(1244,35462,0),(1244,35463,0),(1244,35464,0),(1244,35465,0),(1244,35466,0),(1244,35467,0),(1244,35468,0),(1244,35469,0),(1244,35470,0),(1246,35470,0),(1244,35471,0),(1244,35472,0),(1244,35473,0),(1244,35474,0),(1244,35475,0),(1244,35476,0),(1244,35477,0),(1244,35478,0),(1244,35479,0),(1244,35480,0),(1244,35481,0),(1244,35482,0),(1244,35483,0),(1244,35484,0),(1244,35485,0),(1244,35486,0),(1244,35487,0),(1244,35488,0),(1244,35489,0),(1244,35490,0),(1244,35491,0),(1244,35492,0),(1244,35493,0),(1244,35494,0),(1244,35495,0),(1244,35496,0),(1244,35497,0),(1244,35498,0),(1244,35499,0),(1244,35500,0),(1244,35501,0),(1244,35502,0),(1244,35503,0),(1244,35504,0),(1244,35505,0),(1244,35506,0),(1244,35507,0),(1244,35508,0),(1244,35509,0),(1244,35510,0),(1244,35511,0),(1244,35512,0),(1244,35513,0),(1244,35514,0),(1244,35515,0),(1244,35516,0),(1244,35517,0),(1244,35518,0),(1244,35519,0),(1244,35520,0),(1244,35521,0),(1244,35522,0),(1244,35523,0),(1244,35524,0),(1244,35525,0),(1244,35526,0),(1246,35526,0),(1244,35527,0),(1249,35527,0),(1244,35528,0),(1244,35529,0),(1244,35530,0),(1244,35531,0),(1244,35532,0),(1244,35533,0),(1244,35534,0),(1244,35535,0),(1244,35536,0),(1244,35537,0),(1244,35538,0),(1244,35539,0),(1244,35540,0),(1244,35541,0),(1244,35542,0),(1244,35543,0),(1244,35544,0),(1244,35545,0),(1244,35546,0),(1244,35547,0),(1244,35548,0),(1244,35549,0),(1244,35550,0),(1244,35551,0),(1247,35551,0),(1244,35552,0),(1244,35553,0),(1244,35554,0),(1244,35555,0),(1244,35556,0),(1244,35557,0),(1244,35558,0),(1244,35559,0),(1244,35560,0),(1244,35561,0),(1244,35562,0),(1244,35563,0),(1244,35564,0),(1244,35565,0),(1244,35566,0),(1244,35567,0),(1244,35568,0),(1244,35569,0),(1244,35570,0),(1244,35571,0),(1244,35572,0),(1244,35573,0),(1244,35574,0),(1244,35575,0),(1244,35576,0),(1244,35577,0),(1244,35578,0),(1244,35579,0),(1244,35580,0),(1244,35581,0),(1244,35582,0),(1244,35583,0),(1244,35584,0),(1244,35585,0),(1244,35586,0),(1244,35587,0),(1244,35588,0),(1244,35589,0),(1244,35590,0),(1244,35591,0),(1244,35592,0),(1244,35593,0),(1244,35594,0),(1249,35594,0),(1244,35595,0),(1244,35596,0),(1244,35597,0),(1244,35598,0),(1244,35599,0),(1244,35600,0),(1244,35601,0),(1244,35602,0),(1244,35603,0),(1244,35604,0),(1244,35605,0),(1244,35606,0),(1244,35607,0),(1245,35608,0),(1245,35609,0),(1245,35610,0),(1245,35611,0),(1245,35612,0),(1245,35613,0),(1245,35614,0),(1245,35615,0),(1245,35616,0),(1245,35617,0),(1245,35618,0),(1245,35619,0),(1245,35620,0),(1245,35621,0),(1245,35622,0),(1245,35623,0),(1245,35624,0),(1245,35625,0),(1245,35626,0),(1247,35626,0),(1245,35627,0),(1245,35628,0),(1245,35629,0),(1245,35630,0),(1245,35631,0),(1245,35632,0),(1245,35633,0),(1245,35634,0),(1245,35635,0),(1245,35636,0),(1245,35637,0),(1245,35638,0),(1245,35639,0),(1245,35640,0),(1245,35641,0),(1245,35642,0),(1245,35643,0),(1245,35644,0),(1245,35645,0),(1245,35646,0),(1245,35647,0),(1245,35648,0),(1245,35649,0),(1245,35650,0),(1245,35651,0),(1245,35652,0),(1249,35652,0),(1245,35653,0),(1245,35654,0),(1245,35655,0),(1247,35655,0),(1245,35656,0),(1245,35657,0),(1245,35658,0),(1245,35659,0),(1245,35660,0),(1245,35661,0),(1245,35662,0),(1245,35663,0),(1245,35664,0),(1245,35665,0),(1245,35666,0),(1245,35667,0),(1245,35668,0),(1245,35669,0),(1245,35670,0),(1245,35671,0),(1245,35672,0),(1245,35673,0),(1245,35674,0),(1245,35675,0),(1245,35676,0),(1245,35677,0),(1245,35678,0),(1245,35679,0),(1245,35680,0),(1245,35681,0),(1245,35682,0),(1245,35683,0),(1245,35684,0),(1245,35685,0),(1245,35686,0),(1245,35687,0),(1245,35688,0),(1245,35689,0),(1245,35690,0),(1245,35691,0),(1245,35692,0),(1245,35693,0),(1249,35693,0),(1245,35694,0),(1245,35695,0),(1245,35696,0),(1245,35697,0),(1245,35698,0),(1245,35699,0),(1245,35700,0),(1245,35701,0),(1245,35702,0),(1245,35703,0),(1245,35704,0),(1245,35705,0),(1245,35706,0),(1245,35707,0),(1245,35708,0),(1245,35709,0),(1245,35710,0),(1245,35711,0),(1245,35712,0),(1246,35713,0),(1246,35713,1),(1246,35714,0),(1246,35715,0),(1246,35716,0),(1246,35717,0),(1246,35718,0),(1246,35719,0),(1246,35720,0),(1246,35721,0),(1246,35722,0),(1246,35723,0),(1246,35724,0),(1246,35725,0),(1246,35726,0),(1246,35727,0),(1249,35727,0),(1246,35728,0),(1246,35729,0),(1246,35730,0),(1246,35731,0),(1246,35732,0),(1246,35733,0),(1246,35734,0),(1246,35735,0),(1246,35736,0),(1246,35737,0),(1246,35738,0),(1246,35739,0),(1246,35740,0),(1246,35741,0),(1246,35742,0),(1246,35743,0),(1246,35744,0),(1246,35745,0),(1246,35746,0),(1246,35747,0),(1246,35748,0),(1246,35749,0),(1246,35750,0),(1246,35751,0),(1246,35752,0),(1246,35753,0),(1246,35754,0),(1249,35754,0),(1246,35755,0),(1246,35756,0),(1246,35757,0),(1246,35758,0),(1246,35759,0),(1246,35760,0),(1246,35761,0),(1246,35762,0),(1246,35763,0),(1246,35764,0),(1246,35765,0),(1247,35765,0),(1246,35766,0),(1246,35767,0),(1246,35768,0),(1246,35769,0),(1246,35770,0),(1246,35771,0),(1246,35772,0),(1246,35773,0),(1247,35773,0),(1246,35774,0),(1246,35775,0),(1246,35776,0),(1246,35777,0),(1246,35778,0),(1246,35779,0),(1247,35779,0),(1249,35779,0),(1246,35780,0),(1246,35781,0),(1246,35782,0),(1246,35783,0),(1246,35784,0),(1246,35785,0),(1246,35786,0),(1246,35787,0),(1246,35788,0),(1246,35789,0),(1246,35790,0),(1246,35791,0),(1249,35791,0),(1246,35792,0),(1246,35793,0),(1246,35794,0),(1246,35795,0),(1246,35796,0),(1246,35797,0),(1246,35798,0),(1246,35799,0),(1247,35799,0),(1249,35799,0),(1246,35800,0),(1246,35801,0),(1246,35802,0),(1246,35803,0),(1246,35804,0),(1246,35805,0),(1246,35806,0),(1246,35807,0),(1246,35808,0),(1246,35809,0),(1246,35810,0),(1246,35811,0),(1246,35812,0),(1246,35813,0),(1246,35814,0),(1246,35815,0),(1246,35816,0),(1246,35817,0),(1249,35817,0),(1246,35818,0),(1246,35819,0),(1246,35820,0),(1246,35821,0),(1246,35822,0),(1249,35822,0),(1246,35823,0),(1249,35823,0),(1247,35824,0),(1249,35824,0),(1247,35825,0),(1249,35825,0),(1247,35826,0),(1247,35827,0),(1247,35828,0),(1247,35829,0),(1247,35830,0),(1247,35831,0),(1247,35832,0),(1247,35833,0),(1247,35834,0),(1247,35835,0),(1247,35836,0),(1247,35837,0),(1247,35838,0),(1247,35839,0),(1247,35840,0),(1247,35841,0),(1247,35842,0),(1247,35843,0),(1247,35844,0),(1247,35845,0),(1247,35846,0),(1247,35847,0),(1247,35848,0),(1247,35849,0),(1247,35850,0),(1247,35851,0),(1247,35852,0),(1247,35853,0),(1247,35854,0),(1247,35855,0),(1247,35856,0),(1247,35857,0),(1247,35858,0),(1247,35859,0),(1247,35860,0),(1247,35861,0),(1247,35862,0),(1247,35863,0),(1247,35864,0),(1247,35865,0),(1247,35866,0),(1247,35867,0),(1247,35868,0),(1247,35869,0),(1247,35870,0),(1247,35871,0),(1247,35872,0),(1247,35873,0),(1247,35874,0),(1247,35875,0),(1247,35876,0),(1247,35877,0),(1247,35878,0),(1247,35879,0),(1247,35880,0),(1247,35881,0),(1247,35882,0),(1247,35883,0),(1247,35884,0),(1247,35885,0),(1247,35886,0),(1247,35887,0),(1247,35888,0),(1247,35889,0),(1247,35890,0),(1247,35891,0),(1247,35892,0),(1247,35893,0),(1247,35894,0),(1247,35895,0),(1247,35896,0),(1247,35897,0),(1247,35898,0),(1247,35899,0),(1247,35900,0),(1247,35901,0),(1247,35902,0),(1247,35903,0),(1247,35904,0),(1247,35905,0),(1247,35906,0),(1247,35907,0),(1247,35908,0),(1247,35909,0),(1247,35910,0),(1247,35911,0),(1247,35912,0),(1247,35913,0),(1247,35914,0),(1247,35915,0),(1247,35916,0),(1247,35917,0),(1247,35918,0),(1247,35919,0),(1247,35920,0),(1247,35921,0),(1247,35922,0),(1249,35922,0),(1247,35923,0),(1247,35924,0),(1247,35925,0),(1247,35926,0),(1247,35927,0),(1247,35928,0),(1248,35929,0),(1248,35930,0),(1248,35931,0),(1248,35932,0),(1248,35933,0),(1248,35934,0),(1248,35935,0),(1248,35936,0),(1248,35937,0),(1248,35938,0),(1248,35939,0),(1248,35940,0),(1248,35941,0),(1248,35942,0),(1248,35943,0),(1248,35944,0),(1248,35945,0),(1248,35946,0),(1248,35947,0),(1248,35948,0),(1248,35949,0),(1248,35950,0),(1248,35951,0),(1248,35952,0),(1248,35953,0),(1248,35954,0),(1248,35955,0),(1248,35956,0),(1248,35957,0),(1248,35958,0),(1248,35959,0),(1248,35960,0),(1248,35961,0),(1248,35962,0),(1248,35963,0),(1248,35964,0),(1248,35965,0),(1248,35966,0),(1248,35967,0),(1249,35968,0),(1249,35969,0),(1249,35970,0),(1249,35971,0),(1249,35972,0),(1249,35973,0),(1249,35974,0),(1249,35975,0),(1249,35976,0),(1249,35977,0),(1249,35978,0),(1249,35979,0),(1249,35980,0),(1249,35981,0),(1249,35982,0),(1249,35983,0),(1249,35984,0),(1249,35985,0),(1249,35986,0),(1249,35987,0),(1249,35988,0),(1249,35989,0),(1249,35990,0),(1249,35991,0),(1249,35992,0),(1249,35993,0),(1249,35994,0),(1249,35995,0),(1249,35996,0),(1249,35997,0),(1249,35998,0),(1249,35999,0),(1249,36000,0),(1249,36001,0),(1249,36002,0),(1249,36003,0),(1249,36004,0),(1249,36005,0),(1249,36006,0),(1249,36007,0),(1249,36008,0),(1249,36009,0),(1249,36010,0),(1249,36011,0),(1249,36012,0),(1249,36013,0),(1249,36014,0),(1249,36015,0),(1249,36016,0),(1249,36017,0),(1249,36018,0),(1249,36019,0),(1249,36020,0),(1249,36021,0),(1249,36022,0),(1249,36023,0),(1249,36024,0),(1249,36025,0),(1249,36026,0),(1249,36027,0),(1249,36028,0),(1249,36029,0),(1249,36030,0),(1249,36031,0),(1249,36032,0),(1249,36033,0),(1249,36034,0),(1249,36035,0),(1249,36036,0),(1249,36037,0),(1249,36038,0),(1249,36039,0),(1249,36040,0),(1249,36041,0),(1249,36042,0),(1249,36043,0),(1249,36044,0),(1249,36045,0),(1249,36046,0),(1249,36047,0),(1249,36048,0),(1249,36049,0),(1249,36050,0),(1249,36051,0),(1249,36052,0),(1249,36053,0),(1249,36054,0),(1249,36055,0),(1249,36056,0),(1249,36057,0),(1249,36058,0),(1249,36059,0),(1249,36060,0),(1249,36061,0),(1249,36062,0),(1249,36063,0),(1249,36064,0),(1249,36065,0),(1249,36066,0),(1249,36067,0),(1249,36068,0),(1249,36069,0),(1249,36070,0),(1249,36071,0),(1249,36072,0),(1249,36073,0),(1249,36074,0),(1249,36075,0),(1249,36076,0),(1249,36077,0),(1249,36078,0),(1249,36079,0),(1249,36080,0),(1249,36081,0),(1249,36082,0),(1249,36083,0),(1249,36084,0),(1249,36085,0),(1249,36086,0),(1249,36087,0),(1249,36088,0),(1249,36089,0),(1249,36090,0),(1249,36091,0),(1249,36092,0),(1249,36093,0),(1249,36094,0),(1249,36095,0),(1249,36096,0),(1249,36097,0),(1249,36098,0),(1249,36099,0),(1249,36100,0),(1249,36101,0),(1249,36102,0);

--
-- Table structure for table `phpbb_sessions_keys`
--

CREATE TABLE `phpbb_sessions_keys` (
  `key_id` char(32) COLLATE utf8_bin NOT NULL DEFAULT '',
  `user_id` mediumint(8) unsigned NOT NULL DEFAULT '0',
  `last_ip` varchar(40) COLLATE utf8_bin NOT NULL DEFAULT '',
  `last_login` int(11) unsigned NOT NULL DEFAULT '0',
  PRIMARY KEY (`key_id`,`user_id`),
  KEY `last_login` (`last_login`)
) ENGINE=MyISAM DEFAULT CHARSET=utf8 COLLATE=utf8_bin;

--
-- Dumping data for table `phpbb_sessions_keys`
--

INSERT INTO `phpbb_sessions_keys` VALUES ('75c9ab5ee898db3dbcc76dbe03066d0a',4767,'209.180.135.182',1270874805);

--
-- Table structure for table `phpbb_sitelist`
--

CREATE TABLE `phpbb_sitelist` (
  `site_id` mediumint(8) unsigned NOT NULL AUTO_INCREMENT,
  `site_ip` varchar(40) COLLATE utf8_bin NOT NULL DEFAULT '',
  `site_hostname` varchar(255) COLLATE utf8_bin NOT NULL DEFAULT '',
  `ip_exclude` tinyint(1) unsigned NOT NULL DEFAULT '0',
  PRIMARY KEY (`site_id`)
) ENGINE=MyISAM DEFAULT CHARSET=utf8 COLLATE=utf8_bin;

--
-- Dumping data for table `phpbb_sitelist`
--


--
-- Table structure for table `phpbb_smilies`
--

CREATE TABLE `phpbb_smilies` (
  `smiley_id` mediumint(8) unsigned NOT NULL AUTO_INCREMENT,
  `code` varchar(50) COLLATE utf8_bin NOT NULL DEFAULT '',
  `emotion` varchar(50) COLLATE utf8_bin NOT NULL DEFAULT '',
  `smiley_url` varchar(50) COLLATE utf8_bin NOT NULL DEFAULT '',
  `smiley_width` smallint(4) unsigned NOT NULL DEFAULT '0',
  `smiley_height` smallint(4) unsigned NOT NULL DEFAULT '0',
  `smiley_order` mediumint(8) unsigned NOT NULL DEFAULT '0',
  `display_on_posting` tinyint(1) unsigned NOT NULL DEFAULT '1',
  PRIMARY KEY (`smiley_id`),
  KEY `display_on_post` (`display_on_posting`)
) ENGINE=MyISAM AUTO_INCREMENT=43 DEFAULT CHARSET=utf8 COLLATE=utf8_bin;

--
-- Dumping data for table `phpbb_smilies`
--

INSERT INTO `phpbb_smilies` VALUES (1,':D','Very Happy','icon_e_biggrin.gif',15,17,1,1),(2,':-D','Very Happy','icon_e_biggrin.gif',15,17,2,1),(3,':grin:','Very Happy','icon_e_biggrin.gif',15,17,3,1),(4,':)','Smile','icon_e_smile.gif',15,17,4,1),(5,':-)','Smile','icon_e_smile.gif',15,17,5,1),(6,':smile:','Smile','icon_e_smile.gif',15,17,6,1),(7,';)','Wink','icon_e_wink.gif',15,17,7,1),(8,';-)','Wink','icon_e_wink.gif',15,17,8,1),(9,':wink:','Wink','icon_e_wink.gif',15,17,9,1),(10,':(','Sad','icon_e_sad.gif',15,17,10,1),(11,':-(','Sad','icon_e_sad.gif',15,17,11,1),(12,':sad:','Sad','icon_e_sad.gif',15,17,12,1),(13,':o','Surprised','icon_e_surprised.gif',15,17,13,1),(14,':-o','Surprised','icon_e_surprised.gif',15,17,14,1),(15,':eek:','Surprised','icon_e_surprised.gif',15,17,15,1),(16,':shock:','Shocked','icon_eek.gif',15,17,16,1),(17,':?','Confused','icon_e_confused.gif',15,17,17,1),(18,':-?','Confused','icon_e_confused.gif',15,17,18,1),(19,':???:','Confused','icon_e_confused.gif',15,17,19,1),(20,'8-)','Cool','icon_cool.gif',15,17,20,1),(21,':cool:','Cool','icon_cool.gif',15,17,21,1),(22,':lol:','Laughing','icon_lol.gif',15,17,22,1),(23,':x','Mad','icon_mad.gif',15,17,23,1),(24,':-x','Mad','icon_mad.gif',15,17,24,1),(25,':mad:','Mad','icon_mad.gif',15,17,25,1),(26,':P','Razz','icon_razz.gif',15,17,26,1),(27,':-P','Razz','icon_razz.gif',15,17,27,1),(28,':razz:','Razz','icon_razz.gif',15,17,28,1),(29,':oops:','Embarrassed','icon_redface.gif',15,17,29,1),(30,':cry:','Crying or Very Sad','icon_cry.gif',15,17,30,1),(31,':evil:','Evil or Very Mad','icon_evil.gif',15,17,31,1),(32,':twisted:','Twisted Evil','icon_twisted.gif',15,17,32,1),(33,':roll:','Rolling Eyes','icon_rolleyes.gif',15,17,33,1),(34,':!:','Exclamation','icon_exclaim.gif',15,17,34,1),(35,':?:','Question','icon_question.gif',15,17,35,1),(36,':idea:','Idea','icon_idea.gif',15,17,36,1),(37,':arrow:','Arrow','icon_arrow.gif',15,17,37,1),(38,':|','Neutral','icon_neutral.gif',15,17,38,1),(39,':-|','Neutral','icon_neutral.gif',15,17,39,1),(40,':mrgreen:','Mr. Green','icon_mrgreen.gif',15,17,40,1),(41,':geek:','Geek','icon_e_geek.gif',17,17,41,1),(42,':ugeek:','Uber Geek','icon_e_ugeek.gif',17,18,42,1);

--
-- Table structure for table `phpbb_styles`
--

CREATE TABLE `phpbb_styles` (
  `style_id` smallint(4) unsigned NOT NULL AUTO_INCREMENT,
  `style_name` varchar(255) COLLATE utf8_bin NOT NULL DEFAULT '',
  `style_copyright` varchar(255) COLLATE utf8_bin NOT NULL DEFAULT '',
  `style_active` tinyint(1) unsigned NOT NULL DEFAULT '1',
  `template_id` smallint(4) unsigned NOT NULL DEFAULT '0',
  `theme_id` smallint(4) unsigned NOT NULL DEFAULT '0',
  `imageset_id` smallint(4) unsigned NOT NULL DEFAULT '0',
  PRIMARY KEY (`style_id`),
  UNIQUE KEY `style_name` (`style_name`),
  KEY `template_id` (`template_id`),
  KEY `theme_id` (`theme_id`),
  KEY `imageset_id` (`imageset_id`)
) ENGINE=MyISAM AUTO_INCREMENT=4 DEFAULT CHARSET=utf8 COLLATE=utf8_bin;

--
-- Dumping data for table `phpbb_styles`
--

INSERT INTO `phpbb_styles` VALUES (1,'prosilver','© phpBB Group',1,1,1,1),(2,'subsilver2','© 2005 phpBB Group',1,2,2,2),(3,'Bl@ck','Seven ALive',1,3,3,3);

--
-- Table structure for table `phpbb_styles_imageset`
--

CREATE TABLE `phpbb_styles_imageset` (
  `imageset_id` smallint(4) unsigned NOT NULL AUTO_INCREMENT,
  `imageset_name` varchar(255) COLLATE utf8_bin NOT NULL DEFAULT '',
  `imageset_copyright` varchar(255) COLLATE utf8_bin NOT NULL DEFAULT '',
  `imageset_path` varchar(100) COLLATE utf8_bin NOT NULL DEFAULT '',
  PRIMARY KEY (`imageset_id`),
  UNIQUE KEY `imgset_nm` (`imageset_name`)
) ENGINE=MyISAM AUTO_INCREMENT=4 DEFAULT CHARSET=utf8 COLLATE=utf8_bin;

--
-- Dumping data for table `phpbb_styles_imageset`
--

INSERT INTO `phpbb_styles_imageset` VALUES (1,'prosilver','&copy; phpBB Group','prosilver'),(2,'subsilver2','&copy; phpBB Group, 2003','subsilver2'),(3,'Bl@ck','Seven ALive','Bl@ck');

--
-- Table structure for table `phpbb_styles_imageset_data`
--

CREATE TABLE `phpbb_styles_imageset_data` (
  `image_id` smallint(4) unsigned NOT NULL AUTO_INCREMENT,
  `image_name` varchar(200) COLLATE utf8_bin NOT NULL DEFAULT '',
  `image_filename` varchar(200) COLLATE utf8_bin NOT NULL DEFAULT '',
  `image_lang` varchar(30) COLLATE utf8_bin NOT NULL DEFAULT '',
  `image_height` smallint(4) unsigned NOT NULL DEFAULT '0',
  `image_width` smallint(4) unsigned NOT NULL DEFAULT '0',
  `imageset_id` smallint(4) unsigned NOT NULL DEFAULT '0',
  PRIMARY KEY (`image_id`),
  KEY `i_d` (`imageset_id`)
) ENGINE=MyISAM AUTO_INCREMENT=240 DEFAULT CHARSET=utf8 COLLATE=utf8_bin;

--
-- Dumping data for table `phpbb_styles_imageset_data`
--

INSERT INTO `phpbb_styles_imageset_data` VALUES (1,'site_logo','site_logo.gif','',52,139,1),(2,'forum_link','forum_link.gif','',27,27,1),(3,'forum_read','forum_read.gif','',27,27,1),(4,'forum_read_locked','forum_read_locked.gif','',27,27,1),(5,'forum_read_subforum','forum_read_subforum.gif','',27,27,1),(6,'forum_unread','forum_unread.gif','',27,27,1),(7,'forum_unread_locked','forum_unread_locked.gif','',27,27,1),(8,'forum_unread_subforum','forum_unread_subforum.gif','',27,27,1),(9,'topic_moved','topic_moved.gif','',27,27,1),(10,'topic_read','topic_read.gif','',27,27,1),(11,'topic_read_mine','topic_read_mine.gif','',27,27,1),(12,'topic_read_hot','topic_read_hot.gif','',27,27,1),(13,'topic_read_hot_mine','topic_read_hot_mine.gif','',27,27,1),(14,'topic_read_locked','topic_read_locked.gif','',27,27,1),(15,'topic_read_locked_mine','topic_read_locked_mine.gif','',27,27,1),(16,'topic_unread','topic_unread.gif','',27,27,1),(17,'topic_unread_mine','topic_unread_mine.gif','',27,27,1),(18,'topic_unread_hot','topic_unread_hot.gif','',27,27,1),(19,'topic_unread_hot_mine','topic_unread_hot_mine.gif','',27,27,1),(20,'topic_unread_locked','topic_unread_locked.gif','',27,27,1),(21,'topic_unread_locked_mine','topic_unread_locked_mine.gif','',27,27,1),(22,'sticky_read','sticky_read.gif','',27,27,1),(23,'sticky_read_mine','sticky_read_mine.gif','',27,27,1),(24,'sticky_read_locked','sticky_read_locked.gif','',27,27,1),(25,'sticky_read_locked_mine','sticky_read_locked_mine.gif','',27,27,1),(26,'sticky_unread','sticky_unread.gif','',27,27,1),(27,'sticky_unread_mine','sticky_unread_mine.gif','',27,27,1),(28,'sticky_unread_locked','sticky_unread_locked.gif','',27,27,1),(29,'sticky_unread_locked_mine','sticky_unread_locked_mine.gif','',27,27,1),(30,'announce_read','announce_read.gif','',27,27,1),(31,'announce_read_mine','announce_read_mine.gif','',27,27,1),(32,'announce_read_locked','announce_read_locked.gif','',27,27,1),(33,'announce_read_locked_mine','announce_read_locked_mine.gif','',27,27,1),(34,'announce_unread','announce_unread.gif','',27,27,1),(35,'announce_unread_mine','announce_unread_mine.gif','',27,27,1),(36,'announce_unread_locked','announce_unread_locked.gif','',27,27,1),(37,'announce_unread_locked_mine','announce_unread_locked_mine.gif','',27,27,1),(38,'global_read','announce_read.gif','',27,27,1),(39,'global_read_mine','announce_read_mine.gif','',27,27,1),(40,'global_read_locked','announce_read_locked.gif','',27,27,1),(41,'global_read_locked_mine','announce_read_locked_mine.gif','',27,27,1),(42,'global_unread','announce_unread.gif','',27,27,1),(43,'global_unread_mine','announce_unread_mine.gif','',27,27,1),(44,'global_unread_locked','announce_unread_locked.gif','',27,27,1),(45,'global_unread_locked_mine','announce_unread_locked_mine.gif','',27,27,1),(46,'pm_read','topic_read.gif','',27,27,1),(47,'pm_unread','topic_unread.gif','',27,27,1),(48,'icon_back_top','icon_back_top.gif','',11,11,1),(49,'icon_contact_aim','icon_contact_aim.gif','',20,20,1),(50,'icon_contact_email','icon_contact_email.gif','',20,20,1),(51,'icon_contact_icq','icon_contact_icq.gif','',20,20,1),(52,'icon_contact_jabber','icon_contact_jabber.gif','',20,20,1),(53,'icon_contact_msnm','icon_contact_msnm.gif','',20,20,1),(54,'icon_contact_www','icon_contact_www.gif','',20,20,1),(55,'icon_contact_yahoo','icon_contact_yahoo.gif','',20,20,1),(56,'icon_post_delete','icon_post_delete.gif','',20,20,1),(57,'icon_post_info','icon_post_info.gif','',20,20,1),(58,'icon_post_report','icon_post_report.gif','',20,20,1),(59,'icon_post_target','icon_post_target.gif','',9,11,1),(60,'icon_post_target_unread','icon_post_target_unread.gif','',9,11,1),(61,'icon_topic_attach','icon_topic_attach.gif','',10,7,1),(62,'icon_topic_latest','icon_topic_latest.gif','',9,11,1),(63,'icon_topic_newest','icon_topic_newest.gif','',9,11,1),(64,'icon_topic_reported','icon_topic_reported.gif','',14,16,1),(65,'icon_topic_unapproved','icon_topic_unapproved.gif','',14,16,1),(66,'icon_user_warn','icon_user_warn.gif','',20,20,1),(67,'subforum_read','subforum_read.gif','',9,11,1),(68,'subforum_unread','subforum_unread.gif','',9,11,1),(69,'icon_contact_pm','icon_contact_pm.gif','en',20,28,1),(70,'icon_post_edit','icon_post_edit.gif','en',20,42,1),(71,'icon_post_quote','icon_post_quote.gif','en',20,54,1),(72,'icon_user_online','icon_user_online.gif','en',58,58,1),(73,'button_pm_forward','button_pm_forward.gif','en',25,96,1),(74,'button_pm_new','button_pm_new.gif','en',25,84,1),(75,'button_pm_reply','button_pm_reply.gif','en',25,96,1),(76,'button_topic_locked','button_topic_locked.gif','en',25,88,1),(77,'button_topic_new','button_topic_new.gif','en',25,96,1),(78,'button_topic_reply','button_topic_reply.gif','en',25,96,1),(79,'site_logo','site_logo.gif','',94,170,2),(80,'upload_bar','upload_bar.gif','',16,280,2),(81,'poll_left','poll_left.gif','',12,4,2),(82,'poll_center','poll_center.gif','',12,0,2),(83,'poll_right','poll_right.gif','',12,4,2),(84,'forum_link','forum_link.gif','',25,46,2),(85,'forum_read','forum_read.gif','',25,46,2),(86,'forum_read_locked','forum_read_locked.gif','',25,46,2),(87,'forum_read_subforum','forum_read_subforum.gif','',25,46,2),(88,'forum_unread','forum_unread.gif','',25,46,2),(89,'forum_unread_locked','forum_unread_locked.gif','',25,46,2),(90,'forum_unread_subforum','forum_unread_subforum.gif','',25,46,2),(91,'topic_moved','topic_moved.gif','',18,19,2),(92,'topic_read','topic_read.gif','',18,19,2),(93,'topic_read_mine','topic_read_mine.gif','',18,19,2),(94,'topic_read_hot','topic_read_hot.gif','',18,19,2),(95,'topic_read_hot_mine','topic_read_hot_mine.gif','',18,19,2),(96,'topic_read_locked','topic_read_locked.gif','',18,19,2),(97,'topic_read_locked_mine','topic_read_locked_mine.gif','',18,19,2),(98,'topic_unread','topic_unread.gif','',18,19,2),(99,'topic_unread_mine','topic_unread_mine.gif','',18,19,2),(100,'topic_unread_hot','topic_unread_hot.gif','',18,19,2),(101,'topic_unread_hot_mine','topic_unread_hot_mine.gif','',18,19,2),(102,'topic_unread_locked','topic_unread_locked.gif','',18,19,2),(103,'topic_unread_locked_mine','topic_unread_locked_mine.gif','',18,19,2),(104,'sticky_read','sticky_read.gif','',18,19,2),(105,'sticky_read_mine','sticky_read_mine.gif','',18,19,2),(106,'sticky_read_locked','sticky_read_locked.gif','',18,19,2),(107,'sticky_read_locked_mine','sticky_read_locked_mine.gif','',18,19,2),(108,'sticky_unread','sticky_unread.gif','',18,19,2),(109,'sticky_unread_mine','sticky_unread_mine.gif','',18,19,2),(110,'sticky_unread_locked','sticky_unread_locked.gif','',18,19,2),(111,'sticky_unread_locked_mine','sticky_unread_locked_mine.gif','',18,19,2),(112,'announce_read','announce_read.gif','',18,19,2),(113,'announce_read_mine','announce_read_mine.gif','',18,19,2),(114,'announce_read_locked','announce_read_locked.gif','',18,19,2),(115,'announce_read_locked_mine','announce_read_locked_mine.gif','',18,19,2),(116,'announce_unread','announce_unread.gif','',18,19,2),(117,'announce_unread_mine','announce_unread_mine.gif','',18,19,2),(118,'announce_unread_locked','announce_unread_locked.gif','',18,19,2),(119,'announce_unread_locked_mine','announce_unread_locked_mine.gif','',18,19,2),(120,'global_read','announce_read.gif','',18,19,2),(121,'global_read_mine','announce_read_mine.gif','',18,19,2),(122,'global_read_locked','announce_read_locked.gif','',18,19,2),(123,'global_read_locked_mine','announce_read_locked_mine.gif','',18,19,2),(124,'global_unread','announce_unread.gif','',18,19,2),(125,'global_unread_mine','announce_unread_mine.gif','',18,19,2),(126,'global_unread_locked','announce_unread_locked.gif','',18,19,2),(127,'global_unread_locked_mine','announce_unread_locked_mine.gif','',18,19,2),(128,'pm_read','topic_read.gif','',18,19,2),(129,'pm_unread','topic_unread.gif','',18,19,2),(130,'icon_post_target','icon_post_target.gif','',9,12,2),(131,'icon_post_target_unread','icon_post_target_unread.gif','',9,12,2),(132,'icon_topic_attach','icon_topic_attach.gif','',18,14,2),(133,'icon_topic_latest','icon_topic_latest.gif','',9,18,2),(134,'icon_topic_newest','icon_topic_newest.gif','',9,18,2),(135,'icon_topic_reported','icon_topic_reported.gif','',18,19,2),(136,'icon_topic_unapproved','icon_topic_unapproved.gif','',18,19,2),(137,'icon_contact_aim','icon_contact_aim.gif','en',0,0,2),(138,'icon_contact_email','icon_contact_email.gif','en',0,0,2),(139,'icon_contact_icq','icon_contact_icq.gif','en',0,0,2),(140,'icon_contact_jabber','icon_contact_jabber.gif','en',0,0,2),(141,'icon_contact_msnm','icon_contact_msnm.gif','en',0,0,2),(142,'icon_contact_pm','icon_contact_pm.gif','en',0,0,2),(143,'icon_contact_yahoo','icon_contact_yahoo.gif','en',0,0,2),(144,'icon_contact_www','icon_contact_www.gif','en',0,0,2),(145,'icon_post_delete','icon_post_delete.gif','en',0,0,2),(146,'icon_post_edit','icon_post_edit.gif','en',0,0,2),(147,'icon_post_info','icon_post_info.gif','en',0,0,2),(148,'icon_post_quote','icon_post_quote.gif','en',0,0,2),(149,'icon_post_report','icon_post_report.gif','en',0,0,2),(150,'icon_user_online','icon_user_online.gif','en',0,0,2),(151,'icon_user_offline','icon_user_offline.gif','en',0,0,2),(152,'icon_user_profile','icon_user_profile.gif','en',0,0,2),(153,'icon_user_search','icon_user_search.gif','en',0,0,2),(154,'icon_user_warn','icon_user_warn.gif','en',0,0,2),(155,'button_pm_new','button_pm_new.gif','en',0,0,2),(156,'button_pm_reply','button_pm_reply.gif','en',0,0,2),(157,'button_topic_locked','button_topic_locked.gif','en',0,0,2),(158,'button_topic_new','button_topic_new.gif','en',0,0,2),(159,'button_topic_reply','button_topic_reply.gif','en',0,0,2),(160,'site_logo','site_logo.png','',0,0,3),(161,'forum_link','forum_link.gif','',27,27,3),(162,'forum_read','forum_read.gif','',27,27,3),(163,'forum_read_locked','forum_read_locked.gif','',27,27,3),(164,'forum_read_subforum','forum_read_subforum.gif','',27,27,3),(165,'forum_unread','forum_unread.gif','',27,27,3),(166,'forum_unread_locked','forum_unread_locked.gif','',27,27,3),(167,'forum_unread_subforum','forum_unread_subforum.gif','',27,27,3),(168,'topic_moved','topic_moved.gif','',27,27,3),(169,'topic_read','topic_read.gif','',27,27,3),(170,'topic_read_mine','topic_read_mine.gif','',27,27,3),(171,'topic_read_hot','topic_read_hot.gif','',27,27,3),(172,'topic_read_hot_mine','topic_read_hot_mine.gif','',27,27,3),(173,'topic_read_locked','topic_read_locked.gif','',27,27,3),(174,'topic_read_locked_mine','topic_read_locked_mine.gif','',27,27,3),(175,'topic_unread','topic_unread.gif','',27,27,3),(176,'topic_unread_mine','topic_unread_mine.gif','',27,27,3),(177,'topic_unread_hot','topic_unread_hot.gif','',27,27,3),(178,'topic_unread_hot_mine','topic_unread_hot_mine.gif','',27,27,3),(179,'topic_unread_locked','topic_unread_locked.gif','',27,27,3),(180,'topic_unread_locked_mine','topic_unread_locked_mine.gif','',27,27,3),(181,'sticky_read','sticky_read.gif','',27,27,3),(182,'sticky_read_mine','sticky_read_mine.gif','',27,27,3),(183,'sticky_read_locked','sticky_read_locked.gif','',27,27,3),(184,'sticky_read_locked_mine','sticky_read_locked_mine.gif','',27,27,3),(185,'sticky_unread','sticky_unread.gif','',27,27,3),(186,'sticky_unread_mine','sticky_unread_mine.gif','',27,27,3),(187,'sticky_unread_locked','sticky_unread_locked.gif','',27,27,3),(188,'sticky_unread_locked_mine','sticky_unread_locked_mine.gif','',27,27,3),(189,'announce_read','announce_read.gif','',27,27,3),(190,'announce_read_mine','announce_read_mine.gif','',27,27,3),(191,'announce_read_locked','announce_read_locked.gif','',27,27,3),(192,'announce_read_locked_mine','announce_read_locked_mine.gif','',27,27,3),(193,'announce_unread','announce_unread.gif','',27,27,3),(194,'announce_unread_mine','announce_unread_mine.gif','',27,27,3),(195,'announce_unread_locked','announce_unread_locked.gif','',27,27,3),(196,'announce_unread_locked_mine','announce_unread_locked_mine.gif','',27,27,3),(197,'global_read','announce_read.gif','',27,27,3),(198,'global_read_mine','announce_read_mine.gif','',27,27,3),(199,'global_read_locked','announce_read_locked.gif','',27,27,3),(200,'global_read_locked_mine','announce_read_locked_mine.gif','',27,27,3),(201,'global_unread','announce_unread.gif','',27,27,3),(202,'global_unread_mine','announce_unread_mine.gif','',27,27,3),(203,'global_unread_locked','announce_unread_locked.gif','',27,27,3),(204,'global_unread_locked_mine','announce_unread_locked_mine.gif','',27,27,3),(205,'subforum_read','subforum_read.gif','',9,11,3),(206,'subforum_unread','subforum_unread.gif','',9,11,3),(207,'pm_read','topic_read.gif','',27,27,3),(208,'pm_unread','topic_unread.gif','',27,27,3),(209,'icon_back_top','icon_back_top.gif','',11,11,3),(210,'icon_contact_aim','icon_contact_aim.gif','',20,20,3),(211,'icon_contact_email','icon_contact_email.gif','',20,20,3),(212,'icon_contact_icq','icon_contact_icq.gif','',20,20,3),(213,'icon_contact_jabber','icon_contact_jabber.gif','',20,20,3),(214,'icon_contact_msnm','icon_contact_msnm.gif','',20,20,3),(215,'icon_contact_www','icon_contact_www.gif','',20,20,3),(216,'icon_contact_yahoo','icon_contact_yahoo.gif','',20,20,3),(217,'icon_post_delete','icon_post_delete.gif','',20,20,3),(218,'icon_post_info','icon_post_info.gif','',20,20,3),(219,'icon_post_report','icon_post_report.gif','',20,20,3),(220,'icon_post_target','icon_post_target.gif','',9,11,3),(221,'icon_post_target_unread','icon_post_target_unread.gif','',9,11,3),(222,'icon_topic_attach','icon_topic_attach.gif','',10,7,3),(223,'icon_topic_latest','icon_topic_latest.gif','',9,11,3),(224,'icon_topic_newest','icon_topic_newest.gif','',9,11,3),(225,'icon_topic_reported','icon_topic_reported.gif','',14,16,3),(226,'icon_topic_unapproved','icon_topic_unapproved.gif','',14,16,3),(227,'icon_user_warn','icon_user_warn.gif','',20,20,3),(228,'icon_contact_pm','icon_contact_pm.gif','en',20,28,3),(229,'icon_post_edit','icon_post_edit.gif','en',20,42,3),(230,'icon_post_quote','icon_post_quote.gif','en',20,54,3),(231,'icon_user_online','icon_user_online.gif','en',58,58,3),(232,'icon_user_offline','icon_user_offline.gif','en',0,0,3),(233,'icon_user_search','icon_user_search.gif','en',0,0,3),(234,'button_pm_forward','button_pm_forward.gif','en',25,96,3),(235,'button_pm_new','button_pm_new.gif','en',25,84,3),(236,'button_pm_reply','button_pm_reply.gif','en',25,96,3),(237,'button_topic_locked','button_topic_locked.gif','en',25,88,3),(238,'button_topic_new','button_topic_new.gif','en',25,96,3),(239,'button_topic_reply','button_topic_reply.gif','en',25,96,3);

--
-- Table structure for table `phpbb_styles_template`
--

CREATE TABLE `phpbb_styles_template` (
  `template_id` smallint(4) unsigned NOT NULL AUTO_INCREMENT,
  `template_name` varchar(255) COLLATE utf8_bin NOT NULL DEFAULT '',
  `template_copyright` varchar(255) COLLATE utf8_bin NOT NULL DEFAULT '',
  `template_path` varchar(100) COLLATE utf8_bin NOT NULL DEFAULT '',
  `bbcode_bitfield` varchar(255) COLLATE utf8_bin NOT NULL DEFAULT 'kNg=',
  `template_storedb` tinyint(1) unsigned NOT NULL DEFAULT '0',
  `template_inherits_id` int(4) DEFAULT NULL,
  `template_inherit_path` varbinary(255) DEFAULT NULL,
  PRIMARY KEY (`template_id`),
  UNIQUE KEY `tmplte_nm` (`template_name`)
) ENGINE=MyISAM AUTO_INCREMENT=4 DEFAULT CHARSET=utf8 COLLATE=utf8_bin;

--
-- Dumping data for table `phpbb_styles_template`
--

INSERT INTO `phpbb_styles_template` VALUES (1,'prosilver','&copy; phpBB Group','prosilver','lNg=',0,NULL,NULL),(2,'subsilver2','&copy; phpBB Group, 2003','subsilver2','kNg=',0,NULL,NULL),(3,'Bl@ck','Seven ALive &copy; phpBB Group, 2007','Bl@ck','lNg=',0,NULL,NULL);

--
-- Table structure for table `phpbb_styles_template_data`
--

CREATE TABLE `phpbb_styles_template_data` (
  `template_id` smallint(4) unsigned NOT NULL DEFAULT '0',
  `template_filename` varchar(100) COLLATE utf8_bin NOT NULL DEFAULT '',
  `template_included` text COLLATE utf8_bin NOT NULL,
  `template_mtime` int(11) unsigned NOT NULL DEFAULT '0',
  `template_data` mediumtext COLLATE utf8_bin NOT NULL,
  KEY `tid` (`template_id`),
  KEY `tfn` (`template_filename`)
) ENGINE=MyISAM DEFAULT CHARSET=utf8 COLLATE=utf8_bin;

--
-- Dumping data for table `phpbb_styles_template_data`
--


--
-- Table structure for table `phpbb_styles_theme`
--

CREATE TABLE `phpbb_styles_theme` (
  `theme_id` smallint(4) unsigned NOT NULL AUTO_INCREMENT,
  `theme_name` varchar(255) COLLATE utf8_bin NOT NULL DEFAULT '',
  `theme_copyright` varchar(255) COLLATE utf8_bin NOT NULL DEFAULT '',
  `theme_path` varchar(100) COLLATE utf8_bin NOT NULL DEFAULT '',
  `theme_storedb` tinyint(1) unsigned NOT NULL DEFAULT '0',
  `theme_mtime` int(11) unsigned NOT NULL DEFAULT '0',
  `theme_data` mediumtext COLLATE utf8_bin NOT NULL,
  PRIMARY KEY (`theme_id`),
  UNIQUE KEY `theme_name` (`theme_name`)
) ENGINE=MyISAM AUTO_INCREMENT=4 DEFAULT CHARSET=utf8 COLLATE=utf8_bin;

--
-- Dumping data for table `phpbb_styles_theme`
--

INSERT INTO `phpbb_styles_theme` VALUES (1,'prosilver','&copy; phpBB Group','prosilver',1,1225415747,''),(2,'subsilver2','&copy; phpBB Group, 2003','subsilver2',0,1225414999,''),(3,'Bl@ck','Seven ALive','Bl@ck',1,1225418887,'/*  phpBB 3.0 Style Sheet\n    --------------------------------------------------------------\n	Style name:		proSilver\n	Based on style:	proSilver (this is the default phpBB 3 style)\n	Original author:	subBlue ( http://www.subBlue.com/ )\n	Modified by:		\n	\n	Copyright 2006 phpBB Group ( http://www.phpbb.com/ )\n    --------------------------------------------------------------\n*/\n\n/* General proSilver Markup Styles\n---------------------------------------- */\n\n* {\n	/* Reset browsers default margin, padding and font sizes */\n	margin: 0;\n	padding: 0;\n}\n\nhtml {\n	font-size: 100%;\n	/* Always show a scrollbar for short pages - stops the jump when the scrollbar appears. non-IE browsers */\n	height: 100%;\n	margin-bottom: 1px;\n}\n\nbody {\n	/* Text-Sizing with ems: http://www.clagnut.com/blog/348/ */\n	font-family: Verdana, Helvetica, Arial, sans-serif;\n	color: #828282;\n	background-color: #FFFFFF;\n	/*font-size: 62.5%;			 This sets the default font size to be equivalent to 10px */\n	font-size: 10px;\n	margin: 0;\n	padding: 12px 0;\n}\n\nh1 {\n	/* Forum name */\n	font-family: \"Trebuchet MS\", Arial, Helvetica, sans-serif;\n	margin-right: 200px;\n	color: #FFFFFF;\n	margin-top: 15px;\n	font-weight: bold;\n	font-size: 2em;\n}\n\nh2 {\n	/* Forum header titles */\n	font-family: \"Trebuchet MS\", Arial, Helvetica, sans-serif;\n	font-weight: normal;\n	color: #3f3f3f;\n	font-size: 2em;\n	margin: 0.8em 0 0.2em 0;\n}\n\nh2.solo {\n	margin-bottom: 1em;\n}\n\nh3 {\n	/* Sub-headers (also used as post headers, but defined later) */\n	font-family: Arial, Helvetica, sans-serif;\n	font-weight: bold;\n	text-transform: uppercase;\n	border-bottom: 1px solid #CCCCCC;\n	margin-bottom: 3px;\n	padding-bottom: 2px;\n	font-size: 1.05em;\n	color: #989898;\n	margin-top: 20px;\n}\n\nh4 {\n	/* Forum and topic list titles */\n	font-family: \"Trebuchet MS\", Verdana, Helvetica, Arial, Sans-serif;\n	font-size: 1.3em;\n}\n\np {\n	line-height: 1.3em;\n	font-size: 1.1em;\n	margin-bottom: 1.5em;\n}\n\nimg {\n	border-width: 0;\n}\n\nhr {\n	/* Also see tweaks.css */\n	border: 0 none #FFFFFF;\n	border-top: 1px solid #CCCCCC;\n	height: 1px;\n	margin: 5px 0;\n	display: block;\n	clear: both;\n}\n\nhr.dashed {\n	border-top: 1px dashed #CCCCCC;\n	margin: 10px 0;\n}\n\nhr.divider {\n	display: none;\n}\n\np.right {\n	text-align: right;\n}\n\n/* Main blocks\n---------------------------------------- */\n#wrap {\n	padding: 0 20px;\n	min-width: 650px;\n}\n\n#simple-wrap {\n	padding: 6px 10px;\n}\n\n#page-body {\n	margin: 4px 0;\n	clear: both;\n}\n\n#page-footer {\n	clear: both;\n}\n\n#page-footer h3 {\n	margin-top: 20px;\n}\n\n#logo {\n	float: left;\n	width: auto;\n	padding: 10px 13px 0 10px;\n}\n\na#logo:hover {\n	text-decoration: none;\n}\n\n/* Search box\n--------------------------------------------- */\n#search-box {\n	color: #FFFFFF;\n	position: relative;\n	margin-top: 30px;\n	margin-right: 5px;\n	display: block;\n	float: right;\n	text-align: right;\n	white-space: nowrap; /* For Opera */\n}\n\n#search-box #keywords {\n	width: 95px;\n	background-color: #FFF;\n}\n\n#search-box input {\n	border: 1px solid #b0b0b0;\n}\n\n/* .button1 style defined later, just a few tweaks for the search button version */\n#search-box input.button1 {\n	padding: 1px 5px;\n}\n\n#search-box li {\n	text-align: right;\n	margin-top: 4px;\n}\n\n#search-box img {\n	vertical-align: middle;\n	margin-right: 3px;\n}\n\n/* Site description and logo */\n#site-description {\n	float: left;\n	width: 70%;\n}\n\n#site-description h1 {\n	margin-right: 0;\n}\n\n/* Round cornered boxes and backgrounds\n---------------------------------------- */\n.headerbar {\n	background: #ebebeb none repeat-x 0 0;\n	color: #FFFFFF;\n	margin-bottom: 4px;\n	padding: 0 5px;\n}\n\n.navbar {\n	background-color: #ebebeb;\n	padding: 0 10px;\n}\n\n.forabg {\n	background: #b1b1b1 none repeat-x 0 0;\n	margin-bottom: 4px;\n	padding: 0 5px;\n	clear: both;\n}\n\n.forumbg {\n	background: #ebebeb none repeat-x 0 0;\n	margin-bottom: 4px;\n	padding: 0 5px;\n	clear: both;\n}\n\n.panel {\n	margin-bottom: 4px;\n	padding: 0 10px;\n	background-color: #f3f3f3;\n	color: #3f3f3f;\n}\n\n.post {\n	padding: 0 10px;\n	margin-bottom: 4px;\n	background-repeat: no-repeat;\n	background-position: 100% 0;\n}\n\n.post:target .content {\n	color: #000000;\n}\n\n.post:target h3 a {\n	color: #000000;\n}\n\n.bg1	{ background-color: #f7f7f7;}\n.bg2	{ background-color: #f2f2f2; }\n.bg3	{ background-color: #ebebeb; }\n\n.rowbg {\n	margin: 5px 5px 2px 5px;\n}\n\n.ucprowbg {\n	background-color: #e2e2e2;\n}\n\n.fieldsbg {\n	/*border: 1px #DBDEE2 solid;*/\n	background-color: #eaeaea;\n}\n\nspan.corners-top, span.corners-bottom, span.corners-top span, span.corners-bottom span {\n	font-size: 1px;\n	line-height: 1px;\n	display: block;\n	height: 5px;\n	background-repeat: no-repeat;\n}\n\nspan.corners-top {\n	background-image: none;\n	background-position: 0 0;\n	margin: 0 -5px;\n}\n\nspan.corners-top span {\n	background-image: none;\n	background-position: 100% 0;\n}\n\nspan.corners-bottom {\n	background-image: none;\n	background-position: 0 100%;\n	margin: 0 -5px;\n	clear: both;\n}\n\nspan.corners-bottom span {\n	background-image: none;\n	background-position: 100% 100%;\n}\n\n.headbg span.corners-bottom {\n	margin-bottom: -1px;\n}\n\n.post span.corners-top, .post span.corners-bottom, .panel span.corners-top, .panel span.corners-bottom, .navbar span.corners-top, .navbar span.corners-bottom {\n	margin: 0 -10px;\n}\n\n.rules span.corners-top {\n	margin: 0 -10px 5px -10px;\n}\n\n.rules span.corners-bottom {\n	margin: 5px -10px 0 -10px;\n}\n\n/* Horizontal lists\n----------------------------------------*/\nul.linklist {\n	display: block;\n	margin: 0;\n}\n\nul.linklist li {\n	display: block;\n	list-style-type: none;\n	float: left;\n	width: auto;\n	margin-right: 5px;\n	font-size: 1.1em;\n	line-height: 2.2em;\n}\n\nul.linklist li.rightside, p.rightside {\n	float: right;\n	margin-right: 0;\n	margin-left: 5px;\n	text-align: right;\n}\n\nul.navlinks {\n	padding-bottom: 1px;\n	margin-bottom: 1px;\n	border-bottom: 1px solid #FFFFFF;\n	font-weight: bold;\n}\n\nul.leftside {\n	float: left;\n	margin-left: 0;\n	margin-right: 5px;\n	text-align: left;\n}\n\nul.rightside {\n	float: right;\n	margin-left: 5px;\n	margin-right: -5px;\n	text-align: right;\n}\n\n/* Table styles\n----------------------------------------*/\ntable.table1 {\n	/* See tweaks.css */\n}\n\n#ucp-main table.table1 {\n	padding: 2px;\n}\n\ntable.table1 thead th {\n	font-weight: normal;\n	text-transform: uppercase;\n	color: #FFFFFF;\n	line-height: 1.3em;\n	font-size: 1em;\n	padding: 0 0 4px 3px;\n}\n\ntable.table1 thead th span {\n	padding-left: 7px;\n}\n\ntable.table1 tbody tr {\n	border: 1px solid #cfcfcf;\n}\n\ntable.table1 tbody tr:hover, table.table1 tbody tr.hover {\n	background-color: #f6f6f6;\n	color: #000;\n}\n\ntable.table1 td {\n	color: #6a6a6a;\n	font-size: 1.1em;\n}\n\ntable.table1 tbody td {\n	padding: 5px;\n	border-top: 1px solid #FAFAFA;\n}\n\ntable.table1 tbody th {\n	padding: 5px;\n	border-bottom: 1px solid #000000;\n	text-align: left;\n	color: #333333;\n	background-color: #FFFFFF;\n}\n\n/* Specific column styles */\ntable.table1 .name		{ text-align: left; }\ntable.table1 .posts		{ text-align: center !important; width: 7%; }\ntable.table1 .joined	{ text-align: left; width: 15%; }\ntable.table1 .active	{ text-align: left; width: 15%; }\ntable.table1 .mark		{ text-align: center; width: 7%; }\ntable.table1 .info		{ text-align: left; width: 30%; }\ntable.table1 .info div	{ width: 100%; white-space: nowrap; overflow: hidden; }\ntable.table1 .autocol	{ line-height: 2em; white-space: nowrap; }\ntable.table1 thead .autocol { padding-left: 1em; }\n\ntable.table1 span.rank-img {\n	float: right;\n	width: auto;\n}\n\ntable.info td {\n	padding: 3px;\n}\n\ntable.info tbody th {\n	padding: 3px;\n	text-align: right;\n	vertical-align: top;\n	color: #000000;\n	font-weight: normal;\n}\n\n.forumbg table.table1 {\n	margin: 0 -2px -1px -1px;\n}\n\n/* Misc layout styles\n---------------------------------------- */\n/* column[1-2] styles are containers for two column layouts \n   Also see tweaks.css */\n.column1 {\n	float: left;\n	clear: left;\n	width: 49%;\n}\n\n.column2 {\n	float: right;\n	clear: right;\n	width: 49%;\n}\n\n/* General classes for placing floating blocks */\n.left-box {\n	float: left;\n	width: auto;\n	text-align: left;\n}\n\n.right-box {\n	float: right;\n	width: auto;\n	text-align: right;\n}\n\ndl.details {\n	/*font-family: \"Lucida Grande\", Verdana, Helvetica, Arial, sans-serif;*/\n	font-size: 1.1em;\n}\n\ndl.details dt {\n	float: left;\n	clear: left;\n	width: 30%;\n	text-align: right;\n	color: #000000;\n	display: block;\n}\n\ndl.details dd {\n	margin-left: 0;\n	padding-left: 5px;\n	margin-bottom: 5px;\n	color: #828282;\n	float: left;\n	width: 65%;\n}\n\n/* Pagination\n---------------------------------------- */\n.pagination {\n	height: 1%; /* IE tweak (holly hack) */\n	width: auto;\n	text-align: right;\n	margin-top: 5px;\n	float: right;\n}\n\n.pagination span.page-sep {\n	display: none;\n}\n\nli.pagination {\n	margin-top: 0;\n}\n\n.pagination strong, .pagination b {\n	font-weight: normal;\n}\n\n.pagination span strong {\n	padding: 0 2px;\n	margin: 0 2px;\n	font-weight: normal;\n	color: #FFFFFF;\n	background-color: #bfbfbf;\n	border: 1px solid #bfbfbf;\n	font-size: 0.9em;\n}\n\n.pagination span a, .pagination span a:link, .pagination span a:visited, .pagination span a:active {\n	font-weight: normal;\n	text-decoration: none;\n	color: #747474;\n	margin: 0 2px;\n	padding: 0 2px;\n	background-color: #eeeeee;\n	border: 1px solid #bababa;\n	font-size: 0.9em;\n	line-height: 1.5em;\n}\n\n.pagination span a:hover {\n	border-color: #d2d2d2;\n	background-color: #d2d2d2;\n	color: #FFF;\n	text-decoration: none;\n}\n\n.pagination img {\n	vertical-align: middle;\n}\n\n/* Pagination in viewforum for multipage topics */\n.row .pagination {\n	display: block;\n	float: right;\n	width: auto;\n	margin-top: 0;\n	padding: 1px 0 1px 15px;\n	font-size: 0.9em;\n	background: none 0 50% no-repeat;\n}\n\n.row .pagination span a, li.pagination span a {\n	background-color: #FFFFFF;\n}\n\n.row .pagination span a:hover, li.pagination span a:hover {\n	background-color: #d2d2d2;\n}\n\n/* Miscellaneous styles\n---------------------------------------- */\n#forum-permissions {\n	float: right;\n	width: auto;\n	padding-left: 5px;\n	margin-left: 5px;\n	margin-top: 10px;\n	text-align: right;\n}\n\n.copyright {\n	padding: 5px;\n	text-align: center;\n	color: #555555;\n}\n\n.small {\n	font-size: 0.9em !important;\n}\n\n.titlespace {\n	margin-bottom: 15px;\n}\n\n.headerspace {\n	margin-top: 20px;\n}\n\n.error {\n	color: #bcbcbc;\n	font-weight: bold;\n	font-size: 1em;\n}\n\n.reported {\n	background-color: #f7f7f7;\n}\n\nli.reported:hover {\n	background-color: #ececec;\n}\n\ndiv.rules {\n	background-color: #ececec;\n	color: #bcbcbc;\n	padding: 0 10px;\n	margin: 10px 0;\n	font-size: 1.1em;\n}\n\ndiv.rules ul {\n	margin-left: 20px;\n}\n\np.rules {\n	background-color: #ececec;\n	background-image: none;\n	padding: 5px;\n}\n\np.rules img {\n	vertical-align: middle;\n}\n\np.rules a {\n	vertical-align: middle;\n	clear: both;\n}\n\n#top {\n	position: absolute;\n	top: -20px;\n}\n\n.clear {\n	display: block;\n	clear: both;\n	font-size: 1px;\n	line-height: 1px;\n	background: transparent;\n}\n/* proSilver Link Styles\n---------------------------------------- */\n\na:link	{ color: #898989; text-decoration: none; }\na:visited	{ color: #898989; text-decoration: none; }\na:hover	{ color: #d3d3d3; text-decoration: underline; }\na:active	{ color: #d2d2d2; text-decoration: none; }\n\n/* Coloured usernames */\n.username-coloured {\n	font-weight: bold;\n	display: inline !important;\n}\n\n/* Links on gradient backgrounds */\n#search-box a:link, .navbg a:link, .forumbg .header a:link, .forabg .header a:link, th a:link {\n	color: #FFFFFF;\n	text-decoration: none;\n}\n\n#search-box a:visited, .navbg a:visited, .forumbg .header a:visited, .forabg .header a:visited, th a:visited {\n	color: #FFFFFF;\n	text-decoration: none;\n}\n\n#search-box a:hover, .navbg a:hover, .forumbg .header a:hover, .forabg .header a:hover, th a:hover {\n	color: #ffffff;\n	text-decoration: underline;\n}\n\n#search-box a:active, .navbg a:active, .forumbg .header a:active, .forabg .header a:active, th a:active {\n	color: #ffffff;\n	text-decoration: none;\n}\n\n/* Links for forum/topic lists */\na.forumtitle {\n	font-family: \"Trebuchet MS\", Helvetica, Arial, Sans-serif;\n	font-size: 1.2em;\n	font-weight: bold;\n	color: #898989;\n	text-decoration: none;\n}\n\n/* a.forumtitle:visited { color: #898989; } */\n\na.forumtitle:hover {\n	color: #bcbcbc;\n	text-decoration: underline;\n}\n\na.forumtitle:active {\n	color: #898989;\n}\n\na.topictitle {\n	font-family: \"Trebuchet MS\", Helvetica, Arial, Sans-serif;\n	font-size: 1.2em;\n	font-weight: bold;\n	color: #898989;\n	text-decoration: none;\n}\n\n/* a.topictitle:visited { color: #d2d2d2; } */\n\na.topictitle:hover {\n	color: #bcbcbc;\n	text-decoration: underline;\n}\n\na.topictitle:active {\n	color: #898989;\n}\n\n/* Post body links */\n.postlink {\n	text-decoration: none;\n	color: #d2d2d2;\n	border-bottom: 1px solid #d2d2d2;\n	padding-bottom: 0;\n}\n\n.postlink:visited {\n	color: #bdbdbd;\n	border-bottom-style: dotted;\n	border-bottom-color: #666666;\n}\n\n.postlink:active {\n	color: #d2d2d2;\n}\n\n.postlink:hover {\n	background-color: #f6f6f6;\n	text-decoration: none;\n	color: #404040;\n}\n\n.signature a, .signature a:visited, .signature a:active, .signature a:hover {\n	border: none;\n	text-decoration: underline;\n	background-color: transparent;\n}\n\n/* Profile links */\n.postprofile a:link, .postprofile a:active, .postprofile a:visited, .postprofile dt.author a {\n	font-weight: bold;\n	color: #898989;\n	text-decoration: none;\n}\n\n.postprofile a:hover, .postprofile dt.author a:hover {\n	text-decoration: underline;\n	color: #d3d3d3;\n}\n\n\n/* Profile searchresults */	\n.search .postprofile a {\n	color: #898989;\n	text-decoration: none; \n	font-weight: normal;\n}\n\n.search .postprofile a:hover {\n	color: #d3d3d3;\n	text-decoration: underline; \n}\n\n/* Back to top of page */\n.back2top {\n	clear: both;\n	height: 11px;\n	text-align: right;\n}\n\na.top {\n	background: none no-repeat top left;\n	text-decoration: none;\n	width: {IMG_ICON_BACK_TOP_WIDTH}px;\n	height: {IMG_ICON_BACK_TOP_HEIGHT}px;\n	display: block;\n	float: right;\n	overflow: hidden;\n	letter-spacing: 1000px;\n	text-indent: 11px;\n}\n\na.top2 {\n	background: none no-repeat 0 50%;\n	text-decoration: none;\n	padding-left: 15px;\n}\n\n/* Arrow links  */\na.up		{ background: none no-repeat left center; }\na.down		{ background: none no-repeat right center; }\na.left		{ background: none no-repeat 3px 60%; }\na.right		{ background: none no-repeat 95% 60%; }\n\na.up, a.up:link, a.up:active, a.up:visited {\n	padding-left: 10px;\n	text-decoration: none;\n	border-bottom-width: 0;\n}\n\na.up:hover {\n	background-position: left top;\n	background-color: transparent;\n}\n\na.down, a.down:link, a.down:active, a.down:visited {\n	padding-right: 10px;\n}\n\na.down:hover {\n	background-position: right bottom;\n	text-decoration: none;\n}\n\na.left, a.left:active, a.left:visited {\n	padding-left: 12px;\n}\n\na.left:hover {\n	color: #d2d2d2;\n	text-decoration: none;\n	background-position: 0 60%;\n}\n\na.right, a.right:active, a.right:visited {\n	padding-right: 12px;\n}\n\na.right:hover {\n	color: #d2d2d2;\n	text-decoration: none;\n	background-position: 100% 60%;\n}\n/* proSilver Content Styles\n---------------------------------------- */\n\nul.topiclist {\n	display: block;\n	list-style-type: none;\n	margin: 0;\n}\n\nul.forums {\n	background: #f9f9f9 none repeat-x 0 0;\n}\n\nul.topiclist li {\n	display: block;\n	list-style-type: none;\n	color: #777777;\n	margin: 0;\n}\n\nul.topiclist dl {\n	position: relative;\n}\n\nul.topiclist li.row dl {\n	padding: 2px 0;\n}\n\nul.topiclist dt {\n	display: block;\n	float: left;\n	width: 50%;\n	font-size: 1.1em;\n	padding-left: 5px;\n	padding-right: 5px;\n}\n\nul.topiclist dd {\n	display: block;\n	float: left;\n	border-left: 1px solid #FFFFFF;\n	padding: 4px 0;\n}\n\nul.topiclist dfn {\n	/* Labels for post/view counts */\n	display: none;\n}\n\nul.topiclist li.row dt a.subforum {\n	background-image: none;\n	background-position: 0 50%;\n	background-repeat: no-repeat;\n	position: relative;\n	white-space: nowrap;\n	padding: 0 0 0 12px;\n}\n\n.forum-image {\n	float: left;\n	padding-top: 5px;\n	margin-right: 5px;\n}\n\nli.row {\n	border-top: 1px solid #FFFFFF;\n	border-bottom: 1px solid #8f8f8f;\n}\n\nli.row strong {\n	font-weight: normal;\n	color: #000000;\n}\n\nli.row:hover {\n	background-color: #f6f6f6;\n}\n\nli.row:hover dd {\n	border-left-color: #CCCCCC;\n}\n\nli.header dt, li.header dd {\n	line-height: 1em;\n	border-left-width: 0;\n	margin: 2px 0 4px 0;\n	color: #FFFFFF;\n	padding-top: 2px;\n	padding-bottom: 2px;\n	font-size: 1em;\n	font-family: Arial, Helvetica, sans-serif;\n	text-transform: uppercase;\n}\n\nli.header dt {\n	font-weight: bold;\n}\n\nli.header dd {\n	margin-left: 1px;\n}\n\nli.header dl.icon {\n	min-height: 0;\n}\n\nli.header dl.icon dt {\n	/* Tweak for headers alignment when folder icon used */\n	padding-left: 0;\n	padding-right: 50px;\n}\n\n/* Forum list column styles */\ndl.icon {\n	min-height: 35px;\n	background-position: 10px 50%;		/* Position of folder icon */\n	background-repeat: no-repeat;\n}\n\ndl.icon dt {\n	padding-left: 45px;					/* Space for folder icon */\n	background-repeat: no-repeat;\n	background-position: 5px 95%;		/* Position of topic icon */\n}\n\ndd.posts, dd.topics, dd.views {\n	width: 8%;\n	text-align: center;\n	line-height: 2.2em;\n	font-size: 1.2em;\n}\n\ndd.lastpost {\n	width: 25%;\n	font-size: 1.1em;\n}\n\ndd.redirect {\n	font-size: 1.1em;\n	line-height: 2.5em;\n}\n\ndd.moderation {\n	font-size: 1.1em;\n}\n\ndd.lastpost span, ul.topiclist dd.searchby span, ul.topiclist dd.info span, ul.topiclist dd.time span, dd.redirect span, dd.moderation span {\n	display: block;\n	padding-left: 5px;\n}\n\ndd.time {\n	width: auto;\n	line-height: 200%;\n	font-size: 1.1em;\n}\n\ndd.extra {\n	width: 12%;\n	line-height: 200%;\n	text-align: center;\n	font-size: 1.1em;\n}\n\ndd.mark {\n	float: right !important;\n	width: 9%;\n	text-align: center;\n	line-height: 200%;\n	font-size: 1.2em;\n}\n\ndd.info {\n	width: 30%;\n}\n\ndd.option {\n	width: 15%;\n	line-height: 200%;\n	text-align: center;\n	font-size: 1.1em;\n}\n\ndd.searchby {\n	width: 47%;\n	font-size: 1.1em;\n	line-height: 1em;\n}\n\nul.topiclist dd.searchextra {\n	margin-left: 5px;\n	padding: 0.2em 0;\n	font-size: 1.1em;\n	color: #333333;\n	border-left: none;\n	clear: both;\n	width: 98%;\n	overflow: hidden;\n}\n\n/* Container for post/reply buttons and pagination */\n.topic-actions {\n	margin-bottom: 3px;\n	font-size: 1.1em;\n	height: 28px;\n	min-height: 28px;\n}\ndiv[class].topic-actions {\n	height: auto;\n}\n\n/* Post body styles\n----------------------------------------*/\n.postbody {\n	padding: 0;\n	line-height: 1.48em;\n	color: #333333;\n	width: 76%;\n	float: left;\n	clear: both;\n}\n\n.postbody .ignore {\n	font-size: 1.1em;\n}\n\n.postbody h3.first {\n	/* The first post on the page uses this */\n	font-size: 1.7em;\n}\n\n.postbody h3 {\n	/* Postbody requires a different h3 format - so change it here */\n	font-size: 1.5em;\n	padding: 2px 0 0 0;\n	margin: 0 0 0.3em 0 !important;\n	text-transform: none;\n	border: none;\n	font-family: \"Trebuchet MS\", Verdana, Helvetica, Arial, sans-serif;\n	line-height: 125%;\n}\n\n.postbody h3 img {\n	/* Also see tweaks.css */\n	vertical-align: bottom;\n}\n\n.postbody .content {\n	font-size: 1.3em;\n}\n\n.search .postbody {\n	width: 68%\n}\n\n/* Topic review panel\n----------------------------------------*/\n#review {\n	margin-top: 2em;\n}\n\n#topicreview {\n	padding-right: 5px;\n	overflow: auto;\n	height: 300px;\n}\n\n#topicreview .postbody {\n	width: auto;\n	float: none;\n	margin: 0;\n	height: auto;\n}\n\n#topicreview .post {\n	height: auto;\n}\n\n#topicreview h2 {\n	border-bottom-width: 0;\n}\n\n/* Content container styles\n----------------------------------------*/\n.content {\n	min-height: 3em;\n	overflow: hidden;\n	line-height: 1.4em;\n	font-family: \"Lucida Grande\", \"Trebuchet MS\", Verdana, Helvetica, Arial, sans-serif;\n	font-size: 1em;\n	color: #333333;\n}\n\n.content h2, .panel h2 {\n	font-weight: normal;\n	color: #989898;\n	border-bottom: 1px solid #CCCCCC;\n	font-size: 1.6em;\n	margin-top: 0.5em;\n	margin-bottom: 0.5em;\n	padding-bottom: 0.5em;\n}\n\n.panel h3 {\n	margin: 0.5em 0;\n}\n\n.panel p {\n	font-size: 1.2em;\n	margin-bottom: 1em;\n	line-height: 1.4em;\n}\n\n.content p {\n	font-family: \"Lucida Grande\", \"Trebuchet MS\", Verdana, Helvetica, Arial, sans-serif;\n	font-size: 1.2em;\n	margin-bottom: 1em;\n	line-height: 1.4em;\n}\n\ndl.faq {\n	font-family: \"Lucida Grande\", Verdana, Helvetica, Arial, sans-serif;\n	font-size: 1.1em;\n	margin-top: 1em;\n	margin-bottom: 2em;\n	line-height: 1.4em;\n}\n\ndl.faq dt {\n	font-weight: bold;\n	color: #333333;\n}\n\n.content dl.faq {\n	font-size: 1.2em;\n	margin-bottom: 0.5em;\n}\n\n.content li {\n	list-style-type: inherit;\n}\n\n.content ul, .content ol {\n	margin-bottom: 1em;\n	margin-left: 3em;\n}\n\n.posthilit {\n	background-color: #f3f3f3;\n	color: #BCBCBC;\n	padding: 0 2px 1px 2px;\n}\n\n.announce, .unreadpost {\n	/* Highlight the announcements & unread posts box */\n	border-left-color: #BCBCBC;\n	border-right-color: #BCBCBC;\n}\n\n/* Post author */\np.author {\n	margin: 0 15em 0.6em 0;\n	padding: 0 0 5px 0;\n	font-family: Verdana, Helvetica, Arial, sans-serif;\n	font-size: 1em;\n	line-height: 1.2em;\n}\n\n/* Post signature */\n.signature {\n	margin-top: 1.5em;\n	padding-top: 0.2em;\n	font-size: 1.1em;\n	border-top: 1px solid #CCCCCC;\n	clear: left;\n	line-height: 140%;\n	overflow: hidden;\n	width: 100%;\n}\n\ndd .signature {\n	margin: 0;\n	padding: 0;\n	clear: none;\n	border: none;\n}\n\n/* Post noticies */\n.notice {\n	font-family: \"Lucida Grande\", Verdana, Helvetica, Arial, sans-serif;\n	width: auto;\n	margin-top: 1.5em;\n	padding-top: 0.2em;\n	font-size: 1em;\n	border-top: 1px dashed #CCCCCC;\n	clear: left;\n	line-height: 130%;\n}\n\n/* Jump to post link for now */\nul.searchresults {\n	list-style: none;\n	text-align: right;\n	clear: both;\n}\n\n/* BB Code styles\n----------------------------------------*/\n/* Quote block */\nblockquote {\n	background: #ebebeb none 6px 8px no-repeat;\n	border: 1px solid #dbdbdb;\n	font-size: 0.95em;\n	margin: 0.5em 1px 0 25px;\n	overflow: hidden;\n	padding: 5px;\n}\n\nblockquote blockquote {\n	/* Nested quotes */\n	background-color: #bababa;\n	font-size: 1em;\n	margin: 0.5em 1px 0 15px;	\n}\n\nblockquote blockquote blockquote {\n	/* Nested quotes */\n	background-color: #e4e4e4;\n}\n\nblockquote cite {\n	/* Username/source of quoter */\n	font-style: normal;\n	font-weight: bold;\n	margin-left: 20px;\n	display: block;\n	font-size: 0.9em;\n}\n\nblockquote cite cite {\n	font-size: 1em;\n}\n\nblockquote.uncited {\n	padding-top: 25px;\n}\n\n/* Code block */\ndl.codebox {\n	padding: 3px;\n	background-color: #FFFFFF;\n	border: 1px solid #d8d8d8;\n	font-size: 1em;\n}\n\ndl.codebox dt {\n	text-transform: uppercase;\n	border-bottom: 1px solid #CCCCCC;\n	margin-bottom: 3px;\n	font-size: 0.8em;\n	font-weight: bold;\n	display: block;\n}\n\nblockquote dl.codebox {\n	margin-left: 0;\n}\n\ndl.codebox code {\n	/* Also see tweaks.css */\n	overflow: auto;\n	display: block;\n	height: auto;\n	max-height: 200px;\n	white-space: normal;\n	padding-top: 5px;\n	font: 0.9em Monaco, \"Andale Mono\",\"Courier New\", Courier, mono;\n	line-height: 1.3em;\n	color: #8b8b8b;\n	margin: 2px 0;\n}\n\n.syntaxbg		{ color: #FFFFFF; }\n.syntaxcomment	{ color: #000000; }\n.syntaxdefault	{ color: #bcbcbc; }\n.syntaxhtml		{ color: #000000; }\n.syntaxkeyword	{ color: #585858; }\n.syntaxstring	{ color: #a7a7a7; }\n\n/* Attachments\n----------------------------------------*/\n.attachbox {\n	float: left;\n	width: auto; \n	margin: 5px 5px 5px 0;\n	padding: 6px;\n	background-color: #FFFFFF;\n	border: 1px dashed #d8d8d8;\n	clear: left;\n}\n\n.pm-message .attachbox {\n	background-color: #f3f3f3;\n}\n\n.attachbox dt {\n	font-family: Arial, Helvetica, sans-serif;\n	text-transform: uppercase;\n}\n\n.attachbox dd {\n	margin-top: 4px;\n	padding-top: 4px;\n	clear: left;\n	border-top: 1px solid #d8d8d8;\n}\n\n.attachbox dd dd {\n	border: none;\n}\n\n.attachbox p {\n	line-height: 110%;\n	color: #666666;\n	font-weight: normal;\n	clear: left;\n}\n\n.attachbox p.stats\n{\n	line-height: 110%;\n	color: #666666;\n	font-weight: normal;\n	clear: left;\n}\n\n.attach-image {\n	margin: 3px 0;\n	width: 100%;\n	max-height: 350px;\n	overflow: auto;\n}\n\n.attach-image img {\n	border: 1px solid #999999;\n/*	cursor: move; */\n	cursor: default;\n}\n\n/* Inline image thumbnails */\ndiv.inline-attachment dl.thumbnail, div.inline-attachment dl.file {\n	display: block;\n	margin-bottom: 4px;\n}\n\ndiv.inline-attachment p {\n	font-size: 100%;\n}\n\ndl.file {\n	font-family: Verdana, Arial, Helvetica, sans-serif;\n	display: block;\n}\n\ndl.file dt {\n	text-transform: none;\n	margin: 0;\n	padding: 0;\n	font-weight: bold;\n	font-family: Verdana, Arial, Helvetica, sans-serif;\n}\n\ndl.file dd {\n	color: #666666;\n	margin: 0;\n	padding: 0;	\n}\n\ndl.thumbnail img {\n	padding: 3px;\n	border: 1px solid #666666;\n	background-color: #FFF;\n}\n\ndl.thumbnail dd {\n	color: #666666;\n	font-style: italic;\n	font-family: Verdana, Arial, Helvetica, sans-serif;\n}\n\n.attachbox dl.thumbnail dd {\n	font-size: 100%;\n}\n\ndl.thumbnail dt a:hover {\n	background-color: #EEEEEE;\n}\n\ndl.thumbnail dt a:hover img {\n	border: 1px solid #d2d2d2;\n}\n\n/* Post poll styles\n----------------------------------------*/\nfieldset.polls {\n	font-family: \"Trebuchet MS\", Verdana, Helvetica, Arial, sans-serif;\n}\n\nfieldset.polls dl {\n	margin-top: 5px;\n	border-top: 1px solid #e2e2e2;\n	padding: 5px 0 0 0;\n	line-height: 120%;\n	color: #666666;\n}\n\nfieldset.polls dl.voted {\n	font-weight: bold;\n	color: #000000;\n}\n\nfieldset.polls dt {\n	text-align: left;\n	float: left;\n	display: block;\n	width: 30%;\n	border-right: none;\n	padding: 0;\n	margin: 0;\n	font-size: 1.1em;\n}\n\nfieldset.polls dd {\n	float: left;\n	width: 10%;\n	border-left: none;\n	padding: 0 5px;\n	margin-left: 0;\n	font-size: 1.1em;\n}\n\nfieldset.polls dd.resultbar {\n	width: 50%;\n}\n\nfieldset.polls dd input {\n	margin: 2px 0;\n}\n\nfieldset.polls dd div {\n	text-align: right;\n	font-family: Arial, Helvetica, sans-serif;\n	color: #FFFFFF;\n	font-weight: bold;\n	padding: 0 2px;\n	overflow: visible;\n	min-width: 2%;\n}\n\n.pollbar1 {\n	background-color: #aaaaaa;\n	border-bottom: 1px solid #747474;\n	border-right: 1px solid #747474;\n}\n\n.pollbar2 {\n	background-color: #bebebe;\n	border-bottom: 1px solid #8c8c8c;\n	border-right: 1px solid #8c8c8c;\n}\n\n.pollbar3 {\n	background-color: #D1D1D1;\n	border-bottom: 1px solid #aaaaaa;\n	border-right: 1px solid #aaaaaa;\n}\n\n.pollbar4 {\n	background-color: #e4e4e4;\n	border-bottom: 1px solid #bebebe;\n	border-right: 1px solid #bebebe;\n}\n\n.pollbar5 {\n	background-color: #f8f8f8;\n	border-bottom: 1px solid #D1D1D1;\n	border-right: 1px solid #D1D1D1;\n}\n\n/* Poster profile block\n----------------------------------------*/\n.postprofile {\n	/* Also see tweaks.css */\n	margin: 5px 0 10px 0;\n	min-height: 80px;\n	color: #666666;\n	border-left: 1px solid #FFFFFF;\n	width: 22%;\n	float: right;\n	display: inline;\n}\n.pm .postprofile {\n	border-left: 1px solid #DDDDDD;\n}\n\n.postprofile dd, .postprofile dt {\n	line-height: 1.2em;\n	margin-left: 8px;\n}\n\n.postprofile strong {\n	font-weight: normal;\n	color: #000000;\n}\n\n.avatar {\n	border: none;\n	margin-bottom: 3px;\n}\n\n.online {\n	background-image: none;\n	background-position: 100% 0;\n	background-repeat: no-repeat;\n}\n\n/* Poster profile used by search*/\n.search .postprofile {\n	width: 30%;\n}\n\n/* pm list in compose message if mass pm is enabled */\ndl.pmlist dt {\n	width: 60% !important;\n}\n\ndl.pmlist dt textarea {\n	width: 95%;\n}\n\ndl.pmlist dd {\n	margin-left: 61% !important;\n	margin-bottom: 2px;\n}\n/* proSilver Button Styles\n---------------------------------------- */\n\n/* Rollover buttons\n   Based on: http://wellstyled.com/css-nopreload-rollovers.html\n----------------------------------------*/\n.buttons {\n	float: left;\n	width: auto;\n	height: auto;\n}\n\n/* Rollover state */\n.buttons div {\n	float: left;\n	margin: 0 5px 0 0;\n	background-position: 0 100%;\n}\n\n/* Rolloff state */\n.buttons div a {\n	display: block;\n	width: 100%;\n	height: 100%;\n	background-position: 0 0;\n	position: relative;\n	overflow: hidden;\n}\n\n/* Hide <a> text and hide off-state image when rolling over (prevents flicker in IE) */\n/*.buttons div span		{ display: none; }*/\n/*.buttons div a:hover	{ background-image: none; }*/\n.buttons div span			{ position: absolute; width: 100%; height: 100%; cursor: pointer;}\n.buttons div a:hover span	{ background-position: 0 100%; }\n\n/* Big button images */\n.reply-icon span	{ background: transparent none 0 0 no-repeat; }\n.post-icon span		{ background: transparent none 0 0 no-repeat; }\n.locked-icon span	{ background: transparent none 0 0 no-repeat; }\n.pmreply-icon span	{ background: none 0 0 no-repeat; }\n.newpm-icon span 	{ background: none 0 0 no-repeat; }\n.forwardpm-icon span 	{ background: none 0 0 no-repeat; }\n\n/* Set big button dimensions */\n.buttons div.reply-icon		{ width: {IMG_BUTTON_TOPIC_REPLY_WIDTH}px; height: {IMG_BUTTON_TOPIC_REPLY_HEIGHT}px; }\n.buttons div.post-icon		{ width: {IMG_BUTTON_TOPIC_NEW_WIDTH}px; height: {IMG_BUTTON_TOPIC_NEW_HEIGHT}px; }\n.buttons div.locked-icon	{ width: {IMG_BUTTON_TOPIC_LOCKED_WIDTH}px; height: {IMG_BUTTON_TOPIC_LOCKED_HEIGHT}px; }\n.buttons div.pmreply-icon	{ width: {IMG_BUTTON_PM_REPLY_WIDTH}px; height: {IMG_BUTTON_PM_REPLY_HEIGHT}px; }\n.buttons div.newpm-icon		{ width: {IMG_BUTTON_PM_NEW_WIDTH}px; height: {IMG_BUTTON_PM_NEW_HEIGHT}px; }\n.buttons div.forwardpm-icon	{ width: {IMG_BUTTON_PM_FORWARD_WIDTH}px; height: {IMG_BUTTON_PM_FORWARD_HEIGHT}px; }\n\n/* Sub-header (navigation bar)\n--------------------------------------------- */\na.print, a.sendemail, a.fontsize {\n	display: block;\n	overflow: hidden;\n	height: 18px;\n	text-indent: -5000px;\n	text-align: left;\n	background-repeat: no-repeat;\n}\n\na.print {\n	background-image: none;\n	width: 22px;\n}\n\na.sendemail {\n	background-image: none;\n	width: 22px;\n}\n\na.fontsize {\n	background-image: none;\n	background-position: 0 -1px;\n	width: 29px;\n}\n\na.fontsize:hover {\n	background-position: 0 -20px;\n	text-decoration: none;\n}\n\n/* Icon images\n---------------------------------------- */\n.sitehome, .icon-faq, .icon-rules\n, .icon-members, .icon-home, .icon-ucp, .icon-register, .icon-logout,\n.icon-bookmark, .icon-bump, .icon-subscribe, .icon-unsubscribe, .icon-pages, .icon-search {\n	background-position: 0 50%;\n	background-repeat: no-repeat;\n	background-image: none;\n	padding: 1px 0 0 17px;\n}\n\n/* Poster profile icons\n----------------------------------------*/\nul.profile-icons {\n	padding-top: 10px;\n	list-style: none;\n}\n\n/* Rollover state */\nul.profile-icons li {\n	float: left;\n	margin: 0 6px 3px 0;\n	background-position: 0 100%;\n}\n\n/* Rolloff state */\nul.profile-icons li a {\n	display: block;\n	width: 100%;\n	height: 100%;\n	background-position: 0 0;\n}\n\n/* Hide <a> text and hide off-state image when rolling over (prevents flicker in IE) */\nul.profile-icons li span { display:none; }\nul.profile-icons li a:hover { background: none; }\n\n/* Positioning of moderator icons */\n.postbody ul.profile-icons {\n	float: right;\n	width: auto;\n	padding: 0;\n}\n\n.postbody ul.profile-icons li {\n	margin: 0 3px;\n}\n\n/* Profile & navigation icons */\n.email-icon, .email-icon a		{ background: none top left no-repeat; }\n.aim-icon, .aim-icon a			{ background: none top left no-repeat; }\n.yahoo-icon, .yahoo-icon a		{ background: none top left no-repeat; }\n.web-icon, .web-icon a			{ background: none top left no-repeat; }\n.msnm-icon, .msnm-icon a			{ background: none top left no-repeat; }\n.icq-icon, .icq-icon a			{ background: none top left no-repeat; }\n.jabber-icon, .jabber-icon a		{ background: none top left no-repeat; }\n.pm-icon, .pm-icon a				{ background: none top left no-repeat; }\n.quote-icon, .quote-icon a		{ background: none top left no-repeat; }\n\n/* Moderator icons */\n.report-icon, .report-icon a		{ background: none top left no-repeat; }\n.warn-icon, .warn-icon a			{ background: none top left no-repeat; }\n.edit-icon, .edit-icon a			{ background: none top left no-repeat; }\n.delete-icon, .delete-icon a		{ background: none top left no-repeat; }\n.info-icon, .info-icon a			{ background: none top left no-repeat; }\n\n/* Set profile icon dimensions */\nul.profile-icons li.email-icon		{ width: {IMG_ICON_CONTACT_EMAIL_WIDTH}px; height: {IMG_ICON_CONTACT_EMAIL_HEIGHT}px; }\nul.profile-icons li.aim-icon	{ width: {IMG_ICON_CONTACT_AIM_WIDTH}px; height: {IMG_ICON_CONTACT_AIM_HEIGHT}px; }\nul.profile-icons li.yahoo-icon	{ width: {IMG_ICON_CONTACT_YAHOO_WIDTH}px; height: {IMG_ICON_CONTACT_YAHOO_HEIGHT}px; }\nul.profile-icons li.web-icon	{ width: {IMG_ICON_CONTACT_WWW_WIDTH}px; height: {IMG_ICON_CONTACT_WWW_HEIGHT}px; }\nul.profile-icons li.msnm-icon	{ width: {IMG_ICON_CONTACT_MSNM_WIDTH}px; height: {IMG_ICON_CONTACT_MSNM_HEIGHT}px; }\nul.profile-icons li.icq-icon	{ width: {IMG_ICON_CONTACT_ICQ_WIDTH}px; height: {IMG_ICON_CONTACT_ICQ_HEIGHT}px; }\nul.profile-icons li.jabber-icon	{ width: {IMG_ICON_CONTACT_JABBER_WIDTH}px; height: {IMG_ICON_CONTACT_JABBER_HEIGHT}px; }\nul.profile-icons li.pm-icon		{ width: {IMG_ICON_CONTACT_PM_WIDTH}px; height: {IMG_ICON_CONTACT_PM_HEIGHT}px; }\nul.profile-icons li.quote-icon	{ width: {IMG_ICON_POST_QUOTE_WIDTH}px; height: {IMG_ICON_POST_QUOTE_HEIGHT}px; }\nul.profile-icons li.report-icon	{ width: {IMG_ICON_POST_REPORT_WIDTH}px; height: {IMG_ICON_POST_REPORT_HEIGHT}px; }\nul.profile-icons li.edit-icon	{ width: {IMG_ICON_POST_EDIT_WIDTH}px; height: {IMG_ICON_POST_EDIT_HEIGHT}px; }\nul.profile-icons li.delete-icon	{ width: {IMG_ICON_POST_DELETE_WIDTH}px; height: {IMG_ICON_POST_DELETE_HEIGHT}px; }\nul.profile-icons li.info-icon	{ width: {IMG_ICON_POST_INFO_WIDTH}px; height: {IMG_ICON_POST_INFO_HEIGHT}px; }\nul.profile-icons li.warn-icon	{ width: {IMG_ICON_USER_WARN_WIDTH}px; height: {IMG_ICON_USER_WARN_HEIGHT}px; }\n\n/* Fix profile icon default margins */\nul.profile-icons li.edit-icon	{ margin: 0 0 0 3px; }\nul.profile-icons li.quote-icon	{ margin: 0 0 0 10px; }\nul.profile-icons li.info-icon, ul.profile-icons li.report-icon	{ margin: 0 3px 0 0; }\n\n/* Mod: NoQuote in Last Post */\n.m-reply-icon, .m-reply-icon a, .m-locked-icon, .m-locked-icon a	{ background: none top left no-repeat; }\nul.profile-icons li.m-reply-icon, ul.profile-icons li.m-locked-icon	{ margin: 0 0 0 10px; }\nul.profile-icons li.m-reply-icon	{ width: {IMG_ICON_POST_REPLY_WIDTH}px; height: {IMG_ICON_POST_REPLY_HEIGHT}px; }\nul.profile-icons li.m-locked-icon	{ width: {IMG_ICON_POST_LOCKED_WIDTH}px; height: {IMG_ICON_POST_LOCKED_HEIGHT}px; }\n/* proSilver Control Panel Styles\n---------------------------------------- */\n\n\n/* Main CP box\n----------------------------------------*/\n#cp-menu {\n	float:left;\n	width: 19%;\n	margin-top: 1em;\n	margin-bottom: 5px;\n}\n\n#cp-main {\n	float: left;\n	width: 81%;\n}\n\n#cp-main .content {\n	padding: 0;\n}\n\n#cp-main h3, #cp-main hr, #cp-menu hr {\n	border-color: #bfbfbf;\n}\n\n#cp-main .panel p {\n	font-size: 1.1em;\n}\n\n#cp-main .panel ol {\n	margin-left: 2em;\n	font-size: 1.1em;\n}\n\n#cp-main .panel li.row {\n	border-bottom: 1px solid #cbcbcb;\n	border-top: 1px solid #F9F9F9;\n}\n\nul.cplist {\n	margin-bottom: 5px;\n	border-top: 1px solid #cbcbcb;\n}\n\n#cp-main .panel li.header dd, #cp-main .panel li.header dt {\n	color: #000000;\n	margin-bottom: 2px;\n}\n\n#cp-main table.table1 {\n	margin-bottom: 1em;\n}\n\n#cp-main table.table1 thead th {\n	color: #333333;\n	font-weight: bold;\n	border-bottom: 1px solid #333333;\n	padding: 5px;\n}\n\n#cp-main table.table1 tbody th {\n	font-style: italic;\n	background-color: transparent !important;\n	border-bottom: none;\n}\n\n#cp-main .pagination {\n	float: right;\n	width: auto;\n	padding-top: 1px;\n}\n\n#cp-main .postbody p {\n	font-size: 1.1em;\n}\n\n#cp-main .pm-message {\n	border: 1px solid #e2e2e2;\n	margin: 10px 0;\n	background-color: #FFFFFF;\n	width: auto;\n	float: none;\n}\n\n.pm-message h2 {\n	padding-bottom: 5px;\n}\n\n#cp-main .postbody h3, #cp-main .box2 h3 {\n	margin-top: 0;\n}\n\n#cp-main .buttons {\n	margin-left: 0;\n}\n\n#cp-main ul.linklist {\n	margin: 0;\n}\n\n/* MCP Specific tweaks */\n.mcp-main .postbody {\n	width: 100%;\n}\n\n/* CP tabbed menu\n----------------------------------------*/\n#tabs {\n	line-height: normal;\n	margin: 20px 0 -1px 7px;\n	min-width: 570px;\n}\n\n#tabs ul {\n	margin:0;\n	padding: 0;\n	list-style: none;\n}\n\n#tabs li {\n	display: inline;\n	margin: 0;\n	padding: 0;\n	font-size: 1em;\n	font-weight: bold;\n}\n\n#tabs a {\n	float: left;\n	background: none no-repeat 0% -35px;\n	margin: 0 1px 0 0;\n	padding: 0 0 0 5px;\n	text-decoration: none;\n	position: relative;\n	cursor: pointer;\n}\n\n#tabs a span {\n	float: left;\n	display: block;\n	background: none no-repeat 100% -35px;\n	padding: 6px 10px 6px 5px;\n	color: #828282;\n	white-space: nowrap;\n}\n\n#tabs a:hover span {\n	color: #bcbcbc;\n}\n\n#tabs .activetab a {\n	background-position: 0 0;\n	border-bottom: 1px solid #ebebeb;\n}\n\n#tabs .activetab a span {\n	background-position: 100% 0;\n	padding-bottom: 7px;\n	color: #333333;\n}\n\n#tabs a:hover {\n	background-position: 0 -70px;\n}\n\n#tabs a:hover span {\n	background-position:100% -70px;\n}\n\n#tabs .activetab a:hover {\n	background-position: 0 0;\n}\n\n#tabs .activetab a:hover span {\n	color: #000000;\n	background-position: 100% 0;\n}\n\n/* Mini tabbed menu used in MCP\n----------------------------------------*/\n#minitabs {\n	line-height: normal;\n	margin: -20px 7px 0 0;\n}\n\n#minitabs ul {\n	margin:0;\n	padding: 0;\n	list-style: none;\n}\n\n#minitabs li {\n	display: block;\n	float: right;\n	padding: 0 10px 4px 10px;\n	font-size: 1em;\n	font-weight: bold;\n	background-color: #f2f2f2;\n	margin-left: 2px;\n}\n\n#minitabs a {\n}\n\n#minitabs a:hover {\n	text-decoration: none;\n}\n\n#minitabs li.activetab {\n	background-color: #F9F9F9;\n}\n\n#minitabs li.activetab a, #minitabs li.activetab a:hover {\n	color: #333333;\n}\n\n/* UCP navigation menu\n----------------------------------------*/\n/* Container for sub-navigation list */\n#navigation {\n	width: 100%;\n	padding-top: 36px;\n}\n\n#navigation ul {\n	list-style:none;\n}\n\n/* Default list state */\n#navigation li {\n	margin: 1px 0;\n	padding: 0;\n	font-weight: bold;\n	display: inline;\n}\n\n/* Link styles for the sub-section links */\n#navigation a {\n	display: block;\n	padding: 5px;\n	margin: 1px 0;\n	text-decoration: none;\n	font-weight: bold;\n	color: #333;\n	background: #cfcfcf none repeat-y 100% 0;\n}\n\n#navigation a:hover {\n	text-decoration: none;\n	background-color: #c6c6c6;\n	color: #bcbcbc;\n	background-image: none;\n}\n\n#navigation #active-subsection a {\n	display: block;\n	color: #d3d3d3;\n	background-color: #F9F9F9;\n	background-image: none;\n}\n\n#navigation #active-subsection a:hover {\n	color: #d3d3d3;\n}\n\n/* Preferences pane layout\n----------------------------------------*/\n#cp-main h2 {\n	border-bottom: none;\n	padding: 0;\n	margin-left: 10px;\n	color: #333333;\n}\n\n#cp-main .panel {\n	background-color: #F9F9F9;\n}\n\n#cp-main .pm {\n	background-color: #FFFFFF;\n}\n\n#cp-main span.corners-top, #cp-menu span.corners-top {\n	background-image: none;\n}\n\n#cp-main span.corners-top span, #cp-menu span.corners-top span {\n	background-image: none;\n}\n\n#cp-main span.corners-bottom, #cp-menu span.corners-bottom {\n	background-image: none;\n}\n\n#cp-main span.corners-bottom span, #cp-menu span.corners-bottom span {\n	background-image: none;\n}\n\n/* Topicreview */\n#cp-main .panel #topicreview span.corners-top, #cp-menu .panel #topicreview span.corners-top {\n	background-image: none;\n}\n\n#cp-main .panel #topicreview span.corners-top span, #cp-menu .panel #topicreview span.corners-top span {\n	background-image: none;\n}\n\n#cp-main .panel #topicreview span.corners-bottom, #cp-menu .panel #topicreview span.corners-bottom {\n	background-image: none;\n}\n\n#cp-main .panel #topicreview span.corners-bottom span, #cp-menu .panel #topicreview span.corners-bottom span {\n	background-image: none;\n}\n\n/* Friends list */\n.cp-mini {\n	background-color: #f9f9f9;\n	padding: 0 5px;\n	margin: 10px 15px 10px 5px;\n}\n\n.cp-mini span.corners-top, .cp-mini span.corners-bottom {\n	margin: 0 -5px;\n}\n\ndl.mini dt {\n	font-weight: bold;\n	color: #676767;\n}\n\ndl.mini dd {\n	padding-top: 4px;\n}\n\n.friend-online {\n	font-weight: bold;\n}\n\n.friend-offline {\n	font-style: italic;\n}\n\n/* PM Styles\n----------------------------------------*/\n#pm-menu {\n	line-height: 2.5em;\n}\n\n/* PM Message history */\n.current {\n	color: #999999;\n}\n\n/* Defined rules list for PM options */\nol.def-rules {\n	padding-left: 0;\n}\n\nol.def-rules li {\n	line-height: 180%;\n	padding: 1px;\n}\n\n/* PM marking colours */\n.pmlist li.bg1 {\n	border: solid 3px transparent;\n	border-width: 0 3px;\n}\n\n.pmlist li.bg2 {\n	border: solid 3px transparent;\n	border-width: 0 3px;\n}\n\n.pmlist li.pm_message_reported_colour, .pm_message_reported_colour {\n	border-left-color: #bcbcbc;\n	border-right-color: #bcbcbc;\n}\n\n.pmlist li.pm_marked_colour, .pm_marked_colour {\n	border: solid 3px #ffffff;\n	border-width: 0 3px;\n}\n\n.pmlist li.pm_replied_colour, .pm_replied_colour {\n	border: solid 3px #c2c2c2;\n	border-width: 0 3px;	\n}\n\n.pmlist li.pm_friend_colour, .pm_friend_colour {\n	border: solid 3px #bdbdbd;\n	border-width: 0 3px;\n}\n\n.pmlist li.pm_foe_colour, .pm_foe_colour {\n	border: solid 3px #000000;\n	border-width: 0 3px;\n}\n\n.pm-legend {\n	border-left-width: 10px;\n	border-left-style: solid;\n	border-right-width: 0;\n	margin-bottom: 3px;\n	padding-left: 3px;\n}\n\n/* Avatar gallery */\n#gallery label {\n	position: relative;\n	float: left;\n	margin: 10px;\n	padding: 5px;\n	width: auto;\n	background: #FFFFFF;\n	border: 1px solid #CCC;\n	text-align: center;\n}\n\n#gallery label:hover {\n	background-color: #EEE;\n}\n/* proSilver Form Styles\n---------------------------------------- */\n\n/* General form styles\n----------------------------------------*/\nfieldset {\n	border-width: 0;\n	font-family: Verdana, Helvetica, Arial, sans-serif;\n	font-size: 1.1em;\n}\n\ninput {\n	font-weight: normal;\n	cursor: pointer;\n	vertical-align: middle;\n	padding: 0 3px;\n	font-size: 1em;\n	font-family: Verdana, Helvetica, Arial, sans-serif;\n}\n\nselect {\n	font-family: Verdana, Helvetica, Arial, sans-serif;\n	font-weight: normal;\n	cursor: pointer;\n	vertical-align: middle;\n	border: 1px solid #666666;\n	padding: 1px;\n	background-color: #FAFAFA;\n}\n\noption {\n	padding-right: 1em;\n}\n\noption.disabled-option {\n	color: graytext;\n}\n\ntextarea {\n	font-family: \"Lucida Grande\", Verdana, Helvetica, Arial, sans-serif;\n	width: 60%;\n	padding: 2px;\n	font-size: 1em;\n	line-height: 1.4em;\n}\n\nlabel {\n	cursor: default;\n	padding-right: 5px;\n	color: #676767;\n}\n\nlabel input {\n	vertical-align: middle;\n}\n\nlabel img {\n	vertical-align: middle;\n}\n\n/* Definition list layout for forms\n---------------------------------------- */\nfieldset dl {\n	padding: 4px 0;\n}\n\nfieldset dt {\n	float: left;	\n	width: 40%;\n	text-align: left;\n	display: block;\n}\n\nfieldset dd {\n	margin-left: 41%;\n	vertical-align: top;\n	margin-bottom: 3px;\n}\n\n/* Specific layout 1 */\nfieldset.fields1 dt {\n	width: 15em;\n	border-right-width: 0;\n}\n\nfieldset.fields1 dd {\n	margin-left: 15em;\n	border-left-width: 0;\n}\n\nfieldset.fields1 {\n	background-color: transparent;\n}\n\nfieldset.fields1 div {\n	margin-bottom: 3px;\n}\n\n/* Specific layout 2 */\nfieldset.fields2 dt {\n	width: 15em;\n	border-right-width: 0;\n}\n\nfieldset.fields2 dd {\n	margin-left: 16em;\n	border-left-width: 0;\n}\n\n/* Form elements */\ndt label {\n	font-weight: bold;\n	text-align: left;\n}\n\ndd label {\n	white-space: nowrap;\n	color: #333;\n}\n\ndd input, dd textarea {\n	margin-right: 3px;\n}\n\ndd select {\n	width: auto;\n}\n\ndd textarea {\n	width: 85%;\n}\n\n/* Hover effects */\nfieldset dl:hover dt label {\n	color: #000000;\n}\n\nfieldset.fields2 dl:hover dt label {\n	color: inherit;\n}\n\n#timezone {\n	width: 95%;\n}\n\n* html #timezone {\n	width: 50%;\n}\n\n/* Quick-login on index page */\nfieldset.quick-login {\n	margin-top: 5px;\n}\n\nfieldset.quick-login input {\n	width: auto;\n}\n\nfieldset.quick-login input.inputbox {\n	width: 15%;\n	vertical-align: middle;\n	margin-right: 5px;\n	background-color: #f3f3f3;\n}\n\nfieldset.quick-login label {\n	white-space: nowrap;\n	padding-right: 2px;\n}\n\n/* Display options on viewtopic/viewforum pages  */\nfieldset.display-options {\n	text-align: center;\n	margin: 3px 0 5px 0;\n}\n\nfieldset.display-options label {\n	white-space: nowrap;\n	padding-right: 2px;\n}\n\nfieldset.display-options a {\n	margin-top: 3px;\n}\n\n/* Display actions for ucp and mcp pages */\nfieldset.display-actions {\n	text-align: right;\n	line-height: 2em;\n	white-space: nowrap;\n	padding-right: 1em;\n}\n\nfieldset.display-actions label {\n	white-space: nowrap;\n	padding-right: 2px;\n}\n\nfieldset.sort-options {\n	line-height: 2em;\n}\n\n/* MCP forum selection*/\nfieldset.forum-selection {\n	margin: 5px 0 3px 0;\n	float: right;\n}\n\nfieldset.forum-selection2 {\n	margin: 13px 0 3px 0;\n	float: right;\n}\n\n/* Jumpbox */\nfieldset.jumpbox {\n	text-align: right;\n	margin-top: 15px;\n	height: 2.5em;\n}\n\nfieldset.quickmod {\n	width: 50%;\n	float: right;\n	text-align: right;\n	height: 2.5em;\n}\n\n/* Submit button fieldset */\nfieldset.submit-buttons {\n	text-align: center;\n	vertical-align: middle;\n	margin: 5px 0;\n}\n\nfieldset.submit-buttons input {\n	vertical-align: middle;\n	padding-top: 3px;\n	padding-bottom: 3px;\n}\n\n/* Posting page styles\n----------------------------------------*/\n\n/* Buttons used in the editor */\n#format-buttons {\n	margin: 15px 0 2px 0;\n}\n\n#format-buttons input, #format-buttons select {\n	vertical-align: middle;\n}\n\n/* Main message box */\n#message-box {\n	width: 80%;\n}\n\n#message-box textarea {\n	font-family: \"Trebuchet MS\", Verdana, Helvetica, Arial, sans-serif;\n	width: 100%;\n	font-size: 1.2em;\n	color: #333333;\n}\n\n/* Emoticons panel */\n#smiley-box {\n	width: 18%;\n	float: right;\n}\n\n#smiley-box img {\n	margin: 3px;\n}\n\n/* Input field styles\n---------------------------------------- */\n.inputbox {\n	background-color: #FFFFFF;\n	border: 1px solid #c0c0c0;\n	color: #333333;\n	padding: 2px;\n	cursor: text;\n}\n\n.inputbox:hover {\n	border: 1px solid #eaeaea;\n}\n\n.inputbox:focus {\n	border: 1px solid #eaeaea;\n	color: #4b4b4b;\n}\n\ninput.inputbox	{ width: 85%; }\ninput.medium	{ width: 50%; }\ninput.narrow	{ width: 25%; }\ninput.tiny		{ width: 125px; }\n\ntextarea.inputbox {\n	width: 85%;\n}\n\n.autowidth {\n	width: auto !important;\n}\n\n/* Form button styles\n---------------------------------------- */\ninput.button1, input.button2 {\n	font-size: 1em;\n}\n\na.button1, input.button1, input.button3, a.button2, input.button2 {\n	width: auto !important;\n	padding-top: 1px;\n	padding-bottom: 1px;\n	font-family: \"Lucida Grande\", Verdana, Helvetica, Arial, sans-serif;\n	color: #000;\n	background: #FAFAFA none repeat-x top;\n}\n\na.button1, input.button1 {\n	font-weight: bold;\n	border: 1px solid #666666;\n}\n\ninput.button3 {\n	padding: 0;\n	margin: 0;\n	line-height: 5px;\n	height: 12px;\n	background-image: none;\n	font-variant: small-caps;\n}\n\n/* Alternative button */\na.button2, input.button2, input.button3 {\n	border: 1px solid #666666;\n}\n\n/* <a> button in the style of the form buttons */\na.button1, a.button1:link, a.button1:visited, a.button1:active, a.button2, a.button2:link, a.button2:visited, a.button2:active {\n	text-decoration: none;\n	color: #000000;\n	padding: 2px 8px;\n	line-height: 250%;\n	vertical-align: text-bottom;\n	background-position: 0 1px;\n}\n\n/* Hover states */\na.button1:hover, input.button1:hover, a.button2:hover, input.button2:hover, input.button3:hover {\n	border: 1px solid #BCBCBC;\n	background-position: 0 100%;\n	color: #BCBCBC;\n}\n\ninput.disabled {\n	font-weight: normal;\n	color: #666666;\n}\n\n/* Topic and forum Search */\n.search-box {\n	margin-top: 3px;\n	margin-left: 5px;\n	float: left;\n}\n\n.search-box input {\n}\n\ninput.search {\n	background-image: none;\n	background-repeat: no-repeat;\n	background-position: left 1px;\n	padding-left: 17px;\n}\n\n.full { width: 95%; }\n.medium { width: 50%;}\n.narrow { width: 25%;}\n.tiny { width: 10%;}\n/* proSilver Style Sheet Tweaks\n\nThese style definitions are mainly IE specific \ntweaks required due to its poor CSS support.\n-------------------------------------------------*/\n\n* html table, * html select, * html input { font-size: 100%; }\n* html hr { margin: 0; }\n* html span.corners-top, * html span.corners-bottom { background-image: url(\"{T_THEME_PATH}/images/corners_left.gif\"); }\n* html span.corners-top span, * html span.corners-bottom span { background-image: url(\"{T_THEME_PATH}/images/corners_right.gif\"); }\n\ntable.table1 {\n	width: 99%;		/* IE < 6 browsers */\n	/* Tantek hack */\n	voice-family: \"\\\"}\\\"\";\n	voice-family: inherit;\n	width: 100%;\n}\nhtml>body table.table1 { width: 100%; }	/* Reset 100% for opera */\n\n* html ul.topiclist li { position: relative; }\n* html .postbody h3 img { vertical-align: middle; }\n\n/* Form styles */\nhtml>body dd label input { vertical-align: text-bottom; }	/* Align checkboxes/radio buttons nicely */\n\n* html input.button1, * html input.button2 {\n	padding-bottom: 0;\n	margin-bottom: 1px;\n}\n\n/* Misc layout styles */\n* html .column1, * html .column2 { width: 45%; }\n\n/* Nice method for clearing floated blocks without having to insert any extra markup (like spacer above)\n   From http://www.positioniseverything.net/easyclearing.html \n#tabs:after, #minitabs:after, .post:after, .navbar:after, fieldset dl:after, ul.topiclist dl:after, ul.linklist:after, dl.polls:after {\n	content: \".\"; \n	display: block; \n	height: 0; \n	clear: both; \n	visibility: hidden;\n}*/\n\n.clearfix, #tabs, #minitabs, fieldset dl, ul.topiclist dl, dl.polls {\n	height: 1%;\n	overflow: hidden;\n}\n\n/* viewtopic fix */\n* html .post {\n	height: 25%;\n	overflow: hidden;\n}\n\n/* navbar fix */\n* html .clearfix, * html .navbar, ul.linklist {\n	height: 4%;\n	overflow: hidden;\n}\n\n/* Simple fix so forum and topic lists always have a min-height set, even in IE6\n	From http://www.dustindiaz.com/min-height-fast-hack */\ndl.icon {\n	min-height: 35px;\n	height: auto !important;\n	height: 35px;\n}\n\n* html #search-box {\n	width: 25%;\n}\n\n/* Correctly clear floating for details on profile view */\n*:first-child+html dl.details dd {\n	margin-left: 30%;\n	float: none;\n}\n\n* html dl.details dd {\n	margin-left: 30%;\n	float: none;\n}\n/*  	\n--------------------------------------------------------------\nColours and backgrounds for common.css\n-------------------------------------------------------------- */\n\nhtml, body {\n	color: #68696D;\n	background-color: #e8e8e8;\n	background-image: url(\"{T_THEME_PATH}/images/body_bg.jpg\");\n}\n\nh1 {\n	color: #FFFFFF;\n}\n\nh2 {\n	color: #323335;\n}\n\nh3 {\n	border-bottom-color: #CCCCCC;\n	color: #4C525D;\n}\n\nhr {\n	border-color: #FFFFFF;\n	border-top-color: #CCCCCC;\n}\n\nhr.dashed {\n	border-top-color: #CCCCCC;\n}\n\n/* Search box\n--------------------------------------------- */\n\n#search-box {\n	color: #FFFFFF;\n}\n\n#search-box #keywords {\n	background-color: #FFF;\n}\n\n#search-box input {\n	border-color: #4D5963;\n}\n\n/* Round cornered boxes and backgrounds\n---------------------------------------- */\n.headerbar {\n	background-color: #000000;\n	\n	color: #FFFFFF;\n}\n\n.navbar {\n	background-color: #E8E8E8;\n}\n\n.forabg {\n	background-color: #5D5F62;\n	background-image: url(\"{T_THEME_PATH}/images/bg_list.gif\");\n}\n\n.forumbg {\n	background-color: #5D5F62;\n	background-image: url(\"{T_THEME_PATH}/images/bg_header.gif\");\n}\n\n.panel {\n	background-color: #EFF0F0;\n	color: #323335;\n}\n\n.post:target .content {\n	color: #000000;\n}\n\n.post:target h3 a {\n	color: #000000;\n}\n\n.bg1	{ background-color: #F1F2F2; }\n.bg2	{ background-color: #E8E9EB;  }\n.bg3	{ background-color: #D9DADC; }\n\n.ucprowbg {\n	background-color: #DFDFDF;\n}\n\n.fieldsbg {\n	background-color: #E8E8E9;\n}\n\nspan.corners-top {\n	background-image: url(\"{T_THEME_PATH}/images/corners_left.png\");\n}\n\nspan.corners-top span {\n	background-image: url(\"{T_THEME_PATH}/images/corners_right.png\");\n}\n\nspan.corners-bottom {\n	background-image: url(\"{T_THEME_PATH}/images/corners_left.png\");\n}\n\nspan.corners-bottom span {\n	background-image: url(\"{T_THEME_PATH}/images/corners_right.png\");\n}\n\n/* Horizontal lists\n----------------------------------------*/\n\nul.navlinks {\n	border-bottom-color: #FFFFFF;\n}\n\n/* Table styles\n----------------------------------------*/\ntable.table1 thead th {\n	color: #FFFFFF;\n}\n\ntable.table1 tbody tr {\n	border-color: #C3C3CB;\n}\n\ntable.table1 tbody tr:hover, table.table1 tbody tr.hover {\n	background-color: #E0E2E5;\n	color: #000;\n}\n\ntable.table1 td {\n	color: #68696D;\n}\n\ntable.table1 tbody td {\n	border-top-color: #FAFAFA;\n}\n\ntable.table1 tbody th {\n	border-bottom-color: #000000;\n	color: #333333;\n	background-color: #FFFFFF;\n}\n\ntable.info tbody th {\n	color: #000000;\n}\n\n/* Misc layout styles\n---------------------------------------- */\ndl.details dt {\n	color: #000000;\n}\n\ndl.details dd {\n	color: #68696D;\n}\n\n.sep {\n	color: #697681;\n}\n\n/* Pagination\n---------------------------------------- */\n\n.pagination span strong {\n	color: #FFFFFF;\n	background-color: #7B828A;\n	border-color: #7B828A;\n}\n\n.pagination span a, .pagination span a:link, .pagination span a:visited, .pagination span a:active {\n	color: #717377;\n	background-color: #EDEDED;\n	border-color: #B9BABB;\n}\n\n.pagination span a:hover {\n	border-color: #7B828D;\n	background-color: #7B828D;\n	color: #FFF;\n}\n\n/* Pagination in viewforum for multipage topics */\n.row .pagination {\n	background-image: url(\"{T_THEME_PATH}/images/icon_pages.gif\");\n}\n\n.row .pagination span a, li.pagination span a {\n	background-color: #FFFFFF;\n}\n\n.row .pagination span a:hover, li.pagination span a:hover {\n	background-color: #7B828D;\n}\n\n/* Miscellaneous styles\n---------------------------------------- */\n\n.copyright {\n	color: #555555;\n}\n\n.error {\n	color: #BC2A4D;\n}\n\n.reported {\n	background-color: #F7ECEF;\n}\n\nli.reported:hover {\n	background-color: #ECD5D8 !important;\n}\n.sticky, .announce {\n	/* you can add a background for stickies and announcements*/\n}\n\ndiv.rules {\n	background-color: #ECD5D8;\n	color: #BC2A4D;\n}\n\np.rules {\n	background-color: #ECD5D8;\n	background-image: none;\n}\n\n/*  	\n--------------------------------------------------------------\nColours and backgrounds for links.css\n-------------------------------------------------------------- */\n\na:link	{ color: #454B54; }\na:visited	{ color: #454B54; }\na:hover	{ color: #D31141; }\na:active	{ color: #7B828D; }\n\n/* Links on gradient backgrounds */\n#search-box a:link, .navbg a:link, .forumbg .header a:link, .forabg .header a:link, th a:link {\n	color: #FFFFFF;\n}\n\n#search-box a:visited, .navbg a:visited, .forumbg .header a:visited, .forabg .header a:visited, th a:visited {\n	color: #FFFFFF;\n}\n\n#search-box a:hover, .navbg a:hover, .forumbg .header a:hover, .forabg .header a:hover, th a:hover {\n	color: #CED3D9;\n}\n\n#search-box a:active, .navbg a:active, .forumbg .header a:active, .forabg .header a:active, th a:active {\n	color: #E0E3E7;\n}\n\n/* Links for forum/topic lists */\na.forumtitle {\n	color: #454B54;\n}\n\n/* a.forumtitle:visited { color: #454B54; } */\n\na.forumtitle:hover {\n	color: #BC2A4D;\n}\n\na.forumtitle:active {\n	color: #454B54;\n}\n\na.topictitle {\n	color: #454B54;\n}\n\n/* a.topictitle:visited { color: #7B828D; } */\n\na.topictitle:hover {\n	color: #BC2A4D;\n}\n\na.topictitle:active {\n	color: #454B54;\n}\n\n/* Post body links */\n.postlink {\n	color: #7B828D;\n	border-bottom-color: #7B828D;\n}\n\n.postlink:visited {\n	color: #878C93;\n	border-bottom-color: #666666;\n}\n\n.postlink:active {\n	color: #7B828D;\n}\n\n.postlink:hover {\n	background-color: #E1E3E5;\n	color: #3A3F46;\n}\n\n.signature a, .signature a:visited, .signature a:active, .signature a:hover {\n	background-color: transparent;\n}\n\n/* Profile links */\n.postprofile a:link, .postprofile a:active, .postprofile a:visited, .postprofile dt.author a {\n	color: #454B54;\n}\n\n.postprofile a:hover, .postprofile dt.author a:hover {\n	color: #D31141;\n}\n\n/* Profile searchresults */	\n.search .postprofile a {\n	color: #454B54;\n}\n\n.search .postprofile a:hover {\n	color: #D31141;\n}\n\n/* Back to top of page */\na.top {\n	background-image: url(\"{IMG_ICON_BACK_TOP_SRC}\");\n}\n\na.top2 {\n	background-image: url(\"{IMG_ICON_BACK_TOP_SRC}\");\n}\n\n/* Arrow links  */\na.up		{ background-image: url(\"{T_THEME_PATH}/images/arrow_up.gif\") }\na.down		{ background-image: url(\"{T_THEME_PATH}/images/arrow_down.gif\") }\na.left		{ background-image: url(\"{T_THEME_PATH}/images/arrow_left.gif\") }\na.right		{ background-image: url(\"{T_THEME_PATH}/images/arrow_right.gif\") }\n\na.up:hover {\n	background-color: transparent;\n}\n\na.left:hover {\n	color: #7B828D;\n}\n\na.right:hover {\n	color: #7B828D;\n}\n\n\n/*  	\n--------------------------------------------------------------\nColours and backgrounds for content.css\n-------------------------------------------------------------- */\n\nul.forums {\n	background-color: #F3F4F4;\n	background-image: url(\"{T_THEME_PATH}/images/gradient.gif\");\n}\n\nul.topiclist li {\n	color: #5F6064;\n}\n\nul.topiclist dd {\n	border-left-color: #FFFFFF;\n}\n\nul.topiclist li.row dt a.subforum.read {\n	background-image: url(\"{IMG_SUBFORUM_READ_SRC}\");\n}\n\nul.topiclist li.row dt a.subforum.unread {\n	background-image: url(\"{IMG_SUBFORUM_UNREAD_SRC}\");\n}\n\nli.row {\n	border-top-color:  #FFFFFF;\n	border-bottom-color: #3F4850;\n}\n\nli.row strong {\n	color: #000000;\n}\n\nli.row:hover {\n	background-color: #EBECEC;\n}\n\nli.row:hover dd {\n	border-left-color: #CCCCCC;\n}\n\nli.header dt, li.header dd {\n	color: #FFFFFF;\n}\n\n/* Forum list column styles */\nul.topiclist dd.searchextra {\n	color: #333333;\n}\n\n/* Post body styles\n----------------------------------------*/\n.postbody {\n	color: #333333;\n}\n\n/* Content container styles\n----------------------------------------*/\n.content {\n	color: #333333;\n}\n\n.content h2, .panel h2 {\n	color: #4C525D;\n	border-bottom-color:  #CCCCCC;\n}\n\ndl.faq dt {\n	color: #333333;\n}\n\n.posthilit {\n	background-color: #F3BFCC;\n	color: #BC2A4D;\n}\n\n.announce, .unreadpost {\n	/* Highlight the announcements & unread posts box */\n	border-left-color: #BC2A4D;\n	border-right-color: #BC2A4D;\n}\n\n/* Post signature */\n.signature {\n	border-top-color: #CCCCCC;\n}\n\n/* Post noticies */\n.notice {\n	border-top-color:  #CCCCCC;\n}\n\n/* BB Code styles\n----------------------------------------*/\n/* Quote block */\nblockquote {\n	background-color: #EBEADD;\n	background-image: url(\"{T_THEME_PATH}/images/quote.gif\");\n	border-color:#DBDBCE;\n}\n\nblockquote blockquote {\n	/* Nested quotes */\n	background-color:#EFEED9;\n}\n\nblockquote blockquote blockquote {\n	/* Nested quotes */\n	background-color: #EBEADD;\n}\n\n/* Code block */\ndl.codebox {\n	background-color: #FFFFFF;\n	border-color: #D0D0D1;\n}\n\ndl.codebox dt {\n	border-bottom-color:  #CCCCCC;\n}\n\ndl.codebox code {\n	color: #2E8B57;\n}\n\n.syntaxbg		{ color: #FFFFFF; }\n.syntaxcomment	{ color: #FF8000; }\n.syntaxdefault	{ color: #211BA0; }\n.syntaxhtml		{ color: #000000; }\n.syntaxkeyword	{ color: #007700; }\n.syntaxstring	{ color: #DD0000; }\n\n/* Attachments\n----------------------------------------*/\n.attachbox {\n	background-color: #FFFFFF;\n	border-color:  #D0D0D1;\n}\n\n.pm-message .attachbox {\n	background-color: #F2F3F3;\n}\n\n.attachbox dd {\n	border-top-color: #D0D0D1;\n}\n\n.attachbox p {\n	color: #666666;\n}\n\n.attachbox p.stats\n{\n	color: #666666;\n}\n\n.attach-image img {\n	border-color: #999999;\n}\n\n/* Inline image thumbnails */\n\ndl.file dd {\n	color: #666666;\n}\n\ndl.thumbnail img {\n	border-color: #666666;\n	background-color: #FFFFFF;\n}\n\ndl.thumbnail dd {\n	color: #666666;\n}\n\ndl.thumbnail dt a:hover {\n	background-color: #EEEEEE;\n}\n\ndl.thumbnail dt a:hover img {\n	border-color: #7B828D;\n}\n\n/* Post poll styles\n----------------------------------------*/\n\nfieldset.polls dl {\n	border-top-color: #DFDFDF;\n	color: #666666;\n}\n\nfieldset.polls dl.voted {\n	color: #000000;\n}\n\nfieldset.polls dd div {\n	color: #FFFFFF;\n}\n\n.pollbar1 {\n	background-color: #AA2346;\n	border-bottom-color: #74162C;\n	border-right-color: #74162C;\n}\n\n.pollbar2 {\n	background-color: #BE1E4A;\n	border-bottom-color: #8C1C38;\n	border-right-color: #8C1C38;\n}\n\n.pollbar3 {\n	background-color: #D11A4E;\n	border-bottom-color: #AA2346;\n	border-right-color: #AA2346;\n}\n\n.pollbar4 {\n	background-color: #E41653;\n	border-bottom-color: #BE1E4A;\n	border-right-color: #BE1E4A;\n}\n\n.pollbar5 {\n	background-color: #F81157;\n	border-bottom-color: #D11A4E;\n	border-right-color: #D11A4E;\n}\n\n/* Poster profile block\n----------------------------------------*/\n.postprofile {\n	color: #666666;\n	border-left-color: #FFFFFF;\n}\n\n.pm .postprofile {\n	border-left-color: #DDDDDD;\n}\n\n.postprofile strong {\n	color: #000000;\n}\n\n.online {\n	background-image: url(\"{T_IMAGESET_LANG_PATH}/icon_user_online.gif\");\n}\n\n/*  	\n--------------------------------------------------------------\nColours and backgrounds for buttons.css\n-------------------------------------------------------------- */\n\n/* Big button images */\n.reply-icon span	{ background-image: url(\"{IMG_BUTTON_TOPIC_REPLY_SRC}\"); }\n.post-icon span		{ background-image: url(\"{IMG_BUTTON_TOPIC_NEW_SRC}\"); }\n.locked-icon span	{ background-image: url(\"{IMG_BUTTON_TOPIC_LOCKED_SRC}\"); }\n.pmreply-icon span	{ background-image: url(\"{IMG_BUTTON_PM_REPLY_SRC}\") ;}\n.newpm-icon span 	{ background-image: url(\"{IMG_BUTTON_PM_NEW_SRC}\") ;}\n.forwardpm-icon span	{ background-image: url(\"{IMG_BUTTON_PM_FORWARD_SRC}\") ;}\n\na.print {\n	background-image: url(\"{T_THEME_PATH}/images/icon_print.gif\");\n}\n\na.sendemail {\n	background-image: url(\"{T_THEME_PATH}/images/icon_sendemail.gif\");\n}\n\na.fontsize {\n	background-image: url(\"{T_THEME_PATH}/images/icon_fontsize.gif\");\n}\n\n/* Icon images\n---------------------------------------- */\n.sitehome						{ background-image: url(\"{T_THEME_PATH}/images/icon_home.gif\"); }\n.icon-faq						{ background-image: url(\"{T_THEME_PATH}/images/icon_faq.gif\"); }\n.icon-rules						{ background-image: url(\"{T_THEME_PATH}/images/icon_rules.gif\"); }\n.icon-members					{ background-image: url(\"{T_THEME_PATH}/images/icon_members.gif\"); }\n.icon-home						{ background-image: url(\"{T_THEME_PATH}/images/icon_home.gif\"); }\n.icon-ucp						{ background-image: url(\"{T_THEME_PATH}/images/icon_ucp.gif\"); }\n\n.icon-register					{ background-image: url(\"{T_THEME_PATH}/images/icon_register.gif\"); }\n.icon-logout					{ background-image: url(\"{T_THEME_PATH}/images/icon_logout.gif\"); }\n.icon-bookmark					{ background-image: url(\"{T_THEME_PATH}/images/icon_bookmark.gif\"); }\n.icon-bump						{ background-image: url(\"{T_THEME_PATH}/images/icon_bump.gif\"); }\n.icon-subscribe					{ background-image: url(\"{T_THEME_PATH}/images/icon_subscribe.gif\"); }\n.icon-unsubscribe				{ background-image: url(\"{T_THEME_PATH}/images/icon_unsubscribe.gif\"); }\n.icon-pages						{ background-image: url(\"{T_THEME_PATH}/images/icon_pages.gif\"); }\n.icon-search					{ background-image: url(\"{T_THEME_PATH}/images/icon_search.gif\"); }\n\n/* Profile & navigation icons */\n.email-icon, .email-icon a		{ background-image: url(\"{IMG_ICON_CONTACT_EMAIL_SRC}\"); }\n.aim-icon, .aim-icon a			{ background-image: url(\"{IMG_ICON_CONTACT_AIM_SRC}\"); }\n.yahoo-icon, .yahoo-icon a		{ background-image: url(\"{IMG_ICON_CONTACT_YAHOO_SRC}\"); }\n.web-icon, .web-icon a			{ background-image: url(\"{IMG_ICON_CONTACT_WWW_SRC}\"); }\n.msnm-icon, .msnm-icon a			{ background-image: url(\"{IMG_ICON_CONTACT_MSNM_SRC}\"); }\n.icq-icon, .icq-icon a			{ background-image: url(\"{IMG_ICON_CONTACT_ICQ_SRC}\"); }\n.jabber-icon, .jabber-icon a		{ background-image: url(\"{IMG_ICON_CONTACT_JABBER_SRC}\"); }\n.pm-icon, .pm-icon a				{ background-image: url(\"{IMG_ICON_CONTACT_PM_SRC}\"); }\n.quote-icon, .quote-icon a		{ background-image: url(\"{IMG_ICON_POST_QUOTE_SRC}\"); }\n\n/* Moderator icons */\n.report-icon, .report-icon a		{ background-image: url(\"{IMG_ICON_POST_REPORT_SRC}\"); }\n.edit-icon, .edit-icon a			{ background-image: url(\"{IMG_ICON_POST_EDIT_SRC}\"); }\n.delete-icon, .delete-icon a		{ background-image: url(\"{IMG_ICON_POST_DELETE_SRC}\"); }\n.info-icon, .info-icon a			{ background-image: url(\"{IMG_ICON_POST_INFO_SRC}\"); }\n.warn-icon, .warn-icon a			{ background-image: url(\"{IMG_ICON_USER_WARN_SRC}\"); } /* Need updated warn icon */\n\n/* Mod: NoQuote in Last Post */\n.m-reply-icon, .m-reply-icon a		{ background-image: url(\"{IMG_ICON_POST_REPLY_SRC}\"); }\n.m-locked-icon, .m-locked-icon a	{ background-image: url(\"{IMG_ICON_POST_LOCKED_SRC}\"); }\n	\n/*  	\n--------------------------------------------------------------\nColours and backgrounds for cp.css\n-------------------------------------------------------------- */\n\n/* Main CP box\n----------------------------------------*/\n\n#cp-main h3, #cp-main hr, #cp-menu hr {\n	border-color: #B0B1B3;\n}\n\n#cp-main .panel li.row {\n	border-bottom-color: #BFC0C1;\n	border-top-color: #F9F9F9;\n}\n\nul.cplist {\n	border-top-color: #BFC0C1;\n}\n\n#cp-main .panel li.header dd, #cp-main .panel li.header dt {\n	color: #000000;\n}\n\n#cp-main table.table1 thead th {\n	color: #333333;\n	border-bottom-color: #333333;\n}\n\n#cp-main .pm-message {\n	border-color: #DEDEDF;\n	background-color: #FFFFFF;\n}\n\n/* CP tabbed menu\n----------------------------------------*/\n#tabs a {\n	background-image: url(\"{T_THEME_PATH}/images/bg_tabs1.gif\");\n}\n\n#tabs a span {\n	background-image: url(\"{T_THEME_PATH}/images/bg_tabs2.gif\");\n	color: #68696D;\n}\n\n#tabs a:hover span {\n	color: #BC2A4D;\n}\n\n#tabs .activetab a {\n	border-bottom-color: #D9DADC;\n}\n\n#tabs .activetab a span {\n	color: #333333;\n}\n\n#tabs .activetab a:hover span {\n	color: #000000;\n}\n\n/* Mini tabbed menu used in MCP\n----------------------------------------*/\n#minitabs li {\n	background-color: #E8E9EB;\n}\n\n#minitabs li.activetab {\n	background-color: #F9F9F9;\n}\n\n#minitabs li.activetab a, #minitabs li.activetab a:hover {\n	color: #333333;\n}\n\n/* UCP navigation menu\n----------------------------------------*/\n\n/* Link styles for the sub-section links */\n#navigation a {\n	color: #333;\n	background-color: #BFC0C2;\n	background-image: url(\"{T_THEME_PATH}/images/bg_menu.gif\");\n}\n\n#navigation a:hover {\n	background-color: #B6B8BA;\n	color: #BC2A4D;\n}\n\n#navigation #active-subsection a {\n	color: #D31141;\n	background-color: #F9F9F9;\n	background-image: none;\n}\n\n#navigation #active-subsection a:hover {\n	color: #D31141;\n}\n\n/* Preferences pane layout\n----------------------------------------*/\n#cp-main h2 {\n	color: #333333;\n}\n\n#cp-main .panel {\n	background-color: #F9F9F9;\n}\n\n#cp-main .pm {\n	background-color: #FFFFFF;\n}\n\n#cp-main span.corners-top, #cp-menu span.corners-top {\n	background-image: url(\"{T_THEME_PATH}/images/corners_left2.gif\");\n}\n\n#cp-main span.corners-top span, #cp-menu span.corners-top span {\n	background-image: url(\"{T_THEME_PATH}/images/corners_right2.gif\");\n}\n\n#cp-main span.corners-bottom, #cp-menu span.corners-bottom {\n	background-image: url(\"{T_THEME_PATH}/images/corners_left2.gif\");\n}\n\n#cp-main span.corners-bottom span, #cp-menu span.corners-bottom span {\n	background-image: url(\"{T_THEME_PATH}/images/corners_right2.gif\");\n}\n\n/* Topicreview */\n#cp-main .panel #topicreview span.corners-top, #cp-menu .panel #topicreview span.corners-top {\n	background-image: url(\"{T_THEME_PATH}/images/corners_left.gif\");\n}\n\n#cp-main .panel #topicreview span.corners-top span, #cp-menu .panel #topicreview span.corners-top span {\n	background-image: url(\"{T_THEME_PATH}/images/corners_right.gif\");\n}\n\n#cp-main .panel #topicreview span.corners-bottom, #cp-menu .panel #topicreview span.corners-bottom {\n	background-image: url(\"{T_THEME_PATH}/images/corners_left.gif\");\n}\n\n#cp-main .panel #topicreview span.corners-bottom span, #cp-menu .panel #topicreview span.corners-bottom span {\n	background-image: url(\"{T_THEME_PATH}/images/corners_right.gif\");\n}\n\n/* Friends list */\n.cp-mini {\n	background-color: #F3F4F4;\n}\n\ndl.mini dt {\n	color: #525357;\n}\n\n/* PM Styles\n----------------------------------------*/\n/* PM Message history */\n.current {\n	color: #999999 !important;\n}\n\n/* PM marking colours */\n.pmlist li.pm_message_reported_colour, .pm_message_reported_colour {\n	border-left-color: #BC2A4D;\n	border-right-color: #BC2A4D;\n}\n\n.pmlist li.pm_marked_colour, .pm_marked_colour {\n	border-color: #FF6600;\n}\n\n.pmlist li.pm_replied_colour, .pm_replied_colour {\n	border-color: #B4B5B7;\n}\n\n.pmlist li.pm_friend_colour, .pm_friend_colour {\n	border-color: #878C93;\n}\n\npmlist li.pm_foe_colour, .pm_foe_colour {\n	border-color: #000000;\n}\n\n/* Avatar gallery */\n#gallery label {\n	background-color: #FFFFFF;\n	border-color: #CCC;\n}\n\n#gallery label:hover {\n	background-color: #EEE;\n}\n\n/*  	\n--------------------------------------------------------------\nColours and backgrounds for forms.css\n-------------------------------------------------------------- */\n\n/* General form styles\n----------------------------------------*/\nselect {\n	border-color: #666666;\n	background-color: #FAFAFA;\n}\n\nlabel {\n	color: #525357;\n}\n\n/* Definition list layout for forms\n---------------------------------------- */\ndd label {\n	color: #333;\n}\n\n/* Hover effects */\nfieldset dl:hover dt label {\n	color: #000000;\n}\n\nfieldset.fields2 dl:hover dt label {\n	color: inherit;\n}\n\n/* Quick-login on index page */\nfieldset.quick-login input {\n	background-color: #F2F3F3;\n}\n\n/* Posting page styles\n----------------------------------------*/\n\n#message-box textarea {\n	color: #333333;\n}\n\n/* Input field styles\n---------------------------------------- */\n.inputbox {\n	background-color: #FFFFFF; \n	border-color: #B9BABB;\n	color: #333333;\n}\n\n.inputbox:hover {\n	border-color: #707F8B;\n}\n\n.inputbox:focus {\n	border-color: #707F8B;\n	color: #444952;\n}\n\n/* Form button styles\n---------------------------------------- */\n\na.button1, input.button1, input.button3, a.button2, input.button2 {\n	color: #000;\n	background-color: #FAFAFA;\n	background-image: url(\"{T_THEME_PATH}/images/bg_button.gif\");\n}\n\na.button1, input.button1 {\n	border-color: #666666;\n}\n\ninput.button3 {\n	background-image: none;\n}\n\n/* Alternative button */\na.button2, input.button2, input.button3 {\n	border-color: #666666;\n}\n\n/* <a> button in the style of the form buttons */\na.button1, a.button1:link, a.button1:visited, a.button1:active, a.button2, a.button2:link, a.button2:visited, a.button2:active {\n	color: #000000;\n}\n\n/* Hover states */\na.button1:hover, input.button1:hover, a.button2:hover, input.button2:hover, input.button3:hover {\n	border-color: #BC2A4D;\n	color: #BC2A4D;\n}\n\ninput.search {\n	background-image: url(\"{T_THEME_PATH}/images/icon_textbox_search.gif\");\n}\n\ninput.disabled {\n	color: #666666;\n}\n/* \n        --------------------------------------------------------------\n    * @name borders.css\n    * @package phpBB 3.0.2\n    * @version $Id: v 0.8 05/14/2008\n    * @license http://opensource.org/licenses/gpl-license.php GNU Public License\n        --------------------------------------------------------------\n    */\n    #wrap { \n       padding: 0px 20px; \n       min-width: 650px; \n       width: 900px;  /* change here to set the inner width (forum) of the wrapper */\n       margin: 0px auto; \n    } \n\n    .outside {\n       margin: 0px auto;\n       width : 950px; /* change here to set the outer width (borders) of the wrapper */\n    }\n    /* additional proSilver Markup Styles outside rounded\n    ----------------------------------------------------------- */\n     .top-left, .top-right, .bottom-left, .bottom-right {\n           height: 20px;       /* CHANGE: replace by the height of one of your corners (= 1/2 height of the image) */\n           font-size: 2px;    /* DNC: correction IE for height of the <div>\'s */\n           }\n       \n    .top-left {\n       background-image: url(\"{T_THEME_PATH}/images/corners_top.gif\"); background-repeat:no-repeat; /* CHANGE: path and name of your image */\n       background-position: 0 -20px; /* CHANGE: replace second number by negative height of one of your corners */\n       margin-left: 1px;  /* CHANGE: replace by the width of one of your corners */\n       margin-top: 0px;  /* CHANGE: replace by the height of one of your corners */\n       margin-right: 9px; /* CHANGE: replace by the width of one of your corners */\n       }\n    .top-right {\n       background-image: url(\"{T_THEME_PATH}/images/corners_top.gif\"); background-repeat:no-repeat; /* CHANGE: path and name of your image */\n       background-position: 100% 0;    /* DNC: position right corner at right side, no vertical changes */\n       margin-left: 0px;  /* CHANGE: replace by the width of one of your corners */\n       margin-top: -9px;  /* CHANGE: replace by the height of one of your corners */\n       margin-right: 1px; /* CHANGE: replace by the width of one of your corners */   \n       }\n    .top-center {\n       background-image: url(\"{T_THEME_PATH}/images/bg_headers.gif\"); /* CHANGE: path and name of your image */\n        background-position: 0 0px; /* CHANGE: replace second number by negative height of one of your corners */\n       height: 20px;       /* CHANGE: replace by the height of one of your corners (= 1/2 height of the image) */\n       font-size: 2px;    /* DNC: correction IE for height of the <div>\'s */\n       margin-left: 20px;  /* CHANGE: replace by the width of one of your corners */\n       margin-top: -20px;  /* CHANGE: replace by the height of one of your corners */\n       margin-right: 20px; /* CHANGE: replace by the width of one of your corners */\n       margin-bottom: -20px; /* CHANGE: replace by the width of one of your corners */\n       }\n       \n    .bottom-left  {\n       background-image: url(\"{T_THEME_PATH}/images/corners_bottom.gif\"); background-repeat:no-repeat; /* CHANGE: path and name of your image */\n       background-position: 0 0px; /* CHANGE: replace second number by negative height of one of your corners */\n       margin-right: 0px; /* CHANGE: replace by the width of one of your corners */\n       margin-left: 1px;  /* CHANGE: replace by the width of one of your corners */\n       margin-top: 0px;  /* CHANGE: replace by the height of one of your corners */\n       }\n    .bottom-right {\n       background-image: url(\"{T_THEME_PATH}/images/corners_bottom.gif\"); background-repeat:no-repeat; /* CHANGE: path and name of your image */\n       background-position: 100% -20px; /* CHANGE: replace second number by negative height of one of your corners */\n       margin-right: 1px; /* CHANGE: replace by the width of one of your corners */\n       margin-left: 0px;  /* CHANGE: replace by the width of one of your corners */\n       margin-top: -20px;  /* CHANGE: replace by the height of one of your corners */\n       }\n    .bottom-center {\n       background-image: url(\"{T_THEME_PATH}/images/bg_footers.gif\"); /* CHANGE: path and name of your image */\nbackground-position: 0 0px; /* CHANGE: replace second number by negative height of one of your corners */\n       height: 20px;       /* CHANGE: replace by the height of one of your corners (= 1/2 height of the image) */\n       font-size: 2px;    /* DNC: correction IE for height of the <div>\'s */\n       margin-left: 20px;  /* CHANGE: replace by the width of one of your corners */\n       margin-top: -20px;  /* CHANGE: replace by the height of one of your corners */\n       margin-right: 20px; /* CHANGE: replace by the width of one of your corners */\n       margin-bottom: -20px; /* CHANGE: replace by the width of one of your corners */\n       }\n\n    .inside {\n       border-left: 0px solid #000000; /* YCC: color & properties of the left-borderline */\n       border-right: 0px solid #000000;/* YCC: color & properties of the right-borderline */\n       background: #FFFFFF;            /* YCC: background-color of the inside */\n       color: #000000;                 /* YCC: default text-color of the inside */\n       padding-left: 0px;              /* YCC: all texts at some distance of the left border */\n       padding-right: 0px;             /* YCC: all texts at some distance of the right border */\n       margin-left: 7px;  /* CHANGE: replace by the width of one of your corners */\n       margin-right: 4px; /* CHANGE: replace by the width of one of your corners */\n       }\n       \n    .notopgap    { margin-top: 0; }    /* DNC: to avoid splitting of the box */\n    .nobottomgap { margin-bottom: 0; } /* DNC: to avoid splitting of the box */');

--
-- Table structure for table `phpbb_topics`
--

CREATE TABLE `phpbb_topics` (
  `topic_id` mediumint(8) unsigned NOT NULL AUTO_INCREMENT,
  `forum_id` mediumint(8) unsigned NOT NULL DEFAULT '0',
  `icon_id` mediumint(8) unsigned NOT NULL DEFAULT '0',
  `topic_attachment` tinyint(1) unsigned NOT NULL DEFAULT '0',
  `topic_approved` tinyint(1) unsigned NOT NULL DEFAULT '1',
  `topic_reported` tinyint(1) unsigned NOT NULL DEFAULT '0',
  `topic_title` varchar(255) CHARACTER SET utf8 COLLATE utf8_unicode_ci NOT NULL DEFAULT '',
  `topic_poster` mediumint(8) unsigned NOT NULL DEFAULT '0',
  `topic_time` int(11) unsigned NOT NULL DEFAULT '0',
  `topic_time_limit` int(11) unsigned NOT NULL DEFAULT '0',
  `topic_views` mediumint(8) unsigned NOT NULL DEFAULT '0',
  `topic_replies` mediumint(8) unsigned NOT NULL DEFAULT '0',
  `topic_replies_real` mediumint(8) unsigned NOT NULL DEFAULT '0',
  `topic_status` tinyint(3) NOT NULL DEFAULT '0',
  `topic_type` tinyint(3) NOT NULL DEFAULT '0',
  `topic_first_post_id` mediumint(8) unsigned NOT NULL DEFAULT '0',
  `topic_first_poster_name` varchar(255) COLLATE utf8_bin NOT NULL DEFAULT '',
  `topic_first_poster_colour` varchar(6) COLLATE utf8_bin NOT NULL DEFAULT '',
  `topic_last_post_id` mediumint(8) unsigned NOT NULL DEFAULT '0',
  `topic_last_poster_id` mediumint(8) unsigned NOT NULL DEFAULT '0',
  `topic_last_poster_name` varchar(255) COLLATE utf8_bin NOT NULL DEFAULT '',
  `topic_last_poster_colour` varchar(6) COLLATE utf8_bin NOT NULL DEFAULT '',
  `topic_last_post_subject` varchar(255) COLLATE utf8_bin NOT NULL DEFAULT '',
  `topic_last_post_time` int(11) unsigned NOT NULL DEFAULT '0',
  `topic_last_view_time` int(11) unsigned NOT NULL DEFAULT '0',
  `topic_moved_id` mediumint(8) unsigned NOT NULL DEFAULT '0',
  `topic_bumped` tinyint(1) unsigned NOT NULL DEFAULT '0',
  `topic_bumper` mediumint(8) unsigned NOT NULL DEFAULT '0',
  `poll_title` varchar(255) COLLATE utf8_bin NOT NULL DEFAULT '',
  `poll_start` int(11) unsigned NOT NULL DEFAULT '0',
  `poll_length` int(11) unsigned NOT NULL DEFAULT '0',
  `poll_max_options` tinyint(4) NOT NULL DEFAULT '1',
  `poll_last_vote` int(11) unsigned NOT NULL DEFAULT '0',
  `poll_vote_change` tinyint(1) unsigned NOT NULL DEFAULT '0',
  PRIMARY KEY (`topic_id`),
  KEY `forum_id` (`forum_id`),
  KEY `forum_id_type` (`forum_id`,`topic_type`),
  KEY `last_post_time` (`topic_last_post_time`),
  KEY `topic_approved` (`topic_approved`),
  KEY `forum_appr_last` (`forum_id`,`topic_approved`,`topic_last_post_id`),
  KEY `fid_time_moved` (`forum_id`,`topic_last_post_time`,`topic_moved_id`)
) ENGINE=MyISAM AUTO_INCREMENT=952 DEFAULT CHARSET=utf8 COLLATE=utf8_bin;

--
-- Dumping data for table `phpbb_topics`
--

INSERT INTO `phpbb_topics` VALUES (81,6,0,0,1,0,'G.P. Round 1 Trophy--- Come and get yours',2,1236172531,0,121,0,0,0,0,193,'grindingstone','',193,2,'grindingstone','','G.P. Round 1 Trophy--- Come and get yours',1236172531,1271068836,0,0,0,'',0,0,1,0,0),(2,2,0,0,1,0,'Welcome to GRINDINGSTONE MX',2,1226433694,0,475,3,3,0,0,5,'grindingstone','',15,79,'AZOTMX MASTER','','Re: Welcome to GRINDINGSTONE MX',1227146349,1271200406,0,0,0,'',0,0,1,0,0),(3,12,0,0,1,0,'Desert Image Collection',2,1226434697,0,755,15,15,0,0,6,'grindingstone','',488,64,'ThePhotoGuy@DaTrack','','Re: Desert Image Collection',1246637246,1271134746,0,0,0,'',0,0,1,0,0),(4,3,0,0,1,0,'2009 GRINDINGSTONE MX CALENDARS',2,1226435033,0,582,11,11,0,0,7,'grindingstone','',1154,5921,'joshuafrfld701','','Re: 2009 GRINDINGSTONE MX CALENDARS',1258555043,1271793533,0,0,0,'',0,0,1,0,0),(37,12,0,0,1,0,'Fequent Rider passes',114,1234281250,0,138,0,0,0,0,133,'motomutts','',133,114,'motomutts','','Fequent Rider passes',1234281250,1271739638,0,0,0,'',0,0,1,0,0),(38,12,0,0,1,0,'Dippin Dots Ice cream for sale at the Races',114,1234331094,0,67,0,0,0,0,134,'motomutts','',134,114,'motomutts','','Dippin Dots Ice cream for sale at the Races',1234331094,1271739643,0,0,0,'',0,0,1,0,0),(141,14,0,0,1,0,'We want to THANK all our sponsors',2,1238522616,0,63,0,0,0,2,275,'grindingstone','',275,2,'grindingstone','','We want to THANK all our sponsors',1238522616,1271726620,0,0,0,'',0,0,1,0,0),(142,4,0,0,1,0,'Endurance Race Classes',114,1238523067,0,84,0,0,0,0,276,'motomutts','',276,114,'motomutts','','Endurance Race Classes',1238523067,1271737631,0,0,0,'',0,0,1,0,0),(143,4,0,0,1,0,'8hr team members',114,1238523133,0,83,0,0,0,0,277,'motomutts','',277,114,'motomutts','','8hr team members',1238523133,1271213138,0,0,0,'',0,0,1,0,0),(140,3,0,1,1,0,'Toyhauler 5th wheel',114,1238519776,0,109,2,2,0,0,274,'motomutts','',550,2,'grindingstone','','Re: Toyhauler 5th wheel',1249321962,1271766437,0,0,0,'',0,0,1,0,0),(29,12,0,0,1,0,'Round 1 Event T-Shirts',114,1233772577,0,142,3,3,0,0,124,'motomutts','',220,114,'motomutts','','Re: Round 1 Event T-Shirts',1236641641,1271030579,0,0,0,'',0,0,1,0,0),(888,2,0,0,1,0,'amateurporno tv bilder von privat amateurcam www privatporno',5680,1260549698,0,54,0,0,0,0,1183,'Harryboman','',1183,5680,'Harryboman','','amateurporno tv bilder von privat amateurcam www privatporno',1260549698,1271171568,0,0,0,'',0,0,1,0,0),(144,6,0,0,1,0,'Number Plate Background colors',114,1238523318,0,158,2,2,0,0,278,'motomutts','',294,114,'motomutts','','Re: Number Plate Background colors',1238530815,1271726665,0,0,0,'',0,0,1,0,0),(27,3,0,0,1,0,'New GS Dog Tags',114,1233672302,0,131,3,3,0,0,116,'motomutts','',350,114,'motomutts','','Re: New GS Dog Tags',1239322044,1271793558,0,0,0,'',0,0,1,0,0),(137,13,0,1,1,0,'6hr Race Story',114,1238517487,0,196,1,1,0,0,272,'motomutts','',319,4501,'vis152','','Re: 6hr Race Story',1238712125,1271806300,0,0,0,'',0,0,1,0,0),(75,13,0,0,1,0,'6 hour quad enduro',1165,1236022180,0,94,0,0,0,0,186,'Ludwick413','',186,1165,'Ludwick413','','6 hour quad enduro',1236022180,1271356184,0,0,0,'',0,0,1,0,0),(43,13,0,0,1,0,'Round 1 Race Story',114,1234486874,0,192,0,0,0,0,139,'motomutts','',139,114,'motomutts','','Round 1 Race Story',1234486874,1271356179,0,0,0,'',0,0,1,0,0),(107,6,0,0,1,0,'Grand Prix Classes',2,1236737719,0,302,0,0,0,1,232,'grindingstone','',232,2,'grindingstone','','Grand Prix Classes',1236737719,1271192084,0,0,0,'',0,0,1,0,0),(82,13,0,0,1,0,'What you thought of the 6hr race.',2,1236207522,0,342,14,14,0,0,194,'grindingstone','',268,3023,'ERIC BUNTON','','Re: What you thought of the 6hr race.',1238373321,1271819133,0,0,0,'',0,0,1,0,0),(175,6,0,0,1,0,'Round 2 Photos',114,1239149695,0,107,0,0,0,0,332,'motomutts','',332,114,'motomutts','','Round 2 Photos',1239149695,1270852295,0,0,0,'',0,0,1,0,0),(889,2,0,0,1,0,'nacktbilder amateur privat sex bilder private lesben privata',5680,1260549772,0,69,0,0,0,0,1184,'Harryboman','',1184,5680,'Harryboman','','nacktbilder amateur privat sex bilder private lesben privata',1260549772,1271024059,0,0,0,'',0,0,1,0,0),(176,6,1,1,1,0,'Round 2 Race Results',114,1239224572,0,119,2,2,0,0,334,'motomutts','',342,114,'motomutts','','Re: Round 2 Race Results',1239252635,1270136166,0,0,0,'',0,0,1,0,0),(146,4,0,0,1,0,'Endurance Races Gate Fees',114,1238523597,0,75,0,0,0,0,280,'motomutts','',280,114,'motomutts','','Endurance Races Gate Fees',1238523597,1271213144,0,0,0,'',0,0,1,0,0),(145,6,0,0,1,0,'Grand Prix Gate Fees',114,1238523561,0,80,0,0,0,0,279,'motomutts','',279,114,'motomutts','','Grand Prix Gate Fees',1238523561,1271055611,0,0,0,'',0,0,1,0,0),(79,4,0,1,1,0,'2009 6hr Endurance Race Results',2,1236093238,0,183,0,0,0,0,191,'grindingstone','',191,2,'grindingstone','','2009 6hr Endurance Race Results',1236093238,1271226126,0,0,0,'',0,0,1,0,0),(78,13,0,0,1,0,'6 hour endurance race',1182,1236049107,0,101,0,0,0,0,190,'KRAK HEDZ','',190,1182,'KRAK HEDZ','','6 hour endurance race',1236049107,1271356189,0,0,0,'',0,0,1,0,0),(148,10,0,0,1,0,'Calendar',114,1238523812,0,162,1,1,0,0,282,'motomutts','',383,4460,'Crazydog','','Re: Calendar',1240893347,1271726680,0,0,0,'',0,0,1,0,0),(149,4,0,0,1,0,'6hr Trophies',2,1238524269,0,87,1,1,0,0,283,'grindingstone','',374,114,'motomutts','','Re: 6hr Trophies',1240521315,1271780210,0,0,0,'',0,0,1,0,0),(150,6,0,0,1,0,'6hr Trophies',2,1238524329,0,59,0,0,0,0,284,'grindingstone','',284,2,'grindingstone','','6hr Trophies',1238524329,1271068805,0,0,0,'',0,0,1,0,0),(832,6,0,1,1,0,'2010 Arizona Grand Prix Series Schedule',2,1258400863,0,50,0,0,0,2,1124,'grindingstone','',1124,2,'grindingstone','','2010 Arizona Grand Prix Series Schedule',1258400863,1271055636,0,0,0,'',0,0,1,0,0),(152,18,0,0,1,0,'Trophy Kart New Classes added',2,1238525330,0,74,0,0,0,0,286,'grindingstone','',286,2,'grindingstone','','Trophy Kart New Classes added',1238525330,1271793553,0,0,0,'',0,0,1,0,0),(155,6,0,1,1,0,'2009 Grand Prix Race Schedule',2,1238525950,0,88,0,0,0,0,289,'grindingstone','',289,2,'grindingstone','','2009 Grand Prix Race Schedule',1238525950,1270485566,0,0,0,'',0,0,1,0,0),(156,4,0,1,1,0,'2009 Endurance Race schedule',2,1238526024,0,80,0,0,0,0,290,'grindingstone','',290,2,'grindingstone','','2009 Endurance Race schedule',1238526024,1271213154,0,0,0,'',0,0,1,0,0),(157,4,0,0,1,0,'Transponders',2,1238526154,0,127,3,3,0,0,291,'grindingstone','',344,114,'motomutts','','Re: Transponders',1239300172,1271806359,0,0,0,'',0,0,1,0,0),(167,4,0,0,1,0,'Wanted! Endurance race team members - ATV',4460,1238652666,0,137,4,4,0,0,316,'Crazydog','',386,4674,'BLACK KFX','','Re: Wanted! Endurance race team members - ATV',1240948019,1271226084,0,0,0,'',0,0,1,0,0),(239,2,0,0,1,0,'AZ CRF\'S SERVICE AND REPAIR',66,1246327220,0,89,3,3,0,0,480,'kevin pisel','',499,114,'motomutts','','Re: AZ CRF\'S SERVICE AND REPAIR',1247203575,1271317003,0,0,0,'',0,0,1,0,0),(165,14,0,0,1,0,'Interested in sponsoring GS?',114,1238637684,0,79,0,0,0,0,311,'motomutts','',311,114,'motomutts','','Interested in sponsoring GS?',1238637684,1271739609,0,0,0,'',0,0,1,0,0),(166,6,0,0,1,0,'Unclassified',4501,1238644183,0,72,2,2,0,0,312,'vis152','',317,4501,'vis152','','Re: Unclassified',1238710977,1271739648,0,0,0,'',0,0,1,0,0),(932,3,0,0,1,0,'Yahoouj',5945,1269042699,0,8,0,0,0,0,1230,'nevillemundl','',1230,5945,'nevillemundl','','Yahoouj',1269042699,1270031121,0,0,0,'',0,0,1,0,0),(887,2,0,0,1,0,'777Dealer.com - $3,000 Casino Bonus',5928,1260271331,0,261,0,0,0,0,1182,'Diornvioria','',1182,5928,'Diornvioria','','777Dealer.com - $3,000 Casino Bonus',1260271331,1271810139,0,0,0,'',0,0,1,0,0),(168,3,0,0,1,0,'wanted honda cr 125',4501,1238711402,0,48,1,1,0,0,318,'vis152','',366,4501,'vis152','','Re: wanted honda cr 125',1240115935,1271450348,0,0,0,'',0,0,1,0,0),(169,18,0,0,1,0,'TrophyKart Race',4523,1238977438,0,100,1,1,0,0,320,'Mr. Nice','',333,92,'GSBill','','Re: TrophyKart Race',1239221871,1271279004,0,0,0,'',0,0,1,0,0),(170,3,0,0,1,0,'HD Road King For Sale',92,1239037778,0,42,0,0,0,0,321,'GSBill','',321,92,'GSBill','','HD Road King For Sale',1239037778,1271253187,0,0,0,'',0,0,1,0,0),(171,20,0,0,1,0,'Track Video',2,1239038505,0,225,6,6,0,0,322,'grindingstone','',331,114,'motomutts','','Re: Track Video',1239125597,1271780200,0,0,0,'',0,0,1,0,0),(178,20,0,0,1,0,'Tom Car going through enduro cross Round 2',114,1239293615,0,83,0,0,0,0,343,'motomutts','',343,114,'motomutts','','Tom Car going through enduro cross Round 2',1239293615,1271239576,0,0,0,'',0,0,1,0,0),(179,4,3,0,1,0,'8hr race NEW and Exciting Stuff',114,1239300346,0,94,2,2,0,0,345,'motomutts','',377,114,'motomutts','','Re: 8hr race NEW and Exciting Stuff',1240540182,1271766422,0,0,0,'',0,0,1,0,0),(181,16,0,0,1,0,'New Jumps !',4544,1239307474,0,157,2,2,0,0,348,'wr400','',481,66,'kevin pisel','','Re: New Jumps !',1246327896,1271766383,0,0,0,'',0,0,1,0,0),(182,2,0,1,1,0,'Gone Riding or At the Races Door Mats',114,1239321954,0,60,0,0,0,0,349,'motomutts','',349,114,'motomutts','','Gone Riding or At the Races Door Mats',1239321954,1271304301,0,0,0,'',0,0,1,0,0),(183,20,0,0,1,0,'Local Hero Mechanic',114,1239380151,0,91,0,0,0,0,352,'motomutts','',352,114,'motomutts','','Local Hero Mechanic',1239380151,1271253173,0,0,0,'',0,0,1,0,0),(416,22,0,1,1,0,'Xtreme X race',2,1254506757,0,65,0,0,0,0,704,'grindingstone','',704,2,'grindingstone','','Xtreme X race',1254506757,1271806313,0,0,0,'',0,0,1,0,0),(472,10,0,0,1,0,'Free Practice if you race',2,1256247555,0,38,0,0,0,0,762,'grindingstone','',762,2,'grindingstone','','Free Practice if you race',1256247555,1271079398,0,0,0,'',0,0,1,0,0),(186,13,0,0,1,0,'GS races in Cycle News',114,1239739645,0,89,0,0,0,0,356,'motomutts','',356,114,'motomutts','','GS races in Cycle News',1239739645,1271793494,0,0,0,'',0,0,1,0,0),(187,6,0,1,1,0,'Round 2 Trophies',114,1239742612,0,62,0,0,0,0,357,'motomutts','',357,114,'motomutts','','Round 2 Trophies',1239742612,1271068810,0,0,0,'',0,0,1,0,0),(188,2,0,0,1,0,'general questions',4587,1239830301,0,146,3,3,0,0,358,'gutwrencher','',363,114,'motomutts','','Re: general questions',1239928037,1271239571,0,0,0,'',0,0,1,0,0),(191,3,0,0,1,0,'Nice Trailer For Sale',92,1240107646,0,80,0,0,0,0,365,'GSBill','',365,92,'GSBill','','Nice Trailer For Sale',1240107646,1271253192,0,0,0,'',0,0,1,0,0),(194,2,0,0,1,0,'Works Performance discount to GS Racers',114,1240280546,0,115,3,3,0,0,370,'motomutts','',454,114,'motomutts','','Re: Works Performance discount to GS Racers',1245105788,1270936430,0,0,0,'',0,0,1,0,0),(196,6,0,0,1,0,'Series Points?',1640,1240372902,0,87,2,2,0,0,372,'Clint183','',393,114,'motomutts','','Re: Series Points?',1241477459,1271739664,0,0,0,'',0,0,1,0,0),(197,6,0,0,1,0,'GS Round 3 Flyer',114,1240847815,0,51,0,0,0,0,379,'motomutts','',379,114,'motomutts','','GS Round 3 Flyer',1240847815,1271288941,0,0,0,'',0,0,1,0,0),(933,3,0,0,1,0,'Switching From Zoloft To Celexa',5945,1269253663,0,3,0,0,0,0,1231,'nevillemundl','',1231,5945,'nevillemundl','','Switching From Zoloft To Celexa',1269253663,1271454080,0,0,0,'',0,0,1,0,0),(198,2,0,0,1,0,'Needing any and all info....',4675,1240885350,0,140,4,4,0,0,381,'Ds-650/Moore','',397,114,'motomutts','','Re: Needing any and all info....',1241560113,1271819102,0,0,0,'',0,0,1,0,0),(406,2,0,1,1,0,'Destry Abbott ISDE Fundraiser',114,1254148499,0,68,0,0,0,0,694,'motomutts','',694,114,'motomutts','','Destry Abbott ISDE Fundraiser',1254148499,1271780196,0,0,0,'',0,0,1,0,0),(468,3,0,0,1,0,'Problem with activating account',5576,1256140826,0,9,0,0,0,0,758,'owenrenwick','',758,5576,'owenrenwick','','Problem with activating account',1256140826,1271343084,0,0,0,'',0,0,1,0,0),(362,15,0,0,1,0,'2010 MotoX',2,1252953129,0,74,0,0,0,0,647,'grindingstone','',647,2,'grindingstone','','2010 MotoX',1252953129,1271832149,0,0,0,'',0,0,1,0,0),(203,4,0,0,1,0,'8 hour IRONMAN',85,1241546319,0,75,1,1,0,0,395,'Trooper','',404,1165,'Ludwick413','','Re: 8 hour IRONMAN',1241589243,1271780215,0,0,0,'',0,0,1,0,0),(204,6,0,1,1,0,'Grand Prix Series point results',114,1241560244,0,148,2,2,0,0,398,'motomutts','',436,114,'motomutts','','Re: Grand Prix Series point results',1244143768,1271200416,0,0,0,'',0,0,1,0,0),(205,23,0,0,1,0,'Motocross Race',114,1241562352,0,357,18,18,0,0,399,'motomutts','',474,114,'motomutts','','Re: Motocross Race',1246062289,1270414285,0,0,0,'',0,0,1,0,0),(206,6,0,0,1,0,'Free Practice if you race',114,1241575940,0,74,0,0,0,0,401,'motomutts','',401,114,'motomutts','','Free Practice if you race',1241575940,1271068820,0,0,0,'',0,0,1,0,0),(208,4,0,1,1,0,'2009 ATV 8hr Race Results',114,1241729937,0,42,0,0,0,0,407,'motomutts','',407,114,'motomutts','','2009 ATV 8hr Race Results',1241729937,1271226096,0,0,0,'',0,0,1,0,0),(209,4,0,1,1,0,'8hr Bike Race Results',114,1241730158,0,90,2,2,0,0,408,'motomutts','',410,114,'motomutts','','Re: 8hr Bike Race Results',1242139609,1271714236,0,0,0,'',0,0,1,0,0),(210,3,0,0,1,0,'400ex 440 big bore for sale',4543,1242167477,0,120,4,4,0,0,411,'az440ex','',791,4543,'az440ex','','Re: 400ex 440 big bore for sale',1256776549,1271253198,0,0,0,'',0,0,1,0,0),(242,2,0,0,1,0,'Face Book',114,1246637854,0,53,0,0,0,0,489,'motomutts','',489,114,'motomutts','','Face Book',1246637854,1268956436,0,0,0,'',0,0,1,0,0),(212,6,0,0,1,0,'night races this summer?',4767,1243316834,0,59,0,0,0,0,419,'schuster189','',419,4767,'schuster189','','night races this summer?',1243316834,1271068825,0,0,0,'',0,0,1,0,0),(213,6,0,1,1,0,'Round 3 GP Results',114,1243372148,0,128,0,0,0,0,422,'motomutts','',422,114,'motomutts','','Round 3 GP Results',1243372148,1270401419,0,0,0,'',0,0,1,0,0),(214,2,0,1,1,0,'ATV Night Race',114,1243374468,0,159,4,4,0,0,423,'motomutts','',484,114,'motomutts','','Re: ATV Night Race',1246385223,1271780235,0,0,0,'',0,0,1,0,0),(215,2,0,0,1,0,'Family Fun',4773,1243436866,0,82,0,0,0,0,425,'kgirl','',425,4773,'kgirl','','Family Fun',1243436866,1268956426,0,0,0,'',0,0,1,0,0),(216,3,0,0,1,0,'1998 Kawasaki Vulcan 1500 Classic',121,1243488113,0,32,0,0,0,0,428,'eschettler','',428,121,'eschettler','','1998 Kawasaki Vulcan 1500 Classic',1243488113,1271253203,0,0,0,'',0,0,1,0,0),(217,18,0,0,1,0,'Round 3 Race',4523,1243551155,0,72,0,0,0,0,429,'Mr. Nice','',429,4523,'Mr. Nice','','Round 3 Race',1243551155,1271095851,0,0,0,'',0,0,1,0,0),(218,22,0,0,1,0,'Photos for the first Xtreme X',114,1243629903,0,93,0,0,0,0,430,'motomutts','',430,114,'motomutts','','Photos for the first Xtreme X',1243629903,1271806310,0,0,0,'',0,0,1,0,0),(219,16,0,0,1,0,'Hill Climb!',4460,1243719940,0,85,0,0,0,0,431,'Crazydog','',431,4460,'Crazydog','','Hill Climb!',1243719940,1271780181,0,0,0,'',0,0,1,0,0),(220,4,0,0,1,0,'8hr trophies',4691,1243798020,0,86,1,1,0,0,433,'motomikey','',463,114,'motomutts','','Re: 8hr trophies',1245370810,1271752864,0,0,0,'',0,0,1,0,0),(221,2,0,0,1,0,'Getting Started',4828,1244049932,0,69,0,0,0,0,434,'Glibo','',434,4828,'Glibo','','Getting Started',1244049932,1270181923,0,0,0,'',0,0,1,0,0),(222,4,0,0,1,0,'10hr Race DATE CHANGE',114,1244143829,0,99,1,1,0,1,437,'motomutts','',450,114,'motomutts','','Re: 10hr Race DATE CHANGE',1244829379,1271450353,0,0,0,'',0,0,1,0,0),(223,6,0,1,1,0,'GP Race Times CHANGED',114,1244143936,0,80,0,0,0,0,438,'motomutts','',438,114,'motomutts','','GP Race Times CHANGED',1244143936,1271714241,0,0,0,'',0,0,1,0,0),(309,2,0,0,1,0,'Hot line?',55,1250909514,0,91,1,1,0,0,589,'ebeck','',633,2,'grindingstone','','Re: Hot line?',1252525234,1271804454,0,0,0,'',0,0,1,0,0),(224,2,0,0,1,0,'DINO, RACE PREP, PARTS, SERVICE, FAB',4843,1244671161,0,39,0,0,0,0,442,'DTZ1912','',442,4843,'DTZ1912','','DINO, RACE PREP, PARTS, SERVICE, FAB',1244671161,1270936234,0,0,0,'',0,0,1,0,0),(227,12,0,0,1,0,'Snow Kones Are Here',92,1244760956,0,75,2,2,0,0,448,'GSBill','',491,92,'GSBill','','Re: Snow Kones Are Here',1246740472,1271356175,0,0,0,'',0,0,1,0,0),(240,14,0,0,1,0,'Red Bull',114,1246330048,0,46,0,0,0,0,483,'motomutts','',483,114,'motomutts','','Red Bull',1246330048,1271806364,0,0,0,'',0,0,1,0,0),(241,23,0,1,1,0,'Moto X Race Results',114,1246395174,0,128,0,0,0,0,485,'motomutts','',485,114,'motomutts','','Moto X Race Results',1246395174,1271806334,0,0,0,'',0,0,1,0,0),(229,20,0,0,1,0,'GS Practice Video',114,1245105495,0,131,0,0,0,0,452,'motomutts','',452,114,'motomutts','','GS Practice Video',1245105495,1271793563,0,0,0,'',0,0,1,0,0),(230,10,0,0,1,0,'Frequent Rider pass',114,1245105618,0,125,0,0,0,0,453,'motomutts','',453,114,'motomutts','','Frequent Rider pass',1245105618,1271079372,0,0,0,'',0,0,1,0,0),(231,3,0,1,1,0,'Gone Riding or At the Races Door Mats',114,1245335427,0,30,0,0,0,0,460,'motomutts','',460,114,'motomutts','','Gone Riding or At the Races Door Mats',1245335427,1271253208,0,0,0,'',0,0,1,0,0),(232,3,0,1,1,0,'Moto Tail Gate',114,1245335510,0,39,0,0,0,0,461,'motomutts','',461,114,'motomutts','','Moto Tail Gate',1245335510,1271737079,0,0,0,'',0,0,1,0,0),(233,3,0,1,1,0,'Jug Nozzles',114,1245335727,0,65,0,0,0,0,462,'motomutts','',462,114,'motomutts','','Jug Nozzles',1245335727,1271752760,0,0,0,'',0,0,1,0,0),(235,4,0,0,1,0,'Series Points',114,1246062644,0,47,0,0,0,0,475,'motomutts','',475,114,'motomutts','','Series Points',1246062644,1271226116,0,0,0,'',0,0,1,0,0),(236,6,0,0,1,0,'Series Points',114,1246062669,0,92,0,0,0,0,476,'motomutts','',476,114,'motomutts','','Series Points',1246062669,1271068830,0,0,0,'',0,0,1,0,0),(237,3,0,0,1,0,'2007 CRF 50 For Sale',99,1246246141,0,43,0,0,0,0,477,'Bajaxr','',477,99,'Bajaxr','','2007 CRF 50 For Sale',1246246141,1271266260,0,0,0,'',0,0,1,0,0),(238,23,0,0,1,0,'Moto X race stories',114,1246285394,0,99,1,1,0,0,478,'motomutts','',479,70,'exmlb','','Re: Moto X race stories',1246292159,1270936005,0,0,0,'',0,0,1,0,0),(277,2,0,0,1,0,'Frequent Rider passes',114,1249527921,0,65,0,0,0,0,551,'motomutts','',551,114,'motomutts','','Frequent Rider passes',1249527921,1270226338,0,0,0,'',0,0,1,0,0),(244,2,0,0,1,0,'Food On The Slab',92,1247014556,0,53,0,0,0,0,494,'GSBill','',494,92,'GSBill','','Food On The Slab',1247014556,1270212088,0,0,0,'',0,0,1,0,0),(278,2,0,0,1,0,'Pee-Wee track',4769,1249661982,0,97,3,3,0,0,553,'donovan','',566,4769,'donovan','','Re: Pee-Wee track',1250481470,1271174506,0,0,0,'',0,0,1,0,0),(246,2,0,0,1,0,'start a winter mx series at grinding stone',359,1247280982,0,158,5,5,0,0,502,'motoman730','',590,55,'ebeck','','Re: start a winter mx series at grinding stone',1250914292,1271174501,0,0,0,'',0,0,1,0,0),(247,3,0,0,1,0,'Honda CRF50..Custom Build',92,1247439267,0,43,0,0,0,0,505,'GSBill','',505,92,'GSBill','','Honda CRF50..Custom Build',1247439267,1271737046,0,0,0,'',0,0,1,0,0),(259,2,0,0,1,0,'Motomutts.com New products',2,1248791640,0,38,0,0,0,0,530,'grindingstone','',530,2,'grindingstone','','Motomutts.com New products',1248791640,1271714225,0,0,0,'',0,0,1,0,0),(251,3,0,1,1,0,'Fuel Jugs',114,1248213790,0,56,0,0,0,0,513,'motomutts','',513,114,'motomutts','','Fuel Jugs',1248213790,1271266271,0,0,0,'',0,0,1,0,0),(467,3,0,0,1,0,'Free small squirrel cage fans',5428,1256125658,0,16,0,0,0,0,757,'thomaswos','',757,5428,'thomaswos','','Free small squirrel cage fans',1256125658,1271343080,0,0,0,'',0,0,1,0,0),(254,4,0,0,1,0,'4 hr trophies',4543,1248657481,0,76,4,4,0,0,520,'az440ex','',528,4543,'az440ex','','Re: 4 hr trophies',1248736019,1271226121,0,0,0,'',0,0,1,0,0),(310,2,0,0,1,0,'Track Changes',114,1250975110,0,199,3,3,0,0,591,'motomutts','',617,4769,'donovan','','Re: Track Changes',1251602905,1271832144,0,0,0,'',0,0,1,0,0),(392,3,0,0,1,0,'Cool stuff',114,1253682617,0,41,0,0,0,0,680,'motomutts','',680,114,'motomutts','','Cool stuff',1253682617,1271714231,0,0,0,'',0,0,1,0,0),(496,2,0,0,1,0,'On The Slab NOvember 2009 Schedule',92,1256679215,0,29,0,0,0,0,786,'GSBill','',786,92,'GSBill','','On The Slab NOvember 2009 Schedule',1256679215,1270787629,0,0,0,'',0,0,1,0,0),(282,3,0,0,1,0,'Tire Changing Stand',114,1250023286,0,47,0,0,0,0,558,'motomutts','',558,114,'motomutts','','Tire Changing Stand',1250023286,1271266281,0,0,0,'',0,0,1,0,0),(470,23,0,0,1,0,'Grinding Stone hosting World ATV Race 2010',2,1256247341,0,33,0,0,0,0,760,'grindingstone','',760,2,'grindingstone','','Grinding Stone hosting World ATV Race 2010',1256247341,1270076484,0,0,0,'',0,0,1,0,0),(471,23,0,0,1,0,'Halloween Race',2,1256247400,0,46,0,0,0,0,761,'grindingstone','',761,2,'grindingstone','','Halloween Race',1256247400,1270936080,0,0,0,'',0,0,1,0,0),(311,2,0,0,1,0,'Food ON The Slab',92,1250979219,0,51,0,0,0,0,592,'GSBill','',592,92,'GSBill','','Food ON The Slab',1250979219,1271160991,0,0,0,'',0,0,1,0,0),(286,2,0,0,1,0,'Sean wandering what should I water next!',114,1250464435,0,71,0,0,0,0,564,'motomutts','',564,114,'motomutts','','Sean wandering what should I water next!',1250464435,1270936794,0,0,0,'',0,0,1,0,0),(360,6,0,0,1,0,'Class changes',2,1252952512,0,111,0,0,0,1,645,'grindingstone','',645,2,'grindingstone','','Class changes',1252952512,1271055615,0,0,0,'',0,0,1,0,0),(361,6,0,0,1,0,'Team Races',2,1252952603,0,93,1,1,0,1,646,'grindingstone','',649,121,'eschettler','','Re: Team Races',1252988281,1271766402,0,0,0,'',0,0,1,0,0),(372,2,0,0,1,0,'Letter from a 10yr old',2,1253288994,0,101,0,0,0,0,659,'grindingstone','',659,2,'grindingstone','','Letter from a 10yr old',1253288994,1271161001,0,0,0,'',0,0,1,0,0),(921,22,0,0,1,0,'Ateras from Niger',5939,1265183719,0,47,0,0,0,0,1219,'ascelurajal','',1219,5939,'ascelurajal','','Ateras from Niger',1265183719,1271766407,0,0,0,'',0,0,1,0,0),(919,4,0,0,1,0,'Stejnar from Grenada',5939,1265183577,0,39,0,0,0,0,1217,'ascelurajal','',1217,5939,'ascelurajal','','Stejnar from Grenada',1265183577,1271041904,0,0,0,'',0,0,1,0,0),(339,2,5,0,1,0,'RV, Toy Hauler and Car Wash',5252,1252105595,0,79,0,0,0,0,623,'Clean Rides','',623,5252,'Clean Rides','','RV, Toy Hauler and Car Wash',1252105595,1271780192,0,0,0,'',0,0,1,0,0),(458,2,0,0,1,0,'Survey',114,1255986911,0,42,0,0,0,0,748,'motomutts','',748,114,'motomutts','','Survey',1255986911,1271079659,0,0,0,'',0,0,1,0,0),(475,3,0,0,1,0,'FS- 98 2.5rs',5428,1256309757,0,19,0,0,0,0,765,'thomaswos','',765,5428,'thomaswos','','FS- 98 2.5rs',1256309757,1271343094,0,0,0,'',0,0,1,0,0),(388,6,0,0,1,0,'all -new Arizona Grand Prix SERIES',2,1253587739,0,105,1,1,0,0,676,'grindingstone','',730,5508,'Rusty Nutz Racing','','Re: all -new Arizona Grand Prix SERIES',1255376308,1271832154,0,0,0,'',0,0,1,0,0),(943,6,0,0,1,0,'Photo\'s from the second canyon race april 4th',4767,1270874974,0,9,0,0,0,0,1241,'schuster189','',1241,4767,'schuster189','','Photo\'s from the second canyon race april 4th',1270874974,1271748747,0,0,0,'',0,0,1,0,0),(944,10,0,0,1,0,'Water',4759,1271127469,0,7,0,0,0,0,1242,'blumscl','',1242,4759,'blumscl','','Water',1271127469,1271605952,0,0,0,'',0,0,1,0,0),(945,10,0,0,1,0,'Quads allowed on Saturdays',4759,1271127758,0,6,0,0,0,0,1243,'blumscl','',1243,4759,'blumscl','','Quads allowed on Saturdays',1271127758,1271748728,0,0,0,'',0,0,1,0,0),(946,4,0,0,1,0,'Side Effects Of Lamisil Vision Changes',5945,1271144434,0,0,0,0,0,0,1244,'nevillemundl','',1244,5945,'nevillemundl','','Side Effects Of Lamisil Vision Changes',1271144434,1271144434,0,0,0,'',0,0,1,0,0),(947,4,0,0,1,0,'Viagra Edinburgh Find Search Free',5945,1271151172,0,3,0,0,0,0,1245,'nevillemundl','',1245,5945,'nevillemundl','','Viagra Edinburgh Find Search Free',1271151172,1271748718,0,0,0,'',0,0,1,0,0),(918,6,0,0,1,0,'Tukash from The democratic republic of the',5939,1265183491,0,31,0,0,0,0,1216,'ascelurajal','',1216,5939,'ascelurajal','','Tukash from The democratic republic of the',1265183491,1270916597,0,0,0,'',0,0,1,0,0),(906,10,0,0,1,0,'chinese online pharmacy',5938,1265078286,0,9,0,0,0,0,1204,'NopBreersecog','',1204,5938,'NopBreersecog','','chinese online pharmacy',1265078286,1271079461,0,0,0,'',0,0,1,0,0),(907,13,0,0,1,0,'mid atlantic pharmacy',5938,1265078336,0,9,0,0,0,0,1205,'NopBreersecog','',1205,5938,'NopBreersecog','','mid atlantic pharmacy',1265078336,1270735313,0,0,0,'',0,0,1,0,0),(672,4,0,0,1,0,'AMRA/FASTR Nov 15th Enduro',5755,1257359174,0,24,0,0,0,0,963,'phxman','',963,5755,'phxman','','AMRA/FASTR Nov 15th Enduro',1257359174,1271304319,0,0,0,'',0,0,1,0,0),(922,15,0,0,1,0,'Tarok from Fiji',5939,1265183799,0,47,0,0,0,0,1220,'ascelurajal','',1220,5939,'ascelurajal','','Tarok from Fiji',1265183799,1271766412,0,0,0,'',0,0,1,0,0),(923,10,0,0,1,0,'Gunnar from Hong kong',5939,1265183878,0,44,0,0,0,0,1221,'ascelurajal','',1221,5939,'ascelurajal','','Gunnar from Hong kong',1265183878,1271726641,0,0,0,'',0,0,1,0,0),(924,13,0,0,1,0,'Daro from Hungary',5939,1265183928,0,45,0,0,0,0,1222,'ascelurajal','',1222,5939,'ascelurajal','','Daro from Hungary',1265183928,1271748730,0,0,0,'',0,0,1,0,0),(925,20,0,0,1,0,'Delazar from Gabon',5939,1265184013,0,41,0,0,0,0,1223,'ascelurajal','',1223,5939,'ascelurajal','','Delazar from Gabon',1265184013,1271748737,0,0,0,'',0,0,1,0,0),(926,18,0,0,1,0,'Brontobb from Ireland',5939,1265184080,0,45,0,0,0,0,1224,'ascelurajal','',1224,5939,'ascelurajal','','Brontobb from Ireland',1265184080,1271748741,0,0,0,'',0,0,1,0,0),(927,12,0,0,1,0,'Akascha from Malawi',5939,1265184169,0,39,0,0,0,0,1225,'ascelurajal','',1225,5939,'ascelurajal','','Akascha from Malawi',1265184169,1271819098,0,0,0,'',0,0,1,0,0),(928,3,0,0,1,0,'Luca from Liberia',5939,1265184260,0,29,0,0,0,0,1226,'ascelurajal','',1226,5939,'ascelurajal','','Luca from Liberia',1265184260,1270916588,0,0,0,'',0,0,1,0,0),(929,14,0,0,1,0,'Ugrasal from Mauritania',5939,1265184350,0,44,0,0,0,0,1227,'ascelurajal','',1227,5939,'ascelurajal','','Ugrasal from Mauritania',1265184350,1271752773,0,0,0,'',0,0,1,0,0),(930,16,0,0,1,0,'Georg from Senegal',5939,1265184415,0,45,0,0,0,0,1228,'ascelurajal','',1228,5939,'ascelurajal','','Georg from Senegal',1265184415,1271752778,0,0,0,'',0,0,1,0,0),(931,2,0,0,1,0,'March 2010...Food On The Slab',92,1267571268,0,25,0,0,0,0,1229,'GSBill','',1229,92,'GSBill','','March 2010...Food On The Slab',1267571268,1271723120,0,0,0,'',0,0,1,0,0),(934,3,0,0,1,0,'Pain Medications Without A Prescription Tramadol',5945,1269337742,0,4,0,0,0,0,1232,'nevillemundl','',1232,5945,'nevillemundl','','Pain Medications Without A Prescription Tramadol',1269337742,1271275959,0,0,0,'',0,0,1,0,0),(935,2,0,0,1,0,'Subaction Showcomments Cialis Archive Older',5945,1269377246,0,6,0,0,0,0,1233,'nevillemundl','',1233,5945,'nevillemundl','','Subaction Showcomments Cialis Archive Older',1269377246,1271678547,0,0,0,'',0,0,1,0,0),(936,2,0,0,1,0,'Going Off Celexa Cold Turkey',5945,1269467911,0,4,0,0,0,0,1234,'nevillemundl','',1234,5945,'nevillemundl','','Going Off Celexa Cold Turkey',1269467911,1270936461,0,0,0,'',0,0,1,0,0),(937,2,0,0,1,0,'Dangers Of Cirrhosis And Levitra',5945,1269510766,0,4,0,0,0,0,1235,'nevillemundl','',1235,5945,'nevillemundl','','Dangers Of Cirrhosis And Levitra',1269510766,1271960721,0,0,0,'',0,0,1,0,0),(938,2,0,0,1,0,'Liquid Motrin For Big Kids',5945,1269528083,0,28,0,0,0,0,1236,'nevillemundl','',1236,5945,'nevillemundl','','Liquid Motrin For Big Kids',1269528083,1271748724,0,0,0,'',0,0,1,0,0),(939,3,0,0,1,0,'Side Effects Of Medicine Crestor',5945,1269602070,0,1,0,0,0,0,1237,'nevillemundl','',1237,5945,'nevillemundl','','Side Effects Of Medicine Crestor',1269602070,1271008776,0,0,0,'',0,0,1,0,0),(940,3,0,0,1,0,'Celebrex Dallas Lawyer News Vioxx Php',5945,1269677819,0,1,0,0,0,0,1238,'nevillemundl','',1238,5945,'nevillemundl','','Celebrex Dallas Lawyer News Vioxx Php',1269677819,1270030945,0,0,0,'',0,0,1,0,0),(941,3,0,0,1,0,'Can I Mix Alcohol And Viagra',5945,1269711707,0,9,0,0,0,0,1239,'nevillemundl','',1239,5945,'nevillemundl','','Can I Mix Alcohol And Viagra',1269711707,1271748749,0,0,0,'',0,0,1,0,0),(942,6,0,0,1,0,'Online Pharmacy Tramadol Pharmacy Prilosec',5945,1269776720,0,6,0,0,0,0,1240,'nevillemundl','',1240,5945,'nevillemundl','','Online Pharmacy Tramadol Pharmacy Prilosec',1269776720,1270445513,0,0,0,'',0,0,1,0,0),(908,20,0,0,1,0,'drug endo 602',5938,1265078390,0,9,0,0,0,0,1206,'NopBreersecog','',1206,5938,'NopBreersecog','','drug endo 602',1265078390,1270954498,0,0,0,'',0,0,1,0,0),(909,18,0,0,1,0,'pass drug test with niacin',5938,1265078434,0,8,0,0,0,0,1207,'NopBreersecog','',1207,5938,'NopBreersecog','','pass drug test with niacin',1265078434,1270967050,0,0,0,'',0,0,1,0,0),(910,12,0,0,1,0,'viagra cheapest price generic',5938,1265078510,0,7,0,0,0,0,1208,'NopBreersecog','',1208,5938,'NopBreersecog','','viagra cheapest price generic',1265078510,1271806297,0,0,0,'',0,0,1,0,0),(911,3,0,0,1,0,'pharmacy programs in the state of kentucky',5938,1265078562,0,7,0,0,0,0,1209,'NopBreersecog','',1209,5938,'NopBreersecog','','pharmacy programs in the state of kentucky',1265078562,1270414295,0,0,0,'',0,0,1,0,0),(912,14,0,0,1,0,'shewing viagra',5938,1265078635,0,10,0,0,0,0,1210,'NopBreersecog','',1210,5938,'NopBreersecog','','shewing viagra',1265078635,1270979900,0,0,0,'',0,0,1,0,0),(913,16,0,0,1,0,'sample expository essay on drugs',5938,1265078690,0,9,0,0,0,0,1211,'NopBreersecog','',1211,5938,'NopBreersecog','','sample expository essay on drugs',1265078690,1270993298,0,0,0,'',0,0,1,0,0),(914,2,0,0,1,0,'Grim from Sudan',5939,1265183214,0,13,0,0,0,0,1212,'ascelurajal','',1212,5939,'ascelurajal','','Grim from Sudan',1265183214,1270993313,0,0,0,'',0,0,1,0,0),(915,23,0,0,1,0,'Ben from Guyana',5939,1265183291,0,16,0,0,0,0,1213,'ascelurajal','',1213,5939,'ascelurajal','','Ben from Guyana',1265183291,1271084539,0,0,0,'',0,0,1,0,0),(916,2,0,0,1,0,'Peratur from French southern territories',5939,1265183361,0,39,0,0,0,0,1214,'ascelurajal','',1214,5939,'ascelurajal','','Peratur from French southern territories',1265183361,1271131016,0,0,0,'',0,0,1,0,0),(917,23,0,0,1,0,'Vigo from Saint kitts and nevis',5939,1265183431,0,42,0,0,0,0,1215,'ascelurajal','',1215,5939,'ascelurajal','','Vigo from Saint kitts and nevis',1265183431,1271748732,0,0,0,'',0,0,1,0,0),(920,24,0,0,1,0,'Diego from Algeria',5939,1265183649,0,44,0,0,0,0,1218,'ascelurajal','',1218,5939,'ascelurajal','','Diego from Algeria',1265183649,1271748721,0,0,0,'',0,0,1,0,0),(890,23,0,0,1,0,'amateurbilder nackt amateur pornos kostenlose amateurfotos a',5680,1260549950,0,44,0,0,0,0,1185,'Harryboman','',1185,5680,'Harryboman','','amateurbilder nackt amateur pornos kostenlose amateurfotos a',1260549950,1270060583,0,0,0,'',0,0,1,0,0),(891,6,0,0,1,0,'www privatpornos meine private kostenlos amateur sex private',5680,1260550368,0,24,0,0,0,0,1186,'Harryboman','',1186,5680,'Harryboman','','www privatpornos meine private kostenlos amateur sex private',1260550368,1271030613,0,0,0,'',0,0,1,0,0),(892,4,0,0,1,0,'www privatvideo amateur webcam amateur ficken private filme',5680,1260550506,0,34,0,0,0,0,1187,'Harryboman','',1187,5680,'Harryboman','','www privatvideo amateur webcam amateur ficken private filme',1260550506,1271291636,0,0,0,'',0,0,1,0,0),(893,15,0,0,1,0,'Back Ground Colors Required for  All atv classes?',4674,1260560199,0,32,0,0,0,0,1188,'BLACK KFX','',1188,4674,'BLACK KFX','','Back Ground Colors Required for  All atv classes?',1260560199,1271793506,0,0,0,'',0,0,1,0,0),(894,2,0,0,1,0,'On The Slab...January 2010 Schedule',92,1262197599,0,56,0,0,0,0,1190,'GSBill','',1190,92,'GSBill','','On The Slab...January 2010 Schedule',1262197599,1270936469,0,0,0,'',0,0,1,0,0),(842,2,0,1,1,0,'Moto Swap Nov 27',2,1258402553,0,34,0,0,0,2,1134,'grindingstone','',1134,2,'grindingstone','','Moto Swap Nov 27',1258402553,1271079516,0,0,0,'',0,0,1,0,0),(843,6,0,0,1,0,'2009 GP/Endurance Series Awards Banquet',2,1258402659,0,140,3,3,0,2,1135,'grindingstone','',1192,114,'motomutts','','Re: 2009 GP/Endurance Series Awards Banquet',1262810993,1271223983,0,0,0,'',0,0,1,0,0),(844,23,0,1,1,0,'2010 AMX MX Quad Schedule',2,1258431624,0,35,0,0,0,2,1136,'grindingstone','',1136,2,'grindingstone','','2010 AMX MX Quad Schedule',1258431624,1270076505,0,0,0,'',0,0,1,0,0),(841,23,0,1,1,0,'2010 AMX Motocross Series Schedule',2,1258402422,0,55,0,0,0,2,1133,'grindingstone','',1133,2,'grindingstone','','2010 AMX Motocross Series Schedule',1258402422,1270650251,0,0,0,'',0,0,1,0,0),(831,6,0,1,1,0,'2010 Arizona Grand Prix Series Race Times',2,1258400660,0,103,0,0,0,2,1123,'grindingstone','',1123,2,'grindingstone','','2010 Arizona Grand Prix Series Race Times',1258400660,1271055631,0,0,0,'',0,0,1,0,0),(895,3,0,0,1,0,'2004 RM 65 FOR SALE 1100.00',59,1263067732,0,28,0,0,0,0,1193,'D6racing','',1193,59,'D6racing','','2004 RM 65 FOR SALE 1100.00',1263067732,1271329991,0,0,0,'',0,0,1,0,0),(896,2,0,0,1,0,'Hello :P Blog',5934,1264388903,0,21,0,0,0,0,1194,'KawReurawam','',1194,5934,'KawReurawam','','Hello :P Blog',1264388903,1270936590,0,0,0,'',0,0,1,0,0),(897,2,0,0,1,0,'puberty drugs',5938,1265077708,0,13,0,0,0,0,1195,'NopBreersecog','',1195,5938,'NopBreersecog','','puberty drugs',1265077708,1270936470,0,0,0,'',0,0,1,0,0),(898,23,0,0,1,0,'partnership for a drug free',5938,1265077767,0,9,0,0,0,0,1196,'NopBreersecog','',1196,5938,'NopBreersecog','','partnership for a drug free',1265077767,1270936362,0,0,0,'',0,0,1,0,0),(899,2,0,0,1,0,'cialis ciudad juarez',5938,1265077821,0,21,0,0,0,0,1197,'NopBreersecog','',1197,5938,'NopBreersecog','','cialis ciudad juarez',1265077821,1271597035,0,0,0,'',0,0,1,0,0),(900,23,0,0,1,0,'mexican mail order drugs',5938,1265077888,0,13,0,0,0,0,1198,'NopBreersecog','',1198,5938,'NopBreersecog','','mexican mail order drugs',1265077888,1270060604,0,0,0,'',0,0,1,0,0),(901,6,0,0,1,0,'application of microbiology in medicine',5938,1265077949,0,10,0,0,0,0,1199,'NopBreersecog','',1199,5938,'NopBreersecog','','application of microbiology in medicine',1265077949,1271043079,0,0,0,'',0,0,1,0,0),(902,4,0,0,1,0,'drug zithromax',5938,1265078038,0,14,0,0,0,0,1200,'NopBreersecog','',1200,5938,'NopBreersecog','','drug zithromax',1265078038,1271291646,0,0,0,'',0,0,1,0,0),(903,24,0,0,1,0,'nevada board of pharmacy license verification',5938,1265078082,0,9,0,0,0,0,1201,'NopBreersecog','',1201,5938,'NopBreersecog','','nevada board of pharmacy license verification',1265078082,1270560328,0,0,0,'',0,0,1,0,0),(904,22,0,0,1,0,'drug presenation for school',5938,1265078170,0,13,0,0,0,0,1202,'NopBreersecog','',1202,5938,'NopBreersecog','','drug presenation for school',1265078170,1271806329,0,0,0,'',0,0,1,0,0),(905,15,0,0,1,0,'examples of toxic drugs',5938,1265078224,0,10,0,0,0,0,1203,'NopBreersecog','',1203,5938,'NopBreersecog','','examples of toxic drugs',1265078224,1271793513,0,0,0,'',0,0,1,0,0),(862,2,0,1,1,0,'Xmas Team Race Dec 26-27, 2009',2,1258556133,0,75,0,0,0,2,1155,'grindingstone','',1155,2,'grindingstone','','Xmas Team Race Dec 26-27, 2009',1258556133,1271830155,0,0,0,'',0,0,1,0,0),(863,10,1,1,1,0,'Toys for Tots',2,1258562666,0,13,0,0,0,2,1156,'grindingstone','',1156,2,'grindingstone','','Toys for Tots',1258562666,1270529778,0,0,0,'',0,0,1,0,0),(839,24,0,1,1,0,'2010 Hare Scramble Series Classes',2,1258402163,0,33,0,0,0,2,1131,'grindingstone','',1131,2,'grindingstone','','2010 Hare Scramble Series Classes',1258402163,1271429834,0,0,0,'',0,0,1,0,0),(840,24,0,1,1,0,'2010 Hare Scramble Series Entry Fees',2,1258402220,0,34,0,0,0,2,1132,'grindingstone','',1132,2,'grindingstone','','2010 Hare Scramble Series Entry Fees',1258402220,1271429808,0,0,0,'',0,0,1,0,0),(838,24,0,1,1,0,'2010 Hare Scramble Series Schedule',2,1258402097,0,35,0,0,0,2,1130,'grindingstone','',1130,2,'grindingstone','','2010 Hare Scramble Series Schedule',1258402097,1271429876,0,0,0,'',0,0,1,0,0),(867,2,0,0,1,0,'Компьютерный сервис, администрирование серверов.',5896,1259326181,0,28,0,0,0,0,1162,'Admin Sysopus','',1162,5896,'Admin Sysopus','','Компьютерный сервис, администрирование серверов.',1259326181,1270936693,0,0,0,'',0,0,1,0,0),(865,2,0,0,1,0,'On The Slab December Calendar',92,1258755670,0,28,0,0,0,0,1158,'GSBill','',1158,92,'GSBill','','On The Slab December Calendar',1258755670,1270774741,0,0,0,'',0,0,1,0,0),(866,2,0,0,1,0,'Apparel Industry growing in the Vietnam',5762,1258795893,0,33,1,1,0,0,1160,'jackmorres','',1161,5762,'jackmorres','','American Apparel Profit On Year-Earlier Merger Costs',1258921459,1270936754,0,0,0,'',0,0,1,0,0),(868,2,0,0,1,0,'tourism travel vacation',5923,1259358902,0,18,0,0,0,0,1163,'preedlola','',1163,5923,'preedlola','','tourism travel vacation',1259358902,1270774761,0,0,0,'',0,0,1,0,0),(869,23,0,0,1,0,'travel destinations leaving from florida',5923,1259358945,0,15,0,0,0,0,1164,'preedlola','',1164,5923,'preedlola','','travel destinations leaving from florida',1259358945,1270936375,0,0,0,'',0,0,1,0,0),(870,2,0,0,1,0,'astral time travel meditation',5923,1259358980,0,21,0,0,0,0,1165,'preedlola','',1165,5923,'preedlola','','astral time travel meditation',1259358980,1270774772,0,0,0,'',0,0,1,0,0),(871,23,0,0,1,0,'book european travel',5923,1259359025,0,17,0,0,0,0,1166,'preedlola','',1166,5923,'preedlola','','book european travel',1259359025,1270936707,0,0,0,'',0,0,1,0,0),(872,6,0,0,1,0,'oxfgordshire travel',5923,1259359066,0,14,0,0,0,0,1167,'preedlola','',1167,5923,'preedlola','','oxfgordshire travel',1259359066,1271043073,0,0,0,'',0,0,1,0,0),(873,4,0,0,1,0,'air travel within europe',5923,1259359115,0,11,0,0,0,0,1168,'preedlola','',1168,5923,'preedlola','','air travel within europe',1259359115,1271291616,0,0,0,'',0,0,1,0,0),(874,24,0,0,1,0,'top blue magic travel agent',5923,1259359148,0,23,0,0,0,0,1169,'preedlola','',1169,5923,'preedlola','','top blue magic travel agent',1259359148,1270560318,0,0,0,'',0,0,1,0,0),(875,22,0,0,1,0,'london travel cards discounts',5923,1259359194,0,23,0,0,0,0,1170,'preedlola','',1170,5923,'preedlola','','london travel cards discounts',1259359194,1271806321,0,0,0,'',0,0,1,0,0),(876,15,0,0,1,0,'travel south caralina',5923,1259359238,0,11,0,0,0,0,1171,'preedlola','',1171,5923,'preedlola','','travel south caralina',1259359238,1271806307,0,0,0,'',0,0,1,0,0),(877,10,0,0,1,0,'ios travel newquay airport',5923,1259359274,0,28,0,0,0,0,1172,'preedlola','',1172,5923,'preedlola','','ios travel newquay airport',1259359274,1271079433,0,0,0,'',0,0,1,0,0),(878,13,0,0,1,0,'travel trailer manufactors',5923,1259359314,0,22,0,0,0,0,1173,'preedlola','',1173,5923,'preedlola','','travel trailer manufactors',1259359314,1270414275,0,0,0,'',0,0,1,0,0),(836,4,0,1,1,0,'2010 4Hr Endurance Team Race Classes',2,1258401374,0,30,0,0,0,2,1128,'grindingstone','',1128,2,'grindingstone','','2010 4Hr Endurance Team Race Classes',1258401374,1271965121,0,0,0,'',0,0,1,0,0),(837,4,0,1,1,0,'2010 4Hr Endurance Team Race Entry Fees',2,1258401492,0,31,0,0,0,2,1129,'grindingstone','',1129,2,'grindingstone','','2010 4Hr Endurance Team Race Entry Fees',1258401492,1271965075,0,0,0,'',0,0,1,0,0),(834,6,0,0,1,0,'2010 Arizona Grand Prix Series Membership',2,1258401117,0,80,0,0,0,2,1126,'grindingstone','',1126,2,'grindingstone','','2010 Arizona Grand Prix Series Membership',1258401117,1271055652,0,0,0,'',0,0,1,0,0),(835,4,0,1,1,0,'2010 4Hr Endurance Team Race Schedule',2,1258401273,0,27,0,0,0,2,1127,'grindingstone','',1127,2,'grindingstone','','2010 4Hr Endurance Team Race Schedule',1258401273,1271965163,0,0,0,'',0,0,1,0,0),(833,6,0,1,1,0,'2010 Arizona Grand Prix Series Rules',2,1258401025,0,89,0,0,0,2,1125,'grindingstone','',1125,2,'grindingstone','','2010 Arizona Grand Prix Series Rules',1258401025,1271055642,0,0,0,'',0,0,1,0,0),(829,6,0,1,1,0,'2010 Grand Prix Classes',2,1258400152,0,109,0,0,0,2,1120,'grindingstone','',1120,2,'grindingstone','','2010 Grand Prix Classes',1258400152,1271055620,0,0,0,'',0,0,1,0,0),(830,6,0,1,1,0,'2010 Arizona Grand Prix Series Entry Fees',2,1258400455,0,81,0,0,0,2,1122,'grindingstone','',1122,2,'grindingstone','','2010 Arizona Grand Prix Series Entry Fees',1258400455,1271055625,0,0,0,'',0,0,1,0,0),(879,20,0,0,1,0,'world travel for cheap',5923,1259359356,0,30,0,0,0,0,1174,'preedlola','',1174,5923,'preedlola','','world travel for cheap',1259359356,1270682209,0,0,0,'',0,0,1,0,0),(880,18,0,0,1,0,'adventure travel vietnam',5923,1259359394,0,24,0,0,0,0,1175,'preedlola','',1175,5923,'preedlola','','adventure travel vietnam',1259359394,1270694895,0,0,0,'',0,0,1,0,0),(881,12,0,0,1,0,'travel size first aid kits',5923,1259359442,0,22,0,0,0,0,1176,'preedlola','',1176,5923,'preedlola','','travel size first aid kits',1259359442,1270457103,0,0,0,'',0,0,1,0,0),(882,3,0,0,1,0,'italian travel packages',5923,1259359487,0,14,0,0,0,0,1177,'preedlola','',1177,5923,'preedlola','','italian travel packages',1259359487,1271329986,0,0,0,'',0,0,1,0,0),(883,14,0,0,1,0,'non stop travel agency hawaii',5923,1259359536,0,24,0,0,0,0,1178,'preedlola','',1178,5923,'preedlola','','non stop travel agency hawaii',1259359536,1271752710,0,0,0,'',0,0,1,0,0),(884,16,0,0,1,0,'romania travel guide',5923,1259359577,0,25,0,0,0,0,1179,'preedlola','',1179,5923,'preedlola','','romania travel guide',1259359577,1271780188,0,0,0,'',0,0,1,0,0),(885,4,0,0,1,0,'10HR Race questions',5924,1259524218,0,47,0,0,0,0,1180,'Raf','',1180,5924,'Raf','','10HR Race questions',1259524218,1271291626,0,0,0,'',0,0,1,0,0),(948,24,0,0,1,0,'Purchase Proair &gt;&gt; Online Proair Daily',5945,1271800293,0,0,0,0,0,0,1246,'nevillemundl','',1246,5945,'nevillemundl','','Purchase Proair &gt;&gt; Online Proair Daily',1271800293,1271800293,0,0,0,'',0,0,1,0,0),(949,6,0,0,1,0,'Buy Online Prednisone &gt;&gt; Buy Prednisone Without Doctor',5945,1271802136,0,0,0,0,0,0,1247,'nevillemundl','',1247,5945,'nevillemundl','','Buy Online Prednisone &gt;&gt; Buy Prednisone Without Doctor',1271802136,1271802136,0,0,0,'',0,0,1,0,0),(950,2,0,0,1,0,'amateur photos wife',5950,1271824060,0,0,0,0,0,0,1248,'hokdoobz','',1248,5950,'hokdoobz','','amateur photos wife',1271824060,1271824060,0,0,0,'',0,0,1,0,0),(951,20,0,0,1,0,'Online Zelnorm Sales. Prescription Zelnorm',5945,1271968784,0,0,0,0,0,0,1249,'nevillemundl','',1249,5945,'nevillemundl','','Online Zelnorm Sales. Prescription Zelnorm',1271968784,1271968784,0,0,0,'',0,0,1,0,0);

--
-- Table structure for table `phpbb_topics_posted`
--

CREATE TABLE `phpbb_topics_posted` (
  `user_id` mediumint(8) unsigned NOT NULL DEFAULT '0',
  `topic_id` mediumint(8) unsigned NOT NULL DEFAULT '0',
  `topic_posted` tinyint(1) unsigned NOT NULL DEFAULT '0',
  PRIMARY KEY (`user_id`,`topic_id`)
) ENGINE=MyISAM DEFAULT CHARSET=utf8 COLLATE=utf8_bin;

--
-- Dumping data for table `phpbb_topics_posted`
--

INSERT INTO `phpbb_topics_posted` VALUES (58,3,1),(2,155,1),(58,4,1),(2,2,1),(2,3,1),(2,4,1),(58,2,1),(92,29,1),(78,2,1),(79,2,1),(64,3,1),(64,4,1),(2,150,1),(2,149,1),(114,148,1),(69,3,1),(114,146,1),(88,4,1),(92,4,1),(114,4,1),(5923,880,1),(114,145,1),(114,144,1),(114,143,1),(114,142,1),(2,153,1),(2,141,1),(1640,82,1),(114,27,1),(114,29,1),(2,81,1),(114,37,1),(5923,875,1),(114,140,1),(2,152,1),(114,38,1),(92,27,1),(2,156,1),(121,82,1),(114,176,1),(114,43,1),(1165,75,1),(92,169,1),(114,82,1),(114,175,1),(2,82,1),(1590,82,1),(1562,29,1),(114,131,1),(4540,176,1),(121,361,1),(4393,131,1),(85,82,1),(872,82,1),(5921,4,1),(1365,82,1),(723,82,1),(1182,78,1),(2,79,1),(5939,925,1),(2,107,1),(2,471,1),(5939,924,1),(3023,82,1),(2,157,1),(114,137,1),(5928,887,1),(2,834,1),(723,144,1),(114,172,1),(5939,923,1),(5680,892,1),(2,470,1),(4525,167,1),(114,171,1),(114,163,1),(114,164,1),(114,165,1),(4501,166,1),(93,157,1),(114,166,1),(114,157,1),(4460,167,1),(4501,168,1),(4501,137,1),(4523,169,1),(92,170,1),(2,171,1),(114,178,1),(114,179,1),(5576,468,1),(2,835,1),(4544,181,1),(114,182,1),(5428,467,1),(114,183,1),(66,181,1),(66,239,1),(114,185,1),(114,186,1),(114,187,1),(4587,188,1),(114,188,1),(5945,937,1),(114,392,1),(5945,940,1),(92,191,1),(4767,943,1),(5252,339,1),(114,193,1),(114,194,1),(2,844,1),(1640,196,1),(2,833,1),(114,149,1),(4460,179,1),(114,197,1),(4674,167,1),(4675,198,1),(114,198,1),(4460,148,1),(4460,198,1),(114,310,1),(121,310,1),(55,246,1),(114,196,1),(2,362,1),(85,203,1),(4696,198,1),(114,204,1),(114,205,1),(114,206,1),(109,205,1),(1165,203,1),(5939,922,1),(114,208,1),(114,209,1),(4522,209,1),(4543,210,1),(4501,205,1),(104,205,1),(4460,210,1),(2,832,1),(2,388,1),(4767,212,1),(4769,205,1),(114,213,1),(114,214,1),(1640,205,1),(4773,215,1),(1640,181,1),(121,216,1),(4523,217,1),(114,218,1),(4460,219,1),(4691,220,1),(4828,221,1),(4540,204,1),(114,222,1),(114,223,1),(4769,194,1),(4838,205,1),(4843,194,1),(4843,224,1),(92,227,1),(114,227,1),(114,240,1),(114,229,1),(114,230,1),(2,372,1),(4862,214,1),(4460,205,1),(114,231,1),(114,232,1),(114,233,1),(114,220,1),(92,311,1),(4897,205,1),(114,235,1),(114,236,1),(99,237,1),(114,238,1),(70,238,1),(114,239,1),(114,241,1),(114,242,1),(5680,891,1),(92,865,1),(92,244,1),(104,246,1),(2,140,1),(4769,278,1),(5923,879,1),(359,246,1),(109,246,1),(4769,246,1),(92,247,1),(114,843,1),(4926,246,1),(2,259,1),(5931,843,1),(2,843,1),(114,251,1),(5945,936,1),(2,472,1),(114,277,1),(4543,254,1),(114,254,1),(5508,388,1),(5428,475,1),(114,282,1),(55,309,1),(4935,278,1),(5939,921,1),(114,286,1),(4769,310,1),(2,309,1),(5939,920,1),(92,496,1),(114,406,1),(114,458,1),(2,416,1),(2,361,1),(2,360,1),(5945,935,1),(5923,870,1),(5938,906,1),(5923,874,1),(5939,919,1),(5945,932,1),(5938,905,1),(5939,918,1),(5939,917,1),(5923,878,1),(5680,890,1),(5945,934,1),(5923,873,1),(5939,916,1),(92,894,1),(5680,889,1),(5924,885,1),(5939,915,1),(5938,910,1),(2,842,1),(5938,909,1),(5945,933,1),(5945,939,1),(4460,843,1),(92,931,1),(5938,904,1),(2,831,1),(5938,903,1),(5896,867,1),(2,863,1),(2,830,1),(5945,941,1),(5945,947,1),(5923,869,1),(5939,930,1),(2,841,1),(2,840,1),(5939,914,1),(5923,884,1),(5923,868,1),(2,839,1),(5945,946,1),(5938,908,1),(5939,929,1),(5938,913,1),(5938,902,1),(2,829,1),(5923,877,1),(5923,883,1),(5938,901,1),(5938,900,1),(2,838,1),(5938,899,1),(5923,882,1),(5939,928,1),(5923,872,1),(5938,898,1),(5680,888,1),(4759,945,1),(5945,938,1),(5939,927,1),(2,862,1),(5938,897,1),(2,837,1),(4674,893,1),(5923,876,1),(2,836,1),(5934,896,1),(5938,912,1),(5755,672,1),(4759,944,1),(5945,942,1),(5939,926,1),(5762,866,1),(5923,881,1),(59,895,1),(5938,907,1),(5923,871,1),(5938,911,1),(5945,948,1),(5945,949,1),(5950,950,1),(5945,951,1);

--
-- Table structure for table `phpbb_topics_track`
--

CREATE TABLE `phpbb_topics_track` (
  `user_id` mediumint(8) unsigned NOT NULL DEFAULT '0',
  `topic_id` mediumint(8) unsigned NOT NULL DEFAULT '0',
  `forum_id` mediumint(8) unsigned NOT NULL DEFAULT '0',
  `mark_time` int(11) unsigned NOT NULL DEFAULT '0',
  PRIMARY KEY (`user_id`,`topic_id`),
  KEY `forum_id` (`forum_id`)
) ENGINE=MyISAM DEFAULT CHARSET=utf8 COLLATE=utf8_bin;

--
-- Dumping data for table `phpbb_topics_track`
--

INSERT INTO `phpbb_topics_track` VALUES (55,4,3,1226435033),(57,2,2,1226524278),(114,176,6,1239252635),(57,4,3,1233672945),(58,4,3,1229552544),(54,2,2,1226524278),(4460,143,4,1238523133),(2,3,12,1227536000),(2,4,3,1258555043),(54,3,12,1226524095),(66,4,3,1226617806),(69,3,12,1228186987),(64,3,12,1246637246),(64,2,2,1227146349),(64,4,3,1228700686),(2,842,2,1258402553),(69,2,2,1227146349),(59,178,20,1239293615),(68,4,3,1229351436),(5927,888,2,1260549698),(79,3,12,1227536000),(70,4,3,1227544714),(70,3,12,1227536000),(66,3,12,1227536000),(53,3,12,1227536000),(53,2,2,1227146349),(53,4,3,1227544714),(92,169,18,1239221871),(65,2,2,1227146349),(65,3,12,1227536000),(723,144,6,1238528920),(723,150,6,1238524329),(723,155,6,1238525950),(114,175,6,1239149695),(71,4,3,1228700686),(723,107,6,1236737719),(68,3,12,1228316338),(56,4,3,1229120282),(85,251,3,1248213790),(56,3,12,1227536000),(56,2,2,1227146349),(92,29,12,1234222517),(4460,146,4,1238523597),(4460,156,4,1238526024),(92,4,3,1233706956),(112,145,6,1238523561),(4691,310,2,1251256288),(85,167,4,1238652666),(112,144,6,1238530815),(85,157,4,1238645383),(2,157,4,1238526356),(2,156,4,1238526024),(114,157,4,1239300172),(93,4,3,1229351436),(2,155,6,1238525950),(85,149,4,1238524269),(2,309,2,1252525234),(114,166,6,1238710977),(85,166,6,1238710977),(2,142,4,1238525554),(85,145,6,1238523561),(1397,150,6,1238524329),(93,157,4,1238645383),(2,150,6,1238524329),(2,78,13,1236049107),(92,27,3,1233706806),(4674,893,15,1260560199),(2,27,3,1233715641),(85,144,6,1238530815),(114,145,6,1238523561),(85,75,13,1236022180),(1182,78,13,1236049533),(2,79,4,1236271114),(2,149,4,1238524269),(2,82,13,1237263359),(85,78,13,1236049107),(2,43,13,1234486874),(4691,196,6,1241477459),(56,43,13,1234486874),(112,81,6,1236172531),(85,150,6,1238524329),(85,79,4,1236093238),(85,82,13,1236665583),(1365,82,13,1236665583),(92,862,2,1258684347),(121,81,6,1236172531),(2,143,4,1238531097),(121,75,13,1236022180),(121,82,13,1236286133),(4460,238,23,1246292159),(723,82,13,1236665583),(4460,310,2,1251602905),(90,81,6,1236172531),(2,81,6,1236172583),(2,107,6,1236738592),(2,310,2,1251602905),(2,141,14,1238524106),(2,863,10,1258562666),(114,144,6,1238530815),(114,148,10,1240893347),(114,107,6,1236737719),(872,82,13,1238274155),(872,107,6,1236737719),(5680,892,4,1260550506),(95,471,23,1256247400),(3023,82,13,1238373321),(4460,142,4,1238523067),(723,166,6,1238710977),(4691,236,6,1246062669),(2,844,23,1258431624),(4460,166,6,1238645304),(723,78,13,1236049107),(4460,144,6,1238530815),(4460,155,6,1238525950),(4460,311,2,1250979219),(723,143,4,1238523133),(4759,945,10,1271127758),(2,167,4,1238652666),(4460,167,4,1240948019),(723,79,4,1236093238),(723,142,4,1238523067),(114,137,13,1238712125),(121,309,2,1250909514),(723,137,13,1238712125),(92,170,3,1239829232),(4769,309,2,1250909514),(4460,176,6,1239252635),(4501,176,6,1239246231),(4460,175,6,1239149695),(114,841,23,1258402422),(4769,310,2,1251602967),(85,310,2,1251602905),(4525,176,6,1239252635),(85,176,6,1239252635),(85,175,6,1239149695),(114,179,4,1240540182),(4759,944,10,1271127469),(114,27,3,1239322044),(92,496,2,1256679215),(57,140,3,1238519776),(85,311,2,1250979219),(99,176,6,1239252635),(66,198,2,1241560113),(2,372,2,1253288994),(4525,361,6,1252988281),(114,186,13,1239739645),(114,187,6,1239742921),(4495,187,6,1239742612),(4495,176,6,1239252635),(4460,187,6,1239742612),(4460,186,13,1239739645),(55,148,10,1238523812),(2,286,2,1250464435),(4759,219,16,1243719940),(4767,943,6,1270874974),(57,188,2,1239928037),(4691,213,6,1243372148),(92,191,3,1240274459),(92,931,2,1267571268),(4501,168,3,1240115935),(4501,178,20,1239293615),(59,829,6,1258400152),(70,156,4,1238526024),(1640,196,6,1241477459),(121,361,6,1252988281),(114,278,2,1250481470),(4552,236,6,1246062669),(114,149,4,1240521315),(4460,246,2,1250914292),(4460,179,4,1240540182),(4460,157,4,1239300172),(4460,140,3,1249321962),(114,197,6,1240847841),(114,167,4,1240948019),(4460,198,2,1241560113),(114,191,3,1240107646),(114,140,3,1240929547),(4460,188,2,1239928037),(55,246,2,1250914292),(104,167,4,1240948019),(104,156,4,1238526024),(104,146,4,1238523597),(104,79,4,1236093238),(55,278,2,1250481470),(121,246,2,1250914292),(5680,891,6,1260550368),(92,311,2,1250979219),(1640,175,6,1239149695),(114,392,3,1253682617),(97,191,3,1240107646),(97,140,3,1240929547),(114,196,6,1241477459),(55,309,2,1250909514),(2,222,4,1244829379),(114,310,2,1251256288),(104,471,23,1256247400),(85,203,4,1241589243),(114,204,6,1244143768),(114,206,6,1241575941),(109,205,23,1244689302),(109,198,2,1241560113),(3023,204,6,1241560244),(85,191,3,1240107646),(3023,144,6,1238530815),(4460,309,2,1252525234),(3023,191,3,1240107646),(4769,236,6,1246062669),(121,204,6,1241560244),(121,203,4,1241546319),(1165,203,4,1241589243),(4495,204,6,1241560244),(114,203,4,1241589243),(85,205,23,1241576567),(2,388,6,1253587739),(121,311,2,1250979219),(114,208,4,1241729938),(114,209,4,1242139609),(4556,209,4,1241730158),(4556,208,4,1241729937),(4691,209,4,1242139609),(121,310,2,1251256288),(4691,208,4,1241729937),(1165,208,4,1241729937),(1165,209,4,1241730158),(121,209,4,1241730158),(121,208,4,1241729937),(4696,198,2,1241560113),(4552,209,4,1241730158),(4552,208,4,1241729937),(4460,203,4,1241589243),(2,165,14,1238637684),(4460,208,4,1241729937),(4460,209,4,1241730158),(4460,206,6,1241575940),(4460,196,6,1241477459),(4460,204,6,1244143768),(3023,155,6,1238525950),(4522,209,4,1242139609),(2,837,4,1258401492),(4543,210,3,1256776549),(4501,205,23,1244689302),(4501,198,2,1241560113),(4460,286,2,1250464435),(82,844,23,1258431624),(4552,471,23,1256247400),(104,205,23,1245786024),(2,361,6,1252988281),(104,186,13,1239739645),(104,206,6,1241575940),(104,107,6,1236737719),(4460,205,23,1246062289),(4460,210,3,1248819200),(104,157,4,1239300172),(104,149,4,1240521315),(104,209,4,1242139609),(5576,468,3,1256140826),(114,406,2,1254148499),(104,204,6,1241560244),(104,176,6,1239252635),(104,144,6,1238530815),(114,213,6,1243372148),(4691,204,6,1244143768),(4556,213,6,1243372148),(70,213,6,1243372148),(62,213,6,1243372148),(4543,213,6,1243372148),(2,836,4,1258401374),(90,213,6,1243372148),(4540,213,6,1243372148),(4540,212,6,1243316834),(4540,196,6,1241477459),(2,835,4,1258401273),(4540,214,2,1243374468),(3023,213,6,1243372148),(3023,145,6,1238523561),(4700,213,6,1243372148),(1640,213,6,1243372148),(1640,187,6,1239742612),(1640,205,23,1245912713),(104,213,6,1243372148),(104,140,3,1240929547),(4773,215,2,1243436866),(4543,191,3,1240107646),(4543,140,3,1240929547),(97,213,6,1243372148),(121,216,3,1243488113),(4552,213,6,1243372148),(4552,212,6,1243316834),(4552,206,6,1241575940),(4460,213,6,1243372148),(4523,217,18,1243551155),(4460,215,2,1243436866),(4460,214,2,1245896713),(4460,361,6,1252988281),(4460,217,18,1243551155),(4460,216,3,1243488113),(56,188,2,1243776197),(4460,237,3,1246246141),(56,198,2,1241560113),(4691,220,4,1243798020),(4769,215,2,1243436866),(4769,205,23,1243397150),(4769,216,3,1243488113),(104,217,18,1243551155),(104,181,16,1243442765),(104,220,4,1245370810),(104,218,22,1243629903),(4540,204,6,1244051297),(114,222,4,1244829379),(114,223,6,1244143936),(4691,223,6,1244143936),(4769,221,2,1244049932),(4769,194,2,1245105788),(4698,204,6,1244143768),(4698,213,6,1243372148),(4552,241,23,1246395174),(4501,223,6,1244143936),(4501,212,6,1243316834),(4441,388,6,1253587739),(2,241,23,1246395441),(4460,829,6,1258400152),(92,227,12,1246740472),(114,227,12,1244761559),(4769,224,2,1244671161),(114,230,10,1245105618),(114,194,2,1245105788),(2,471,23,1256247400),(114,217,18,1243551155),(114,169,18,1239221871),(2,416,22,1254506757),(114,214,2,1246385223),(4460,194,2,1245105788),(4460,843,6,1261882309),(2,470,23,1256247341),(104,194,2,1245105788),(4691,205,23,1245267579),(114,231,3,1245335427),(114,232,3,1245335584),(114,233,3,1245335727),(114,220,4,1245370810),(104,222,4,1244829379),(104,230,10,1245105618),(104,214,2,1245780825),(104,198,2,1241560113),(4697,223,6,1244143936),(4501,233,3,1245335727),(1365,208,4,1241729937),(1365,222,4,1244829379),(2,254,4,1248736019),(1365,203,4,1241589243),(1365,179,4,1240540182),(1365,209,4,1242139609),(4460,220,4,1245370810),(4460,233,3,1245335727),(4460,232,3,1245335510),(4460,278,2,1250481470),(2,834,6,1258401154),(92,205,23,1245786024),(4460,277,2,1249527921),(104,233,3,1245335727),(104,232,3,1245335510),(5428,475,3,1257193987),(104,210,3,1243457824),(104,191,3,1240107646),(104,168,3,1240115935),(104,178,20,1239293615),(104,183,20,1239380151),(104,229,20,1245105495),(5755,672,4,1257359302),(114,235,4,1246062645),(114,236,6,1246062669),(99,237,3,1246246209),(70,239,2,1246329109),(70,238,23,1246292201),(66,239,2,1247203575),(66,214,2,1245896713),(66,227,12,1244761559),(66,221,2,1244049932),(5333,406,2,1254148499),(66,188,2,1239928037),(114,239,2,1247203575),(4769,286,2,1250464435),(109,241,23,1246395174),(121,241,23,1246395174),(4838,241,23,1246395174),(4769,241,23,1246395174),(4769,238,23,1246292159),(4873,241,23,1246395174),(4691,241,23,1246395174),(70,241,23,1246395174),(104,238,23,1246292159),(109,238,23,1246292159),(109,240,14,1246330048),(64,107,6,1236737719),(64,223,6,1244143936),(114,3,12,1246637246),(114,242,2,1246637854),(92,244,2,1247014556),(2,472,10,1256247555),(5680,890,23,1260549950),(359,246,2,1247280982),(4441,361,6,1252988281),(109,246,2,1247341528),(92,247,3,1247439268),(66,246,2,1247341528),(66,2,2,1227146349),(4552,246,2,1247341528),(2,244,2,1247014556),(4552,239,2,1247203575),(4552,214,2,1246385223),(4926,246,2,1247782706),(2,140,3,1249321962),(2,183,20,1239380151),(114,246,2,1249854456),(2,221,2,1244049932),(59,392,3,1253682617),(4796,218,22,1243629903),(114,251,3,1248213790),(4460,247,3,1247439267),(4460,251,3,1248213790),(59,181,16,1246327896),(2,259,2,1248791640),(4543,254,4,1248736019),(114,254,4,1248736019),(59,360,6,1252952512),(59,830,6,1258400455),(59,894,2,1262197599),(2,246,2,1247782706),(114,277,2,1249527921),(114,458,2,1255986911),(4769,277,2,1249527921),(4769,246,2,1250914292),(2,833,6,1258401025),(4769,251,3,1248213790),(4769,278,2,1250481470),(4769,244,2,1247014556),(85,246,2,1249854456),(85,244,2,1247014556),(2,148,10,1240893347),(85,222,4,1244829379),(104,246,2,1249854456),(85,224,2,1244671161),(85,229,20,1245105495),(114,282,3,1250023286),(2,832,6,1258400863),(2,843,6,1258402659),(59,895,3,1263067732),(85,277,2,1249527921),(2,339,2,1252105595),(4935,278,2,1250267771),(2,360,6,1252952512),(114,286,2,1250464535),(5252,339,2,1252449138),(5680,889,2,1260549772),(2,841,23,1258402422),(2,831,6,1258400660),(5680,888,2,1260549698),(2,406,2,1254148499),(2,496,2,1256679215),(2,829,6,1258400152),(114,843,6,1262810993),(2,830,6,1258400455),(5896,867,2,1259326181),(2,862,2,1258727180),(92,844,23,1258431624),(2,866,2,1258921459),(99,843,6,1262627244),(92,894,2,1262197629),(5762,866,2,1258921459),(92,865,2,1258755670),(5945,949,6,1271802136);

--
-- Table structure for table `phpbb_topics_watch`
--

CREATE TABLE `phpbb_topics_watch` (
  `topic_id` mediumint(8) unsigned NOT NULL DEFAULT '0',
  `user_id` mediumint(8) unsigned NOT NULL DEFAULT '0',
  `notify_status` tinyint(1) unsigned NOT NULL DEFAULT '0',
  KEY `topic_id` (`topic_id`),
  KEY `user_id` (`user_id`),
  KEY `notify_stat` (`notify_status`)
) ENGINE=MyISAM DEFAULT CHARSET=utf8 COLLATE=utf8_bin;

--
-- Dumping data for table `phpbb_topics_watch`
--

INSERT INTO `phpbb_topics_watch` VALUES (3,64,0),(164,114,0),(914,5939,0),(163,114,0),(144,114,0),(4,58,0),(37,114,0),(4,114,1),(27,114,0),(182,114,0),(140,114,1),(29,114,0),(176,114,0),(38,114,0),(165,114,0),(43,114,0),(179,114,0),(178,114,0),(172,114,0),(137,114,0),(171,114,0),(471,2,0),(186,114,0),(187,114,0),(188,114,1),(470,2,0),(167,4674,0),(213,114,0),(214,114,0),(877,5923,0),(237,99,0),(467,5428,0),(282,114,0),(920,5939,0),(887,5928,0),(897,5938,0),(140,2,0),(901,5938,0),(919,5939,0),(913,5938,0),(880,5923,0),(912,5938,0),(921,5939,0),(310,114,1),(392,114,0),(472,2,0),(475,5428,0),(915,5939,0),(923,5939,0),(875,5923,0),(902,5938,0),(911,5938,0),(829,2,0),(917,5939,0),(892,5680,0),(924,5939,0),(900,5938,0),(918,5939,0),(910,5938,0),(909,5938,0),(868,5923,0),(908,5938,0),(907,5938,0),(862,2,0),(872,5923,0),(906,5938,0),(870,5923,0),(930,5939,0),(929,5939,0),(922,5939,0),(884,5923,0),(888,5680,0),(890,5680,0),(916,5939,0),(905,5938,0),(928,5939,0),(904,5938,0),(879,5923,0),(881,5923,0),(927,5939,0),(898,5938,0),(926,5939,0),(925,5939,0),(867,5896,0),(874,5923,0),(869,5923,0),(866,5762,0),(889,5680,0),(903,5938,0),(891,5680,0),(876,5923,0),(873,5923,0),(871,5923,0),(882,5923,0),(883,5923,0),(899,5938,0),(896,5934,0),(878,5923,0);

--
-- Table structure for table `phpbb_user_group`
--

CREATE TABLE `phpbb_user_group` (
  `group_id` mediumint(8) unsigned NOT NULL DEFAULT '0',
  `user_id` mediumint(8) unsigned NOT NULL DEFAULT '0',
  `group_leader` tinyint(1) unsigned NOT NULL DEFAULT '0',
  `user_pending` tinyint(1) unsigned NOT NULL DEFAULT '1',
  KEY `group_id` (`group_id`),
  KEY `user_id` (`user_id`),
  KEY `group_leader` (`group_leader`)
) ENGINE=MyISAM DEFAULT CHARSET=utf8 COLLATE=utf8_bin;

--
-- Dumping data for table `phpbb_user_group`
--

INSERT INTO `phpbb_user_group` VALUES (1,1,0,0),(2,2,0,0),(4,2,0,0),(5,2,1,0),(6,3,0,0),(6,4,0,0),(6,5,0,0),(6,6,0,0),(6,7,0,0),(6,8,0,0),(6,9,0,0),(6,10,0,0),(6,11,0,0),(6,12,0,0),(6,13,0,0),(6,14,0,0),(6,15,0,0),(6,16,0,0),(6,17,0,0),(6,18,0,0),(6,19,0,0),(6,20,0,0),(6,21,0,0),(6,22,0,0),(6,23,0,0),(6,24,0,0),(6,25,0,0),(6,26,0,0),(6,27,0,0),(6,28,0,0),(6,29,0,0),(6,30,0,0),(6,31,0,0),(6,32,0,0),(6,33,0,0),(6,34,0,0),(6,35,0,0),(6,36,0,0),(6,37,0,0),(6,38,0,0),(6,39,0,0),(6,40,0,0),(6,41,0,0),(6,42,0,0),(6,43,0,0),(6,44,0,0),(6,45,0,0),(6,46,0,0),(6,47,0,0),(6,48,0,0),(6,49,0,0),(6,50,0,0),(6,51,0,0),(6,52,0,0),(2,53,0,0),(2,54,0,0),(2,55,0,0),(2,56,0,0),(2,57,0,0),(2,58,0,0),(2,59,0,0),(2,60,0,0),(2,61,0,0),(2,62,0,0),(2,63,0,0),(2,64,0,0),(2,65,0,0),(2,66,0,0),(2,67,0,0),(2,68,0,0),(2,69,0,0),(2,70,0,0),(2,71,0,0),(2,72,0,0),(2,73,0,0),(2,74,0,0),(2,75,0,0),(2,76,0,0),(2,77,0,0),(2,78,0,0),(2,79,0,0),(2,80,0,0),(2,81,0,0),(2,82,0,0),(2,83,0,0),(2,84,0,0),(2,85,0,0),(2,86,0,0),(2,87,0,0),(2,88,0,0),(2,89,0,0),(2,90,0,0),(2,91,0,0),(2,92,0,0),(2,93,0,0),(2,94,0,0),(2,95,0,0),(2,96,0,0),(2,97,0,0),(2,98,0,0),(2,99,0,0),(2,100,0,0),(2,101,0,0),(2,102,0,0),(2,103,0,0),(2,104,0,0),(2,105,0,0),(2,106,0,0),(2,107,0,0),(2,108,0,0),(2,109,0,0),(2,110,0,0),(2,111,0,0),(2,112,0,0),(2,114,0,0),(2,115,0,0),(2,116,0,0),(2,117,0,0),(2,118,0,0),(2,119,0,0),(2,120,0,0),(2,121,0,0),(2,122,0,0),(2,123,0,0),(2,124,0,0),(2,125,0,0),(2,126,0,0),(2,127,0,0),(2,128,0,0),(2,129,0,0),(2,130,0,0),(2,131,0,0),(2,132,0,0),(2,133,0,0),(2,134,0,0),(2,135,0,0),(2,136,0,0),(2,137,0,0),(2,138,0,0),(2,139,0,0),(2,140,0,0),(2,141,0,0),(2,142,0,0),(2,143,0,0),(2,144,0,0),(2,145,0,0),(2,146,0,0),(2,147,0,0),(2,148,0,0),(2,149,0,0),(2,150,0,0),(2,151,0,0),(2,152,0,0),(2,153,0,0),(2,154,0,0),(2,155,0,0),(2,156,0,0),(2,157,0,0),(2,158,0,0),(2,159,0,0),(2,160,0,0),(2,161,0,0),(2,162,0,0),(2,163,0,0),(2,164,0,0),(2,165,0,0),(2,166,0,0),(2,167,0,0),(2,168,0,0),(2,169,0,0),(2,170,0,0),(2,171,0,0),(2,172,0,0),(2,173,0,0),(2,174,0,0),(2,175,0,0),(2,176,0,0),(2,177,0,0),(2,178,0,0),(2,179,0,0),(2,180,0,0),(2,181,0,0),(2,182,0,0),(2,183,0,0),(2,184,0,0),(2,185,0,0),(2,186,0,0),(2,187,0,0),(2,188,0,0),(2,189,0,0),(2,190,0,0),(2,191,0,0),(2,192,0,0),(2,193,0,0),(2,194,0,0),(2,195,0,0),(2,196,0,0),(2,197,0,0),(2,198,0,0),(2,199,0,0),(2,200,0,0),(2,201,0,0),(2,202,0,0),(2,203,0,0),(2,204,0,0),(2,205,0,0),(2,206,0,0),(2,207,0,0),(2,208,0,0),(2,209,0,0),(2,210,0,0),(2,211,0,0),(2,212,0,0),(2,213,0,0),(2,214,0,0),(2,215,0,0),(2,216,0,0),(2,217,0,0),(2,218,0,0),(2,219,0,0),(2,220,0,0),(2,221,0,0),(2,222,0,0),(2,223,0,0),(2,224,0,0),(2,225,0,0),(2,226,0,0),(2,227,0,0),(2,228,0,0),(2,229,0,0),(2,230,0,0),(2,231,0,0),(2,232,0,0),(2,233,0,0),(2,234,0,0),(2,235,0,0),(2,236,0,0),(2,237,0,0),(2,238,0,0),(2,239,0,0),(2,240,0,0),(2,241,0,0),(2,242,0,0),(2,243,0,0),(2,244,0,0),(2,245,0,0),(2,246,0,0),(2,247,0,0),(2,248,0,0),(2,249,0,0),(2,250,0,0),(2,251,0,0),(2,252,0,0),(2,253,0,0),(2,254,0,0),(2,255,0,0),(2,256,0,0),(2,257,0,0),(2,258,0,0),(2,259,0,0),(2,260,0,0),(2,261,0,0),(2,262,0,0),(2,263,0,0),(2,264,0,0),(2,265,0,0),(2,266,0,0),(2,267,0,0),(2,268,0,0),(2,269,0,0),(2,270,0,0),(2,271,0,0),(2,272,0,0),(2,273,0,0),(2,274,0,0),(2,275,0,0),(2,276,0,0),(2,277,0,0),(2,278,0,0),(2,279,0,0),(2,280,0,0),(2,281,0,0),(2,282,0,0),(2,283,0,0),(2,284,0,0),(2,285,0,0),(2,286,0,0),(2,287,0,0),(2,288,0,0),(2,289,0,0),(2,290,0,0),(2,291,0,0),(2,292,0,0),(2,4436,0,0),(2,294,0,0),(2,295,0,0),(2,296,0,0),(2,297,0,0),(2,298,0,0),(2,299,0,0),(2,300,0,0),(2,301,0,0),(2,302,0,0),(2,303,0,0),(2,304,0,0),(2,305,0,0),(2,306,0,0),(2,307,0,0),(2,308,0,0),(2,309,0,0),(2,310,0,0),(2,311,0,0),(2,312,0,0),(2,313,0,0),(2,314,0,0),(2,315,0,0),(2,316,0,0),(2,317,0,0),(2,318,0,0),(2,319,0,0),(2,320,0,0),(2,321,0,0),(2,322,0,0),(2,323,0,0),(2,324,0,0),(2,325,0,0),(2,326,0,0),(2,327,0,0),(2,328,0,0),(2,329,0,0),(2,330,0,0),(2,331,0,0),(2,332,0,0),(2,333,0,0),(2,334,0,0),(2,335,0,0),(2,336,0,0),(2,337,0,0),(2,338,0,0),(2,339,0,0),(2,340,0,0),(2,341,0,0),(2,342,0,0),(2,343,0,0),(2,344,0,0),(2,345,0,0),(2,346,0,0),(2,347,0,0),(2,348,0,0),(2,349,0,0),(2,350,0,0),(2,351,0,0),(2,352,0,0),(2,4435,0,0),(2,354,0,0),(2,355,0,0),(2,356,0,0),(2,357,0,0),(2,358,0,0),(2,359,0,0),(2,360,0,0),(2,361,0,0),(2,362,0,0),(2,363,0,0),(2,364,0,0),(2,365,0,0),(2,366,0,0),(2,367,0,0),(2,368,0,0),(2,369,0,0),(2,370,0,0),(2,371,0,0),(2,372,0,0),(2,373,0,0),(2,374,0,0),(2,375,0,0),(2,4437,0,0),(2,377,0,0),(2,378,0,0),(2,379,0,0),(2,380,0,0),(2,381,0,0),(2,382,0,0),(2,383,0,0),(2,384,0,0),(2,385,0,0),(2,386,0,0),(2,387,0,0),(2,388,0,0),(2,389,0,0),(2,390,0,0),(2,391,0,0),(2,392,0,0),(2,393,0,0),(2,394,0,0),(2,395,0,0),(2,396,0,0),(2,397,0,0),(2,398,0,0),(2,399,0,0),(2,400,0,0),(2,401,0,0),(2,402,0,0),(2,403,0,0),(2,404,0,0),(2,405,0,0),(2,406,0,0),(2,407,0,0),(2,408,0,0),(2,409,0,0),(2,410,0,0),(2,411,0,0),(2,412,0,0),(2,413,0,0),(2,414,0,0),(2,415,0,0),(2,416,0,0),(2,417,0,0),(2,418,0,0),(2,419,0,0),(2,420,0,0),(2,421,0,0),(2,422,0,0),(2,423,0,0),(2,424,0,0),(2,425,0,0),(2,426,0,0),(2,427,0,0),(2,428,0,0),(2,429,0,0),(2,430,0,0),(2,431,0,0),(2,432,0,0),(2,433,0,0),(2,434,0,0),(2,435,0,0),(2,436,0,0),(2,437,0,0),(2,438,0,0),(2,439,0,0),(2,440,0,0),(2,441,0,0),(2,442,0,0),(2,443,0,0),(2,444,0,0),(2,445,0,0),(2,446,0,0),(2,447,0,0),(2,448,0,0),(2,449,0,0),(2,450,0,0),(2,451,0,0),(2,452,0,0),(2,453,0,0),(2,454,0,0),(2,455,0,0),(2,456,0,0),(2,457,0,0),(2,458,0,0),(2,459,0,0),(2,460,0,0),(2,461,0,0),(2,462,0,0),(2,463,0,0),(2,464,0,0),(2,465,0,0),(2,466,0,0),(2,467,0,0),(2,468,0,0),(2,469,0,0),(2,470,0,0),(2,471,0,0),(2,472,0,0),(2,473,0,0),(2,474,0,0),(2,475,0,0),(2,476,0,0),(2,477,0,0),(2,478,0,0),(2,479,0,0),(2,480,0,0),(2,481,0,0),(2,482,0,0),(2,483,0,0),(2,484,0,0),(2,485,0,0),(2,486,0,0),(2,487,0,0),(2,488,0,0),(2,489,0,0),(2,490,0,0),(2,491,0,0),(2,492,0,0),(2,493,0,0),(2,494,0,0),(2,495,0,0),(2,496,0,0),(2,497,0,0),(2,498,0,0),(2,499,0,0),(2,500,0,0),(2,501,0,0),(2,502,0,0),(2,503,0,0),(2,504,0,0),(2,505,0,0),(2,506,0,0),(2,507,0,0),(2,508,0,0),(2,509,0,0),(2,510,0,0),(2,511,0,0),(2,512,0,0),(2,513,0,0),(2,514,0,0),(2,515,0,0),(2,516,0,0),(2,517,0,0),(2,518,0,0),(2,519,0,0),(2,520,0,0),(2,521,0,0),(2,522,0,0),(2,523,0,0),(2,524,0,0),(2,525,0,0),(2,526,0,0),(2,527,0,0),(2,528,0,0),(2,529,0,0),(2,530,0,0),(2,531,0,0),(2,532,0,0),(2,533,0,0),(2,534,0,0),(2,535,0,0),(2,536,0,0),(2,537,0,0),(2,538,0,0),(2,539,0,0),(2,540,0,0),(2,541,0,0),(2,542,0,0),(2,543,0,0),(2,544,0,0),(2,545,0,0),(2,546,0,0),(2,547,0,0),(2,548,0,0),(2,549,0,0),(2,550,0,0),(2,551,0,0),(2,552,0,0),(2,553,0,0),(2,554,0,0),(2,555,0,0),(2,556,0,0),(2,557,0,0),(2,558,0,0),(2,559,0,0),(2,560,0,0),(2,561,0,0),(2,562,0,0),(2,563,0,0),(2,564,0,0),(2,565,0,0),(2,566,0,0),(2,567,0,0),(2,568,0,0),(2,569,0,0),(2,570,0,0),(2,571,0,0),(2,572,0,0),(2,573,0,0),(2,574,0,0),(2,575,0,0),(2,576,0,0),(2,577,0,0),(2,578,0,0),(2,579,0,0),(2,580,0,0),(2,581,0,0),(2,582,0,0),(2,583,0,0),(2,584,0,0),(2,585,0,0),(2,586,0,0),(2,587,0,0),(2,588,0,0),(2,589,0,0),(2,590,0,0),(2,591,0,0),(2,592,0,0),(2,593,0,0),(2,594,0,0),(2,595,0,0),(2,596,0,0),(2,597,0,0),(2,598,0,0),(2,599,0,0),(2,600,0,0),(2,601,0,0),(2,602,0,0),(2,603,0,0),(2,604,0,0),(2,605,0,0),(2,606,0,0),(2,607,0,0),(2,608,0,0),(2,609,0,0),(2,610,0,0),(2,611,0,0),(2,612,0,0),(2,613,0,0),(2,614,0,0),(2,615,0,0),(2,616,0,0),(2,617,0,0),(2,618,0,0),(2,619,0,0),(2,620,0,0),(2,621,0,0),(2,622,0,0),(2,623,0,0),(2,624,0,0),(2,625,0,0),(2,626,0,0),(2,627,0,0),(2,628,0,0),(2,629,0,0),(2,630,0,0),(2,631,0,0),(2,632,0,0),(2,633,0,0),(2,634,0,0),(2,635,0,0),(2,636,0,0),(2,637,0,0),(2,638,0,0),(2,639,0,0),(2,640,0,0),(2,641,0,0),(2,642,0,0),(2,643,0,0),(2,644,0,0),(2,645,0,0),(2,646,0,0),(2,647,0,0),(2,648,0,0),(2,649,0,0),(2,650,0,0),(2,651,0,0),(2,652,0,0),(2,653,0,0),(2,654,0,0),(2,655,0,0),(2,656,0,0),(2,657,0,0),(2,658,0,0),(2,659,0,0),(2,660,0,0),(2,661,0,0),(2,662,0,0),(2,663,0,0),(2,664,0,0),(2,665,0,0),(2,666,0,0),(2,667,0,0),(2,668,0,0),(2,669,0,0),(2,670,0,0),(2,671,0,0),(2,672,0,0),(2,673,0,0),(2,674,0,0),(2,675,0,0),(2,676,0,0),(2,677,0,0),(2,678,0,0),(2,679,0,0),(2,680,0,0),(2,681,0,0),(2,682,0,0),(2,683,0,0),(2,684,0,0),(2,685,0,0),(2,686,0,0),(2,687,0,0),(2,688,0,0),(2,689,0,0),(2,690,0,0),(2,691,0,0),(2,692,0,0),(2,693,0,0),(2,694,0,0),(2,695,0,0),(2,696,0,0),(2,697,0,0),(2,698,0,0),(2,699,0,0),(2,700,0,0),(2,701,0,0),(2,702,0,0),(2,703,0,0),(2,704,0,0),(2,705,0,0),(2,706,0,0),(2,707,0,0),(2,708,0,0),(2,709,0,0),(2,710,0,0),(2,711,0,0),(2,712,0,0),(2,713,0,0),(2,714,0,0),(2,715,0,0),(2,716,0,0),(2,717,0,0),(2,718,0,0),(2,719,0,0),(2,720,0,0),(2,721,0,0),(2,722,0,0),(2,723,0,0),(2,724,0,0),(2,725,0,0),(2,726,0,0),(2,727,0,0),(2,728,0,0),(2,729,0,0),(2,730,0,0),(2,731,0,0),(2,732,0,0),(2,733,0,0),(2,734,0,0),(2,735,0,0),(2,736,0,0),(2,737,0,0),(2,738,0,0),(2,739,0,0),(2,740,0,0),(2,741,0,0),(2,742,0,0),(2,743,0,0),(2,744,0,0),(2,745,0,0),(2,746,0,0),(2,747,0,0),(2,748,0,0),(2,749,0,0),(2,750,0,0),(2,751,0,0),(2,752,0,0),(2,753,0,0),(2,754,0,0),(2,755,0,0),(2,756,0,0),(2,757,0,0),(2,758,0,0),(2,759,0,0),(2,760,0,0),(2,761,0,0),(2,762,0,0),(2,763,0,0),(2,764,0,0),(2,765,0,0),(2,766,0,0),(2,767,0,0),(2,768,0,0),(2,769,0,0),(2,770,0,0),(2,771,0,0),(2,772,0,0),(2,773,0,0),(2,774,0,0),(2,775,0,0),(2,776,0,0),(2,777,0,0),(2,778,0,0),(2,779,0,0),(2,780,0,0),(2,781,0,0),(2,782,0,0),(2,783,0,0),(2,784,0,0),(2,785,0,0),(2,786,0,0),(2,787,0,0),(2,788,0,0),(2,789,0,0),(2,790,0,0),(2,791,0,0),(2,792,0,0),(2,793,0,0),(2,794,0,0),(2,795,0,0),(2,796,0,0),(2,797,0,0),(2,798,0,0),(2,799,0,0),(2,800,0,0),(2,801,0,0),(2,802,0,0),(2,803,0,0),(2,804,0,0),(2,805,0,0),(2,806,0,0),(2,807,0,0),(2,808,0,0),(2,809,0,0),(2,810,0,0),(2,811,0,0),(2,812,0,0),(2,813,0,0),(2,814,0,0),(2,815,0,0),(2,816,0,0),(2,817,0,0),(2,818,0,0),(2,819,0,0),(2,820,0,0),(2,821,0,0),(2,822,0,0),(2,823,0,0),(2,824,0,0),(2,825,0,0),(2,826,0,0),(2,827,0,0),(2,828,0,0),(2,829,0,0),(2,830,0,0),(2,831,0,0),(2,832,0,0),(2,833,0,0),(2,834,0,0),(2,835,0,0),(2,836,0,0),(2,837,0,0),(2,838,0,0),(2,839,0,0),(2,840,0,0),(2,841,0,0),(2,842,0,0),(2,843,0,0),(2,844,0,0),(2,845,0,0),(2,846,0,0),(2,847,0,0),(2,848,0,0),(2,849,0,0),(2,850,0,0),(2,851,0,0),(2,852,0,0),(2,853,0,0),(2,854,0,0),(2,855,0,0),(2,856,0,0),(2,857,0,0),(2,858,0,0),(2,859,0,0),(2,860,0,0),(2,861,0,0),(2,862,0,0),(2,863,0,0),(2,864,0,0),(2,865,0,0),(2,866,0,0),(2,867,0,0),(2,868,0,0),(2,869,0,0),(2,870,0,0),(2,871,0,0),(2,872,0,0),(2,873,0,0),(2,874,0,0),(2,875,0,0),(2,876,0,0),(2,877,0,0),(2,878,0,0),(2,879,0,0),(2,880,0,0),(2,881,0,0),(2,882,0,0),(2,883,0,0),(2,884,0,0),(2,885,0,0),(2,886,0,0),(2,887,0,0),(2,888,0,0),(2,889,0,0),(2,890,0,0),(2,891,0,0),(2,892,0,0),(2,893,0,0),(2,894,0,0),(2,895,0,0),(2,896,0,0),(2,897,0,0),(2,898,0,0),(2,899,0,0),(2,900,0,0),(2,901,0,0),(2,902,0,0),(2,903,0,0),(2,904,0,0),(2,905,0,0),(2,906,0,0),(2,907,0,0),(2,908,0,0),(2,909,0,0),(2,910,0,0),(2,911,0,0),(2,912,0,0),(2,913,0,0),(2,914,0,0),(2,915,0,0),(2,916,0,0),(2,917,0,0),(2,918,0,0),(2,919,0,0),(2,920,0,0),(2,921,0,0),(2,922,0,0),(2,923,0,0),(2,924,0,0),(2,925,0,0),(2,926,0,0),(2,927,0,0),(2,928,0,0),(2,929,0,0),(2,930,0,0),(2,931,0,0),(2,932,0,0),(2,933,0,0),(2,934,0,0),(2,935,0,0),(2,936,0,0),(2,937,0,0),(2,938,0,0),(2,939,0,0),(2,940,0,0),(2,941,0,0),(2,942,0,0),(2,943,0,0),(2,944,0,0),(2,945,0,0),(2,946,0,0),(2,947,0,0),(2,948,0,0),(2,949,0,0),(2,950,0,0),(2,951,0,0),(2,952,0,0),(2,953,0,0),(2,954,0,0),(2,955,0,0),(2,956,0,0),(2,957,0,0),(2,958,0,0),(2,959,0,0),(2,960,0,0),(2,961,0,0),(2,962,0,0),(2,963,0,0),(2,964,0,0),(2,965,0,0),(2,966,0,0),(2,967,0,0),(2,968,0,0),(2,969,0,0),(2,970,0,0),(2,971,0,0),(2,972,0,0),(2,973,0,0),(2,974,0,0),(2,975,0,0),(2,976,0,0),(2,977,0,0),(2,978,0,0),(2,979,0,0),(2,980,0,0),(2,981,0,0),(2,982,0,0),(2,983,0,0),(2,984,0,0),(2,985,0,0),(2,986,0,0),(2,987,0,0),(2,988,0,0),(2,989,0,0),(2,990,0,0),(2,991,0,0),(2,992,0,0),(2,993,0,0),(2,994,0,0),(2,995,0,0),(2,996,0,0),(2,997,0,0),(2,998,0,0),(2,999,0,0),(2,1000,0,0),(2,1001,0,0),(2,1002,0,0),(2,1003,0,0),(2,1004,0,0),(2,1005,0,0),(2,1006,0,0),(2,1007,0,0),(2,1008,0,0),(2,1009,0,0),(2,1010,0,0),(2,1011,0,0),(2,1012,0,0),(2,1013,0,0),(2,1014,0,0),(2,1015,0,0),(2,1016,0,0),(2,1017,0,0),(2,1018,0,0),(2,1019,0,0),(2,1020,0,0),(2,1021,0,0),(2,1022,0,0),(2,1023,0,0),(2,1024,0,0),(2,1025,0,0),(2,1026,0,0),(2,1027,0,0),(2,1028,0,0),(2,1029,0,0),(2,1030,0,0),(2,1031,0,0),(2,1032,0,0),(2,1033,0,0),(2,1034,0,0),(2,1035,0,0),(2,1036,0,0),(2,1037,0,0),(2,1038,0,0),(2,1039,0,0),(2,1040,0,0),(2,1041,0,0),(2,1042,0,0),(2,1043,0,0),(2,1044,0,0),(2,1045,0,0),(2,1046,0,0),(2,1047,0,0),(2,1048,0,0),(2,1049,0,0),(2,1050,0,0),(2,1051,0,0),(2,1052,0,0),(2,1053,0,0),(2,1054,0,0),(2,1055,0,0),(2,1056,0,0),(2,1057,0,0),(2,1058,0,0),(2,1059,0,0),(2,1060,0,0),(2,1061,0,0),(2,1062,0,0),(2,1063,0,0),(2,1064,0,0),(2,1065,0,0),(2,1066,0,0),(2,1067,0,0),(2,1068,0,0),(2,1069,0,0),(2,1070,0,0),(2,1071,0,0),(2,1072,0,0),(2,1073,0,0),(2,1074,0,0),(2,1075,0,0),(2,1076,0,0),(2,1077,0,0),(2,1078,0,0),(2,1079,0,0),(2,1080,0,0),(2,1081,0,0),(2,1082,0,0),(2,1083,0,0),(2,1084,0,0),(2,1085,0,0),(2,1086,0,0),(2,1087,0,0),(2,1088,0,0),(2,1089,0,0),(2,1090,0,0),(2,1091,0,0),(2,1092,0,0),(2,1093,0,0),(2,1094,0,0),(2,1095,0,0),(2,1096,0,0),(2,1097,0,0),(2,1098,0,0),(2,1099,0,0),(2,1100,0,0),(2,1101,0,0),(2,1102,0,0),(2,1103,0,0),(2,1104,0,0),(2,1105,0,0),(2,1106,0,0),(2,1107,0,0),(2,1108,0,0),(2,1109,0,0),(2,1110,0,0),(2,1111,0,0),(2,1112,0,0),(2,1113,0,0),(2,1114,0,0),(2,1115,0,0),(2,1116,0,0),(2,1117,0,0),(2,1118,0,0),(2,1119,0,0),(2,1120,0,0),(2,1121,0,0),(2,1122,0,0),(2,1123,0,0),(2,1124,0,0),(2,1125,0,0),(2,1126,0,0),(2,1127,0,0),(2,1128,0,0),(2,1129,0,0),(2,1130,0,0),(2,1131,0,0),(2,1132,0,0),(2,1133,0,0),(2,1134,0,0),(2,1135,0,0),(2,1136,0,0),(2,1137,0,0),(2,1138,0,0),(2,1139,0,0),(2,1140,0,0),(2,1141,0,0),(2,1142,0,0),(2,1143,0,0),(2,1144,0,0),(2,1145,0,0),(2,1146,0,0),(2,1147,0,0),(2,1148,0,0),(2,1149,0,0),(2,1150,0,0),(2,1151,0,0),(2,1152,0,0),(2,1153,0,0),(2,1154,0,0),(2,1155,0,0),(2,1156,0,0),(2,1157,0,0),(2,1158,0,0),(2,1159,0,0),(2,1160,0,0),(2,1161,0,0),(2,1162,0,0),(2,1163,0,0),(2,1164,0,0),(2,1165,0,0),(2,1166,0,0),(2,1167,0,0),(2,1168,0,0),(2,1169,0,0),(2,1170,0,0),(2,1171,0,0),(2,1172,0,0),(2,1173,0,0),(2,1174,0,0),(2,1175,0,0),(2,1176,0,0),(2,1177,0,0),(2,1178,0,0),(2,1179,0,0),(2,1180,0,0),(2,1181,0,0),(2,1182,0,0),(2,1183,0,0),(2,1184,0,0),(2,1185,0,0),(2,1186,0,0),(2,1187,0,0),(2,1188,0,0),(2,1189,0,0),(2,1190,0,0),(2,1191,0,0),(2,1192,0,0),(2,1193,0,0),(2,1194,0,0),(2,1195,0,0),(2,1196,0,0),(2,1197,0,0),(2,1198,0,0),(2,1199,0,0),(2,1200,0,0),(2,1201,0,0),(2,1202,0,0),(2,1203,0,0),(2,1204,0,0),(2,1205,0,0),(2,1206,0,0),(2,1207,0,0),(2,1208,0,0),(2,1209,0,0),(2,1210,0,0),(2,1211,0,0),(2,1212,0,0),(2,1213,0,0),(2,1214,0,0),(2,1215,0,0),(2,1216,0,0),(2,1217,0,0),(2,1218,0,0),(2,1219,0,0),(2,1220,0,0),(2,1221,0,0),(2,1222,0,0),(2,1223,0,0),(2,1224,0,0),(2,1225,0,0),(2,1226,0,0),(2,1227,0,0),(2,1228,0,0),(2,1229,0,0),(2,1230,0,0),(2,1231,0,0),(2,1232,0,0),(2,1233,0,0),(2,1234,0,0),(2,1235,0,0),(2,1236,0,0),(2,1237,0,0),(2,1238,0,0),(2,1239,0,0),(2,1240,0,0),(2,1241,0,0),(2,1242,0,0),(2,1243,0,0),(2,1244,0,0),(2,1245,0,0),(2,1246,0,0),(2,1247,0,0),(2,1248,0,0),(2,1249,0,0),(2,1250,0,0),(2,1251,0,0),(2,1252,0,0),(2,1253,0,0),(2,1254,0,0),(2,1255,0,0),(2,1256,0,0),(2,1257,0,0),(2,1258,0,0),(2,1259,0,0),(2,1260,0,0),(2,1261,0,0),(2,1262,0,0),(2,1263,0,0),(2,1264,0,0),(2,1265,0,0),(2,1266,0,0),(2,1267,0,0),(2,1268,0,0),(2,1269,0,0),(2,1270,0,0),(2,1271,0,0),(2,1272,0,0),(2,1273,0,0),(2,1274,0,0),(2,1275,0,0),(2,1276,0,0),(2,1277,0,0),(2,1278,0,0),(2,1279,0,0),(2,1280,0,0),(2,1281,0,0),(2,1282,0,0),(2,1283,0,0),(2,1284,0,0),(2,1285,0,0),(2,1286,0,0),(2,1287,0,0),(2,1288,0,0),(2,1289,0,0),(2,1290,0,0),(2,1291,0,0),(2,1292,0,0),(2,1293,0,0),(2,1294,0,0),(2,1295,0,0),(2,1296,0,0),(2,1297,0,0),(2,1298,0,0),(2,1299,0,0),(2,1300,0,0),(2,1301,0,0),(2,1302,0,0),(2,1303,0,0),(2,1304,0,0),(2,1305,0,0),(2,1306,0,0),(2,1307,0,0),(2,1308,0,0),(2,1309,0,0),(2,1310,0,0),(2,1311,0,0),(2,1312,0,0),(2,1313,0,0),(2,1314,0,0),(2,1315,0,0),(2,1316,0,0),(2,1317,0,0),(2,1318,0,0),(2,1319,0,0),(2,1320,0,0),(2,1321,0,0),(2,1322,0,0),(2,1323,0,0),(2,1324,0,0),(2,1325,0,0),(2,1326,0,0),(2,1327,0,0),(2,1328,0,0),(2,1329,0,0),(2,1330,0,0),(2,1331,0,0),(2,1332,0,0),(2,1333,0,0),(2,1334,0,0),(2,1335,0,0),(2,1336,0,0),(2,1337,0,0),(2,1338,0,0),(2,1339,0,0),(2,1340,0,0),(2,1341,0,0),(2,1342,0,0),(2,1343,0,0),(2,1344,0,0),(2,1345,0,0),(2,1346,0,0),(2,1347,0,0),(2,1348,0,0),(2,1349,0,0),(2,1350,0,0),(2,1351,0,0),(2,1352,0,0),(2,1353,0,0),(2,1354,0,0),(2,1355,0,0),(2,1356,0,0),(2,1357,0,0),(2,1358,0,0),(2,1359,0,0),(2,1360,0,0),(2,1361,0,0),(2,1362,0,0),(2,1363,0,0),(2,1364,0,0),(2,1365,0,0),(2,1366,0,0),(2,1367,0,0),(2,1368,0,0),(2,1369,0,0),(2,1370,0,0),(2,1371,0,0),(2,1372,0,0),(2,1373,0,0),(2,1374,0,0),(2,1375,0,0),(2,1376,0,0),(2,1377,0,0),(2,1378,0,0),(2,1379,0,0),(2,1380,0,0),(2,1381,0,0),(2,1382,0,0),(2,1383,0,0),(2,1384,0,0),(2,1385,0,0),(2,1386,0,0),(2,1387,0,0),(2,1388,0,0),(2,1389,0,0),(2,1390,0,0),(2,1391,0,0),(2,1392,0,0),(2,1393,0,0),(2,1394,0,0),(2,1395,0,0),(2,1396,0,0),(2,1397,0,0),(2,1398,0,0),(2,1399,0,0),(2,1400,0,0),(2,1401,0,0),(2,1402,0,0),(2,1403,0,0),(2,1404,0,0),(2,1405,0,0),(2,1406,0,0),(2,1407,0,0),(2,1408,0,0),(2,1409,0,0),(2,1410,0,0),(2,1411,0,0),(2,1412,0,0),(2,1413,0,0),(2,1414,0,0),(2,1415,0,0),(2,1416,0,0),(2,1417,0,0),(2,1418,0,0),(2,1419,0,0),(2,1420,0,0),(2,1421,0,0),(2,1422,0,0),(2,1423,0,0),(2,1424,0,0),(2,1425,0,0),(2,1426,0,0),(2,1427,0,0),(2,1428,0,0),(2,1429,0,0),(2,1430,0,0),(2,1431,0,0),(2,1432,0,0),(2,1433,0,0),(2,1434,0,0),(2,1435,0,0),(2,1436,0,0),(2,1437,0,0),(2,1438,0,0),(2,1439,0,0),(2,1440,0,0),(2,1441,0,0),(2,1442,0,0),(2,1443,0,0),(2,1444,0,0),(2,1445,0,0),(2,1446,0,0),(2,1447,0,0),(2,1448,0,0),(2,1449,0,0),(2,1450,0,0),(2,1451,0,0),(2,1452,0,0),(2,1453,0,0),(2,1454,0,0),(2,1455,0,0),(2,1456,0,0),(2,1457,0,0),(2,1458,0,0),(2,1459,0,0),(2,1460,0,0),(2,1461,0,0),(2,1462,0,0),(2,1463,0,0),(2,1464,0,0),(2,1465,0,0),(2,1466,0,0),(2,1467,0,0),(2,1468,0,0),(2,1469,0,0),(2,1470,0,0),(2,1471,0,0),(2,1472,0,0),(2,1473,0,0),(2,1474,0,0),(2,1475,0,0),(2,1476,0,0),(2,1477,0,0),(2,1478,0,0),(2,1479,0,0),(2,1480,0,0),(2,1481,0,0),(2,1482,0,0),(2,1483,0,0),(2,1484,0,0),(2,1485,0,0),(2,1486,0,0),(2,1487,0,0),(2,1488,0,0),(2,1489,0,0),(2,1490,0,0),(2,1491,0,0),(2,1492,0,0),(2,1493,0,0),(2,1494,0,0),(2,1495,0,0),(2,1496,0,0),(2,1497,0,0),(2,1498,0,0),(2,1499,0,0),(2,1500,0,0),(2,1501,0,0),(2,1502,0,0),(2,1503,0,0),(2,1504,0,0),(2,1505,0,0),(2,1506,0,0),(2,1507,0,0),(2,1508,0,0),(2,1509,0,0),(2,1510,0,0),(2,1511,0,0),(2,1512,0,0),(2,1513,0,0),(2,1514,0,0),(2,1515,0,0),(2,1516,0,0),(2,1517,0,0),(2,1518,0,0),(2,1519,0,0),(2,1520,0,0),(2,1521,0,0),(2,1522,0,0),(2,1523,0,0),(2,1524,0,0),(2,1525,0,0),(2,1526,0,0),(2,1527,0,0),(2,1528,0,0),(2,1529,0,0),(2,1530,0,0),(2,1531,0,0),(2,1532,0,0),(2,1533,0,0),(2,1534,0,0),(2,1535,0,0),(2,1536,0,0),(2,1537,0,0),(2,1538,0,0),(2,1539,0,0),(2,1540,0,0),(2,1541,0,0),(2,1542,0,0),(2,1543,0,0),(2,1544,0,0),(2,1545,0,0),(2,1546,0,0),(2,1547,0,0),(2,1548,0,0),(2,1549,0,0),(2,1550,0,0),(2,1551,0,0),(2,1552,0,0),(2,1553,0,0),(2,1554,0,0),(2,1555,0,0),(2,1556,0,0),(2,1557,0,0),(2,1558,0,0),(2,1559,0,0),(2,1560,0,0),(2,1561,0,0),(2,1562,0,0),(2,1563,0,0),(2,1564,0,0),(2,1565,0,0),(2,1566,0,0),(2,1567,0,0),(2,1568,0,0),(2,1569,0,0),(2,1570,0,0),(2,1571,0,0),(2,1572,0,0),(2,1573,0,0),(2,1574,0,0),(2,1575,0,0),(2,1576,0,0),(2,1577,0,0),(2,1578,0,0),(2,1579,0,0),(2,1580,0,0),(2,1581,0,0),(2,1582,0,0),(2,1583,0,0),(2,1584,0,0),(2,1585,0,0),(2,1586,0,0),(2,1587,0,0),(2,1588,0,0),(2,1589,0,0),(2,1590,0,0),(2,1591,0,0),(2,1592,0,0),(2,1593,0,0),(2,1594,0,0),(2,1595,0,0),(2,1596,0,0),(2,1597,0,0),(2,1598,0,0),(2,1599,0,0),(2,1600,0,0),(2,1601,0,0),(2,1602,0,0),(2,1603,0,0),(2,1604,0,0),(2,1605,0,0),(2,1606,0,0),(2,1607,0,0),(2,1608,0,0),(2,1609,0,0),(2,1610,0,0),(2,1611,0,0),(2,1612,0,0),(2,1613,0,0),(2,1614,0,0),(2,1615,0,0),(2,1616,0,0),(2,1617,0,0),(2,1618,0,0),(2,1619,0,0),(2,1620,0,0),(2,1621,0,0),(2,1622,0,0),(2,1623,0,0),(2,1624,0,0),(2,1625,0,0),(2,1626,0,0),(2,1627,0,0),(2,1628,0,0),(2,1629,0,0),(2,1630,0,0),(2,1631,0,0),(2,1632,0,0),(2,1633,0,0),(2,1634,0,0),(2,1635,0,0),(2,1636,0,0),(2,1637,0,0),(2,1638,0,0),(2,1639,0,0),(2,1640,0,0),(2,1641,0,0),(2,1642,0,0),(2,1643,0,0),(2,1644,0,0),(2,1645,0,0),(2,1646,0,0),(2,1647,0,0),(2,1648,0,0),(2,1649,0,0),(2,1650,0,0),(2,1651,0,0),(2,1652,0,0),(2,1653,0,0),(2,1654,0,0),(2,1655,0,0),(2,1656,0,0),(2,1657,0,0),(2,1658,0,0),(2,1659,0,0),(2,1660,0,0),(2,1661,0,0),(2,1662,0,0),(2,1663,0,0),(2,1664,0,0),(2,1665,0,0),(2,1666,0,0),(2,1667,0,0),(2,1668,0,0),(2,1669,0,0),(2,1670,0,0),(2,1671,0,0),(2,1672,0,0),(2,1673,0,0),(2,1674,0,0),(2,1675,0,0),(2,1676,0,0),(2,1677,0,0),(2,1678,0,0),(2,1679,0,0),(2,1680,0,0),(2,1681,0,0),(2,1682,0,0),(2,1683,0,0),(2,1684,0,0),(2,1685,0,0),(2,1686,0,0),(2,1687,0,0),(2,1688,0,0),(2,1689,0,0),(2,1690,0,0),(2,1691,0,0),(2,1692,0,0),(2,1693,0,0),(2,1694,0,0),(2,1695,0,0),(2,1696,0,0),(2,1697,0,0),(2,1698,0,0),(2,1699,0,0),(2,1700,0,0),(2,1701,0,0),(2,1702,0,0),(2,1703,0,0),(2,1704,0,0),(2,1705,0,0),(2,1706,0,0),(2,1707,0,0),(2,1708,0,0),(2,1709,0,0),(2,1710,0,0),(2,1711,0,0),(2,1712,0,0),(2,1713,0,0),(2,1714,0,0),(2,1715,0,0),(2,1716,0,0),(2,1717,0,0),(2,1718,0,0),(2,1719,0,0),(2,1720,0,0),(2,1721,0,0),(2,1722,0,0),(2,1723,0,0),(2,1724,0,0),(2,1725,0,0),(2,1726,0,0),(2,1727,0,0),(2,1728,0,0),(2,1729,0,0),(2,1730,0,0),(2,1731,0,0),(2,1732,0,0),(2,1733,0,0),(2,1734,0,0),(2,1735,0,0),(2,1736,0,0),(2,1737,0,0),(2,1738,0,0),(2,1739,0,0),(2,1740,0,0),(2,1741,0,0),(2,1742,0,0),(2,1743,0,0),(2,1744,0,0),(2,1745,0,0),(2,1746,0,0),(2,1747,0,0),(2,1748,0,0),(2,1749,0,0),(2,1750,0,0),(2,1751,0,0),(2,1752,0,0),(2,1753,0,0),(2,1754,0,0),(2,1755,0,0),(2,1756,0,0),(2,1757,0,0),(2,1758,0,0),(2,1759,0,0),(2,1760,0,0),(2,1761,0,0),(2,1762,0,0),(2,1763,0,0),(2,1764,0,0),(2,1765,0,0),(2,1766,0,0),(2,1767,0,0),(2,1768,0,0),(2,1769,0,0),(2,1770,0,0),(2,1771,0,0),(2,1772,0,0),(2,1773,0,0),(2,1774,0,0),(2,1775,0,0),(2,1776,0,0),(2,1777,0,0),(2,1778,0,0),(2,1779,0,0),(2,1780,0,0),(2,1781,0,0),(2,1782,0,0),(2,1783,0,0),(2,1784,0,0),(2,1785,0,0),(2,1786,0,0),(2,1787,0,0),(2,1788,0,0),(2,1789,0,0),(2,1790,0,0),(2,1791,0,0),(2,1792,0,0),(2,1793,0,0),(2,1794,0,0),(2,1795,0,0),(2,1796,0,0),(2,1797,0,0),(2,1798,0,0),(2,1799,0,0),(2,1800,0,0),(2,1801,0,0),(2,1802,0,0),(2,1803,0,0),(2,1804,0,0),(2,1805,0,0),(2,1806,0,0),(2,1807,0,0),(2,1808,0,0),(2,1809,0,0),(2,1810,0,0),(2,1811,0,0),(2,1812,0,0),(2,1813,0,0),(2,1814,0,0),(2,1815,0,0),(2,1816,0,0),(2,1817,0,0),(2,1818,0,0),(2,1819,0,0),(2,1820,0,0),(2,1821,0,0),(2,1822,0,0),(2,1823,0,0),(2,1824,0,0),(2,1825,0,0),(2,1826,0,0),(2,1827,0,0),(2,1828,0,0),(2,1829,0,0),(2,1830,0,0),(2,1831,0,0),(2,1832,0,0),(2,1833,0,0),(2,1834,0,0),(2,1835,0,0),(2,1836,0,0),(2,1837,0,0),(2,1838,0,0),(2,1839,0,0),(2,1840,0,0),(2,1841,0,0),(2,1842,0,0),(2,1843,0,0),(2,1844,0,0),(2,1845,0,0),(2,1846,0,0),(2,1847,0,0),(2,1848,0,0),(2,1849,0,0),(2,1850,0,0),(2,1851,0,0),(2,1852,0,0),(2,1853,0,0),(2,1854,0,0),(2,1855,0,0),(2,1856,0,0),(2,1857,0,0),(2,1858,0,0),(2,1859,0,0),(2,1860,0,0),(2,1861,0,0),(2,1862,0,0),(2,1863,0,0),(2,1864,0,0),(2,1865,0,0),(2,1866,0,0),(2,1867,0,0),(2,1868,0,0),(2,1869,0,0),(2,1870,0,0),(2,1871,0,0),(2,1872,0,0),(2,1873,0,0),(2,1874,0,0),(2,1875,0,0),(2,1876,0,0),(2,1877,0,0),(2,1878,0,0),(2,1879,0,0),(2,1880,0,0),(2,1881,0,0),(2,1882,0,0),(2,1883,0,0),(2,1884,0,0),(2,1885,0,0),(2,1886,0,0),(2,1887,0,0),(2,1888,0,0),(2,1889,0,0),(2,1890,0,0),(2,1891,0,0),(2,1892,0,0),(2,1893,0,0),(2,1894,0,0),(2,1895,0,0),(2,1896,0,0),(2,1897,0,0),(2,1898,0,0),(2,1899,0,0),(2,1900,0,0),(2,1901,0,0),(2,1902,0,0),(2,1903,0,0),(2,1904,0,0),(2,1905,0,0),(2,1906,0,0),(2,1907,0,0),(2,1908,0,0),(2,1909,0,0),(2,1910,0,0),(2,1911,0,0),(2,1912,0,0),(2,1913,0,0),(2,1914,0,0),(2,1915,0,0),(2,1916,0,0),(2,1917,0,0),(2,1918,0,0),(2,1919,0,0),(2,1920,0,0),(2,1921,0,0),(2,1922,0,0),(2,1923,0,0),(2,1924,0,0),(2,1925,0,0),(2,1926,0,0),(2,1927,0,0),(2,1928,0,0),(2,1929,0,0),(2,1930,0,0),(2,1931,0,0),(2,1932,0,0),(2,1933,0,0),(2,1934,0,0),(2,1935,0,0),(2,1936,0,0),(2,1937,0,0),(2,1938,0,0),(2,1939,0,0),(2,1940,0,0),(2,1941,0,0),(2,1942,0,0),(2,1943,0,0),(2,1944,0,0),(2,1945,0,0),(2,1946,0,0),(2,1947,0,0),(2,1948,0,0),(2,1949,0,0),(2,1950,0,0),(2,1951,0,0),(2,1952,0,0),(2,1953,0,0),(2,1954,0,0),(2,1955,0,0),(2,1956,0,0),(2,1957,0,0),(2,1958,0,0),(2,1959,0,0),(2,1960,0,0),(2,1961,0,0),(2,1962,0,0),(2,1963,0,0),(2,1964,0,0),(2,1965,0,0),(2,1966,0,0),(2,1967,0,0),(2,1968,0,0),(2,1969,0,0),(2,1970,0,0),(2,1971,0,0),(2,1972,0,0),(2,1973,0,0),(2,1974,0,0),(2,1975,0,0),(2,1976,0,0),(2,1977,0,0),(2,1978,0,0),(2,1979,0,0),(2,1980,0,0),(2,1981,0,0),(2,1982,0,0),(2,1983,0,0),(2,1984,0,0),(2,1985,0,0),(2,1986,0,0),(2,1987,0,0),(2,1988,0,0),(2,1989,0,0),(2,1990,0,0),(2,1991,0,0),(2,1992,0,0),(2,1993,0,0),(2,1994,0,0),(2,1995,0,0),(2,1996,0,0),(2,1997,0,0),(2,1998,0,0),(2,1999,0,0),(2,2000,0,0),(2,2001,0,0),(2,2002,0,0),(2,2003,0,0),(2,2004,0,0),(2,2005,0,0),(2,2006,0,0),(2,2007,0,0),(2,2008,0,0),(2,2009,0,0),(2,2010,0,0),(2,2011,0,0),(2,2012,0,0),(2,2013,0,0),(2,2014,0,0),(2,2015,0,0),(2,2016,0,0),(2,2017,0,0),(2,2018,0,0),(2,2019,0,0),(2,2020,0,0),(2,2021,0,0),(2,2022,0,0),(2,2023,0,0),(2,2024,0,0),(2,2025,0,0),(2,2026,0,0),(2,2027,0,0),(2,2028,0,0),(2,2029,0,0),(2,2030,0,0),(2,2031,0,0),(2,2032,0,0),(2,2033,0,0),(2,2034,0,0),(2,2035,0,0),(2,2036,0,0),(2,2037,0,0),(2,2038,0,0),(2,2039,0,0),(2,2040,0,0),(2,2041,0,0),(2,2042,0,0),(2,2043,0,0),(2,2044,0,0),(2,2045,0,0),(2,2046,0,0),(2,2047,0,0),(2,2048,0,0),(2,2049,0,0),(2,2050,0,0),(2,2051,0,0),(2,2052,0,0),(2,2053,0,0),(2,2054,0,0),(2,2055,0,0),(2,2056,0,0),(2,2057,0,0),(2,2058,0,0),(2,2059,0,0),(2,2060,0,0),(2,2061,0,0),(2,2062,0,0),(2,2063,0,0),(2,2064,0,0),(2,2065,0,0),(2,2066,0,0),(2,2067,0,0),(2,2068,0,0),(2,2069,0,0),(2,2070,0,0),(2,2071,0,0),(2,2072,0,0),(2,2073,0,0),(2,2074,0,0),(2,2075,0,0),(2,2076,0,0),(2,2077,0,0),(2,2078,0,0),(2,2079,0,0),(2,2080,0,0),(2,2081,0,0),(2,2082,0,0),(2,2083,0,0),(2,2084,0,0),(2,2085,0,0),(2,2086,0,0),(2,2087,0,0),(2,2088,0,0),(2,2089,0,0),(2,2090,0,0),(2,2091,0,0),(2,2092,0,0),(2,2093,0,0),(2,2094,0,0),(2,2095,0,0),(2,2096,0,0),(2,2097,0,0),(2,2098,0,0),(2,2099,0,0),(2,2100,0,0),(2,2101,0,0),(2,2102,0,0),(2,2103,0,0),(2,2104,0,0),(2,2105,0,0),(2,2106,0,0),(2,2107,0,0),(2,2108,0,0),(2,2109,0,0),(2,2110,0,0),(2,2111,0,0),(2,2112,0,0),(2,2113,0,0),(2,2114,0,0),(2,2115,0,0),(2,2116,0,0),(2,2117,0,0),(2,2118,0,0),(2,2119,0,0),(2,2120,0,0),(2,2121,0,0),(2,2122,0,0),(2,2123,0,0),(2,2124,0,0),(2,2125,0,0),(2,2126,0,0),(2,2127,0,0),(2,2128,0,0),(2,2129,0,0),(2,2130,0,0),(2,2131,0,0),(2,2132,0,0),(2,2133,0,0),(2,2134,0,0),(2,2135,0,0),(2,2136,0,0),(2,2137,0,0),(2,2138,0,0),(2,2139,0,0),(2,2140,0,0),(2,2141,0,0),(2,2142,0,0),(2,2143,0,0),(2,2144,0,0),(2,2145,0,0),(2,2146,0,0),(2,2147,0,0),(2,2148,0,0),(2,2149,0,0),(2,2150,0,0),(2,2151,0,0),(2,2152,0,0),(2,2153,0,0),(2,2154,0,0),(2,2155,0,0),(2,2156,0,0),(2,2157,0,0),(2,2158,0,0),(2,2159,0,0),(2,2160,0,0),(2,2161,0,0),(2,2162,0,0),(2,2163,0,0),(2,2164,0,0),(2,2165,0,0),(2,2166,0,0),(2,2167,0,0),(2,2168,0,0),(2,2169,0,0),(2,2170,0,0),(2,2171,0,0),(2,2172,0,0),(2,2173,0,0),(2,2174,0,0),(2,2175,0,0),(2,2176,0,0),(2,2177,0,0),(2,2178,0,0),(2,2179,0,0),(2,2180,0,0),(2,2181,0,0),(2,2182,0,0),(2,2183,0,0),(2,2184,0,0),(2,2185,0,0),(2,2186,0,0),(2,2187,0,0),(2,2188,0,0),(2,2189,0,0),(2,2190,0,0),(2,2191,0,0),(2,2192,0,0),(2,2193,0,0),(2,2194,0,0),(2,2195,0,0),(2,2196,0,0),(2,2197,0,0),(2,2198,0,0),(2,2199,0,0),(2,2200,0,0),(2,2201,0,0),(2,2202,0,0),(2,2203,0,0),(2,2204,0,0),(2,2205,0,0),(2,2206,0,0),(2,2207,0,0),(2,2208,0,0),(2,2209,0,0),(2,2210,0,0),(2,2211,0,0),(2,2212,0,0),(2,2213,0,0),(2,2214,0,0),(2,2215,0,0),(2,2216,0,0),(2,2217,0,0),(2,2218,0,0),(2,2219,0,0),(2,2220,0,0),(2,2221,0,0),(2,2222,0,0),(2,2223,0,0),(2,2224,0,0),(2,2225,0,0),(2,2226,0,0),(2,2227,0,0),(2,2228,0,0),(2,2229,0,0),(2,2230,0,0),(2,2231,0,0),(2,2232,0,0),(2,2233,0,0),(2,2234,0,0),(2,2235,0,0),(2,2236,0,0),(2,2237,0,0),(2,2238,0,0),(2,2239,0,0),(2,2240,0,0),(2,2241,0,0),(2,2242,0,0),(2,2243,0,0),(2,2244,0,0),(2,2245,0,0),(2,2246,0,0),(2,2247,0,0),(2,2248,0,0),(2,2249,0,0),(2,2250,0,0),(2,2251,0,0),(2,2252,0,0),(2,2253,0,0),(2,2254,0,0),(2,2255,0,0),(2,2256,0,0),(2,2257,0,0),(2,2258,0,0),(2,2259,0,0),(2,2260,0,0),(2,2261,0,0),(2,2262,0,0),(2,2263,0,0),(2,2264,0,0),(2,2265,0,0),(2,2266,0,0),(2,2267,0,0),(2,2268,0,0),(2,2269,0,0),(2,2270,0,0),(2,2271,0,0),(2,2272,0,0),(2,2273,0,0),(2,2274,0,0),(2,2275,0,0),(2,2276,0,0),(2,2277,0,0),(2,2278,0,0),(2,2279,0,0),(2,2280,0,0),(2,2281,0,0),(2,2282,0,0),(2,2283,0,0),(2,2284,0,0),(2,2285,0,0),(2,2286,0,0),(2,2287,0,0),(2,2288,0,0),(2,2289,0,0),(2,2290,0,0),(2,2291,0,0),(2,2292,0,0),(2,2293,0,0),(2,2294,0,0),(2,2295,0,0),(2,2296,0,0),(2,2297,0,0),(2,2298,0,0),(2,2299,0,0),(2,2300,0,0),(2,2301,0,0),(2,2302,0,0),(2,2303,0,0),(2,2304,0,0),(2,2305,0,0),(2,2306,0,0),(2,2307,0,0),(2,2308,0,0),(2,2309,0,0),(2,2310,0,0),(2,2311,0,0),(2,2312,0,0),(2,2313,0,0),(2,2314,0,0),(2,2315,0,0),(2,2316,0,0),(2,2317,0,0),(2,2318,0,0),(2,2319,0,0),(2,2320,0,0),(2,2321,0,0),(2,2322,0,0),(2,2323,0,0),(2,2324,0,0),(2,2325,0,0),(2,2326,0,0),(2,2327,0,0),(2,2328,0,0),(2,2329,0,0),(2,2330,0,0),(2,2331,0,0),(2,2332,0,0),(2,2333,0,0),(2,2334,0,0),(2,2335,0,0),(2,2336,0,0),(2,2337,0,0),(2,2338,0,0),(2,2339,0,0),(2,2340,0,0),(2,2341,0,0),(2,2342,0,0),(2,2343,0,0),(2,2344,0,0),(2,2345,0,0),(2,2346,0,0),(2,2347,0,0),(2,2348,0,0),(2,2349,0,0),(2,2350,0,0),(2,2351,0,0),(2,2352,0,0),(2,2353,0,0),(2,2354,0,0),(2,2355,0,0),(2,2356,0,0),(2,2357,0,0),(2,2358,0,0),(2,2359,0,0),(2,2360,0,0),(2,2361,0,0),(2,2362,0,0),(2,2363,0,0),(2,2364,0,0),(2,2365,0,0),(2,2366,0,0),(2,2367,0,0),(2,2368,0,0),(2,2369,0,0),(2,2370,0,0),(2,2371,0,0),(2,2372,0,0),(2,2373,0,0),(2,2374,0,0),(2,2375,0,0),(2,2376,0,0),(2,2377,0,0),(2,2378,0,0),(2,2379,0,0),(2,2380,0,0),(2,2381,0,0),(2,2382,0,0),(2,2383,0,0),(2,2384,0,0),(2,2385,0,0),(2,2386,0,0),(2,2387,0,0),(2,2388,0,0),(2,2389,0,0),(2,2390,0,0),(2,2391,0,0),(2,2392,0,0),(2,2393,0,0),(2,2394,0,0),(2,2395,0,0),(2,2396,0,0),(2,2397,0,0),(2,2398,0,0),(2,2399,0,0),(2,2400,0,0),(2,2401,0,0),(2,2402,0,0),(2,2403,0,0),(2,2404,0,0),(2,2405,0,0),(2,2406,0,0),(2,2407,0,0),(2,2408,0,0),(2,2409,0,0),(2,2410,0,0),(2,2411,0,0),(2,2412,0,0),(2,2413,0,0),(2,2414,0,0),(2,2415,0,0),(2,2416,0,0),(2,2417,0,0),(2,2418,0,0),(2,2419,0,0),(2,2420,0,0),(2,2421,0,0),(2,2422,0,0),(2,2423,0,0),(2,2424,0,0),(2,2425,0,0),(2,2426,0,0),(2,2427,0,0),(2,2428,0,0),(2,2429,0,0),(2,2430,0,0),(2,2431,0,0),(2,2432,0,0),(2,2433,0,0),(2,2434,0,0),(2,2435,0,0),(2,2436,0,0),(2,2437,0,0),(2,2438,0,0),(2,2439,0,0),(2,2440,0,0),(2,2441,0,0),(2,2442,0,0),(2,2443,0,0),(2,2444,0,0),(2,2445,0,0),(2,2446,0,0),(2,2447,0,0),(2,2448,0,0),(2,2449,0,0),(2,2450,0,0),(2,2451,0,0),(2,2452,0,0),(2,2453,0,0),(2,2454,0,0),(2,2455,0,0),(2,2456,0,0),(2,2457,0,0),(2,2458,0,0),(2,2459,0,0),(2,2460,0,0),(2,2461,0,0),(2,2462,0,0),(2,2463,0,0),(2,2464,0,0),(2,2465,0,0),(2,2466,0,0),(2,2467,0,0),(2,2468,0,0),(2,2469,0,0),(2,2470,0,0),(2,2471,0,0),(2,2472,0,0),(2,2473,0,0),(2,2474,0,0),(2,2475,0,0),(2,2476,0,0),(2,2477,0,0),(2,2478,0,0),(2,2479,0,0),(2,2480,0,0),(2,2481,0,0),(2,2482,0,0),(2,2483,0,0),(2,2484,0,0),(2,2485,0,0),(2,2486,0,0),(2,2487,0,0),(2,2488,0,0),(2,2489,0,0),(2,2490,0,0),(2,2491,0,0),(2,2492,0,0),(2,2493,0,0),(2,2494,0,0),(2,2495,0,0),(2,2496,0,0),(2,2497,0,0),(2,2498,0,0),(2,2499,0,0),(2,2500,0,0),(2,2501,0,0),(2,2502,0,0),(2,2503,0,0),(2,2504,0,0),(2,2505,0,0),(2,2506,0,0),(2,2507,0,0),(2,2508,0,0),(2,2509,0,0),(2,2510,0,0),(2,2511,0,0),(2,2512,0,0),(2,2513,0,0),(2,2514,0,0),(2,2515,0,0),(2,2516,0,0),(2,2517,0,0),(2,2518,0,0),(2,2519,0,0),(2,2520,0,0),(2,2521,0,0),(2,2522,0,0),(2,2523,0,0),(2,2524,0,0),(2,2525,0,0),(2,2526,0,0),(2,2527,0,0),(2,2528,0,0),(2,2529,0,0),(2,2530,0,0),(2,2531,0,0),(2,2532,0,0),(2,2533,0,0),(2,2534,0,0),(2,2535,0,0),(2,2536,0,0),(2,2537,0,0),(2,2538,0,0),(2,2539,0,0),(2,2540,0,0),(2,2541,0,0),(2,2542,0,0),(2,2543,0,0),(2,2544,0,0),(2,2545,0,0),(2,2546,0,0),(2,2547,0,0),(2,2548,0,0),(2,2549,0,0),(2,2550,0,0),(2,2551,0,0),(2,2552,0,0),(2,2553,0,0),(2,2554,0,0),(2,2555,0,0),(2,2556,0,0),(2,2557,0,0),(2,2558,0,0),(2,2559,0,0),(2,2560,0,0),(2,2561,0,0),(2,2562,0,0),(2,2563,0,0),(2,2564,0,0),(2,2565,0,0),(2,2566,0,0),(2,2567,0,0),(2,2568,0,0),(2,2569,0,0),(2,2570,0,0),(2,2571,0,0),(2,2572,0,0),(2,2573,0,0),(2,2574,0,0),(2,2575,0,0),(2,2576,0,0),(2,2577,0,0),(2,2578,0,0),(2,2579,0,0),(2,2580,0,0),(2,2581,0,0),(2,2582,0,0),(2,2583,0,0),(2,2584,0,0),(2,2585,0,0),(2,2586,0,0),(2,2587,0,0),(2,2588,0,0),(2,2589,0,0),(2,2590,0,0),(2,2591,0,0),(2,2592,0,0),(2,2593,0,0),(2,2594,0,0),(2,2595,0,0),(2,2596,0,0),(2,2597,0,0),(2,2598,0,0),(2,2599,0,0),(2,2600,0,0),(2,2601,0,0),(2,2602,0,0),(2,2603,0,0),(2,2604,0,0),(2,2605,0,0),(2,2606,0,0),(2,2607,0,0),(2,2608,0,0),(2,2609,0,0),(2,2610,0,0),(2,2611,0,0),(2,2612,0,0),(2,2613,0,0),(2,2614,0,0),(2,2615,0,0),(2,2616,0,0),(2,2617,0,0),(2,2618,0,0),(2,2619,0,0),(2,2620,0,0),(2,2621,0,0),(2,2622,0,0),(2,2623,0,0),(2,2624,0,0),(2,2625,0,0),(2,2626,0,0),(2,2627,0,0),(2,2628,0,0),(2,2629,0,0),(2,2630,0,0),(2,2631,0,0),(2,2632,0,0),(2,2633,0,0),(2,2634,0,0),(2,2635,0,0),(2,2636,0,0),(2,2637,0,0),(2,2638,0,0),(2,2639,0,0),(2,2640,0,0),(2,2641,0,0),(2,2642,0,0),(2,2643,0,0),(2,2644,0,0),(2,2645,0,0),(2,2646,0,0),(2,2647,0,0),(2,2648,0,0),(2,2649,0,0),(2,2650,0,0),(2,2651,0,0),(2,2652,0,0),(2,2653,0,0),(2,2654,0,0),(2,2655,0,0),(2,2656,0,0),(2,2657,0,0),(2,2658,0,0),(2,2659,0,0),(2,2660,0,0),(2,2661,0,0),(2,2662,0,0),(2,2663,0,0),(2,2664,0,0),(2,2665,0,0),(2,2666,0,0),(2,2667,0,0),(2,2668,0,0),(2,2669,0,0),(2,2670,0,0),(2,2671,0,0),(2,2672,0,0),(2,2673,0,0),(2,2674,0,0),(2,2675,0,0),(2,2676,0,0),(2,2677,0,0),(2,2678,0,0),(2,2679,0,0),(2,2680,0,0),(2,2681,0,0),(2,2682,0,0),(2,2683,0,0),(2,2684,0,0),(2,2685,0,0),(2,2686,0,0),(2,2687,0,0),(2,2688,0,0),(2,2689,0,0),(2,2690,0,0),(2,2691,0,0),(2,2692,0,0),(2,2693,0,0),(2,2694,0,0),(2,2695,0,0),(2,2696,0,0),(2,2697,0,0),(2,2698,0,0),(2,2699,0,0),(2,2700,0,0),(2,2701,0,0),(2,2702,0,0),(2,2703,0,0),(2,2704,0,0),(2,2705,0,0),(2,2706,0,0),(2,2707,0,0),(2,2708,0,0),(2,2709,0,0),(2,2710,0,0),(2,2711,0,0),(2,2712,0,0),(2,2713,0,0),(2,2714,0,0),(2,2715,0,0),(2,2716,0,0),(2,2717,0,0),(2,2718,0,0),(2,2719,0,0),(2,2720,0,0),(2,2721,0,0),(2,2722,0,0),(2,2723,0,0),(2,2724,0,0),(2,2725,0,0),(2,2726,0,0),(2,2727,0,0),(2,2728,0,0),(2,2729,0,0),(2,2730,0,0),(2,2731,0,0),(2,2732,0,0),(2,2733,0,0),(2,2734,0,0),(2,2735,0,0),(2,2736,0,0),(2,2737,0,0),(2,2738,0,0),(2,2739,0,0),(2,2740,0,0),(2,2741,0,0),(2,2742,0,0),(2,2743,0,0),(2,2744,0,0),(2,2745,0,0),(2,2746,0,0),(2,2747,0,0),(2,2748,0,0),(2,2749,0,0),(2,2750,0,0),(2,2751,0,0),(2,2752,0,0),(2,2753,0,0),(2,2754,0,0),(2,2755,0,0),(2,2756,0,0),(2,2757,0,0),(2,2758,0,0),(2,2759,0,0),(2,2760,0,0),(2,2761,0,0),(2,2762,0,0),(2,2763,0,0),(2,2764,0,0),(2,2765,0,0),(2,2766,0,0),(2,2767,0,0),(2,2768,0,0),(2,2769,0,0),(2,2770,0,0),(2,2771,0,0),(2,2772,0,0),(2,2773,0,0),(2,2774,0,0),(2,2775,0,0),(2,2776,0,0),(2,2777,0,0),(2,2778,0,0),(2,2779,0,0),(2,2780,0,0),(2,2781,0,0),(2,2782,0,0),(2,2783,0,0),(2,2784,0,0),(2,2785,0,0),(2,2786,0,0),(2,2787,0,0),(2,2788,0,0),(2,2789,0,0),(2,2790,0,0),(2,2791,0,0),(2,2792,0,0),(2,2793,0,0),(2,2794,0,0),(2,2795,0,0),(2,2796,0,0),(2,2797,0,0),(2,2798,0,0),(2,2799,0,0),(2,2800,0,0),(2,2801,0,0),(2,2802,0,0),(2,2803,0,0),(2,2804,0,0),(2,2805,0,0),(2,2806,0,0),(2,2807,0,0),(2,2808,0,0),(2,2809,0,0),(2,2810,0,0),(2,2811,0,0),(2,2812,0,0),(2,2813,0,0),(2,2814,0,0),(2,2815,0,0),(2,2816,0,0),(2,2817,0,0),(2,2818,0,0),(2,2819,0,0),(2,2820,0,0),(2,2821,0,0),(2,2822,0,0),(2,2823,0,0),(2,2824,0,0),(2,2825,0,0),(2,2826,0,0),(2,2827,0,0),(2,2828,0,0),(2,2829,0,0),(2,2830,0,0),(2,2831,0,0),(2,2832,0,0),(2,2833,0,0),(2,2834,0,0),(2,2835,0,0),(2,2836,0,0),(2,2837,0,0),(2,2838,0,0),(2,2839,0,0),(2,2840,0,0),(2,2841,0,0),(2,2842,0,0),(2,2843,0,0),(2,2844,0,0),(2,2845,0,0),(2,2846,0,0),(2,2847,0,0),(2,2848,0,0),(2,2849,0,0),(2,2850,0,0),(2,2851,0,0),(2,2852,0,0),(2,2853,0,0),(2,2854,0,0),(2,2855,0,0),(2,2856,0,0),(2,2857,0,0),(2,2858,0,0),(2,2859,0,0),(2,2860,0,0),(2,2861,0,0),(2,2862,0,0),(2,2863,0,0),(2,2864,0,0),(2,2865,0,0),(2,2866,0,0),(2,2867,0,0),(2,2868,0,0),(2,2869,0,0),(2,2870,0,0),(2,2871,0,0),(2,2872,0,0),(2,2873,0,0),(2,2874,0,0),(2,2875,0,0),(2,2876,0,0),(2,2877,0,0),(2,2878,0,0),(2,2879,0,0),(2,2880,0,0),(2,2881,0,0),(2,2882,0,0),(2,2883,0,0),(2,2884,0,0),(2,2885,0,0),(2,2886,0,0),(2,2887,0,0),(2,2888,0,0),(2,2889,0,0),(2,2890,0,0),(2,2891,0,0),(2,2892,0,0),(2,2893,0,0),(2,2894,0,0),(2,2895,0,0),(2,2896,0,0),(2,2897,0,0),(2,2898,0,0),(2,2899,0,0),(2,2900,0,0),(2,2901,0,0),(2,2902,0,0),(2,2903,0,0),(2,2904,0,0),(2,2905,0,0),(2,2906,0,0),(2,2907,0,0),(2,2908,0,0),(2,2909,0,0),(2,2910,0,0),(2,2911,0,0),(2,2912,0,0),(2,2913,0,0),(2,2914,0,0),(2,2915,0,0),(2,2916,0,0),(2,2917,0,0),(2,2918,0,0),(2,2919,0,0),(2,2920,0,0),(2,2921,0,0),(2,2922,0,0),(2,2923,0,0),(2,2924,0,0),(2,2925,0,0),(2,2926,0,0),(2,2927,0,0),(2,2928,0,0),(2,2929,0,0),(2,2930,0,0),(2,2931,0,0),(2,2932,0,0),(2,2933,0,0),(2,2934,0,0),(2,2935,0,0),(2,2936,0,0),(2,2937,0,0),(2,2938,0,0),(2,2939,0,0),(2,2940,0,0),(2,2941,0,0),(2,2942,0,0),(2,2943,0,0),(2,2944,0,0),(2,2945,0,0),(2,2946,0,0),(2,2947,0,0),(2,2948,0,0),(2,2949,0,0),(2,2950,0,0),(2,2951,0,0),(2,2952,0,0),(2,2953,0,0),(2,2954,0,0),(2,2955,0,0),(2,2956,0,0),(2,2957,0,0),(2,2958,0,0),(2,2959,0,0),(2,2960,0,0),(2,2961,0,0),(2,2962,0,0),(2,2963,0,0),(2,2964,0,0),(2,2965,0,0),(2,2966,0,0),(2,2967,0,0),(2,2968,0,0),(2,2969,0,0),(2,2970,0,0),(2,2971,0,0),(2,2972,0,0),(2,2973,0,0),(2,2974,0,0),(2,2975,0,0),(2,2976,0,0),(2,2977,0,0),(2,2978,0,0),(2,2979,0,0),(2,2980,0,0),(2,2981,0,0),(2,2982,0,0),(2,2983,0,0),(2,2984,0,0),(2,2985,0,0),(2,2986,0,0),(2,2987,0,0),(2,2988,0,0),(2,2989,0,0),(2,2990,0,0),(2,2991,0,0),(2,2992,0,0),(2,2993,0,0),(2,2994,0,0),(2,2995,0,0),(2,2996,0,0),(2,2997,0,0),(2,2998,0,0),(2,2999,0,0),(2,3000,0,0),(2,3001,0,0),(2,3002,0,0),(2,3003,0,0),(2,3004,0,0),(2,3005,0,0),(2,3006,0,0),(2,3007,0,0),(2,3008,0,0),(2,3009,0,0),(2,3010,0,0),(2,3011,0,0),(2,3012,0,0),(2,3013,0,0),(2,3014,0,0),(2,3015,0,0),(2,3016,0,0),(2,3017,0,0),(2,3018,0,0),(2,3019,0,0),(2,3020,0,0),(2,3021,0,0),(2,3022,0,0),(2,3023,0,0),(2,3024,0,0),(2,3025,0,0),(2,3026,0,0),(2,3027,0,0),(2,3028,0,0),(2,3029,0,0),(2,3030,0,0),(2,3031,0,0),(2,3032,0,0),(2,3033,0,0),(2,3034,0,0),(2,3035,0,0),(2,3036,0,0),(2,3037,0,0),(2,3038,0,0),(2,3039,0,0),(2,3040,0,0),(2,3041,0,0),(2,3042,0,0),(2,3043,0,0),(2,3044,0,0),(2,3045,0,0),(2,3046,0,0),(2,3047,0,0),(2,3048,0,0),(2,3049,0,0),(2,3050,0,0),(2,3051,0,0),(2,3052,0,0),(2,3053,0,0),(2,3054,0,0),(2,3055,0,0),(2,3056,0,0),(2,3057,0,0),(2,3058,0,0),(2,3059,0,0),(2,3060,0,0),(2,3061,0,0),(2,3062,0,0),(2,3063,0,0),(2,3064,0,0),(2,3065,0,0),(2,3066,0,0),(2,3067,0,0),(2,3068,0,0),(2,3069,0,0),(2,3070,0,0),(2,3071,0,0),(2,3072,0,0),(2,3073,0,0),(2,3074,0,0),(2,3075,0,0),(2,3076,0,0),(2,3077,0,0),(2,3078,0,0),(2,3079,0,0),(2,3080,0,0),(2,3081,0,0),(2,3082,0,0),(2,3083,0,0),(2,3084,0,0),(2,3085,0,0),(2,3086,0,0),(2,3087,0,0),(2,3088,0,0),(2,3089,0,0),(2,3090,0,0),(2,3091,0,0),(2,3092,0,0),(2,3093,0,0),(2,3094,0,0),(2,3095,0,0),(2,3096,0,0),(2,3097,0,0),(2,3098,0,0),(2,3099,0,0),(2,3100,0,0),(2,3101,0,0),(2,3102,0,0),(2,3103,0,0),(2,3104,0,0),(2,3105,0,0),(2,3106,0,0),(2,3107,0,0),(2,3108,0,0),(2,3109,0,0),(2,3110,0,0),(2,3111,0,0),(2,3112,0,0),(2,3113,0,0),(2,3114,0,0),(2,3115,0,0),(2,3116,0,0),(2,3117,0,0),(2,3118,0,0),(2,3119,0,0),(2,3120,0,0),(2,3121,0,0),(2,3122,0,0),(2,3123,0,0),(2,3124,0,0),(2,3125,0,0),(2,3126,0,0),(2,3127,0,0),(2,3128,0,0),(2,3129,0,0),(2,3130,0,0),(2,3131,0,0),(2,3132,0,0),(2,3133,0,0),(2,3134,0,0),(2,3135,0,0),(2,3136,0,0),(2,3137,0,0),(2,3138,0,0),(2,3139,0,0),(2,3140,0,0),(2,3141,0,0),(2,3142,0,0),(2,3143,0,0),(2,3144,0,0),(2,3145,0,0),(2,3146,0,0),(2,3147,0,0),(2,3148,0,0),(2,3149,0,0),(2,3150,0,0),(2,3151,0,0),(2,3152,0,0),(2,3153,0,0),(2,3154,0,0),(2,3155,0,0),(2,3156,0,0),(2,3157,0,0),(2,3158,0,0),(2,3159,0,0),(2,3160,0,0),(2,3161,0,0),(2,3162,0,0),(2,3163,0,0),(2,3164,0,0),(2,3165,0,0),(2,3166,0,0),(2,3167,0,0),(2,3168,0,0),(2,3169,0,0),(2,3170,0,0),(2,3171,0,0),(2,3172,0,0),(2,3173,0,0),(2,3174,0,0),(2,3175,0,0),(2,3176,0,0),(2,3177,0,0),(2,3178,0,0),(2,3179,0,0),(2,3180,0,0),(2,3181,0,0),(2,3182,0,0),(2,3183,0,0),(2,3184,0,0),(2,3185,0,0),(2,3186,0,0),(2,3187,0,0),(2,3188,0,0),(2,3189,0,0),(2,3190,0,0),(2,3191,0,0),(2,3192,0,0),(2,3193,0,0),(2,3194,0,0),(2,3195,0,0),(2,3196,0,0),(2,3197,0,0),(2,3198,0,0),(2,3199,0,0),(2,3200,0,0),(2,3201,0,0),(2,3202,0,0),(2,3203,0,0),(2,3204,0,0),(2,3205,0,0),(2,3206,0,0),(2,3207,0,0),(2,3208,0,0),(2,3209,0,0),(2,3210,0,0),(2,3211,0,0),(2,3212,0,0),(2,3213,0,0),(2,3214,0,0),(2,3215,0,0),(2,3216,0,0),(2,3217,0,0),(2,3218,0,0),(2,3219,0,0),(2,3220,0,0),(2,3221,0,0),(2,3222,0,0),(2,3223,0,0),(2,3224,0,0),(2,3225,0,0),(2,3226,0,0),(2,3227,0,0),(2,3228,0,0),(2,3229,0,0),(2,3230,0,0),(2,3231,0,0),(2,3232,0,0),(2,3233,0,0),(2,3234,0,0),(2,3235,0,0),(2,3236,0,0),(2,3237,0,0),(2,3238,0,0),(2,3239,0,0),(2,3240,0,0),(2,3241,0,0),(2,3242,0,0),(2,3243,0,0),(2,3244,0,0),(2,3245,0,0),(2,3246,0,0),(2,3247,0,0),(2,3248,0,0),(2,3249,0,0),(2,3250,0,0),(2,3251,0,0),(2,3252,0,0),(2,3253,0,0),(2,3254,0,0),(2,3255,0,0),(2,3256,0,0),(2,3257,0,0),(2,3258,0,0),(2,3259,0,0),(2,3260,0,0),(2,3261,0,0),(2,3262,0,0),(2,3263,0,0),(2,3264,0,0),(2,3265,0,0),(2,3266,0,0),(2,3267,0,0),(2,3268,0,0),(2,3269,0,0),(2,3270,0,0),(2,3271,0,0),(2,3272,0,0),(2,3273,0,0),(2,3274,0,0),(2,3275,0,0),(2,3276,0,0),(2,3277,0,0),(2,3278,0,0),(2,3279,0,0),(2,3280,0,0),(2,3281,0,0),(2,3282,0,0),(2,3283,0,0),(2,3284,0,0),(2,3285,0,0),(2,3286,0,0),(2,3287,0,0),(2,3288,0,0),(2,3289,0,0),(2,3290,0,0),(2,3291,0,0),(2,3292,0,0),(2,3293,0,0),(2,3294,0,0),(2,3295,0,0),(2,3296,0,0),(2,3297,0,0),(2,3298,0,0),(2,3299,0,0),(2,3300,0,0),(2,3301,0,0),(2,3302,0,0),(2,3303,0,0),(2,3304,0,0),(2,3305,0,0),(2,3306,0,0),(2,3307,0,0),(2,3308,0,0),(2,3309,0,0),(2,3310,0,0),(2,3311,0,0),(2,3312,0,0),(2,3313,0,0),(2,3314,0,0),(2,3315,0,0),(2,3316,0,0),(2,3317,0,0),(2,3318,0,0),(2,3319,0,0),(2,3320,0,0),(2,3321,0,0),(2,3322,0,0),(2,3323,0,0),(2,3324,0,0),(2,3325,0,0),(2,3326,0,0),(2,3327,0,0),(2,3328,0,0),(2,3329,0,0),(2,3330,0,0),(2,3331,0,0),(2,3332,0,0),(2,3333,0,0),(2,3334,0,0),(2,3335,0,0),(2,3336,0,0),(2,3337,0,0),(2,3338,0,0),(2,3339,0,0),(2,3340,0,0),(2,3341,0,0),(2,3342,0,0),(2,3343,0,0),(2,3344,0,0),(2,3345,0,0),(2,3346,0,0),(2,3347,0,0),(2,3348,0,0),(2,3349,0,0),(2,3350,0,0),(2,3351,0,0),(2,3352,0,0),(2,3353,0,0),(2,3354,0,0),(2,3355,0,0),(2,3356,0,0),(2,3357,0,0),(2,3358,0,0),(2,3359,0,0),(2,3360,0,0),(2,3361,0,0),(2,3362,0,0),(2,3363,0,0),(2,3364,0,0),(2,3365,0,0),(2,3366,0,0),(2,3367,0,0),(2,3368,0,0),(2,3369,0,0),(2,3370,0,0),(2,3371,0,0),(2,3372,0,0),(2,3373,0,0),(2,3374,0,0),(2,3375,0,0),(2,3376,0,0),(2,3377,0,0),(2,3378,0,0),(2,3379,0,0),(2,3380,0,0),(2,3381,0,0),(2,3382,0,0),(2,3383,0,0),(2,3384,0,0),(2,3385,0,0),(2,3386,0,0),(2,3387,0,0),(2,3388,0,0),(2,3389,0,0),(2,3390,0,0),(2,3391,0,0),(2,3392,0,0),(2,3393,0,0),(2,3394,0,0),(2,3395,0,0),(2,3396,0,0),(2,3397,0,0),(2,3398,0,0),(2,3399,0,0),(2,3400,0,0),(2,3401,0,0),(2,3402,0,0),(2,3403,0,0),(2,3404,0,0),(2,3405,0,0),(2,3406,0,0),(2,3407,0,0),(2,3408,0,0),(2,3409,0,0),(2,3410,0,0),(2,3411,0,0),(2,3412,0,0),(2,3413,0,0),(2,3414,0,0),(2,3415,0,0),(2,3416,0,0),(2,3417,0,0),(2,3418,0,0),(2,3419,0,0),(2,3420,0,0),(2,3421,0,0),(2,3422,0,0),(2,3423,0,0),(2,3424,0,0),(2,3425,0,0),(2,3426,0,0),(2,3427,0,0),(2,3428,0,0),(2,3429,0,0),(2,3430,0,0),(2,3431,0,0),(2,3432,0,0),(2,3433,0,0),(2,3434,0,0),(2,3435,0,0),(2,3436,0,0),(2,3437,0,0),(2,3438,0,0),(2,3439,0,0),(2,3440,0,0),(2,3441,0,0),(2,3442,0,0),(2,3443,0,0),(2,3444,0,0),(2,3445,0,0),(2,3446,0,0),(2,3447,0,0),(2,3448,0,0),(2,3449,0,0),(2,3450,0,0),(2,3451,0,0),(2,3452,0,0),(2,3453,0,0),(2,3454,0,0),(2,3455,0,0),(2,3456,0,0),(2,3457,0,0),(2,3458,0,0),(2,3459,0,0),(2,3460,0,0),(2,3461,0,0),(2,3462,0,0),(2,3463,0,0),(2,3464,0,0),(2,3465,0,0),(2,3466,0,0),(2,3467,0,0),(2,3468,0,0),(2,3469,0,0),(2,3470,0,0),(2,3471,0,0),(2,3472,0,0),(2,3473,0,0),(2,3474,0,0),(2,3475,0,0),(2,3476,0,0),(2,3477,0,0),(2,3478,0,0),(2,3479,0,0),(2,3480,0,0),(2,3481,0,0),(2,3482,0,0),(2,3483,0,0),(2,3484,0,0),(2,3485,0,0),(2,3486,0,0),(2,3487,0,0),(2,3488,0,0),(2,3489,0,0),(2,3490,0,0),(2,3491,0,0),(2,3492,0,0),(2,3493,0,0),(2,3494,0,0),(2,3495,0,0),(2,3496,0,0),(2,3497,0,0),(2,3498,0,0),(2,3499,0,0),(2,3500,0,0),(2,3501,0,0),(2,3502,0,0),(2,3503,0,0),(2,3504,0,0),(2,3505,0,0),(2,3506,0,0),(2,3507,0,0),(2,3508,0,0),(2,3509,0,0),(2,3510,0,0),(2,3511,0,0),(2,3512,0,0),(2,3513,0,0),(2,3514,0,0),(2,3515,0,0),(2,3516,0,0),(2,3517,0,0),(2,3518,0,0),(2,3519,0,0),(2,3520,0,0),(2,3521,0,0),(2,3522,0,0),(2,3523,0,0),(2,3524,0,0),(2,3525,0,0),(2,3526,0,0),(2,3527,0,0),(2,3528,0,0),(2,3529,0,0),(2,3530,0,0),(2,3531,0,0),(2,3532,0,0),(2,3533,0,0),(2,3534,0,0),(2,3535,0,0),(2,3536,0,0),(2,3537,0,0),(2,3538,0,0),(2,3539,0,0),(2,3540,0,0),(2,3541,0,0),(2,3542,0,0),(2,3543,0,0),(2,3544,0,0),(2,3545,0,0),(2,3546,0,0),(2,3547,0,0),(2,3548,0,0),(2,3549,0,0),(2,3550,0,0),(2,3551,0,0),(2,3552,0,0),(2,3553,0,0),(2,3554,0,0),(2,3555,0,0),(2,3556,0,0),(2,3557,0,0),(2,3558,0,0),(2,3559,0,0),(2,3560,0,0),(2,3561,0,0),(2,3562,0,0),(2,3563,0,0),(2,3564,0,0),(2,3565,0,0),(2,3566,0,0),(2,3567,0,0),(2,3568,0,0),(2,3569,0,0),(2,3570,0,0),(2,3571,0,0),(2,3572,0,0),(2,3573,0,0),(2,3574,0,0),(2,3575,0,0),(2,3576,0,0),(2,3577,0,0),(2,3578,0,0),(2,3579,0,0),(2,3580,0,0),(2,3581,0,0),(2,3582,0,0),(2,3583,0,0),(2,3584,0,0),(2,3585,0,0),(2,3586,0,0),(2,3587,0,0),(2,3588,0,0),(2,3589,0,0),(2,3590,0,0),(2,3591,0,0),(2,3592,0,0),(2,3593,0,0),(2,3594,0,0),(2,3595,0,0),(2,3596,0,0),(2,3597,0,0),(2,3598,0,0),(2,3599,0,0),(2,3600,0,0),(2,3601,0,0),(2,3602,0,0),(2,3603,0,0),(2,3604,0,0),(2,3605,0,0),(2,3606,0,0),(2,3607,0,0),(2,3608,0,0),(2,3609,0,0),(2,3610,0,0),(2,3611,0,0),(2,3612,0,0),(2,3613,0,0),(2,3614,0,0),(2,3615,0,0),(2,3616,0,0),(2,3617,0,0),(2,3618,0,0),(2,3619,0,0),(2,3620,0,0),(2,3621,0,0),(2,3622,0,0),(2,3623,0,0),(2,3624,0,0),(2,3625,0,0),(2,3626,0,0),(2,3627,0,0),(2,3628,0,0),(2,3629,0,0),(2,3630,0,0),(2,3631,0,0),(2,3632,0,0),(2,3633,0,0),(2,3634,0,0),(2,3635,0,0),(2,3636,0,0),(2,3637,0,0),(2,3638,0,0),(2,3639,0,0),(2,3640,0,0),(2,3641,0,0),(2,3642,0,0),(2,3643,0,0),(2,3644,0,0),(2,3645,0,0),(2,3646,0,0),(2,3647,0,0),(2,3648,0,0),(2,3649,0,0),(2,3650,0,0),(2,3651,0,0),(2,3652,0,0),(2,3653,0,0),(2,3654,0,0),(2,3655,0,0),(2,3656,0,0),(2,3657,0,0),(2,3658,0,0),(2,3659,0,0),(2,3660,0,0),(2,3661,0,0),(2,3662,0,0),(2,3663,0,0),(2,3664,0,0),(2,3665,0,0),(2,3666,0,0),(2,3667,0,0),(2,3668,0,0),(2,3669,0,0),(2,3670,0,0),(2,3671,0,0),(2,3672,0,0),(2,3673,0,0),(2,3674,0,0),(2,3675,0,0),(2,3676,0,0),(2,3677,0,0),(2,3678,0,0),(2,3679,0,0),(2,3680,0,0),(2,3681,0,0),(2,3682,0,0),(2,3683,0,0),(2,3684,0,0),(2,3685,0,0),(2,3686,0,0),(2,3687,0,0),(2,3688,0,0),(2,3689,0,0),(2,3690,0,0),(2,3691,0,0),(2,3692,0,0),(2,3693,0,0),(2,3694,0,0),(2,3695,0,0),(2,3696,0,0),(2,3697,0,0),(2,3698,0,0),(2,3699,0,0),(2,3700,0,0),(2,3701,0,0),(2,3702,0,0),(2,3703,0,0),(2,3704,0,0),(2,3705,0,0),(2,3706,0,0),(2,3707,0,0),(2,3708,0,0),(2,3709,0,0),(2,3710,0,0),(2,3711,0,0),(2,3712,0,0),(2,3713,0,0),(2,3714,0,0),(2,3715,0,0),(2,3716,0,0),(2,3717,0,0),(2,3718,0,0),(2,3719,0,0),(2,3720,0,0),(2,3721,0,0),(2,3722,0,0),(2,3723,0,0),(2,3724,0,0),(2,3725,0,0),(2,3726,0,0),(2,3727,0,0),(2,3728,0,0),(2,3729,0,0),(2,3730,0,0),(2,3731,0,0),(2,3732,0,0),(2,3733,0,0),(2,3734,0,0),(2,3735,0,0),(2,3736,0,0),(2,3737,0,0),(2,3738,0,0),(2,3739,0,0),(2,3740,0,0),(2,3741,0,0),(2,3742,0,0),(2,3743,0,0),(2,3744,0,0),(2,3745,0,0),(2,3746,0,0),(2,3747,0,0),(2,3748,0,0),(2,3749,0,0),(2,3750,0,0),(2,3751,0,0),(2,3752,0,0),(2,3753,0,0),(2,3754,0,0),(2,3755,0,0),(2,3756,0,0),(2,3757,0,0),(2,3758,0,0),(2,3759,0,0),(2,3760,0,0),(2,3761,0,0),(2,3762,0,0),(2,3763,0,0),(2,3764,0,0),(2,3765,0,0),(2,3766,0,0),(2,3767,0,0),(2,3768,0,0),(2,3769,0,0),(2,3770,0,0),(2,3771,0,0),(2,3772,0,0),(2,3773,0,0),(2,3774,0,0),(2,3775,0,0),(2,3776,0,0),(2,3777,0,0),(2,3778,0,0),(2,3779,0,0),(2,3780,0,0),(2,3781,0,0),(2,3782,0,0),(2,3783,0,0),(2,3784,0,0),(2,3785,0,0),(2,3786,0,0),(2,3787,0,0),(2,3788,0,0),(2,3789,0,0),(2,3790,0,0),(2,3791,0,0),(2,3792,0,0),(2,3793,0,0),(2,3794,0,0),(2,3795,0,0),(2,3796,0,0),(2,3797,0,0),(2,3798,0,0),(2,3799,0,0),(2,3800,0,0),(2,3801,0,0),(2,3802,0,0),(2,3803,0,0),(2,3804,0,0),(2,3805,0,0),(2,3806,0,0),(2,3807,0,0),(2,3808,0,0),(2,3809,0,0),(2,3810,0,0),(2,3811,0,0),(2,3812,0,0),(2,3813,0,0),(2,3814,0,0),(2,3815,0,0),(2,3816,0,0),(2,3817,0,0),(2,3818,0,0),(2,3819,0,0),(2,3820,0,0),(2,3821,0,0),(2,3822,0,0),(2,3823,0,0),(2,3824,0,0),(2,3825,0,0),(2,3826,0,0),(2,3827,0,0),(2,3828,0,0),(2,3829,0,0),(2,3830,0,0),(2,3831,0,0),(2,3832,0,0),(2,3833,0,0),(2,3834,0,0),(2,3835,0,0),(2,3836,0,0),(2,3837,0,0),(2,3838,0,0),(2,3839,0,0),(2,3840,0,0),(2,3841,0,0),(2,3842,0,0),(2,3843,0,0),(2,3844,0,0),(2,3845,0,0),(2,3846,0,0),(2,3847,0,0),(2,3848,0,0),(2,3849,0,0),(2,3850,0,0),(2,3851,0,0),(2,3852,0,0),(2,3853,0,0),(2,3854,0,0),(2,3855,0,0),(2,3856,0,0),(2,3857,0,0),(2,3858,0,0),(2,3859,0,0),(2,3860,0,0),(2,3861,0,0),(2,3862,0,0),(2,3863,0,0),(2,3864,0,0),(2,3865,0,0),(2,3866,0,0),(2,3867,0,0),(2,3868,0,0),(2,3869,0,0),(2,3870,0,0),(2,3871,0,0),(2,3872,0,0),(2,3873,0,0),(2,3874,0,0),(2,3875,0,0),(2,3876,0,0),(2,3877,0,0),(2,3878,0,0),(2,3879,0,0),(2,3880,0,0),(2,3881,0,0),(2,3882,0,0),(2,3883,0,0),(2,3884,0,0),(2,3885,0,0),(2,3886,0,0),(2,3887,0,0),(2,3888,0,0),(2,3889,0,0),(2,3890,0,0),(2,3891,0,0),(2,3892,0,0),(2,3893,0,0),(2,3894,0,0),(2,3895,0,0),(2,3896,0,0),(2,3897,0,0),(2,3898,0,0),(2,3899,0,0),(2,3900,0,0),(2,3901,0,0),(2,3902,0,0),(2,3903,0,0),(2,3904,0,0),(2,3905,0,0),(2,3906,0,0),(2,3907,0,0),(2,3908,0,0),(2,3909,0,0),(2,3910,0,0),(2,3911,0,0),(2,3912,0,0),(2,3913,0,0),(2,3914,0,0),(2,3915,0,0),(2,3916,0,0),(2,3917,0,0),(2,3918,0,0),(2,3919,0,0),(2,3920,0,0),(2,3921,0,0),(2,3922,0,0),(2,3923,0,0),(2,3924,0,0),(2,3925,0,0),(2,3926,0,0),(2,3927,0,0),(2,3928,0,0),(2,3929,0,0),(2,3930,0,0),(2,3931,0,0),(2,3932,0,0),(2,3933,0,0),(2,3934,0,0),(2,3935,0,0),(2,3936,0,0),(2,3937,0,0),(2,3938,0,0),(2,3939,0,0),(2,3940,0,0),(2,3941,0,0),(2,3942,0,0),(2,3943,0,0),(2,3944,0,0),(2,3945,0,0),(2,3946,0,0),(2,3947,0,0),(2,3948,0,0),(2,3949,0,0),(2,3950,0,0),(2,3951,0,0),(2,3952,0,0),(2,3953,0,0),(2,3954,0,0),(2,3955,0,0),(2,3956,0,0),(2,3957,0,0),(2,3958,0,0),(2,3959,0,0),(2,3960,0,0),(2,3961,0,0),(2,3962,0,0),(2,3963,0,0),(2,3964,0,0),(2,3965,0,0),(2,3966,0,0),(2,3967,0,0),(2,3968,0,0),(2,3969,0,0),(2,3970,0,0),(2,3971,0,0),(2,3972,0,0),(2,3973,0,0),(2,3974,0,0),(2,3975,0,0),(2,3976,0,0),(2,3977,0,0),(2,3978,0,0),(2,3979,0,0),(2,3980,0,0),(2,3981,0,0),(2,3982,0,0),(2,3983,0,0),(2,3984,0,0),(2,3985,0,0),(2,3986,0,0),(2,3987,0,0),(2,3988,0,0),(2,3989,0,0),(2,3990,0,0),(2,3991,0,0),(2,3992,0,0),(2,3993,0,0),(2,3994,0,0),(2,3995,0,0),(2,3996,0,0),(2,3997,0,0),(2,3998,0,0),(2,3999,0,0),(2,4000,0,0),(2,4001,0,0),(2,4002,0,0),(2,4003,0,0),(2,4004,0,0),(2,4005,0,0),(2,4006,0,0),(2,4007,0,0),(2,4008,0,0),(2,4009,0,0),(2,4010,0,0),(2,4011,0,0),(2,4012,0,0),(2,4013,0,0),(2,4014,0,0),(2,4015,0,0),(2,4016,0,0),(2,4017,0,0),(2,4018,0,0),(2,4019,0,0),(2,4020,0,0),(2,4021,0,0),(2,4022,0,0),(2,4023,0,0),(2,4024,0,0),(2,4025,0,0),(2,4026,0,0),(2,4027,0,0),(2,4028,0,0),(2,4029,0,0),(2,4030,0,0),(2,4031,0,0),(2,4032,0,0),(2,4033,0,0),(2,4034,0,0),(2,4035,0,0),(2,4036,0,0),(2,4037,0,0),(2,4038,0,0),(2,4039,0,0),(2,4040,0,0),(2,4041,0,0),(2,4042,0,0),(2,4043,0,0),(2,4044,0,0),(2,4045,0,0),(2,4046,0,0),(2,4047,0,0),(2,4048,0,0),(2,4049,0,0),(2,4050,0,0),(2,4051,0,0),(2,4052,0,0),(2,4053,0,0),(2,4054,0,0),(2,4055,0,0),(2,4056,0,0),(2,4057,0,0),(2,4058,0,0),(2,4059,0,0),(2,4060,0,0),(2,4061,0,0),(2,4062,0,0),(2,4063,0,0),(2,4064,0,0),(2,4065,0,0),(2,4066,0,0),(2,4067,0,0),(2,4068,0,0),(2,4069,0,0),(2,4070,0,0),(2,4071,0,0),(2,4072,0,0),(2,4073,0,0),(2,4074,0,0),(2,4075,0,0),(2,4076,0,0),(2,4077,0,0),(2,4078,0,0),(2,4079,0,0),(2,4080,0,0),(2,4081,0,0),(2,4082,0,0),(2,4083,0,0),(2,4084,0,0),(2,4085,0,0),(2,4086,0,0),(2,4087,0,0),(2,4088,0,0),(2,4089,0,0),(2,4090,0,0),(2,4091,0,0),(2,4092,0,0),(2,4093,0,0),(2,4094,0,0),(2,4095,0,0),(2,4096,0,0),(2,4097,0,0),(2,4098,0,0),(2,4099,0,0),(2,4100,0,0),(2,4101,0,0),(2,4102,0,0),(2,4103,0,0),(2,4104,0,0),(2,4105,0,0),(2,4106,0,0),(2,4107,0,0),(2,4108,0,0),(2,4109,0,0),(2,4110,0,0),(2,4111,0,0),(2,4112,0,0),(2,4113,0,0),(2,4114,0,0),(2,4115,0,0),(2,4116,0,0),(2,4117,0,0),(2,4118,0,0),(2,4119,0,0),(2,4120,0,0),(2,4121,0,0),(2,4122,0,0),(2,4123,0,0),(2,4124,0,0),(2,4125,0,0),(2,4126,0,0),(2,4127,0,0),(2,4128,0,0),(2,4129,0,0),(2,4130,0,0),(2,4131,0,0),(2,4132,0,0),(2,4133,0,0),(2,4134,0,0),(2,4135,0,0),(2,4136,0,0),(2,4137,0,0),(2,4138,0,0),(2,4139,0,0),(2,4140,0,0),(2,4141,0,0),(2,4142,0,0),(2,4143,0,0),(2,4144,0,0),(2,4145,0,0),(2,4146,0,0),(2,4147,0,0),(2,4148,0,0),(2,4149,0,0),(2,4150,0,0),(2,4151,0,0),(2,4152,0,0),(2,4153,0,0),(2,4154,0,0),(2,4155,0,0),(2,4156,0,0),(2,4157,0,0),(2,4158,0,0),(2,4159,0,0),(2,4160,0,0),(2,4161,0,0),(2,4162,0,0),(2,4163,0,0),(2,4164,0,0),(2,4165,0,0),(2,4166,0,0),(2,4167,0,0),(2,4168,0,0),(2,4169,0,0),(2,4170,0,0),(2,4171,0,0),(2,4172,0,0),(2,4173,0,0),(2,4174,0,0),(2,4175,0,0),(2,4176,0,0),(2,4177,0,0),(2,4178,0,0),(2,4179,0,0),(2,4180,0,0),(2,4181,0,0),(2,4182,0,0),(2,4183,0,0),(2,4184,0,0),(2,4185,0,0),(2,4186,0,0),(2,4187,0,0),(2,4188,0,0),(2,4189,0,0),(2,4190,0,0),(2,4191,0,0),(2,4192,0,0),(2,4193,0,0),(2,4194,0,0),(2,4195,0,0),(2,4196,0,0),(2,4197,0,0),(2,4198,0,0),(2,4199,0,0),(2,4200,0,0),(2,4201,0,0),(2,4202,0,0),(2,4203,0,0),(2,4204,0,0),(2,4205,0,0),(2,4206,0,0),(2,4207,0,0),(2,4208,0,0),(2,4209,0,0),(2,4210,0,0),(2,4211,0,0),(2,4212,0,0),(2,4213,0,0),(2,4214,0,0),(2,4215,0,0),(2,4216,0,0),(2,4217,0,0),(2,4218,0,0),(2,4219,0,0),(2,4220,0,0),(2,4221,0,0),(2,4222,0,0),(2,4223,0,0),(2,4224,0,0),(2,4225,0,0),(2,4226,0,0),(2,4227,0,0),(2,4228,0,0),(2,4229,0,0),(2,4230,0,0),(2,4231,0,0),(2,4232,0,0),(2,4233,0,0),(2,4234,0,0),(2,4235,0,0),(2,4236,0,0),(2,4237,0,0),(2,4238,0,0),(2,4239,0,0),(2,4240,0,0),(2,4241,0,0),(2,4242,0,0),(2,4243,0,0),(2,4244,0,0),(2,4245,0,0),(2,4246,0,0),(2,4247,0,0),(2,4248,0,0),(2,4249,0,0),(2,4250,0,0),(2,4251,0,0),(2,4252,0,0),(2,4253,0,0),(2,4254,0,0),(2,4255,0,0),(2,4256,0,0),(2,4257,0,0),(2,4258,0,0),(2,4259,0,0),(2,4260,0,0),(2,4261,0,0),(2,4262,0,0),(2,4263,0,0),(2,4264,0,0),(2,4265,0,0),(2,4266,0,0),(2,4267,0,0),(2,4268,0,0),(2,4269,0,0),(2,4270,0,0),(2,4271,0,0),(2,4272,0,0),(2,4273,0,0),(2,4274,0,0),(2,4275,0,0),(2,4276,0,0),(2,4277,0,0),(2,4278,0,0),(2,4279,0,0),(2,4280,0,0),(2,4281,0,0),(2,4282,0,0),(2,4283,0,0),(2,4284,0,0),(2,4285,0,0),(2,4286,0,0),(2,4287,0,0),(2,4288,0,0),(2,4289,0,0),(2,4290,0,0),(2,4291,0,0),(2,4292,0,0),(2,4293,0,0),(2,4294,0,0),(2,4295,0,0),(2,4296,0,0),(2,4297,0,0),(2,4298,0,0),(2,4299,0,0),(2,4300,0,0),(2,4301,0,0),(2,4302,0,0),(2,4303,0,0),(2,4304,0,0),(2,4305,0,0),(2,4306,0,0),(2,4307,0,0),(2,4308,0,0),(2,4309,0,0),(2,4310,0,0),(2,4311,0,0),(2,4312,0,0),(2,4313,0,0),(2,4314,0,0),(2,4315,0,0),(2,4316,0,0),(2,4317,0,0),(2,4318,0,0),(2,4319,0,0),(2,4320,0,0),(2,4321,0,0),(2,4322,0,0),(2,4323,0,0),(2,4324,0,0),(2,4325,0,0),(2,4326,0,0),(2,4327,0,0),(2,4328,0,0),(2,4329,0,0),(2,4330,0,0),(2,4331,0,0),(2,4332,0,0),(2,4333,0,0),(2,4334,0,0),(2,4335,0,0),(2,4336,0,0),(2,4337,0,0),(2,4338,0,0),(2,4339,0,0),(2,4340,0,0),(2,4341,0,0),(2,4342,0,0),(2,4343,0,0),(2,4344,0,0),(2,4345,0,0),(2,4346,0,0),(2,4347,0,0),(2,4348,0,0),(2,4349,0,0),(2,4350,0,0),(2,4351,0,0),(2,4352,0,0),(2,4353,0,0),(2,4354,0,0),(2,4355,0,0),(2,4356,0,0),(2,4357,0,0),(2,4358,0,0),(2,4359,0,0),(2,4360,0,0),(2,4361,0,0),(2,4362,0,0),(2,4363,0,0),(2,4364,0,0),(2,4365,0,0),(2,4366,0,0),(2,4367,0,0),(2,4368,0,0),(2,4369,0,0),(2,4370,0,0),(2,4371,0,0),(2,4372,0,0),(2,4373,0,0),(2,4374,0,0),(2,4375,0,0),(2,4376,0,0),(2,4377,0,0),(2,4378,0,0),(2,4379,0,0),(2,4380,0,0),(2,4381,0,0),(2,4382,0,0),(2,4383,0,0),(2,4384,0,0),(2,4385,0,0),(2,4386,0,0),(2,4387,0,0),(2,4388,0,0),(2,4389,0,0),(2,4390,0,0),(2,4391,0,0),(2,4392,0,0),(2,4393,0,0),(2,4394,0,0),(2,4395,0,0),(2,4396,0,0),(2,4397,0,0),(2,4398,0,0),(2,4399,0,0),(2,4400,0,0),(2,4401,0,0),(2,4402,0,0),(2,4403,0,0),(2,4404,0,0),(2,4405,0,0),(2,4406,0,0),(2,4407,0,0),(2,4408,0,0),(2,4409,0,0),(2,4410,0,0),(2,4411,0,0),(2,4412,0,0),(2,4413,0,0),(2,4414,0,0),(2,4415,0,0),(2,4416,0,0),(2,4417,0,0),(2,4418,0,0),(2,4419,0,0),(2,4420,0,0),(2,4421,0,0),(2,4422,0,0),(2,4423,0,0),(2,4424,0,0),(2,4425,0,0),(2,4426,0,0),(2,4427,0,0),(2,4428,0,0),(2,4429,0,0),(2,4430,0,0),(2,4431,0,0),(2,4432,0,0),(2,4434,0,0),(2,4438,0,0),(2,4439,0,0),(2,4440,0,0),(2,4441,0,0),(2,4442,0,0),(2,4443,0,0),(2,4444,0,0),(2,4445,0,0),(2,4446,0,0),(2,4447,0,0),(2,4448,0,0),(2,4449,0,0),(2,4450,0,0),(2,4451,0,0),(2,4452,0,0),(2,4453,0,0),(2,4454,0,0),(2,4455,0,0),(2,4456,0,0),(2,4457,0,0),(2,4458,0,0),(2,4459,0,0),(2,4460,0,0),(2,4461,0,0),(2,4462,0,0),(2,4463,0,0),(2,4464,0,0),(2,4465,0,0),(2,4466,0,0),(2,4467,0,0),(2,4468,0,0),(2,4469,0,0),(2,4470,0,0),(2,4471,0,0),(2,4472,0,0),(2,4473,0,0),(2,4474,0,0),(2,4475,0,0),(2,4476,0,0),(2,4477,0,0),(2,4478,0,0),(2,4479,0,0),(2,4480,0,0),(2,4481,0,0),(2,4482,0,0),(2,4483,0,0),(2,4484,0,0),(2,4488,0,0),(2,4489,0,0),(2,4487,0,0),(2,4490,0,0),(2,4491,0,0),(2,4492,0,0),(2,4493,0,0),(2,4494,0,0),(2,4495,0,0),(2,4496,0,0),(2,4497,0,0),(2,4498,0,0),(2,4499,0,0),(2,4500,0,0),(2,4501,0,0),(2,4502,0,0),(2,4503,0,0),(2,4504,0,0),(2,4505,0,0),(2,4506,0,0),(2,4507,0,0),(2,4508,0,0),(2,4509,0,0),(2,4510,0,0),(2,4511,0,0),(2,4652,0,0),(2,4513,0,0),(2,4514,0,0),(2,4515,0,0),(2,4516,0,0),(2,4517,0,0),(2,4518,0,0),(2,4519,0,0),(2,4520,0,0),(2,4521,0,0),(2,4522,0,0),(2,4523,0,0),(2,4524,0,0),(2,4525,0,0),(2,4526,0,0),(2,4527,0,0),(2,4528,0,0),(2,4529,0,0),(2,4530,0,0),(2,4531,0,0),(2,4532,0,0),(2,4533,0,0),(2,4534,0,0),(2,4535,0,0),(2,4536,0,0),(2,4537,0,0),(2,4538,0,0),(2,4539,0,0),(2,4540,0,0),(2,4541,0,0),(2,4542,0,0),(2,4543,0,0),(2,4544,0,0),(2,4545,0,0),(2,4546,0,0),(2,4547,0,0),(2,4548,0,0),(2,4549,0,0),(2,4550,0,0),(2,4551,0,0),(2,4552,0,0),(2,4553,0,0),(2,4554,0,0),(2,4555,0,0),(2,4556,0,0),(2,4557,0,0),(2,4558,0,0),(2,4559,0,0),(2,4560,0,0),(2,4561,0,0),(2,4562,0,0),(2,4563,0,0),(2,4564,0,0),(2,4565,0,0),(2,4566,0,0),(2,4567,0,0),(2,4568,0,0),(2,4569,0,0),(2,4570,0,0),(2,4571,0,0),(2,4572,0,0),(2,4573,0,0),(2,4574,0,0),(2,4575,0,0),(2,4576,0,0),(2,4577,0,0),(2,4578,0,0),(2,4579,0,0),(2,4580,0,0),(2,4581,0,0),(2,4582,0,0),(2,4583,0,0),(2,4584,0,0),(2,4585,0,0),(2,4586,0,0),(2,4587,0,0),(2,4588,0,0),(2,4589,0,0),(2,4590,0,0),(2,4591,0,0),(2,4592,0,0),(2,4593,0,0),(2,4594,0,0),(2,4595,0,0),(2,4596,0,0),(2,4597,0,0),(2,4598,0,0),(2,4599,0,0),(2,4600,0,0),(2,4601,0,0),(2,4602,0,0),(2,4603,0,0),(2,4604,0,0),(2,4605,0,0),(2,4606,0,0),(2,4607,0,0),(2,4608,0,0),(2,4609,0,0),(2,4610,0,0),(2,4611,0,0),(2,4612,0,0),(2,4613,0,0),(2,4614,0,0),(2,4615,0,0),(2,4616,0,0),(2,4617,0,0),(2,4618,0,0),(2,4619,0,0),(2,4620,0,0),(2,4621,0,0),(2,4622,0,0),(2,4623,0,0),(2,4624,0,0),(2,4625,0,0),(2,4626,0,0),(2,4627,0,0),(2,4628,0,0),(2,4629,0,0),(2,4630,0,0),(2,4631,0,0),(2,4632,0,0),(2,4633,0,0),(2,4634,0,0),(2,4635,0,0),(2,4636,0,0),(2,4637,0,0),(2,4638,0,0),(2,4639,0,0),(2,4640,0,0),(2,4641,0,0),(2,4642,0,0),(2,4643,0,0),(2,4644,0,0),(2,4645,0,0),(2,4646,0,0),(2,4647,0,0),(2,4648,0,0),(2,4649,0,0),(2,4650,0,0),(2,4651,0,0),(2,4653,0,0),(2,4654,0,0),(2,4655,0,0),(2,4656,0,0),(2,4657,0,0),(2,4658,0,0),(2,4659,0,0),(2,4660,0,0),(2,4661,0,0),(2,4662,0,0),(2,4663,0,0),(2,4664,0,0),(2,4665,0,0),(2,4666,0,0),(2,4667,0,0),(2,4668,0,0),(2,4669,0,0),(2,4670,0,0),(2,4671,0,0),(2,4672,0,0),(2,4673,0,0),(2,4674,0,0),(2,4675,0,0),(2,4676,0,0),(2,4677,0,0),(2,4678,0,0),(2,4679,0,0),(2,4680,0,0),(2,4681,0,0),(2,4682,0,0),(2,4683,0,0),(2,4684,0,0),(2,4685,0,0),(2,4686,0,0),(2,4687,0,0),(2,4688,0,0),(2,4689,0,0),(2,4690,0,0),(2,4691,0,0),(2,4692,0,0),(2,4693,0,0),(2,4694,0,0),(2,4695,0,0),(2,4696,0,0),(2,4697,0,0),(2,4698,0,0),(2,4699,0,0),(2,4700,0,0),(2,4701,0,0),(2,4702,0,0),(2,4703,0,0),(2,4704,0,0),(2,4705,0,0),(2,4706,0,0),(2,4707,0,0),(2,4708,0,0),(2,4709,0,0),(2,4710,0,0),(2,4711,0,0),(2,4712,0,0),(2,4713,0,0),(2,4714,0,0),(2,4715,0,0),(2,4716,0,0),(2,4717,0,0),(2,4718,0,0),(2,4719,0,0),(2,4720,0,0),(2,4721,0,0),(2,4722,0,0),(2,4723,0,0),(2,4724,0,0),(2,4725,0,0),(2,4726,0,0),(2,4727,0,0),(2,4728,0,0),(2,4729,0,0),(2,4730,0,0),(2,4731,0,0),(2,4732,0,0),(2,4733,0,0),(2,4734,0,0),(2,4735,0,0),(2,4736,0,0),(2,4737,0,0),(2,4738,0,0),(2,4739,0,0),(2,4740,0,0),(2,4741,0,0),(2,4742,0,0),(2,4743,0,0),(2,4744,0,0),(2,4745,0,0),(2,4746,0,0),(2,4747,0,0),(2,4748,0,0),(2,4749,0,0),(2,4750,0,0),(2,4751,0,0),(2,4752,0,0),(2,4753,0,0),(2,4754,0,0),(2,4755,0,0),(2,4756,0,0),(2,4757,0,0),(2,4758,0,0),(2,4759,0,0),(2,4760,0,0),(2,4761,0,0),(2,4762,0,0),(2,4763,0,0),(2,4764,0,0),(2,4765,0,0),(2,4766,0,0),(2,4767,0,0),(2,4768,0,0),(2,4769,0,0),(2,4770,0,0),(2,4771,0,0),(2,4772,0,0),(2,4773,0,0),(2,4774,0,0),(2,4775,0,0),(2,4776,0,0),(2,4777,0,0),(2,4778,0,0),(2,4779,0,0),(2,4780,0,0),(2,4781,0,0),(2,4782,0,0),(2,4783,0,0),(2,4784,0,0),(2,4785,0,0),(2,4786,0,0),(2,4787,0,0),(2,4788,0,0),(2,4789,0,0),(2,4790,0,0),(2,4791,0,0),(2,4792,0,0),(2,4793,0,0),(2,4794,0,0),(2,4795,0,0),(2,4796,0,0),(2,4797,0,0),(2,4798,0,0),(2,4799,0,0),(2,4800,0,0),(2,4801,0,0),(2,4802,0,0),(2,4803,0,0),(2,4804,0,0),(2,4805,0,0),(2,4806,0,0),(2,4807,0,0),(2,4808,0,0),(2,4809,0,0),(2,4810,0,0),(2,4811,0,0),(2,4812,0,0),(2,4813,0,0),(2,4814,0,0),(2,4815,0,0),(2,4816,0,0),(2,4817,0,0),(2,4818,0,0),(2,4819,0,0),(2,4820,0,0),(2,4821,0,0),(2,4822,0,0),(2,4823,0,0),(2,4824,0,0),(2,4825,0,0),(2,4826,0,0),(2,4827,0,0),(2,4828,0,0),(2,4829,0,0),(2,4830,0,0),(2,4831,0,0),(2,4832,0,0),(2,4833,0,0),(2,4834,0,0),(2,4835,0,0),(2,4836,0,0),(2,4837,0,0),(2,4838,0,0),(2,4839,0,0),(2,4840,0,0),(2,4841,0,0),(2,4842,0,0),(2,4843,0,0),(2,4844,0,0),(2,4845,0,0),(2,4846,0,0),(2,4847,0,0),(2,4848,0,0),(2,4849,0,0),(2,4850,0,0),(2,4851,0,0),(2,4852,0,0),(2,4853,0,0),(2,4854,0,0),(2,4855,0,0),(2,4856,0,0),(2,4857,0,0),(2,4858,0,0),(2,4859,0,0),(2,4860,0,0),(2,4861,0,0),(2,4862,0,0),(2,4863,0,0),(2,4864,0,0),(2,4865,0,0),(2,4866,0,0),(2,4867,0,0),(2,4868,0,0),(2,4869,0,0),(2,4870,0,0),(2,4871,0,0),(2,4872,0,0),(2,4873,0,0),(2,4874,0,0),(2,4875,0,0),(2,4876,0,0),(2,4877,0,0),(2,4878,0,0),(2,4879,0,0),(2,4880,0,0),(2,4881,0,0),(2,4882,0,0),(2,4883,0,0),(2,4884,0,0),(2,4885,0,0),(2,4886,0,0),(2,4887,0,0),(2,4888,0,0),(2,4889,0,0),(2,4890,0,0),(2,4891,0,0),(2,4892,0,0),(2,4893,0,0),(2,4894,0,0),(2,4895,0,0),(2,4896,0,0),(2,4897,0,0),(2,4898,0,0),(2,4899,0,0),(2,4900,0,0),(2,4901,0,0),(2,4902,0,0),(2,4903,0,0),(2,4904,0,0),(2,4905,0,0),(2,4906,0,0),(2,4907,0,0),(2,4908,0,0),(2,4909,0,0),(2,4910,0,0),(2,4911,0,0),(2,4912,0,0),(2,4913,0,0),(2,4914,0,0),(2,4915,0,0),(2,4916,0,0),(2,4917,0,0),(2,4918,0,0),(2,4919,0,0),(2,4920,0,0),(2,4921,0,0),(2,4922,0,0),(2,4923,0,0),(2,4924,0,0),(2,4925,0,0),(2,4926,0,0),(2,4927,0,0),(2,4928,0,0),(2,4929,0,0),(2,4930,0,0),(2,4931,0,0),(2,4932,0,0),(2,4933,0,0),(2,4934,0,0),(2,4935,0,0),(2,4936,0,0),(2,4937,0,0),(2,4938,0,0),(2,4939,0,0),(2,4940,0,0),(2,4941,0,0),(2,4942,0,0),(2,4943,0,0),(2,4944,0,0),(2,4945,0,0),(2,4946,0,0),(2,4947,0,0),(2,4948,0,0),(2,4949,0,0),(2,4950,0,0),(2,4951,0,0),(2,4952,0,0),(2,4953,0,0),(2,4954,0,0),(2,4955,0,0),(2,4956,0,0),(2,4957,0,0),(2,4958,0,0),(2,4959,0,0),(2,4960,0,0),(2,4961,0,0),(2,4962,0,0),(2,4963,0,0),(2,4964,0,0),(2,4965,0,0),(2,4966,0,0),(2,4967,0,0),(2,4968,0,0),(2,4969,0,0),(2,4970,0,0),(2,4971,0,0),(2,4972,0,0),(2,4973,0,0),(2,4974,0,0),(2,4975,0,0),(2,4976,0,0),(2,4977,0,0),(2,4978,0,0),(2,4979,0,0),(2,4980,0,0),(2,4981,0,0),(2,4982,0,0),(2,4983,0,0),(2,4984,0,0),(2,4985,0,0),(2,4986,0,0),(2,4987,0,0),(2,4988,0,0),(2,4989,0,0),(2,4990,0,0),(2,4991,0,0),(2,4992,0,0),(2,4993,0,0),(2,4994,0,0),(2,4995,0,0),(2,4996,0,0),(2,4997,0,0),(2,4998,0,0),(2,4999,0,0),(2,5000,0,0),(2,5001,0,0),(2,5002,0,0),(2,5003,0,0),(2,5004,0,0),(2,5005,0,0),(2,5006,0,0),(2,5007,0,0),(2,5008,0,0),(2,5009,0,0),(2,5010,0,0),(2,5011,0,0),(2,5012,0,0),(2,5013,0,0),(2,5014,0,0),(2,5015,0,0),(2,5016,0,0),(2,5017,0,0),(2,5018,0,0),(2,5019,0,0),(2,5020,0,0),(2,5021,0,0),(2,5022,0,0),(2,5023,0,0),(2,5024,0,0),(2,5025,0,0),(2,5026,0,0),(2,5027,0,0),(2,5028,0,0),(2,5029,0,0),(2,5030,0,0),(2,5031,0,0),(2,5032,0,0),(2,5033,0,0),(2,5034,0,0),(2,5035,0,0),(2,5036,0,0),(2,5037,0,0),(2,5038,0,0),(2,5039,0,0),(2,5040,0,0),(2,5041,0,0),(2,5042,0,0),(2,5043,0,0),(2,5044,0,0),(2,5045,0,0),(2,5046,0,0),(2,5047,0,0),(2,5048,0,0),(2,5049,0,0),(2,5050,0,0),(2,5051,0,0),(2,5052,0,0),(2,5053,0,0),(2,5054,0,0),(2,5055,0,0),(2,5056,0,0),(2,5057,0,0),(2,5058,0,0),(2,5059,0,0),(2,5060,0,0),(2,5061,0,0),(2,5062,0,0),(2,5063,0,0),(2,5064,0,0),(2,5065,0,0),(2,5066,0,0),(2,5067,0,0),(2,5068,0,0),(2,5069,0,0),(2,5070,0,0),(2,5071,0,0),(2,5072,0,0),(2,5073,0,0),(2,5074,0,0),(2,5075,0,0),(2,5076,0,0),(2,5077,0,0),(2,5078,0,0),(2,5079,0,0),(2,5080,0,0),(2,5081,0,0),(2,5082,0,0),(2,5083,0,0),(2,5084,0,0),(2,5085,0,0),(2,5086,0,0),(2,5087,0,0),(2,5088,0,0),(2,5089,0,0),(2,5090,0,0),(2,5091,0,0),(2,5092,0,0),(2,5093,0,0),(2,5094,0,0),(2,5095,0,0),(2,5096,0,0),(2,5097,0,0),(2,5098,0,0),(2,5099,0,0),(2,5100,0,0),(2,5101,0,0),(2,5102,0,0),(2,5103,0,0),(2,5104,0,0),(2,5105,0,0),(2,5106,0,0),(2,5107,0,0),(2,5108,0,0),(2,5109,0,0),(2,5110,0,0),(2,5111,0,0),(2,5112,0,0),(2,5113,0,0),(2,5114,0,0),(2,5115,0,0),(2,5116,0,0),(2,5117,0,0),(2,5118,0,0),(2,5119,0,0),(2,5120,0,0),(2,5121,0,0),(2,5122,0,0),(2,5123,0,0),(2,5124,0,0),(2,5125,0,0),(2,5126,0,0),(2,5127,0,0),(2,5128,0,0),(2,5129,0,0),(2,5130,0,0),(2,5131,0,0),(2,5132,0,0),(2,5133,0,0),(2,5134,0,0),(2,5135,0,0),(2,5136,0,0),(2,5137,0,0),(2,5138,0,0),(2,5139,0,0),(2,5140,0,0),(2,5141,0,0),(2,5142,0,0),(2,5143,0,0),(2,5144,0,0),(2,5145,0,0),(2,5146,0,0),(2,5147,0,0),(2,5148,0,0),(2,5149,0,0),(2,5150,0,0),(2,5151,0,0),(2,5152,0,0),(2,5153,0,0),(2,5154,0,0),(2,5155,0,0),(2,5156,0,0),(2,5157,0,0),(2,5158,0,0),(2,5159,0,0),(2,5160,0,0),(2,5161,0,0),(2,5162,0,0),(2,5163,0,0),(2,5164,0,0),(2,5165,0,0),(2,5166,0,0),(2,5167,0,0),(2,5168,0,0),(2,5169,0,0),(2,5170,0,0),(2,5171,0,0),(2,5172,0,0),(2,5173,0,0),(2,5174,0,0),(2,5175,0,0),(2,5176,0,0),(2,5177,0,0),(2,5178,0,0),(2,5179,0,0),(2,5180,0,0),(2,5181,0,0),(2,5182,0,0),(2,5183,0,0),(2,5184,0,0),(2,5185,0,0),(2,5186,0,0),(2,5187,0,0),(2,5188,0,0),(2,5189,0,0),(2,5190,0,0),(2,5191,0,0),(2,5192,0,0),(2,5193,0,0),(2,5194,0,0),(2,5195,0,0),(2,5196,0,0),(2,5197,0,0),(2,5198,0,0),(2,5199,0,0),(2,5200,0,0),(2,5201,0,0),(2,5202,0,0),(2,5203,0,0),(2,5204,0,0),(2,5205,0,0),(2,5206,0,0),(2,5207,0,0),(2,5208,0,0),(2,5209,0,0),(2,5210,0,0),(2,5211,0,0),(2,5212,0,0),(2,5213,0,0),(2,5214,0,0),(2,5215,0,0),(2,5216,0,0),(2,5217,0,0),(2,5218,0,0),(2,5219,0,0),(2,5220,0,0),(2,5221,0,0),(2,5222,0,0),(2,5223,0,0),(2,5224,0,0),(2,5225,0,0),(2,5226,0,0),(2,5227,0,0),(2,5228,0,0),(2,5229,0,0),(2,5230,0,0),(2,5231,0,0),(2,5232,0,0),(2,5233,0,0),(2,5234,0,0),(2,5235,0,0),(2,5236,0,0),(2,5237,0,0),(2,5238,0,0),(2,5239,0,0),(2,5240,0,0),(2,5241,0,0),(2,5242,0,0),(2,5243,0,0),(2,5244,0,0),(2,5245,0,0),(2,5246,0,0),(2,5247,0,0),(2,5248,0,0),(2,5249,0,0),(2,5250,0,0),(2,5251,0,0),(2,5252,0,0),(2,5253,0,0),(2,5254,0,0),(2,5255,0,0),(2,5256,0,0),(2,5257,0,0),(2,5258,0,0),(2,5259,0,0),(2,5260,0,0),(2,5261,0,0),(2,5262,0,0),(2,5263,0,0),(2,5264,0,0),(2,5265,0,0),(2,5266,0,0),(2,5267,0,0),(2,5268,0,0),(2,5269,0,0),(2,5270,0,0),(2,5271,0,0),(2,5272,0,0),(2,5273,0,0),(2,5274,0,0),(2,5275,0,0),(2,5276,0,0),(2,5277,0,0),(2,5278,0,0),(2,5279,0,0),(2,5280,0,0),(2,5281,0,0),(2,5282,0,0),(2,5283,0,0),(2,5284,0,0),(2,5285,0,0),(2,5286,0,0),(2,5287,0,0),(2,5288,0,0),(2,5289,0,0),(2,5290,0,0),(2,5291,0,0),(2,5292,0,0),(2,5293,0,0),(2,5294,0,0),(2,5295,0,0),(2,5296,0,0),(2,5297,0,0),(2,5298,0,0),(2,5299,0,0),(2,5300,0,0),(2,5301,0,0),(2,5302,0,0),(2,5303,0,0),(2,5304,0,0),(2,5305,0,0),(2,5306,0,0),(2,5307,0,0),(2,5308,0,0),(2,5309,0,0),(2,5310,0,0),(2,5311,0,0),(2,5312,0,0),(2,5313,0,0),(2,5314,0,0),(2,5315,0,0),(2,5316,0,0),(2,5317,0,0),(2,5318,0,0),(2,5319,0,0),(2,5320,0,0),(2,5321,0,0),(2,5322,0,0),(2,5323,0,0),(2,5324,0,0),(2,5325,0,0),(2,5326,0,0),(2,5327,0,0),(2,5328,0,0),(2,5329,0,0),(2,5330,0,0),(2,5331,0,0),(2,5332,0,0),(2,5333,0,0),(2,5334,0,0),(2,5335,0,0),(2,5336,0,0),(2,5337,0,0),(2,5338,0,0),(2,5339,0,0),(2,5340,0,0),(2,5341,0,0),(2,5342,0,0),(2,5343,0,0),(2,5344,0,0),(2,5345,0,0),(2,5346,0,0),(2,5347,0,0),(2,5348,0,0),(2,5349,0,0),(2,5350,0,0),(2,5351,0,0),(2,5352,0,0),(2,5353,0,0),(2,5354,0,0),(2,5355,0,0),(2,5356,0,0),(2,5357,0,0),(2,5358,0,0),(2,5359,0,0),(2,5360,0,0),(2,5361,0,0),(2,5362,0,0),(2,5363,0,0),(2,5364,0,0),(2,5365,0,0),(2,5366,0,0),(2,5367,0,0),(2,5368,0,0),(2,5369,0,0),(2,5370,0,0),(2,5371,0,0),(2,5372,0,0),(2,5373,0,0),(2,5374,0,0),(2,5375,0,0),(2,5376,0,0),(2,5377,0,0),(2,5378,0,0),(2,5379,0,0),(2,5380,0,0),(2,5381,0,0),(2,5382,0,0),(2,5383,0,0),(2,5384,0,0),(2,5385,0,0),(2,5386,0,0),(2,5387,0,0),(2,5388,0,0),(2,5389,0,0),(2,5390,0,0),(2,5391,0,0),(2,5392,0,0),(2,5393,0,0),(2,5394,0,0),(2,5395,0,0),(2,5396,0,0),(2,5397,0,0),(2,5398,0,0),(2,5399,0,0),(2,5400,0,0),(2,5401,0,0),(2,5402,0,0),(2,5403,0,0),(2,5404,0,0),(2,5405,0,0),(2,5406,0,0),(2,5407,0,0),(2,5408,0,0),(2,5409,0,0),(2,5410,0,0),(2,5411,0,0),(2,5412,0,0),(2,5413,0,0),(2,5414,0,0),(2,5415,0,0),(2,5416,0,0),(2,5417,0,0),(2,5418,0,0),(2,5419,0,0),(2,5420,0,0),(2,5421,0,0),(2,5422,0,0),(2,5423,0,0),(2,5424,0,0),(2,5425,0,0),(2,5426,0,0),(2,5427,0,0),(2,5428,0,0),(2,5429,0,0),(2,5430,0,0),(2,5431,0,0),(2,5432,0,0),(2,5433,0,0),(2,5434,0,0),(2,5435,0,0),(2,5436,0,0),(2,5437,0,0),(2,5438,0,0),(2,5439,0,0),(2,5440,0,0),(2,5441,0,0),(2,5442,0,0),(2,5443,0,0),(2,5444,0,0),(2,5445,0,0),(2,5446,0,0),(2,5447,0,0),(2,5448,0,0),(2,5449,0,0),(2,5450,0,0),(2,5451,0,0),(2,5452,0,0),(2,5453,0,0),(2,5454,0,0),(2,5455,0,0),(2,5456,0,0),(2,5457,0,0),(2,5458,0,0),(2,5459,0,0),(2,5460,0,0),(2,5461,0,0),(2,5462,0,0),(2,5463,0,0),(2,5464,0,0),(2,5465,0,0),(2,5466,0,0),(2,5467,0,0),(2,5468,0,0),(2,5469,0,0),(2,5470,0,0),(2,5471,0,0),(2,5472,0,0),(2,5473,0,0),(2,5474,0,0),(2,5475,0,0),(2,5476,0,0),(2,5477,0,0),(2,5478,0,0),(2,5479,0,0),(2,5480,0,0),(2,5481,0,0),(2,5482,0,0),(2,5483,0,0),(2,5484,0,0),(2,5485,0,0),(2,5486,0,0),(2,5487,0,0),(2,5488,0,0),(2,5489,0,0),(2,5490,0,0),(2,5491,0,0),(2,5492,0,0),(2,5493,0,0),(2,5494,0,0),(2,5495,0,0),(2,5496,0,0),(2,5497,0,0),(2,5498,0,0),(2,5499,0,0),(2,5500,0,0),(2,5501,0,0),(2,5502,0,0),(2,5503,0,0),(2,5504,0,0),(2,5505,0,0),(2,5506,0,0),(2,5507,0,0),(2,5508,0,0),(2,5509,0,0),(2,5510,0,0),(2,5511,0,0),(2,5512,0,0),(2,5513,0,0),(2,5514,0,0),(2,5515,0,0),(2,5516,0,0),(2,5517,0,0),(2,5518,0,0),(2,5519,0,0),(2,5520,0,0),(2,5521,0,0),(2,5522,0,0),(2,5523,0,0),(2,5524,0,0),(2,5525,0,0),(2,5526,0,0),(2,5527,0,0),(2,5528,0,0),(2,5529,0,0),(2,5530,0,0),(2,5531,0,0),(2,5532,0,0),(2,5533,0,0),(2,5534,0,0),(2,5535,0,0),(2,5536,0,0),(2,5537,0,0),(2,5538,0,0),(2,5539,0,0),(2,5540,0,0),(2,5541,0,0),(2,5542,0,0),(2,5543,0,0),(2,5544,0,0),(2,5545,0,0),(2,5546,0,0),(2,5547,0,0),(2,5548,0,0),(2,5549,0,0),(2,5550,0,0),(2,5551,0,0),(2,5552,0,0),(2,5553,0,0),(2,5554,0,0),(2,5555,0,0),(2,5556,0,0),(2,5557,0,0),(2,5558,0,0),(2,5559,0,0),(2,5560,0,0),(2,5561,0,0),(2,5562,0,0),(2,5563,0,0),(2,5564,0,0),(2,5565,0,0),(2,5566,0,0),(2,5567,0,0),(2,5568,0,0),(2,5569,0,0),(2,5570,0,0),(2,5571,0,0),(2,5572,0,0),(2,5573,0,0),(2,5574,0,0),(2,5575,0,0),(2,5576,0,0),(2,5577,0,0),(2,5578,0,0),(2,5579,0,0),(2,5580,0,0),(2,5581,0,0),(2,5582,0,0),(2,5583,0,0),(2,5584,0,0),(2,5585,0,0),(2,5586,0,0),(2,5587,0,0),(2,5588,0,0),(2,5589,0,0),(2,5590,0,0),(2,5591,0,0),(2,5592,0,0),(2,5593,0,0),(2,5594,0,0),(2,5595,0,0),(2,5596,0,0),(2,5597,0,0),(2,5598,0,0),(2,5599,0,0),(2,5600,0,0),(2,5601,0,0),(2,5602,0,0),(2,5603,0,0),(2,5604,0,0),(2,5605,0,0),(2,5606,0,0),(2,5607,0,0),(2,5608,0,0),(2,5609,0,0),(2,5610,0,0),(2,5611,0,0),(2,5612,0,0),(2,5613,0,0),(2,5614,0,0),(2,5615,0,0),(2,5616,0,0),(2,5617,0,0),(2,5618,0,0),(2,5619,0,0),(2,5620,0,0),(2,5621,0,0),(2,5622,0,0),(2,5623,0,0),(2,5624,0,0),(2,5625,0,0),(2,5626,0,0),(2,5627,0,0),(2,5628,0,0),(2,5629,0,0),(2,5630,0,0),(2,5631,0,0),(2,5632,0,0),(2,5633,0,0),(2,5634,0,0),(2,5635,0,0),(2,5636,0,0),(2,5637,0,0),(2,5638,0,0),(2,5639,0,0),(2,5640,0,0),(2,5641,0,0),(2,5642,0,0),(2,5643,0,0),(2,5644,0,0),(2,5645,0,0),(2,5646,0,0),(2,5647,0,0),(2,5648,0,0),(2,5649,0,0),(2,5650,0,0),(2,5651,0,0),(2,5652,0,0),(2,5653,0,0),(2,5654,0,0),(2,5655,0,0),(2,5656,0,0),(2,5657,0,0),(2,5658,0,0),(2,5659,0,0),(2,5660,0,0),(2,5661,0,0),(2,5662,0,0),(2,5663,0,0),(2,5664,0,0),(2,5665,0,0),(2,5666,0,0),(2,5667,0,0),(2,5668,0,0),(2,5669,0,0),(2,5670,0,0),(2,5671,0,0),(2,5672,0,0),(2,5673,0,0),(2,5674,0,0),(2,5675,0,0),(2,5676,0,0),(2,5677,0,0),(2,5678,0,0),(2,5679,0,0),(2,5680,0,0),(2,5681,0,0),(2,5682,0,0),(2,5683,0,0),(2,5684,0,0),(2,5685,0,0),(2,5686,0,0),(2,5687,0,0),(2,5688,0,0),(2,5689,0,0),(2,5690,0,0),(2,5691,0,0),(2,5692,0,0),(2,5693,0,0),(2,5694,0,0),(2,5695,0,0),(2,5696,0,0),(2,5697,0,0),(2,5698,0,0),(2,5699,0,0),(2,5700,0,0),(2,5701,0,0),(2,5702,0,0),(2,5703,0,0),(2,5704,0,0),(2,5705,0,0),(2,5706,0,0),(2,5707,0,0),(2,5708,0,0),(2,5709,0,0),(2,5710,0,0),(2,5711,0,0),(2,5712,0,0),(2,5713,0,0),(2,5714,0,0),(2,5715,0,0),(2,5716,0,0),(2,5717,0,0),(2,5718,0,0),(2,5719,0,0),(2,5720,0,0),(2,5721,0,0),(2,5722,0,0),(2,5723,0,0),(2,5724,0,0),(2,5725,0,0),(2,5726,0,0),(2,5727,0,0),(2,5728,0,0),(2,5729,0,0),(2,5730,0,0),(2,5731,0,0),(2,5732,0,0),(2,5733,0,0),(2,5734,0,0),(2,5735,0,0),(2,5736,0,0),(2,5737,0,0),(2,5738,0,0),(2,5739,0,0),(2,5740,0,0),(2,5741,0,0),(2,5742,0,0),(2,5743,0,0),(2,5744,0,0),(2,5745,0,0),(2,5746,0,0),(2,5747,0,0),(2,5748,0,0),(2,5749,0,0),(2,5750,0,0),(2,5751,0,0),(2,5752,0,0),(2,5753,0,0),(2,5754,0,0),(2,5755,0,0),(2,5756,0,0),(2,5757,0,0),(2,5758,0,0),(2,5759,0,0),(2,5760,0,0),(2,5761,0,0),(2,5762,0,0),(2,5763,0,0),(2,5764,0,0),(2,5765,0,0),(2,5766,0,0),(2,5767,0,0),(2,5768,0,0),(2,5769,0,0),(2,5770,0,0),(2,5771,0,0),(2,5772,0,0),(2,5773,0,0),(2,5774,0,0),(2,5775,0,0),(2,5776,0,0),(2,5777,0,0),(2,5778,0,0),(2,5779,0,0),(2,5780,0,0),(2,5781,0,0),(2,5782,0,0),(2,5783,0,0),(2,5784,0,0),(2,5785,0,0),(2,5786,0,0),(2,5787,0,0),(2,5788,0,0),(2,5789,0,0),(2,5790,0,0),(2,5791,0,0),(2,5792,0,0),(2,5793,0,0),(2,5794,0,0),(2,5795,0,0),(2,5796,0,0),(2,5797,0,0),(2,5798,0,0),(2,5799,0,0),(2,5800,0,0),(2,5801,0,0),(2,5802,0,0),(2,5803,0,0),(2,5804,0,0),(2,5805,0,0),(2,5806,0,0),(2,5807,0,0),(2,5808,0,0),(2,5809,0,0),(2,5810,0,0),(2,5811,0,0),(2,5812,0,0),(2,5813,0,0),(2,5814,0,0),(2,5815,0,0),(2,5816,0,0),(2,5817,0,0),(2,5818,0,0),(2,5819,0,0),(2,5820,0,0),(2,5821,0,0),(2,5822,0,0),(2,5823,0,0),(2,5824,0,0),(2,5825,0,0),(2,5826,0,0),(2,5827,0,0),(2,5828,0,0),(2,5829,0,0),(2,5830,0,0),(2,5831,0,0),(2,5832,0,0),(2,5833,0,0),(2,5834,0,0),(2,5835,0,0),(2,5836,0,0),(2,5837,0,0),(2,5838,0,0),(2,5839,0,0),(2,5840,0,0),(2,5841,0,0),(2,5842,0,0),(2,5843,0,0),(2,5844,0,0),(2,5845,0,0),(2,5846,0,0),(2,5847,0,0),(2,5848,0,0),(2,5849,0,0),(2,5850,0,0),(2,5851,0,0),(2,5852,0,0),(2,5853,0,0),(2,5854,0,0),(2,5855,0,0),(2,5856,0,0),(2,5857,0,0),(2,5858,0,0),(2,5859,0,0),(2,5860,0,0),(2,5861,0,0),(2,5862,0,0),(2,5863,0,0),(2,5864,0,0),(2,5865,0,0),(2,5866,0,0),(2,5867,0,0),(2,5868,0,0),(2,5869,0,0),(2,5870,0,0),(2,5871,0,0),(2,5872,0,0),(2,5873,0,0),(2,5874,0,0),(2,5875,0,0),(2,5876,0,0),(2,5877,0,0),(2,5878,0,0),(2,5879,0,0),(2,5880,0,0),(2,5881,0,0),(2,5882,0,0),(2,5883,0,0),(2,5884,0,0),(2,5885,0,0),(2,5886,0,0),(2,5887,0,0),(2,5888,0,0),(2,5889,0,0),(2,5890,0,0),(2,5891,0,0),(2,5892,0,0),(2,5893,0,0),(2,5894,0,0),(2,5895,0,0),(2,5896,0,0),(2,5897,0,0),(2,5898,0,0),(2,5899,0,0),(2,5900,0,0),(2,5901,0,0),(2,5902,0,0),(2,5903,0,0),(2,5904,0,0),(2,5905,0,0),(2,5906,0,0),(2,5907,0,0),(2,5908,0,0),(2,5909,0,0),(2,5910,0,0),(2,5911,0,0),(2,5912,0,0),(2,5913,0,0),(2,5914,0,0),(2,5915,0,0),(2,5916,0,0),(2,5917,0,0),(2,5918,0,0),(2,5919,0,0),(2,5920,0,0),(2,5921,0,0),(2,5922,0,0),(2,5923,0,0),(2,5924,0,0),(2,5925,0,0),(2,5926,0,0),(2,5927,0,0),(2,5928,0,0),(2,5929,0,0),(2,5930,0,0),(2,5931,0,0),(2,5932,0,0),(2,5933,0,0),(2,5934,0,0),(2,5935,0,0),(2,5936,0,0),(2,5937,0,0),(2,5938,0,0),(2,5939,0,0),(2,5940,0,0),(2,5941,0,0),(2,5942,0,0),(2,5943,0,0),(2,5944,0,0),(2,5945,0,0),(2,5946,0,0),(2,5947,0,0),(2,5948,0,0),(2,5949,0,0),(2,5950,0,0);

--
-- Table structure for table `phpbb_warnings`
--

CREATE TABLE `phpbb_warnings` (
  `warning_id` mediumint(8) unsigned NOT NULL AUTO_INCREMENT,
  `user_id` mediumint(8) unsigned NOT NULL DEFAULT '0',
  `post_id` mediumint(8) unsigned NOT NULL DEFAULT '0',
  `log_id` mediumint(8) unsigned NOT NULL DEFAULT '0',
  `warning_time` int(11) unsigned NOT NULL DEFAULT '0',
  PRIMARY KEY (`warning_id`)
) ENGINE=MyISAM DEFAULT CHARSET=utf8 COLLATE=utf8_bin;

--
-- Dumping data for table `phpbb_warnings`
--


--
-- Table structure for table `phpbb_words`
--

CREATE TABLE `phpbb_words` (
  `word_id` mediumint(8) unsigned NOT NULL AUTO_INCREMENT,
  `word` varchar(255) COLLATE utf8_bin NOT NULL DEFAULT '',
  `replacement` varchar(255) COLLATE utf8_bin NOT NULL DEFAULT '',
  PRIMARY KEY (`word_id`)
) ENGINE=MyISAM DEFAULT CHARSET=utf8 COLLATE=utf8_bin;

--
-- Dumping data for table `phpbb_words`
--


--
-- Table structure for table `phpbb_zebra`
--

CREATE TABLE `phpbb_zebra` (
  `user_id` mediumint(8) unsigned NOT NULL DEFAULT '0',
  `zebra_id` mediumint(8) unsigned NOT NULL DEFAULT '0',
  `friend` tinyint(1) unsigned NOT NULL DEFAULT '0',
  `foe` tinyint(1) unsigned NOT NULL DEFAULT '0',
  PRIMARY KEY (`user_id`,`zebra_id`)
) ENGINE=MyISAM DEFAULT CHARSET=utf8 COLLATE=utf8_bin;

--
-- Dumping data for table `phpbb_zebra`
--

INSERT INTO `phpbb_zebra` VALUES (87,58,1,0),(85,114,1,0);

--
-- Dumping events for database 'grindingstone_forum'
--

--
-- Dumping routines for database 'grindingstone_forum'
--


