--
-- Host: localhost    Database: hlabs
-- ------------------------------------------------------


--
-- Table structure for table `Category`
--

CREATE TABLE `Category` (
  `ID` int(11) NOT NULL AUTO_INCREMENT,
  `protected` int(11) NOT NULL DEFAULT '0',
  `display` int(11) NOT NULL DEFAULT '0',
  `next` int(11) NOT NULL DEFAULT '0',
  `child` int(11) NOT NULL DEFAULT '0',
  `description` blob,
  `short_description` blob,
  `name` varchar(50) DEFAULT NULL,
  `image` varchar(50) DEFAULT NULL,
  `old_id` smallint(4) NOT NULL DEFAULT '0',
  PRIMARY KEY (`ID`),
  KEY `ID` (`ID`)
) ENGINE=MyISAM AUTO_INCREMENT=25 DEFAULT CHARSET=latin1;

--
-- Dumping data for table `Category`
--

INSERT INTO `Category` VALUES (1,0,0,0,9,NULL,NULL,'Top Level',NULL,0),(2,0,1,6,0,'Industrial, military, custom, and auto application',NULL,'AMPLIFIERS','',0),(3,0,1,4,0,'',NULL,'Capacitors','capacitors.gif',0),(4,0,4,5,0,'1/3 Octave Multi-function Graphic  Equalizers for home, mobile audio, or home theatre uses.',NULL,'Equalizers','Semod_close_no_cover_good.jpg',0),(5,0,1,7,0,'Step-up Power Supplies for Automotive and Military Applications.',NULL,'Power Supplies','',0),(6,0,1,3,0,'',NULL,'Install Kits  see \"Amplifiers\"','Install_Kit_1600W.JPG',0),(7,0,1,10,0,'',NULL,'Noise Gates','',0),(9,0,1,2,0,'High End Crossovers (Filters) for Automotive, Home, Theatre, and Military Audio Applications',NULL,'Crossovers','',0),(11,0,1,12,0,'Reduce signal levels',NULL,'Attenuators','',0),(10,0,1,11,0,'3-1/2 Digit (.6\" high LED numerals) MADE IN USA\r\ndigital panel meters for custom and replacement \r\nmeter panels. ',NULL,'Meters & Yacht Panel Meters','',0),(12,0,1,15,0,'High Pass design. For fixed FMOD type see \"Crossovers\"',NULL,'Sub-Sonic Filters','',0),(13,0,1,14,0,'',NULL,'Speaker to Line Level Converters','',0),(14,0,1,17,0,'Tri-Amplified Speaker Boxes (PowerMowse tm)and box enclosure design products',NULL,'Speaker Boxes','',0),(15,0,1,13,19,'',NULL,'Organ Products','',0),(16,0,1,18,0,'',NULL,'Impedance (Z) Meters','',0),(21,0,1,22,0,'',NULL,'Sound Enhancers','',0),(17,0,1,16,0,'',NULL,'Audio Generators','',0),(18,0,1,23,0,'',NULL,'Electronic Components','',0),(19,0,1,20,0,'',NULL,'Allen boards & parts','',0),(20,0,1,21,0,'',NULL,'Used Allens','',0),(22,0,1,24,0,'',NULL,'Organ Plans','',0),(23,0,1,0,0,'Universal LED Strips',NULL,'Accent Lighting','',0),(24,0,1,0,0,'MIDI based converters, adapters, sound generators, replacement for MOS 1 computers',NULL,'MIDI PRODUCTS','',0);

--
-- Table structure for table `Inventory`
--

CREATE TABLE `Inventory` (
  `ID` int(11) NOT NULL AUTO_INCREMENT,
  `productID` int(11) NOT NULL DEFAULT '0',
  `categoryID` int(11) NOT NULL DEFAULT '0',
  PRIMARY KEY (`ID`),
  KEY `categoryID` (`categoryID`),
  KEY `ID` (`ID`)
) ENGINE=MyISAM AUTO_INCREMENT=427 DEFAULT CHARSET=latin1;

--
-- Dumping data for table `Inventory`
--

INSERT INTO `Inventory` VALUES (377,1,2),(376,3,2),(378,4,2),(202,5,2),(30,6,2),(412,7,11),(387,8,11),(383,9,9),(382,10,9),(189,11,12),(408,12,12),(416,13,12),(355,14,10),(401,15,10),(402,16,10),(403,17,10),(405,18,10),(406,19,10),(354,20,10),(78,21,10),(79,22,10),(386,23,9),(385,24,9),(410,25,9),(409,26,9),(411,27,9),(112,28,4),(115,29,4),(283,30,21),(311,31,21),(317,63,24),(426,61,24),(318,64,14),(379,35,3),(335,65,6),(137,39,14),(390,68,5),(399,44,21),(413,45,13),(156,46,7),(164,47,22),(415,49,21),(414,51,21),(169,52,19),(419,53,19),(233,54,19),(424,55,21),(193,56,23),(216,57,21),(180,58,21),(181,58,19),(182,58,20),(398,59,10),(397,59,5),(422,62,24),(407,67,24);

--
-- Table structure for table `Invoice`
--

CREATE TABLE `Invoice` (
  `ID` int(11) NOT NULL AUTO_INCREMENT,
  `date` datetime DEFAULT NULL,
  `purchasedby` int(11) NOT NULL DEFAULT '0',
  `deliverto` int(11) NOT NULL DEFAULT '0',
  `processed` int(11) NOT NULL DEFAULT '0',
  `shiptype` varchar(50) DEFAULT NULL,
  `shipcost` double(8,2) NOT NULL DEFAULT '0.00',
  `comment` blob,
  `cart_total` double(8,2) DEFAULT NULL,
  `tax` double(8,2) DEFAULT NULL,
  PRIMARY KEY (`ID`),
  KEY `ID` (`ID`)
) ENGINE=MyISAM AUTO_INCREMENT=1200 DEFAULT CHARSET=latin1;

--
-- Dumping data for table `Invoice`
--

INSERT INTO `Invoice` VALUES (1,'2006-07-21 11:19:25',1,1,1,'By Lbs',8.00,'',NULL,NULL),(3,'2006-07-23 18:41:11',3,3,1,'By Lbs',8.00,'',NULL,NULL),(5,'2006-07-26 12:21:56',5,5,1,'By Lbs',8.00,'',NULL,NULL),(7,'2006-07-26 12:29:45',7,7,1,'By Lbs',8.00,'',NULL,NULL),(8,'2006-08-06 12:33:23',9,9,1,'By Lbs',8.00,'',NULL,NULL),(9,'2006-08-07 10:27:07',10,11,1,'By Lbs',9.00,'',NULL,NULL),(10,'2006-08-18 12:30:25',13,13,1,'UPS',9.50,'',NULL,NULL),(11,'2006-08-21 05:33:29',14,14,1,'Mailer',7.50,'',NULL,NULL),(12,'2006-08-25 09:43:51',15,15,1,'Mailer',7.50,'',NULL,NULL),(13,'2006-08-31 16:42:03',16,16,1,'UPS',8.00,'',NULL,NULL),(14,'2006-09-06 13:34:15',17,17,1,'UPS',9.00,'',NULL,NULL),(15,'2006-09-12 21:24:38',18,18,1,'UPS',8.00,'',NULL,NULL),(16,'2006-09-15 12:03:59',19,19,1,'UPS',8.00,'',NULL,NULL),(17,'2006-09-15 15:10:13',20,20,1,'UPS',8.00,'',NULL,NULL),(18,'2006-09-17 13:25:33',21,21,1,'INTERNATIONAL',0.00,'',NULL,NULL),(19,'2006-09-17 19:48:40',22,22,1,'UPS',9.00,'',NULL,NULL),(20,'2006-09-19 15:35:53',23,23,1,'UPS',9.00,'',NULL,NULL),(21,'2006-09-19 22:05:32',24,24,1,'UPS',9.00,'Pleas decline signature required on shipping.',NULL,NULL),(22,'2006-09-20 20:14:35',26,26,1,'UPS',10.00,'',NULL,NULL),(23,'2006-09-25 08:10:55',27,27,1,'INTERNATIONAL',0.00,'',NULL,NULL),(24,'2006-09-26 14:29:20',28,28,1,'UPS',9.00,'',NULL,NULL),(25,'2006-09-29 07:52:48',29,30,1,'UPS',9.00,'This is a business address',NULL,NULL),(26,'2006-10-02 10:11:23',31,31,1,'UPS',9.00,'',NULL,NULL),(27,'2006-10-02 10:13:51',32,32,1,'UPS',9.00,'',NULL,NULL),(28,'2006-10-04 09:22:08',33,34,1,'INTERNATIONAL',0.00,'Please ship via US postal service.  thx',NULL,NULL),(29,'2006-10-06 14:55:45',35,35,1,'UPS',9.00,'',NULL,NULL),(30,'2006-10-12 15:11:16',36,36,1,'INTERNATIONAL',0.00,'',NULL,NULL),(31,'2006-10-14 10:32:39',38,38,1,'UPS',9.00,'',NULL,NULL),(32,'2006-10-17 05:44:51',39,39,1,'UPS',9.25,'Pls. contact me if I have ordered the wrong item.  I noticed a \"stereo\" version of this same unit in the listing but could not find any information in the \"pull down\",  It was blank.  I have an Allen 301, MOS 1.  I think I have ordered the correct item.  If, I have made an mistake or the stereo unit is a better choice, please contact me.  Thanks and regards,  JIM',NULL,NULL),(35,'2006-10-24 09:03:45',42,42,1,'UPS',9.00,'',NULL,NULL),(34,'2006-10-23 08:46:48',41,41,1,'INTERNATIONAL',0.00,'Please mark as value 20USD.',NULL,NULL),(36,'2006-10-25 08:47:50',43,44,1,'UPS',9.25,'',NULL,NULL),(37,'2006-10-29 12:08:37',45,45,1,'INTERNATIONAL',0.00,'',NULL,NULL),(38,'2006-10-29 16:39:46',46,47,1,'UPS',9.00,'',NULL,NULL),(39,'2006-11-03 18:41:13',49,49,1,'UPS',9.25,'',NULL,NULL),(40,'2006-11-04 15:13:03',50,50,1,'UPS',9.00,'To reduce my freight costs, Please ship with the two items I ordered   yesterday evening :\r\n  \r\n1 	PFMOD LP-1 		\r\n1 	FMOD (Filter Module) Low Pass RCA Level Crossover(70hz) \r\n',NULL,NULL),(41,'2006-11-13 09:25:17',51,51,1,'INTERNATIONAL',0.00,'',NULL,NULL),(42,'2006-11-13 18:12:22',52,52,1,'UPS',9.00,'',NULL,NULL),(43,'2006-11-15 06:56:24',53,53,1,'INTERNATIONAL',0.00,'',NULL,NULL),(44,'2006-11-18 23:14:01',54,54,1,'UPS',9.00,'',NULL,NULL),(45,'2006-11-20 11:25:50',55,55,1,'UPS',9.00,'',NULL,NULL),(46,'2006-11-20 11:32:38',56,56,1,'UPS',9.00,'',NULL,NULL),(47,'2006-11-21 09:37:47',57,57,1,'INTERNATIONAL',0.00,'',NULL,NULL),(48,'2006-11-22 06:31:52',58,58,1,'INTERNATIONAL',0.00,'',NULL,NULL),(49,'2006-11-28 01:06:46',59,60,1,'INTERNATIONAL',0.00,'',NULL,NULL),(50,'2006-11-29 16:31:17',61,61,1,'UPS',9.25,'',NULL,NULL),(51,'2006-12-01 15:50:44',63,63,1,'UPS',9.00,'',NULL,NULL),(52,'2006-12-10 16:32:25',64,64,1,'UPS',9.00,'',NULL,NULL),(53,'2006-12-13 03:47:55',65,65,1,'INTERNATIONAL',0.00,'',NULL,NULL),(54,'2006-12-19 14:06:28',67,67,1,'UPS',9.00,'',NULL,NULL),(55,'2006-12-25 18:50:59',68,68,1,'INTERNATIONAL',0.00,'',NULL,NULL),(56,'2006-12-26 07:23:33',69,69,1,'UPS',9.00,'',NULL,NULL),(60,'2006-12-29 13:12:21',73,73,1,'UPS',9.25,'',NULL,NULL),(59,'2006-12-27 14:59:47',72,72,1,'UPS',9.00,'',NULL,NULL),(61,'2006-12-30 12:30:02',74,74,1,'UPS',9.00,'',NULL,NULL),(62,'2007-01-02 03:17:13',75,76,1,'INTERNATIONAL',0.00,'Just ship as small air mail or cheap package rate.  Cheap as possible air, thanks...',NULL,NULL),(63,'2007-01-03 01:39:43',77,77,1,'INTERNATIONAL',0.00,'',NULL,NULL),(64,'2007-01-08 16:00:53',78,78,1,'UPS',9.25,'',NULL,NULL),(65,'2007-01-08 16:52:30',79,79,1,'UPS',9.25,'',NULL,NULL),(66,'2007-01-14 11:07:42',80,80,1,'INTERNATIONAL',0.00,'',NULL,NULL),(67,'2007-01-16 10:13:21',81,81,1,'INTERNATIONAL',0.00,'',NULL,NULL),(68,'2007-01-19 10:10:12',82,82,1,'UPS',9.00,'',NULL,NULL),(69,'2007-01-25 01:24:08',83,83,1,'UPS',9.00,'',NULL,NULL),(70,'2007-01-25 08:44:57',84,84,1,'UPS',9.00,'',NULL,NULL),(71,'2007-01-29 16:43:35',85,86,1,'UPS',10.00,'',NULL,NULL),(72,'2007-01-31 04:07:28',87,87,1,'INTERNATIONAL',0.00,'',NULL,NULL),(73,'2007-02-01 15:21:22',88,88,1,'INTERNATIONAL',0.00,'',NULL,NULL),(74,'2007-02-02 10:54:41',89,89,1,'INTERNATIONAL',0.00,'',NULL,NULL),(75,'2007-02-09 14:23:51',90,90,1,'UPS',9.00,'',NULL,NULL),(76,'2007-02-11 14:49:22',91,91,1,'UPS',9.00,'',NULL,NULL),(77,'2007-02-12 00:37:40',92,92,1,'INTERNATIONAL',0.00,'i don\'t need express mail and i don\'t like ups so maybe just standard united states postal service would be best',NULL,NULL),(78,'2007-02-12 15:30:47',93,93,1,'UPS',9.00,'',NULL,NULL),(79,'2007-02-13 19:04:10',94,94,1,'UPS',9.00,'',NULL,NULL),(80,'2007-02-19 09:59:32',95,95,1,'INTERNATIONAL',0.00,'',NULL,NULL),(81,'2007-02-19 21:58:29',96,96,1,'UPS',9.00,'',NULL,NULL),(82,'2007-02-21 15:03:10',97,98,1,'UPS',9.00,'',NULL,NULL),(83,'2007-03-02 14:40:10',99,99,1,'UPS',9.00,'',NULL,NULL),(84,'2007-03-05 12:17:09',102,102,1,'UPS',9.00,'',NULL,NULL),(85,'2007-03-06 14:44:32',103,103,1,'UPS',9.00,'',NULL,NULL),(86,'2007-03-08 17:55:24',104,104,1,'UPS',9.00,'',NULL,NULL),(87,'2007-03-11 11:39:07',105,105,1,'UPS',9.25,'',NULL,NULL),(88,'2007-03-11 14:18:35',106,106,1,'UPS',9.00,'',NULL,NULL),(89,'2007-03-12 07:45:42',107,107,1,'UPS',9.00,'',NULL,NULL),(90,'2007-03-14 15:48:20',108,108,1,'INTERNATIONAL',0.00,'please advise postage via usps',NULL,NULL),(91,'2007-03-20 00:14:58',109,109,1,'INTERNATIONAL',0.00,'',NULL,NULL),(92,'2007-03-22 15:00:08',110,110,1,'UPS',9.00,'',NULL,NULL),(93,'2007-03-26 13:32:31',111,111,1,'UPS',9.00,'Ok to leave on front porch',NULL,NULL),(94,'2007-03-27 20:48:39',112,112,1,'UPS',9.00,'',NULL,NULL),(95,'2007-03-29 07:13:52',113,114,1,'UPS',9.00,'',NULL,NULL),(96,'2007-03-30 12:02:04',115,115,1,'UPS',9.25,'',NULL,NULL),(97,'2007-04-01 16:52:14',116,116,1,'UPS',9.00,'',NULL,NULL),(98,'2007-04-05 12:35:54',117,117,1,'UPS',9.50,'',NULL,NULL),(99,'2007-04-06 06:51:22',118,119,1,'UPS',9.00,'PO# F10403',NULL,NULL),(100,'2007-04-12 08:47:44',120,120,1,'UPS',10.75,'',NULL,NULL),(101,'2007-04-13 11:51:43',121,122,1,'UPS',9.00,'',NULL,NULL),(102,'2007-04-14 17:05:43',123,123,1,'UPS',9.00,'',NULL,NULL),(103,'2007-04-16 12:31:51',125,125,1,'UPS',9.00,'',NULL,NULL),(104,'2007-04-25 04:04:03',126,126,1,'INTERNATIONAL',0.00,'',NULL,NULL),(105,'2007-04-27 10:04:35',127,127,1,'INTERNATIONAL',0.00,'',NULL,NULL),(106,'2007-04-27 22:00:10',128,128,1,'UPS',9.00,'',NULL,NULL),(107,'2007-05-05 11:35:02',129,129,1,'UPS',9.00,'',NULL,NULL),(108,'2007-05-06 08:28:11',130,131,1,'UPS',9.00,'',NULL,NULL),(109,'2007-05-12 17:57:54',132,132,1,'UPS',9.25,'Glad to find you!',NULL,NULL),(110,'2007-05-14 02:37:42',134,134,1,'UPS',9.00,'',NULL,NULL),(111,'2007-05-14 13:18:37',135,136,1,'UPS',9.00,'',NULL,NULL),(112,'2007-05-16 07:36:36',137,137,1,'UPS',10.50,'PO 3211',NULL,NULL),(115,'2007-05-24 12:32:15',141,141,1,'INTERNATIONAL',0.00,'',NULL,NULL),(116,'2007-05-24 18:26:48',142,142,1,'UPS',9.00,'',NULL,NULL),(117,'2007-05-28 00:42:53',144,144,1,'INTERNATIONAL',0.00,'My State in Australia is VICTORIA.',NULL,NULL),(114,'2007-05-17 15:00:37',139,140,1,'UPS',9.25,'',NULL,NULL),(118,'2007-06-02 13:55:06',145,145,1,'UPS',9.25,'',NULL,NULL),(119,'2007-06-11 12:12:22',146,146,1,'UPS',10.75,'',NULL,NULL),(120,'2007-06-11 14:50:11',147,147,1,'INTERNATIONAL',0.00,'',NULL,NULL),(121,'2007-06-12 22:18:28',148,148,1,'UPS',9.00,'',NULL,NULL),(122,'2007-06-13 20:35:52',149,149,1,'INTERNATIONAL',0.00,'',NULL,NULL),(123,'2007-06-15 04:00:02',150,150,1,'UPS',9.00,'',NULL,NULL),(124,'2007-06-16 05:24:30',151,151,1,'UPS',9.00,'',NULL,NULL),(125,'2007-06-19 00:07:13',152,152,1,'INTERNATIONAL',0.00,'',NULL,NULL),(129,'2007-06-24 15:52:16',157,157,1,'INTERNATIONAL',0.00,'',NULL,NULL),(127,'2007-06-20 00:15:29',155,155,1,'UPS',9.00,'',NULL,NULL),(128,'2007-06-20 06:20:15',156,156,1,'UPS',11.75,'',NULL,NULL),(130,'2007-06-24 21:45:28',158,159,1,'UPS',9.00,'',NULL,NULL),(131,'2007-06-28 14:52:54',161,161,1,'UPS',9.25,'',NULL,NULL),(132,'2007-07-03 02:18:26',162,162,1,'INTERNATIONAL',0.00,'',NULL,NULL),(133,'2007-07-07 06:21:44',163,163,1,'INTERNATIONAL',0.00,'',NULL,NULL),(134,'2007-07-12 03:20:19',164,164,1,'INTERNATIONAL',0.00,'',NULL,NULL),(136,'2007-07-12 03:26:28',166,166,1,'INTERNATIONAL',0.00,'',NULL,NULL),(137,'2007-07-13 00:39:56',167,167,1,'UPS',9.00,'',NULL,NULL),(138,'2007-07-13 22:51:21',168,168,1,'UPS',9.00,'',NULL,NULL),(139,'2007-07-17 07:06:05',169,169,1,'UPS',9.00,'',NULL,NULL),(140,'2007-07-18 13:23:48',170,170,1,'INTERNATIONAL',0.00,'',NULL,NULL),(141,'2007-07-18 13:43:29',171,171,1,'INTERNATIONAL',0.00,'Hello,\r\nI ordered with my other credit card which is closed to buy something.Please take the money from\r\nmaster card.(not from visa)\r\nThanks.',NULL,NULL),(142,'2007-07-23 03:09:15',172,172,1,'INTERNATIONAL',0.00,'',NULL,NULL),(143,'2007-08-07 08:17:57',173,173,1,'UPS',9.25,'',NULL,NULL),(144,'2007-08-07 13:30:04',174,174,1,'INTERNATIONAL',0.00,'I have not completed the state section as I live in England',NULL,NULL),(145,'2007-08-10 15:31:31',176,176,1,'UPS',9.00,'',NULL,NULL),(146,'2007-08-13 16:31:32',178,178,1,'UPS',9.00,'',NULL,NULL),(147,'2007-08-18 06:14:50',181,181,1,'INTERNATIONAL',0.00,'Dear STAN,\r\nI am buying a pair attenuator 3db.\r\nIs it o.k.\r\nRegards.',NULL,NULL),(148,'2007-08-22 19:08:09',182,182,1,'UPS',10.50,'',NULL,NULL),(149,'2007-08-27 16:07:20',183,183,1,'UPS',9.00,'',NULL,NULL),(150,'2007-09-05 11:45:31',185,185,1,'UPS',9.00,'',NULL,NULL),(151,'2007-09-06 13:35:36',186,186,1,'INTERNATIONAL',0.00,'',NULL,NULL),(152,'2007-09-08 20:42:31',187,187,1,'INTERNATIONAL',0.00,'',NULL,NULL),(153,'2007-09-09 13:38:41',188,188,1,'UPS',9.00,'',NULL,NULL),(154,'2007-09-09 15:30:35',189,189,1,'INTERNATIONAL',0.00,'',NULL,NULL),(155,'2007-09-09 18:32:10',190,191,1,'UPS',9.00,'',NULL,NULL),(156,'2007-09-10 13:59:02',192,192,1,'UPS',9.00,'',NULL,NULL),(157,'2007-09-11 12:01:55',193,193,1,'UPS',9.00,'',NULL,NULL),(158,'2007-09-14 22:33:59',194,195,1,'UPS',10.50,'please have the unit accept 12-14.4 volt input and output of 18-18.5 volt thanks.',NULL,NULL),(159,'2007-09-15 21:05:43',196,196,1,'INTERNATIONAL',0.00,'',NULL,NULL),(160,'2007-09-18 09:01:07',198,198,1,'INTERNATIONAL',0.00,'',NULL,NULL),(161,'2007-09-21 07:12:38',199,200,1,'UPS',11.75,'',NULL,NULL),(162,'2007-09-22 07:04:05',201,202,1,'UPS',9.00,'',NULL,NULL),(163,'2007-09-24 06:46:02',203,203,1,'UPS',9.00,'',NULL,NULL),(164,'2007-09-26 18:04:21',205,205,1,'UPS',9.00,'how long will it take to get to me?',NULL,NULL),(165,'2007-10-01 09:28:49',206,207,1,'UPS',9.00,'',NULL,NULL),(166,'2007-10-03 11:27:53',208,208,1,'UPS',9.00,'',NULL,NULL),(167,'2007-10-03 15:45:58',209,209,1,'UPS',9.00,'I ordered a set of Fmod 70hz hi pass by phone that you can ship together with this order if need be.\r\n\r\nThank You',NULL,NULL),(168,'2007-10-05 14:46:11',210,210,1,'INTERNATIONAL',0.00,'',NULL,NULL),(169,'2007-10-06 13:33:19',211,211,1,'UPS',9.00,'',NULL,NULL),(170,'2007-10-10 05:42:47',212,212,1,'INTERNATIONAL',0.00,'',NULL,NULL),(171,'2007-10-10 10:39:42',213,213,1,'INTERNATIONAL',0.00,'',NULL,NULL),(172,'2007-10-12 08:32:02',214,214,1,'UPS',9.00,'City of Loveland is tax exempt (ID 98-03478).  Please call me before charging to card if you can not remove tax.',NULL,NULL),(173,'2007-10-18 10:06:00',216,217,1,'UPS',9.00,'Please send me an e-mail when order is shipped. ',NULL,NULL),(174,'2007-10-21 00:20:05',218,218,1,'INTERNATIONAL',0.00,'',NULL,NULL),(175,'2007-10-22 07:58:53',219,219,1,'INTERNATIONAL',0.00,'',NULL,NULL),(176,'2007-10-25 09:58:05',220,220,1,'UPS',9.25,'',NULL,NULL),(177,'2007-10-25 18:23:37',221,222,1,'UPS',9.00,'',NULL,NULL),(178,'2007-10-27 20:51:28',223,223,1,'UPS',9.25,'',NULL,NULL),(179,'2007-10-28 10:02:03',224,224,1,'UPS',9.00,'',NULL,NULL),(180,'2007-10-29 07:55:43',225,225,1,'UPS',9.00,'',NULL,NULL),(181,'2007-10-29 15:31:01',226,226,1,'UPS',9.00,'',NULL,NULL),(182,'2007-11-05 13:27:19',227,228,1,'UPS',9.00,'',NULL,NULL),(183,'2007-11-06 14:16:41',229,229,1,'UPS',9.25,'',NULL,NULL),(184,'2007-11-16 11:56:33',231,232,1,'INTERNATIONAL',0.00,'',NULL,NULL),(185,'2007-11-16 11:57:10',233,234,1,'INTERNATIONAL',0.00,'',NULL,NULL),(186,'2007-11-25 09:22:21',235,235,1,'UPS',9.25,'',NULL,NULL),(187,'2007-11-29 02:01:23',236,236,1,'UPS',9.00,'',NULL,NULL),(188,'2007-11-29 09:03:55',237,237,1,'UPS',9.00,'',NULL,NULL),(189,'2007-11-29 17:31:18',238,238,1,'INTERNATIONAL',0.00,'',NULL,NULL),(190,'2007-11-30 13:07:59',239,239,1,'UPS',9.00,'',NULL,NULL),(191,'2007-12-12 20:37:23',240,240,1,'UPS',9.00,'this is a mastercard gift card that i am using. thank you.',NULL,NULL),(192,'2007-12-14 13:32:48',241,241,1,'UPS',9.00,'',NULL,NULL),(194,'2007-12-19 12:44:13',243,243,1,'UPS',9.00,'',NULL,NULL),(195,'2007-12-20 20:29:40',244,244,1,'UPS',9.25,'',NULL,NULL),(196,'2007-12-28 17:54:50',245,245,1,'UPS',9.25,'',NULL,NULL),(197,'2007-12-30 22:24:19',246,246,1,'UPS',9.00,'',NULL,NULL),(198,'2008-01-01 17:08:57',247,247,1,'UPS',9.00,'',NULL,NULL),(199,'2008-01-03 10:38:26',248,248,1,'INTERNATIONAL',0.00,'',NULL,NULL),(200,'2008-01-03 17:51:51',249,249,1,'UPS',9.00,'',NULL,NULL),(201,'2008-01-06 12:08:42',250,250,1,'UPS',9.00,'',NULL,NULL),(202,'2008-01-07 23:50:23',251,251,1,'INTERNATIONAL',0.00,'',NULL,NULL),(203,'2008-01-09 12:34:34',252,252,1,'UPS',9.00,'Thank you for your time and consideration.',NULL,NULL),(204,'2008-01-09 20:00:36',253,253,1,'UPS',9.00,'',NULL,NULL),(205,'2008-01-10 08:39:42',254,254,1,'UPS',9.00,'',NULL,NULL),(207,'2008-01-12 11:50:44',257,257,1,'UPS',9.00,'',NULL,NULL),(208,'2008-01-14 15:37:31',258,259,1,'INTERNATIONAL',0.00,'I ordered one pair of subsonic filters with a fixed value of 30 Hz last Sunday. I want to cancel that order and buy the two pairs I have ordered now. Please send an e-mail when they are sent',NULL,NULL),(209,'2008-01-14 20:33:27',260,260,1,'UPS',9.25,'',NULL,NULL),(210,'2008-01-15 11:10:40',261,261,1,'UPS',9.00,'',NULL,NULL),(211,'2008-01-19 10:07:58',262,262,1,'UPS',9.25,'',NULL,NULL),(212,'2008-01-21 23:56:27',263,264,1,'UPS',9.00,'',NULL,NULL),(213,'2008-01-22 17:37:37',265,265,1,'UPS',9.00,'',NULL,NULL),(214,'2008-01-24 05:31:36',267,267,1,'UPS',9.00,'',NULL,NULL),(215,'2008-01-24 13:11:31',268,268,1,'UPS',9.00,'',NULL,NULL),(216,'2008-01-25 17:44:51',269,270,1,'UPS',9.00,'USA phone for UPS: 6102620126. Please rush ship to arrive Jan. 31. Thanks',NULL,NULL),(217,'2008-01-26 05:33:57',271,271,1,'INTERNATIONAL',0.00,'',NULL,NULL),(218,'2008-01-28 12:06:56',272,272,1,'UPS',9.00,'',NULL,NULL),(219,'2008-01-29 18:20:26',273,273,1,'UPS',10.75,'',NULL,NULL),(220,'2008-01-30 03:08:32',274,274,1,'UPS',10.50,'',NULL,NULL),(221,'2008-02-02 12:23:38',275,275,1,'UPS',9.00,'',NULL,NULL),(222,'2008-02-09 09:15:08',277,277,1,'UPS',9.00,'',NULL,NULL),(223,'2008-02-10 10:05:26',278,279,1,'UPS',9.00,'',NULL,NULL),(224,'2008-02-10 14:54:01',280,280,1,'UPS',9.00,'',NULL,NULL),(225,'2008-02-15 12:19:19',281,281,1,'INTERNATIONAL',0.00,'',NULL,NULL),(226,'2008-02-15 19:32:33',282,282,1,'UPS',9.00,'',NULL,NULL),(227,'2008-02-16 13:18:48',283,283,1,'UPS',9.00,'',NULL,NULL),(228,'2008-02-19 13:52:40',284,284,1,'UPS',9.00,'',NULL,NULL),(229,'2008-02-20 14:20:24',285,285,1,'UPS',9.00,'Hi.  Please send me one 70hz high pass and one 1000hz lowpass.  I spoke to a manager on the phone who said that it was possible to make my PAIR of Fmods out of one high pass and one low pass.  Thank you very much.  -Rob',NULL,NULL),(230,'2008-02-21 05:20:22',286,286,1,'INTERNATIONAL',0.00,'',NULL,NULL),(231,'2008-02-21 12:14:36',287,288,1,'INTERNATIONAL',0.00,'please advise approx ETA',NULL,NULL),(232,'2008-02-21 18:06:44',289,289,1,'UPS',9.00,'',NULL,NULL),(233,'2008-02-22 09:59:43',290,290,1,'UPS',9.00,'I believe the x-Connect is stereo, if not please advise.',NULL,NULL),(234,'2008-02-22 15:12:36',291,291,1,'UPS',9.00,'Hi.  Please send one 1000hz low pass and one 70hz high pass fmod.  I ordered one of each the other day, but now I need 2 of each, so please send me one more of each.  Thanks.  -Rob',NULL,NULL),(235,'2008-02-24 21:42:07',292,292,1,'UPS',9.00,'',NULL,NULL),(236,'2008-02-25 16:21:29',293,293,1,'INTERNATIONAL',0.00,'',NULL,NULL),(237,'2008-02-25 17:14:24',294,294,1,'UPS',9.00,'',NULL,NULL),(238,'2008-03-02 11:56:53',295,296,1,'UPS',9.00,'',NULL,NULL),(239,'2008-03-04 16:23:57',297,297,1,'UPS',9.00,'',NULL,NULL),(240,'2008-03-06 14:39:51',298,298,1,'UPS',9.25,'',NULL,NULL),(241,'2008-03-06 16:40:24',299,299,1,'UPS',9.25,'',NULL,NULL),(242,'2008-03-10 07:53:43',300,300,1,'UPS',9.00,'',NULL,NULL),(243,'2008-03-10 10:05:43',301,301,1,'UPS',10.00,'',NULL,NULL),(245,'2008-03-17 11:01:15',303,303,1,'UPS',9.00,'',NULL,NULL),(246,'2008-03-20 09:25:41',304,304,1,'UPS',9.25,'',NULL,NULL),(247,'2008-03-20 20:24:44',305,305,1,'UPS',9.00,'',NULL,NULL),(248,'2008-03-21 17:55:26',306,306,1,'UPS',9.50,'',NULL,NULL),(249,'2008-03-23 21:24:30',307,307,1,'UPS',9.00,'',NULL,NULL),(250,'2008-03-26 11:44:54',308,308,1,'INTERNATIONAL',0.00,'',NULL,NULL),(251,'2008-03-28 10:03:31',309,310,1,'UPS',9.00,'',NULL,NULL),(252,'2008-03-31 06:10:37',311,311,1,'INTERNATIONAL',0.00,'',NULL,NULL),(253,'2008-04-03 07:55:19',312,312,1,'UPS',9.00,'',NULL,NULL),(254,'2008-04-03 12:11:27',313,314,1,'UPS',9.25,'',NULL,NULL),(255,'2008-04-03 12:13:37',315,316,1,'UPS',9.25,'cell phone 919-593-1355',NULL,NULL),(256,'2008-04-07 12:05:38',317,318,1,'UPS',9.00,'please ship today if possible\r\nthanks!',NULL,NULL),(257,'2008-04-07 12:41:17',319,319,1,'UPS',9.00,'',NULL,NULL),(258,'2008-04-09 01:05:26',320,320,1,'INTERNATIONAL',0.00,'',NULL,NULL),(259,'2008-04-12 19:32:17',322,322,1,'UPS',9.25,'',NULL,NULL),(260,'2008-04-14 12:48:42',323,324,1,'UPS',9.00,'',NULL,NULL),(261,'2008-04-14 14:02:32',325,325,1,'UPS',10.00,'',NULL,NULL),(262,'2008-04-15 06:50:24',326,326,1,'UPS',9.00,'',NULL,NULL),(263,'2008-04-17 22:00:20',327,327,1,'UPS',9.00,'',NULL,NULL),(264,'2008-04-20 15:58:18',328,328,1,'UPS',9.00,'',NULL,NULL),(265,'2008-04-21 09:47:29',329,330,1,'UPS',9.00,'',NULL,NULL),(266,'2008-04-23 15:14:34',331,331,1,'UPS',9.25,'',NULL,NULL),(267,'2008-04-24 15:28:06',332,333,1,'UPS',9.50,'Thank you.\r\nThe shipping is bussiness address',NULL,NULL),(268,'2008-04-25 09:16:34',334,334,1,'UPS',9.00,'',NULL,NULL),(269,'2008-04-28 22:26:32',335,335,1,'UPS',9.00,'',NULL,NULL),(270,'2008-05-04 18:13:01',336,337,1,'UPS',9.00,'',NULL,NULL),(271,'2008-05-05 06:19:29',338,339,1,'UPS',9.50,'',NULL,NULL),(272,'2008-05-06 00:38:59',341,341,1,'UPS',9.00,'',NULL,NULL),(273,'2008-05-08 13:39:29',342,342,1,'UPS',9.00,'',NULL,NULL),(274,'2008-05-12 22:19:37',343,344,1,'UPS',9.00,'when do I expect to recieve it?',NULL,NULL),(275,'2008-05-15 01:40:38',345,345,1,'INTERNATIONAL',0.00,'',NULL,NULL),(276,'2008-05-18 16:36:28',346,346,1,'UPS',9.00,'',NULL,NULL),(277,'2008-05-19 04:59:27',347,347,1,'UPS',9.25,'',NULL,NULL),(278,'2008-05-19 19:45:04',348,348,1,'UPS',9.00,'',NULL,NULL),(279,'2008-05-21 13:51:51',349,349,1,'UPS',9.00,'',NULL,NULL),(280,'2008-05-24 19:51:49',350,350,1,'UPS',9.00,'',NULL,NULL),(281,'2008-05-27 16:20:58',352,352,1,'UPS',10.75,'',NULL,NULL),(282,'2008-05-28 18:40:15',353,353,1,'UPS',9.00,'',NULL,NULL),(283,'2008-05-29 13:50:51',354,354,1,'INTERNATIONAL',0.00,'',NULL,NULL),(284,'2008-05-29 14:48:26',355,355,1,'UPS',9.00,'',NULL,NULL),(285,'2008-05-30 14:03:25',356,357,1,'INTERNATIONAL',0.00,'LOCAL, will pick up',NULL,NULL),(286,'2008-06-02 13:44:56',358,358,1,'UPS',9.00,'',39.00,1.56),(287,'2008-06-02 23:39:18',359,359,1,'INTERNATIONAL',0.00,'',98.00,3.92),(288,'2008-06-03 22:34:12',360,361,1,'UPS',9.00,'',29.00,1.16),(289,'2008-06-04 15:10:34',362,362,1,'UPS',9.50,'',73.50,2.94),(290,'2008-06-15 06:58:57',363,363,1,'UPS',9.00,'',24.50,0.98),(291,'2008-06-15 14:39:29',364,364,1,'UPS',9.00,'',39.00,1.56),(292,'2008-06-16 20:37:43',365,365,1,'UPS',9.50,'',87.00,3.48),(293,'2008-06-17 12:51:54',366,366,1,'UPS',11.50,'',520.50,20.82),(294,'2008-06-17 21:16:45',367,367,1,'INTERNATIONAL',0.00,'',117.00,4.68),(295,'2008-06-25 14:56:48',370,371,1,'UPS',9.25,'',49.00,1.96),(296,'2008-06-25 21:27:34',372,372,1,'UPS',9.00,'',29.00,1.16),(297,'2008-06-29 15:06:06',373,373,1,'UPS',9.00,'',24.95,1.00),(298,'2008-07-01 09:08:46',374,374,1,'UPS',9.00,'',24.50,0.98),(299,'2008-07-08 05:26:24',375,376,1,'UPS',9.00,'',24.50,0.98),(300,'2008-07-08 11:19:09',377,377,1,'INTERNATIONAL',0.00,'',24.50,0.98),(301,'2008-07-17 00:32:51',378,378,1,'INTERNATIONAL',0.00,'',24.50,0.98),(302,'2008-07-18 13:32:39',379,379,1,'UPS',9.00,'',39.00,1.56),(303,'2008-07-19 07:59:29',380,381,1,'UPS',9.00,'Thanks',39.00,1.56),(304,'2008-07-21 08:15:04',382,382,1,'UPS',9.00,'',24.50,0.98),(305,'2008-07-22 08:37:33',383,383,1,'UPS',9.00,'',24.50,0.98),(306,'2008-07-24 18:43:03',384,384,1,'INTERNATIONAL',0.00,'',98.00,3.92),(307,'2008-07-27 22:21:27',385,385,1,'UPS',9.00,'',24.50,0.98),(308,'2008-07-29 05:31:21',386,386,1,'UPS',11.25,'',596.00,23.84),(309,'2008-07-29 21:20:50',387,387,1,'INTERNATIONAL',0.00,'',58.00,2.32),(310,'2008-07-30 11:09:53',388,388,1,'UPS',9.00,'',29.00,1.16),(311,'2008-08-09 01:22:13',389,389,1,'INTERNATIONAL',0.00,'',24.95,1.00),(312,'2008-08-09 07:25:47',390,390,1,'UPS',9.00,'',39.00,1.56),(313,'2008-08-12 06:16:10',391,391,1,'UPS',9.25,'',49.00,1.96),(314,'2008-08-12 13:18:05',392,392,1,'INTERNATIONAL',0.00,'',73.50,2.94),(315,'2008-08-15 08:36:24',393,393,1,'UPS',9.00,'',24.95,1.00),(316,'2008-08-19 20:04:19',394,394,1,'INTERNATIONAL',0.00,'',49.00,1.96),(317,'2008-08-22 09:54:57',395,395,1,'UPS',9.25,'VALUES FOR 24db XLR BALANCED IS ALSO 70HZ LP, same as unbal FMODs',93.50,3.74),(318,'2008-08-24 09:56:24',396,396,1,'UPS',9.00,'',24.50,0.98),(319,'2008-08-24 10:02:42',397,397,1,'UPS',9.00,'',34.95,1.40),(320,'2008-08-25 05:49:41',398,399,1,'UPS',10.00,'kingsland cable tv',98.00,3.92),(321,'2008-08-26 09:29:14',400,401,1,'UPS',9.00,'Please ship to my attention at J. Nelson & Company',24.95,1.00),(322,'2008-08-27 00:27:42',402,402,1,'UPS',9.25,'',49.00,1.96),(323,'2008-08-27 01:09:56',403,403,1,'INTERNATIONAL',0.00,'',73.50,2.94),(324,'2008-09-03 12:27:57',404,404,1,'UPS',9.00,'',24.50,0.98),(327,'2008-09-04 16:38:36',408,408,1,'INTERNATIONAL',0.00,'Please ship my order to my workplace.address is--Scotiabank,Negril Square,Negril,Westmoreland,Jamaica,W.I.',49.00,1.96),(326,'2008-09-04 09:26:03',407,407,1,'INTERNATIONAL',0.00,'',29.00,1.16),(328,'2008-09-09 21:03:47',410,410,1,'UPS',9.00,'',39.00,1.56),(329,'2008-09-12 15:01:08',411,411,1,'UPS',9.25,'',49.00,1.96),(330,'2008-09-17 11:38:27',412,413,1,'UPS',9.00,'please send me a 20hz and a 30hz filter instead of 2 of a kind for a mono application ',29.00,1.16),(331,'2008-09-19 13:39:34',414,414,1,'UPS',10.50,'',399.00,15.96),(333,'2008-09-22 10:07:09',417,417,1,'UPS',9.00,'',39.00,1.56),(334,'2008-09-23 05:49:01',418,419,1,'UPS',10.00,'',98.00,3.92),(335,'2008-09-26 01:08:56',420,420,1,'INTERNATIONAL',0.00,'',49.00,1.96),(336,'2008-09-26 01:33:15',421,421,1,'INTERNATIONAL',0.00,'',24.50,0.98),(337,'2008-09-26 08:33:46',422,422,1,'UPS',9.00,'',39.00,1.56),(338,'2008-09-28 10:37:54',423,423,1,'INTERNATIONAL',0.00,'',24.50,0.98),(339,'2008-10-04 12:42:00',424,424,1,'INTERNATIONAL',0.00,'',24.50,0.98),(340,'2008-10-04 18:14:43',425,425,1,'UPS',9.25,'',49.45,1.98),(341,'2008-10-06 12:10:57',426,426,1,'UPS',11.75,'PO 702',245.00,9.80),(342,'2008-10-07 06:45:11',427,427,1,'UPS',9.00,'',24.95,1.00),(343,'2008-10-07 20:44:42',428,428,1,'UPS',9.00,'',24.50,0.98),(344,'2008-10-13 19:30:33',431,431,1,'UPS',9.00,'',24.50,0.98),(345,'2008-10-14 18:37:30',432,432,1,'UPS',9.00,'',29.95,1.20),(346,'2008-10-18 12:28:00',433,433,1,'INTERNATIONAL',0.00,'As soon as possible-  Thank you  !',49.00,1.96),(347,'2008-10-19 19:37:32',434,434,1,'UPS',9.00,'',24.50,0.98),(349,'2008-10-20 07:28:29',436,436,1,'UPS',9.00,'',24.50,0.98),(350,'2008-10-25 11:55:28',437,437,1,'INTERNATIONAL',0.00,'',49.00,1.96),(351,'2008-10-29 08:31:23',438,438,1,'UPS',9.00,'',64.50,2.58),(352,'2008-10-31 11:24:09',439,439,1,'UPS',9.25,'',49.00,1.96),(353,'2008-11-02 14:33:12',440,440,1,'UPS',9.25,'',49.90,2.00),(354,'2008-11-04 05:08:52',441,441,1,'UPS',9.00,'',24.50,0.98),(355,'2008-11-04 07:44:30',442,442,1,'UPS',9.25,'',49.00,1.96),(356,'2008-11-05 15:10:17',443,444,1,'UPS',9.00,'',39.00,1.56),(357,'2008-11-07 11:11:44',445,445,1,'UPS',9.00,'',29.00,1.16),(358,'2008-11-07 17:27:52',446,446,1,'UPS',9.00,'ship Priority Mail if possible,\r\nThanks',24.50,0.98),(359,'2008-11-10 07:17:01',447,447,1,'UPS',9.00,'Love your web site.  I am born again and read the Bible every day.  God Bless you!',24.95,1.00),(360,'2008-11-15 19:27:07',451,451,1,'UPS',9.00,'',24.50,0.98),(361,'2008-11-18 12:59:55',453,454,1,'UPS',9.25,'UPS to street address.  USPS to PO Box.   Thanks',53.50,2.14),(362,'2008-11-25 14:38:10',459,460,1,'UPS',9.00,'',24.50,0.98),(363,'2008-11-27 02:58:51',463,463,1,'UPS',9.00,'',49.00,1.96),(364,'2008-11-29 20:51:00',464,464,1,'UPS',9.00,'',29.00,1.16),(365,'2008-12-02 02:12:55',465,465,1,'INTERNATIONAL',0.00,'',24.95,1.00),(366,'2008-12-03 18:08:30',468,468,1,'UPS',9.00,'',24.50,0.98),(367,'2008-12-04 11:05:06',469,469,1,'UPS',9.00,'',39.00,1.56),(368,'2008-12-04 13:17:10',470,470,1,'UPS',9.25,'There is no street # for this address... Thanks.',49.00,1.96),(369,'2008-12-07 13:54:10',472,472,1,'INTERNATIONAL',0.00,'Needed urgently.  Please ship fastest way.',49.00,1.96),(370,'2008-12-08 12:13:26',473,473,1,'UPS',9.25,'Stan,\r\nGood talking to you today.\r\nDave',59.95,2.40),(371,'2008-12-10 09:13:04',474,474,1,'UPS',9.25,'',69.90,2.80),(372,'2008-12-12 22:19:21',476,476,1,'INTERNATIONAL',0.00,'I have a MOS-1 allen 461. looking forward to your catalog ',5.00,0.20),(373,'2008-12-13 10:00:42',478,478,1,'UPS',9.00,'',24.50,0.98),(374,'2008-12-16 17:05:09',515,515,1,'UPS',9.00,'',39.00,1.56),(375,'2008-12-18 03:01:19',517,518,1,'UPS',9.50,'Flo will pick up and bring to Switzerland...\r\nI have a 5 Dollars coupon also\r\n(Invoice Doc. Num 021959)',164.00,6.56),(376,'2008-12-18 18:17:17',519,519,1,'UPS',9.00,'',34.95,1.40),(377,'2008-12-20 12:57:59',533,533,1,'UPS',9.00,'',39.00,1.56),(378,'2008-12-26 10:59:18',568,568,1,'INTERNATIONAL',0.00,'',24.50,0.98),(379,'2008-12-28 20:32:52',579,579,1,'UPS',9.00,'',24.50,0.98),(380,'2008-12-30 00:01:29',586,586,1,'INTERNATIONAL',0.00,'',0.00,0.00),(381,'2008-12-30 10:50:59',589,589,1,'UPS',9.00,'',29.00,1.16),(382,'2008-12-31 22:25:58',590,591,1,'UPS',9.00,'',24.50,0.98),(383,'2009-01-01 07:02:06',592,592,1,'UPS',9.00,'',24.50,0.98),(384,'2009-01-01 11:49:11',593,593,1,'UPS',9.25,'',89.00,3.56),(385,'2009-01-05 16:49:36',594,594,1,'INTERNATIONAL',0.00,'',24.50,0.98),(386,'2009-01-08 00:38:35',595,595,1,'UPS',9.00,'',24.50,0.98),(387,'2009-01-08 17:17:58',596,596,1,'INTERNATIONAL',0.00,'',24.50,0.98),(388,'2009-01-09 11:10:22',597,597,1,'UPS',10.00,'',98.00,3.92),(389,'2009-01-11 23:21:23',598,598,1,'INTERNATIONAL',0.00,'',24.50,0.98),(390,'2009-01-12 11:51:50',599,599,1,'UPS',9.00,'Please email me with a tracking #',39.00,1.56),(391,'2009-01-12 14:28:02',600,601,1,'UPS',9.00,'',39.00,1.56),(392,'2009-01-13 05:21:12',602,602,1,'UPS',9.00,'',24.50,0.98),(393,'2009-01-13 13:58:02',603,603,1,'UPS',9.00,'',24.50,0.98),(394,'2009-01-22 18:23:54',604,604,1,'UPS',9.00,'',29.00,1.16),(395,'2009-01-26 00:06:55',605,605,1,'INTERNATIONAL',0.00,'',10.00,0.40),(396,'2009-01-29 10:38:19',606,606,1,'UPS',9.00,'',29.00,1.16),(397,'2009-02-02 15:10:33',607,608,1,'UPS',9.00,'',39.00,1.56),(398,'2009-02-02 16:29:25',609,609,1,'UPS',9.00,'',29.00,1.16),(399,'2009-02-06 12:14:47',610,610,1,'UPS',9.00,'',24.50,0.98),(400,'2009-02-10 10:41:41',611,611,1,'INTERNATIONAL',0.00,'',24.50,0.98),(401,'2009-02-12 07:28:34',612,612,1,'INTERNATIONAL',0.00,'',39.00,1.56),(402,'2009-02-15 08:08:33',613,613,1,'INTERNATIONAL',0.00,'',24.50,0.98),(403,'2009-02-19 06:34:44',614,614,1,'UPS',9.00,'',29.00,1.16),(404,'2009-02-20 08:18:25',615,615,1,'UPS',9.00,'',24.50,0.98),(405,'2009-02-20 09:03:54',616,617,1,'UPS',9.00,'',24.50,0.98),(406,'2009-02-22 22:46:46',618,618,1,'UPS',9.00,'',39.00,1.56),(407,'2009-02-24 14:41:29',619,619,1,'UPS',9.00,'',24.50,0.98),(408,'2009-02-26 14:42:17',620,620,1,'INTERNATIONAL',12.50,'',27.50,1.10),(409,'2009-02-28 00:14:48',621,621,1,'UPS',10.00,'',39.00,1.56),(410,'2009-03-01 20:48:08',622,623,1,'UPS',10.00,'',27.50,1.10),(411,'2009-03-02 09:10:12',624,624,1,'UPS',10.00,'',27.50,1.10),(412,'2009-03-02 15:41:44',625,626,1,'UPS',10.00,'Work address.  UPS won\'t leave packages at my house during the day.',99.50,3.98),(413,'2009-03-05 12:24:01',627,627,1,'UPS',10.00,'',24.95,1.00),(414,'2009-03-09 20:05:07',628,628,1,'UPS',10.00,'',27.50,1.10),(415,'2009-03-10 18:01:56',629,629,1,'UPS',11.75,'',249.50,9.98),(416,'2009-03-12 07:47:19',630,630,1,'UPS',10.50,'',299.00,11.96),(417,'2009-03-12 13:45:14',631,631,1,'UPS',10.00,'',55.00,2.20),(418,'2009-03-13 08:26:41',632,632,1,'UPS',10.00,'',29.00,1.16),(419,'2009-03-13 12:36:14',633,633,1,'UPS',10.50,'Please set at 16.5V',249.00,9.96),(420,'2009-03-15 08:26:34',634,634,1,'INTERNATIONAL',17.50,'',55.00,2.20),(421,'2009-03-15 09:58:42',635,636,1,'UPS',10.00,'',49.00,1.96),(422,'2009-03-15 11:03:40',637,637,1,'INTERNATIONAL',17.50,'',98.00,3.92),(423,'2009-03-18 10:38:38',638,638,1,'UPS',10.00,'Please use FedEx Standard Overnight service using our account 1972-6341-5\r\n\r\nThank you.',110.00,4.40),(424,'2009-03-20 12:17:24',639,639,1,'UPS',10.00,'',39.00,1.56),(425,'2009-03-20 13:42:47',640,640,1,'UPS',10.00,'',173.50,6.94),(426,'2009-03-28 12:51:54',641,641,1,'UPS',10.00,'',55.00,2.20),(427,'2009-03-29 17:00:06',642,642,1,'UPS',10.00,'',55.00,2.20),(428,'2009-04-01 14:48:08',643,643,1,'UPS',10.00,'Please ship as soon as possible. Thanks, Don',39.00,1.56),(429,'2009-04-04 14:12:06',644,644,1,'INTERNATIONAL',17.50,'',0.00,0.00),(430,'2009-04-07 09:08:56',645,645,1,'INTERNATIONAL',17.50,'',49.00,1.96),(431,'2009-04-13 09:07:55',646,647,1,'UPS',10.00,'My work address',24.50,0.98),(433,'2009-04-14 06:47:28',650,650,1,'UPS',10.00,'',69.90,2.80),(434,'2009-05-02 14:50:34',651,651,1,'UPS',10.00,'',24.95,1.00),(435,'2009-05-03 10:49:10',652,652,1,'UPS',10.00,'',49.95,2.00),(436,'2009-05-04 11:42:44',653,653,1,'UPS',10.00,'',66.50,2.66),(437,'2009-05-07 07:43:41',654,654,1,'UPS',10.00,'',27.50,1.10),(438,'2009-05-12 07:51:14',655,655,1,'UPS',10.00,'',29.00,1.16),(439,'2009-05-13 04:47:15',656,657,1,'UPS',10.50,'',299.00,11.96),(440,'2009-05-15 10:06:58',658,659,1,'UPS',10.75,'Attn: Shawna',447.00,17.88),(441,'2009-05-18 14:01:20',660,660,1,'UPS',10.00,'',39.00,1.56),(442,'2009-05-18 17:37:57',661,661,1,'UPS',10.00,'',24.50,0.98),(443,'2009-05-20 09:25:20',662,662,1,'UPS',11.75,'',385.00,15.40),(444,'2009-05-24 05:12:16',663,663,1,'UPS',10.00,'',5.00,0.20),(445,'2009-05-26 10:12:22',664,665,1,'UPS',10.00,'',55.00,2.20),(446,'2009-05-28 15:56:37',666,666,1,'INTERNATIONAL',17.50,'',55.00,2.20),(447,'2009-06-02 10:53:14',667,667,1,'UPS',10.00,'',82.50,3.30),(448,'2009-06-03 11:27:32',668,668,1,'UPS',10.00,'',27.50,1.10),(451,'2009-06-13 08:18:37',672,672,1,'UPS',10.00,'',49.00,1.96),(452,'2009-06-16 12:59:01',673,673,1,'UPS',10.00,'',149.00,5.96),(453,'2009-06-21 17:25:31',674,674,1,'UPS',10.00,'',29.50,1.18),(450,'2009-06-11 11:13:27',670,671,1,'UPS',10.50,'',299.00,11.96),(454,'2009-06-23 23:10:07',675,675,1,'UPS',10.00,'',39.00,1.56),(455,'2009-07-07 12:06:34',676,676,1,'UPS',10.00,'',27.50,1.10),(456,'2009-07-08 07:57:35',677,678,1,'UPS',10.00,'',14.95,0.60),(457,'2009-07-08 13:18:23',679,679,1,'UPS',10.00,'20z subsonic hi pass',49.00,1.96),(458,'2009-07-12 14:59:13',680,680,1,'UPS',10.00,'',24.50,0.98),(459,'2009-07-14 18:53:37',681,681,1,'UPS',10.00,'',49.00,1.96),(460,'2009-07-15 10:52:58',682,682,1,'UPS',10.00,'',39.00,1.56),(461,'2009-07-16 11:36:02',683,683,1,'UPS',10.00,'',24.95,1.00),(462,'2009-07-16 17:09:43',684,684,1,'UPS',10.00,'',29.95,1.20),(463,'2009-07-17 13:29:53',685,686,1,'UPS',10.00,'Please omit shipping cost and call with directions to pickup.',27.50,1.10),(464,'2009-07-21 06:34:45',687,687,1,'UPS',10.00,'',198.00,7.92),(465,'2009-07-21 14:47:37',688,689,1,'UPS',10.00,'',55.00,2.20),(466,'2009-07-24 18:47:52',690,690,1,'INTERNATIONAL',17.50,'',55.00,2.20),(467,'2009-07-27 13:42:24',691,691,1,'UPS',10.00,'',29.00,1.16),(468,'2009-07-28 19:29:45',692,692,1,'UPS',10.00,'Credit card name is:\r\nHoward Rodgers\r\nRogersound Labs, LLC',29.00,1.16),(469,'2009-07-29 07:25:30',693,693,1,'UPS',10.00,'',27.50,1.10),(470,'2009-08-02 13:06:00',694,694,1,'UPS',10.00,'',55.00,2.20),(471,'2009-08-03 08:13:36',695,695,1,'UPS',10.00,'',39.00,1.56),(472,'2009-08-05 19:36:27',696,696,1,'UPS',10.00,'',49.00,1.96),(473,'2009-08-06 01:18:13',697,697,1,'UPS',10.00,'',27.50,1.10),(474,'2009-08-10 09:17:57',698,698,1,'UPS',10.00,'',24.50,0.98),(475,'2009-08-13 13:06:59',699,699,1,'UPS',10.00,'',195.00,7.80),(476,'2009-08-14 20:11:35',700,700,1,'UPS',10.00,'',58.00,2.32),(477,'2009-08-20 00:20:28',701,701,1,'UPS',10.00,'',27.50,1.10),(478,'2009-08-20 02:16:54',702,702,1,'INTERNATIONAL',17.50,'',49.00,1.96),(479,'2009-08-22 10:47:42',703,703,1,'INTERNATIONAL',17.50,'',39.00,1.56),(480,'2009-08-23 09:21:50',704,704,1,'UPS',10.00,'',27.50,1.10),(481,'2009-08-24 21:46:21',705,705,1,'UPS',10.00,'',82.50,3.30),(482,'2009-08-25 08:25:21',706,707,1,'UPS',10.00,'',55.00,2.20),(483,'2009-09-09 14:58:14',708,708,1,'INTERNATIONAL',17.50,'',69.90,2.80),(484,'2009-09-11 19:56:55',709,709,1,'UPS',10.00,'',29.00,1.16),(485,'2009-09-18 00:21:39',710,710,1,'INTERNATIONAL',17.50,'',27.50,1.10),(486,'2009-09-21 10:24:33',711,711,1,'INTERNATIONAL',17.50,'',27.50,1.10),(487,'2009-09-21 14:03:40',712,712,1,'UPS',10.00,'',39.00,1.56),(488,'2009-09-21 15:33:49',713,713,1,'UPS',10.50,'',439.00,17.56),(489,'2009-09-22 14:49:44',714,714,1,'UPS',10.00,'',27.50,1.10),(491,'2009-09-25 17:55:44',716,716,1,'UPS',10.75,'',447.00,17.88),(492,'2009-09-27 12:00:49',717,717,1,'UPS',10.00,'',29.00,1.16),(493,'2009-09-28 06:35:50',718,718,1,'INTERNATIONAL',27.50,'',34.50,1.38),(494,'2009-09-28 15:18:25',719,719,1,'INTERNATIONAL',17.50,'For application to Allen Syst 435T  & Allen ADC 4600T',5.00,0.20),(495,'2009-09-29 12:08:09',720,721,1,'UPS',11.25,'',596.00,23.84),(496,'2009-09-29 15:21:16',722,722,1,'UPS',10.00,'',29.00,1.16),(497,'2009-09-29 16:27:33',723,723,1,'INTERNATIONAL',27.50,'',63.50,2.54),(498,'2009-09-29 18:23:19',724,724,1,'INTERNATIONAL',17.50,'',39.00,1.56),(500,'2009-10-06 17:39:30',726,726,1,'UPS',10.00,'',39.00,1.56),(501,'2009-10-08 14:31:28',727,728,1,'UPS',10.50,'',399.00,15.96),(502,'2009-10-09 17:20:30',729,729,1,'UPS',10.00,'',49.00,1.96),(503,'2009-10-15 09:30:12',730,731,1,'UPS',10.00,'Please also send written detailed info pertaining to your SEMOD equalizer for Home use. Info pertaining to connections, impedance, operation, adjusting, warrenty, etc... I would only be connecting the eq to my Home Stereo Pre-amp, Tape monitor input/output, like my current eq. Please include the info in this shipment so i can review the info and make an educated decision. I am very knowledgable of home stereo electronics, My old equalizer is from 1986.I have not been able to find a quality Eq to replace my old one. It is prefered that I connect any new EQ to my system via the Tape Monitor In/Out (L+R). Thanks',49.90,2.00),(504,'2009-10-16 10:45:34',732,732,1,'UPS',10.00,'',298.00,11.92),(505,'2009-10-17 12:08:50',733,733,1,'UPS',10.00,'',29.00,1.16),(506,'2009-10-21 11:47:55',734,734,1,'UPS',10.00,'',73.95,2.96),(507,'2009-10-23 11:37:03',735,735,1,'UPS',10.00,'',49.00,1.96),(508,'2009-10-25 16:14:57',736,736,1,'UPS',10.00,'',24.95,1.00),(510,'2009-11-01 12:20:24',738,738,1,'UPS',10.00,'',27.50,1.10),(511,'2009-11-02 20:10:34',739,739,1,'UPS',10.00,'',173.50,6.94),(512,'2009-11-04 13:06:24',740,740,1,'UPS',10.00,'',27.50,1.10),(513,'2009-11-05 17:27:57',741,741,1,'UPS',10.00,'',68.00,2.72),(514,'2009-11-06 18:06:30',742,742,1,'UPS',10.00,'',55.00,2.20),(515,'2009-11-07 17:20:30',743,743,1,'UPS',10.00,'',27.50,1.10),(518,'2009-11-12 12:02:55',746,747,1,'UPS',10.00,'',24.95,1.00),(519,'2009-11-16 16:46:50',748,748,1,'UPS',10.00,'',24.95,1.00),(520,'2009-11-17 15:35:58',749,749,1,'UPS',10.00,'',39.00,1.56),(521,'2009-11-18 02:09:08',750,750,1,'UPS',10.00,'',39.00,1.56),(522,'2009-11-19 13:46:25',751,751,1,'UPS',10.00,'',27.50,1.10),(523,'2009-11-20 07:43:01',752,752,1,'UPS',10.00,'',195.00,7.80),(524,'2009-11-20 11:58:25',753,753,1,'UPS',10.00,'send today',39.00,1.56),(525,'2009-11-24 10:05:04',754,754,1,'UPS',10.00,'',29.95,1.20),(526,'2009-11-29 22:16:00',755,755,1,'INTERNATIONAL',27.50,'',55.00,2.20),(527,'2009-11-30 13:38:05',756,756,1,'INTERNATIONAL',27.50,'The website will not allow me to order an odd number of FMOD\'s.  I only need 3 500Hz High Pass FMOD\'s but had to order 4.  Stan answered my email on Nov 30, and said if I write a comment explaining this he would take care of it.',55.00,2.20),(528,'2009-12-02 01:08:27',757,757,1,'UPS',10.00,'',39.00,1.56),(529,'2009-12-02 12:09:19',758,758,1,'INTERNATIONAL',17.50,'',27.50,1.10),(530,'2009-12-05 18:54:20',759,759,1,'UPS',10.00,'',27.50,1.10),(531,'2009-12-08 20:42:53',760,760,1,'INTERNATIONAL',27.50,'',55.00,2.20),(532,'2009-12-09 04:50:55',761,761,1,'UPS',10.00,'',27.50,1.10),(533,'2009-12-09 13:51:43',762,763,1,'UPS',10.00,'Thanks!',55.00,2.20),(534,'2009-12-09 16:58:25',764,765,1,'UPS',10.00,'',24.95,1.00),(535,'2009-12-10 10:22:58',766,766,1,'UPS',10.00,'',27.50,1.10),(536,'2009-12-10 15:37:14',767,767,1,'INTERNATIONAL',17.50,'',49.00,1.96),(537,'2009-12-14 11:58:54',768,768,1,'UPS',10.00,'3 day shipping\r\nThanks',24.95,1.00),(538,'2009-12-16 13:40:46',769,769,1,'INTERNATIONAL',41.00,'',165.00,6.60),(539,'2009-12-17 08:33:13',770,770,1,'UPS',10.00,'',55.00,2.20),(540,'2009-12-17 10:12:42',771,772,1,'UPS',10.75,'',165.00,6.60),(541,'2009-12-22 12:29:25',773,773,1,'UPS',10.00,'',39.00,1.56),(542,'2009-12-28 05:55:30',774,774,1,'INTERNATIONAL',17.50,'',29.95,1.20),(543,'2009-12-28 12:27:28',775,775,1,'UPS',10.00,'',39.00,1.56),(544,'2009-12-29 07:44:43',776,776,1,'UPS',10.00,'',5.00,0.20),(545,'2009-12-29 15:01:55',777,777,1,'INTERNATIONAL',17.50,'',27.50,1.10),(546,'2009-12-31 15:05:27',778,778,1,'UPS',10.00,'',24.95,1.00),(547,'2010-01-02 12:29:06',779,779,1,'UPS',10.00,'Please call prior to shipping our order we would like to set up a dealer account for our facility',55.00,2.20),(548,'2010-01-05 18:07:23',780,780,1,'INTERNATIONAL',27.50,'',55.00,2.20),(549,'2010-01-08 14:06:23',781,782,1,'UPS',10.00,'',27.50,1.10),(550,'2010-01-11 19:14:40',783,784,1,'UPS',10.00,'This is the physical address for UPS shipping. Any items shipped through the US Mail should go to the PO Box given in Billing info.',79.85,3.19),(551,'2010-01-12 08:28:29',785,785,1,'UPS',10.00,'',39.00,1.56),(552,'2010-01-13 09:20:27',786,786,1,'INTERNATIONAL',17.50,'',27.50,1.10),(553,'2010-01-14 07:41:31',787,787,1,'UPS',10.00,'',27.50,1.10),(554,'2010-01-15 17:46:19',788,789,1,'UPS',10.00,'Please email me tracking info.',55.00,2.20),(555,'2010-01-15 17:54:56',790,790,1,'UPS',10.00,'',24.50,0.98),(556,'2010-01-18 13:25:04',791,791,1,'UPS',10.00,'',78.00,3.12),(557,'2010-01-22 06:27:53',792,792,1,'UPS',10.00,'',27.50,1.10),(558,'2010-01-22 17:02:37',793,794,1,'US PRIORITY MAIL',7.50,'',29.00,1.16),(559,'2010-01-23 12:14:36',795,795,1,'UPS',12.50,'',68.00,2.72),(560,'2010-01-23 18:08:21',796,796,1,'US PRIORITY MAIL',7.50,'',29.00,1.16),(561,'2010-01-24 21:28:30',797,797,1,'US PRIORITY MAIL',7.50,'',27.50,1.10),(562,'2010-01-25 18:06:40',798,799,1,'US PRIORITY MAIL',7.50,'',55.00,2.20),(563,'2010-01-25 19:32:18',800,801,1,'US PRIORITY MAIL',7.50,'',55.00,2.20),(564,'2010-01-25 20:32:06',802,802,1,'US PRIORITY MAIL',7.50,'',79.95,3.20),(565,'2010-01-27 10:08:20',803,803,1,'INTERNATIONAL',40.00,'COULD YOU PLEASE LET ME KNOW WHEN THESE ITEMS WILL BE DISPATCHED. THANKS.',132.40,5.30),(566,'2010-01-29 15:53:09',804,804,1,'US PRIORITY MAIL',7.50,'',343.45,13.74),(567,'2010-01-30 10:26:39',805,806,1,'UPS',12.50,'',97.00,3.88),(568,'2010-02-04 11:43:27',807,807,1,'UPS',12.50,'',55.00,2.20),(569,'2010-02-05 20:55:31',808,808,1,'UPS',12.50,'',27.50,1.10),(570,'2010-02-06 05:50:14',809,809,1,'INTERNATIONAL',27.50,'',55.00,2.20),(571,'2010-02-06 08:11:03',810,811,1,'UPS',12.50,'',58.00,2.32),(572,'2010-02-11 12:00:23',812,812,1,'UPS',12.50,'',55.00,2.20),(573,'2010-02-12 15:02:02',813,813,1,'UPS',12.50,'',39.00,1.56),(574,'2010-02-17 17:57:22',814,814,1,'UPS',12.50,'',39.00,1.56),(575,'2010-02-18 10:35:08',815,815,1,'UPS',12.50,'',58.00,2.32),(576,'2010-02-19 12:25:05',816,816,1,'UPS',12.50,'',27.50,1.10),(577,'2010-02-19 21:43:27',817,817,1,'UPS',12.50,'Please note STATE is Victoria.\r\nDo not proceed with this order if the normal functions of the Allen are destroyed by the addition of this module.',250.00,10.00),(578,'2010-02-21 10:09:51',818,818,1,'UPS',12.50,'',24.95,1.00),(579,'2010-02-21 15:34:06',819,819,1,'UPS',12.50,'please notify me via email when item has shipped.',24.50,0.98),(580,'2010-02-21 16:36:09',820,820,1,'UPS',12.50,'',149.00,5.96),(581,'2010-02-22 10:27:55',821,821,1,'INTERNATIONAL',44.00,'PLEASE LET ME KNOW IF THIS ORDER IS NOT PROCESSED SO THAT I CAN SUBMIT IT AGAIN. THANKS.',187.40,7.50),(582,'2010-02-22 16:18:28',822,822,1,'UPS',12.50,'',82.50,3.30),(583,'2010-02-22 23:02:33',823,823,1,'UPS',12.50,'I have a 2-manual Allen MOS-1 organ in good working original order -- want to add MIDI the MIDI route for obvious reasons, perhaps Hauptwerk.',5.00,0.20),(584,'2010-02-24 16:19:24',824,825,1,'UPS',12.50,'',39.00,1.56),(585,'2010-02-25 12:58:38',826,827,1,'UPS',12.50,'C/O Sussex Tech High School',27.50,1.10),(586,'2010-02-26 23:25:42',828,828,1,'UPS',12.50,'',27.50,1.10),(587,'2010-02-26 23:27:08',829,829,1,'UPS',12.50,'My ADC4900 has 11 bulbs (I am the guy who emailed you a link to pictures of my card reader) so I will need one more LED than normal (11) - please let me know before charging how much more that will cost if more than a couple dollars.',24.95,1.00),(591,'2010-03-03 11:34:49',833,833,1,'INTERNATIONAL',27.50,'',82.50,3.30),(592,'2010-03-05 12:08:02',834,834,1,'UPS',12.50,'',137.50,5.50),(593,'2010-03-07 08:31:59',835,835,1,'UPS',12.50,'',77.95,3.12),(589,'2010-02-28 09:27:07',831,831,1,'INTERNATIONAL',17.50,'',27.50,1.10),(590,'2010-03-01 08:31:48',832,832,1,'INTERNATIONAL',17.50,'',44.00,1.76),(594,'2010-03-08 10:08:20',836,837,1,'INTERNATIONAL',27.50,'Remember: the adapters need to be 220 Volts',322.50,12.90),(595,'2010-03-08 22:26:09',838,838,1,'UPS',12.50,'',52.45,2.10),(596,'2010-03-09 12:08:07',839,839,1,'UPS',12.50,'',34.95,1.40),(597,'2010-03-09 16:54:40',840,840,1,'UPS',12.50,'100 amp fluxcap i need it to do 18.5volts',599.00,23.96),(598,'2010-03-10 19:51:35',841,841,1,'UPS',12.50,'',5.00,0.20),(599,'2010-03-11 01:41:16',842,843,1,'UPS',12.50,'No price on invoice please.',27.50,1.10),(600,'2010-03-11 14:37:37',844,844,1,'UPS',12.50,'Board exchange',250.00,10.00),(601,'2010-03-12 15:46:30',845,845,1,'UPS',12.50,'',149.00,5.96),(602,'2010-03-12 20:42:06',846,846,1,'UPS',12.50,'',149.00,5.96),(603,'2010-03-14 16:24:06',847,848,1,'UPS',12.50,'',24.95,1.00),(604,'2010-03-15 11:40:13',849,849,1,'UPS',12.50,'',29.00,1.16),(605,'2010-03-15 13:51:41',850,851,1,'INTERNATIONAL',27.50,'P.O. 102762',55.00,2.20),(606,'2010-03-18 02:11:06',852,852,1,'UPS',12.50,'',39.00,1.56),(607,'2010-03-26 14:05:14',853,853,1,'UPS',12.50,'',39.90,1.60),(608,'2010-03-26 16:53:55',854,854,1,'UPS',12.50,'',34.95,1.40),(609,'2010-03-29 18:29:44',855,856,1,'UPS',12.50,'A nice range of hard-to-find but must-have items!',78.95,3.16),(610,'2010-03-30 06:15:40',857,857,1,'UPS',12.50,'',49.00,1.96),(611,'2010-04-01 22:34:50',858,858,1,'UPS',12.50,'',24.95,1.00),(612,'2010-04-04 00:26:53',859,859,1,'INTERNATIONAL',27.50,'',55.00,2.20),(613,'2010-04-04 10:26:28',860,860,1,'UPS',12.50,'',24.50,0.98),(614,'2010-04-05 06:16:18',861,861,1,'UPS',12.50,'',49.00,1.96),(615,'2010-04-06 05:05:04',862,863,1,'UPS',12.50,'',39.00,1.56),(616,'2010-04-10 00:50:31',864,864,1,'INTERNATIONAL',27.50,'',49.00,1.96),(617,'2010-04-10 04:49:21',865,865,1,'INTERNATIONAL',17.50,'',27.50,1.10),(618,'2010-04-10 20:30:23',866,866,1,'UPS',10.50,'',24.50,0.98),(619,'2010-04-16 18:52:21',867,868,1,'UPS',10.50,'',49.00,1.96),(620,'2010-04-17 19:16:40',869,869,1,'UPS',10.50,'If these are insufficient, I trust I can return them.',24.50,0.98),(621,'2010-04-18 08:00:48',870,870,1,'UPS',10.50,'',27.50,1.10),(622,'2010-04-18 11:37:25',871,872,1,'UPS',10.50,'',29.00,1.16),(623,'2010-04-18 21:52:49',873,873,1,'UPS',10.50,'',34.95,1.40),(624,'2010-04-19 07:49:49',874,874,1,'INTERNATIONAL',17.50,'',27.50,1.10),(625,'2010-04-19 11:13:01',875,876,1,'UPS',14.00,'',1045.00,41.80),(626,'2010-04-20 07:36:09',877,878,1,'UPS',10.50,'',165.00,6.60),(627,'2010-04-28 03:57:48',879,879,1,'INTERNATIONAL',17.50,'',5.00,0.20),(628,'2010-04-29 08:35:37',880,880,1,'INTERNATIONAL',17.50,'',27.50,1.10),(629,'2010-04-29 09:24:15',881,881,1,'UPS',10.50,'',5.00,0.20),(630,'2010-05-01 22:59:19',882,882,1,'INTERNATIONAL',27.50,'',87.00,3.48),(631,'2010-05-03 13:56:11',883,883,1,'UPS',10.50,'',220.00,8.80),(632,'2010-05-03 18:00:57',884,884,1,'UPS',10.50,'',29.00,1.16),(633,'2010-05-04 15:47:10',885,885,1,'UPS',10.50,'',27.50,1.10),(634,'2010-05-04 23:50:32',886,887,1,'INTERNATIONAL',17.50,'ANZ Wholesale Risk,\r\nc/o Jacob Sullivan',27.50,1.10),(635,'2010-05-06 14:22:10',888,888,1,'INTERNATIONAL',17.50,'',39.00,1.56),(636,'2010-05-10 05:49:39',889,889,1,'INTERNATIONAL',27.50,'',110.00,4.40),(637,'2010-05-10 10:19:53',890,890,1,'UPS',10.50,'',39.00,1.56),(638,'2010-05-10 19:54:31',891,891,1,'UPS',10.50,'',30.00,1.20),(639,'2010-05-17 04:20:16',892,892,1,'INTERNATIONAL',17.50,'',27.50,1.10),(640,'2010-05-21 10:56:06',893,893,1,'UPS',10.50,'Per your product description, I am assuming I am purchasing a pair of 500Hz high pass crossovers, if not please call 5613080764 David',27.50,1.10),(641,'2010-05-24 08:32:06',894,894,1,'UPS',10.50,'Hi Guys, can you please let me know when this ships?\r\nThanks,\r\njim',39.00,1.56),(642,'2010-05-25 09:59:26',895,896,1,'UPS',10.50,'',44.00,1.76),(643,'2010-06-01 09:07:36',897,898,1,'UPS',10.50,'',14.95,0.60),(644,'2010-06-01 17:35:18',899,899,1,'UPS',10.50,'',78.00,3.12),(645,'2010-06-06 11:26:13',900,900,1,'UPS',10.50,'',39.00,1.56),(646,'2010-06-06 16:14:15',901,901,1,'UPS',10.50,'',5.00,0.20),(647,'2010-06-06 20:24:10',902,902,1,'INTERNATIONAL',17.50,'',24.50,0.98),(650,'2010-06-07 20:49:48',905,905,1,'UPS',10.50,'',29.00,1.16),(651,'2010-06-09 07:23:03',906,906,1,'INTERNATIONAL',40.00,'',299.00,11.96),(652,'2010-06-09 14:50:14',907,907,1,'UPS',10.50,'',39.00,1.56),(653,'2010-06-11 05:17:02',908,909,1,'INTERNATIONAL',47.00,'',196.00,7.84),(654,'2010-06-13 14:40:57',910,910,1,'UPS',10.50,'',24.50,0.98),(655,'2010-06-14 11:51:51',911,912,1,'UPS',10.50,'',27.50,1.10),(656,'2010-06-14 14:33:02',913,914,1,'UPS',10.50,'PLEASE ship by 3-DAY UPS, and add this cost to my bill.  (I didn\'t check the \"Same as above\" box so that you wouldn\'t miss this comment!) Thank you!  :-) ',52.00,2.08),(657,'2010-06-18 07:53:09',915,915,1,'UPS',10.50,'',250.00,10.00),(658,'2010-06-18 08:20:25',916,917,1,'UPS',10.50,'',447.00,17.88),(659,'2010-06-18 10:16:46',918,918,1,'UPS',10.50,'',49.00,1.96),(660,'2010-06-28 12:31:45',919,919,1,'UPS',10.50,'',24.95,1.00),(661,'2010-06-28 13:53:43',920,920,1,'UPS',10.50,'',39.00,1.56),(662,'2010-06-29 00:05:05',921,921,1,'INTERNATIONAL',17.50,'',24.50,0.98),(663,'2010-06-29 20:14:46',922,922,1,'INTERNATIONAL',17.50,'',27.50,1.10),(664,'2010-06-30 04:57:38',923,923,1,'INTERNATIONAL',17.50,'',29.95,1.20),(665,'2010-07-01 12:08:30',924,924,1,'UPS',10.50,'',24.95,1.00),(666,'2010-07-01 16:31:54',925,925,1,'UPS',10.50,'',29.00,1.16),(667,'2010-07-08 10:59:25',926,926,1,'UPS',10.50,'',44.00,1.76),(668,'2010-07-10 08:49:29',927,927,1,'UPS',10.50,'',250.00,10.00),(669,'2010-07-12 11:10:23',928,928,1,'UPS',10.50,'',24.50,0.98),(670,'2010-07-13 08:28:49',929,929,1,'UPS',10.50,'',24.95,1.00),(671,'2010-07-15 11:22:05',930,930,1,'UPS',10.50,'',24.50,0.98),(672,'2010-07-15 13:04:52',931,931,1,'UPS',10.50,'',122.95,4.92),(673,'2010-07-18 06:28:34',932,932,1,'UPS',10.50,'',27.50,1.10),(674,'2010-07-20 02:04:33',933,934,1,'UPS',10.50,'',39.00,1.56),(675,'2010-07-25 13:22:23',935,935,1,'UPS',10.50,'',15.00,0.60),(676,'2010-08-06 10:00:54',936,936,1,'UPS',10.50,'',55.00,2.20),(677,'2010-08-07 18:01:47',937,938,1,'UPS',10.50,'Hello Stan\r\nI had ordered the book as well It paid for but was never shipped ?\r\nPlease email me \r\nSteve,',173.50,6.94),(678,'2010-08-08 16:33:20',939,939,1,'UPS',10.50,'',27.50,1.10),(679,'2010-08-09 07:44:44',940,941,1,'UPS',10.50,'',298.00,11.92),(680,'2010-08-09 15:10:26',942,942,1,'INTERNATIONAL',27.50,'',173.50,6.94),(681,'2010-08-09 17:02:59',943,943,1,'UPS',10.50,'',447.00,17.88),(682,'2010-08-16 11:13:08',944,945,1,'UPS',10.50,'',98.00,3.92),(683,'2010-08-16 12:57:39',946,947,1,'UPS',10.50,'',27.50,1.10),(684,'2010-08-18 11:58:59',948,948,1,'UPS',10.50,'',55.00,2.20),(685,'2010-08-19 23:13:07',949,949,1,'INTERNATIONAL',17.50,'',39.00,1.56),(686,'2010-08-20 00:37:37',950,950,1,'UPS',10.50,'',29.00,1.16),(687,'2010-08-23 16:25:04',951,951,1,'UPS',10.50,'',24.50,0.98),(688,'2010-09-02 10:58:01',952,953,1,'UPS',10.50,'',27.50,1.10),(689,'2010-09-07 06:34:20',954,954,1,'UPS',10.50,'',173.50,6.94),(690,'2010-09-07 12:39:54',955,955,1,'INTERNATIONAL',27.50,'',55.00,2.20),(691,'2010-09-07 13:46:01',956,957,1,'UPS',10.50,'',175.00,7.00),(692,'2010-09-08 17:03:42',958,958,1,'UPS',10.50,'I have sent back my TWG for repairs and please ship everything back together.',24.50,0.98),(693,'2010-09-14 07:30:24',959,959,1,'UPS',10.50,'',27.50,1.10),(694,'2010-09-14 14:42:32',960,960,1,'UPS',10.50,'',29.95,1.20),(695,'2010-09-14 17:16:43',961,961,1,'UPS',10.50,'',34.95,1.40),(696,'2010-09-14 18:13:34',962,962,1,'UPS',10.50,'',49.00,1.96),(697,'2010-09-15 05:59:37',963,964,1,'UPS',10.50,'',149.00,5.96),(698,'2010-09-17 08:29:52',965,965,1,'UPS',10.50,'',27.50,1.10),(699,'2010-09-20 09:20:57',966,966,1,'UPS',10.50,'',149.00,5.96),(700,'2010-09-21 12:05:26',967,967,1,'UPS',10.50,'',78.00,3.12),(701,'2010-09-24 11:05:19',968,969,1,'UPS',10.50,'',29.00,1.16),(702,'2010-09-28 06:00:32',970,971,1,'UPS',14.00,'PO 31890',894.00,35.76),(703,'2010-09-28 13:52:12',972,972,1,'UPS',10.50,'',20.00,0.80),(704,'2010-09-29 15:13:05',973,973,1,'INTERNATIONAL',17.50,'',24.50,0.98),(705,'2010-10-01 20:16:46',974,974,1,'UPS',10.50,'',29.00,1.16),(706,'2010-10-02 13:07:22',975,975,1,'INTERNATIONAL',17.50,'',24.50,0.98),(707,'2010-10-02 21:26:28',976,976,1,'UPS',10.50,'',27.50,1.10),(708,'2010-10-03 11:06:06',977,978,1,'UPS',10.50,'',55.00,2.20),(709,'2010-10-05 17:57:54',979,979,1,'UPS',10.50,'please refer to our prior emails for exact configuration and quote price,Thanks',249.00,9.96),(710,'2010-10-08 20:50:19',980,981,1,'UPS',10.50,'',39.00,1.56),(711,'2010-10-09 20:57:48',982,982,1,'UPS',10.50,'',88.00,3.52),(712,'2010-10-12 16:14:04',983,984,1,'INTERNATIONAL',17.50,'',27.50,1.10),(713,'2010-10-13 07:36:35',985,986,1,'INTERNATIONAL',17.50,'',24.95,1.00),(714,'2010-10-14 13:27:19',987,987,1,'UPS',10.50,'',24.95,1.00),(715,'2010-10-16 22:08:34',988,988,1,'UPS',10.50,'',498.00,19.92),(716,'2010-10-20 10:38:23',989,989,1,'UPS',10.50,'',49.00,1.96),(717,'2010-10-22 18:10:44',990,990,1,'INTERNATIONAL',17.50,'',24.50,0.98),(718,'2010-10-27 16:42:03',991,991,1,'UPS',10.50,'',27.50,1.10),(719,'2010-10-28 16:02:21',992,992,1,'INTERNATIONAL',17.50,'',149.00,5.96),(720,'2010-10-28 21:58:23',993,993,1,'UPS',10.50,'',24.50,0.98),(721,'2010-10-29 18:13:11',994,994,1,'UPS',10.50,'',29.00,1.16),(722,'2010-11-01 21:21:56',995,995,1,'INTERNATIONAL',27.50,'',110.00,4.40),(723,'2010-11-02 05:47:52',996,997,1,'UPS',10.50,'',49.00,1.96),(724,'2010-11-02 12:03:34',998,998,1,'UPS',10.50,'',27.50,1.10),(725,'2010-11-02 17:45:03',999,1000,1,'UPS',10.50,'',24.95,1.00),(726,'2010-11-03 07:15:03',1001,1002,1,'INTERNATIONAL',17.50,'County (State) for shipping is Bedfordshire\r\nSo delivery address is\r\nLeslies of Luton Ltd,\r\n89-93 Park St,\r\nLuton,\r\nBedforshire,\r\nLU1 3HG\r\nThanks',39.00,1.56),(727,'2010-11-05 04:42:21',1003,1003,1,'INTERNATIONAL',17.50,'',149.00,5.96),(728,'2010-11-05 18:51:04',1004,1004,1,'UPS',14.00,'',1238.00,49.52),(729,'2010-11-06 18:21:26',1005,1005,1,'UPS',10.50,'',39.00,1.56),(730,'2010-11-07 16:00:16',1006,1006,1,'UPS',10.50,'',24.50,0.98),(731,'2010-11-09 17:48:34',1007,1007,1,'UPS',14.00,'',1238.00,49.52),(732,'2010-11-09 18:30:43',1008,1008,1,'UPS',10.50,'',55.00,2.20),(733,'2010-11-10 09:05:50',1009,1009,1,'INTERNATIONAL',17.50,'If you have a method to ship to Canada faster, I would be pleased to pay the difference. I am hoping to install this unit for my daughters Baptism on Nov 21. \r\n\r\nThanks, and please keep up the fine work!',149.00,5.96),(734,'2010-11-12 11:48:09',1010,1010,1,'UPS',10.50,'',5.00,0.20),(735,'2010-11-13 21:11:39',1011,1011,1,'UPS',10.50,'',27.50,1.10),(736,'2010-11-15 06:13:24',1012,1012,1,'UPS',10.50,'',24.50,0.98),(737,'2010-11-15 06:41:00',1013,1013,1,'UPS',10.50,'',29.95,1.20),(738,'2010-11-17 19:36:07',1014,1014,1,'INTERNATIONAL',17.50,'',29.00,1.16),(739,'2010-11-19 13:10:07',1015,1015,1,'UPS',10.50,'Hello: Sorry for taking up your time. Needed to clarify what I\'m getting. Thank you... (m.)',24.50,0.98),(740,'2010-11-21 04:15:21',1016,1017,1,'INTERNATIONAL',17.50,'',24.50,0.98),(741,'2010-11-21 13:38:36',1018,1018,1,'UPS',10.50,'',55.00,2.20),(742,'2010-11-22 20:44:14',1019,1019,1,'UPS',10.50,'',29.00,1.16),(743,'2010-11-23 05:17:34',1020,1020,1,'UPS',12.00,'',298.00,11.92),(744,'2010-11-23 14:11:26',1021,1021,1,'UPS',10.50,'Hi Stanley -- you were going to do dealer cost of $20/pair for us. Please ship collect ground on our UPS acct 496524. Thanks and have a nice turkey day!',137.50,5.50),(745,'2010-11-23 15:50:15',1022,1022,1,'UPS',10.50,'',55.00,2.20),(746,'2010-11-24 09:41:46',1023,1023,1,'International 5 days',30.00,'',55.00,2.20),(747,'2010-11-24 14:24:09',1024,1024,1,'UPS',10.50,'',149.00,5.96),(748,'2010-11-27 17:00:04',1025,1025,1,'UPS',10.50,'',73.95,2.96),(749,'2010-11-30 14:45:39',1026,1026,1,'INTERNATIONAL',17.50,'',29.00,1.16),(750,'2010-12-01 12:53:59',1027,1028,1,'UPS',10.50,'',55.00,2.20),(751,'2010-12-01 15:23:29',1029,1029,1,'INTERNATIONAL',17.50,'',49.00,1.96),(752,'2010-12-02 18:35:06',1030,1030,1,'UPS',10.50,'',55.00,2.20),(753,'2010-12-05 21:23:40',1031,1031,1,'UPS',10.50,'',79.40,3.18),(754,'2010-12-07 10:39:31',1032,1033,1,'UPS',10.50,'',24.95,1.00),(755,'2010-12-08 08:15:23',1034,1034,1,'UPS',10.50,'',66.50,2.66),(756,'2010-12-08 09:38:45',1035,1035,1,'UPS',10.50,'',27.50,1.10),(757,'2010-12-10 15:23:48',1036,1036,1,'UPS',10.50,'',27.50,1.10),(758,'2010-12-14 13:05:11',1037,1037,1,'UPS',10.50,'',27.50,1.10),(759,'2010-12-14 19:07:16',1038,1039,1,'UPS',10.50,'',55.00,2.20),(760,'2010-12-16 21:34:58',1040,1041,1,'UPS',10.50,'',39.00,1.56),(761,'2010-12-18 12:58:29',1042,1042,1,'UPS',10.50,'',55.00,2.20),(762,'2010-12-19 10:59:49',1043,1044,1,'INTERNATIONAL',17.50,'Just to clarify it is 12db attenuators I have ordered',24.50,0.98),(763,'2010-12-21 07:53:21',1045,1045,1,'INTERNATIONAL',17.50,'',24.50,0.98),(764,'2010-12-22 15:30:54',1046,1046,1,'UPS',10.50,'',49.00,1.96),(765,'2010-12-23 04:28:17',1047,1047,1,'INTERNATIONAL',27.50,'',98.00,3.92),(766,'2010-12-24 13:10:38',1048,1048,1,'UPS',10.50,'',39.00,1.56),(767,'2010-12-29 08:55:37',1049,1049,1,'INTERNATIONAL',17.50,'',24.95,1.00),(768,'2010-12-30 15:06:51',1050,1050,1,'International 5 days',30.00,'',259.80,10.39),(769,'2011-01-04 08:36:24',1051,1051,1,'International 5 days',30.00,'',149.00,5.96),(770,'2011-01-08 08:00:14',1052,1053,1,'INTERNATIONAL',17.50,'',24.50,0.98),(771,'2011-01-08 08:05:57',1054,1054,1,'INTERNATIONAL',17.50,'',29.95,1.20),(772,'2011-01-08 10:20:01',1055,1055,1,'UPS',10.50,'',27.50,1.10),(773,'2011-01-12 20:57:29',1056,1057,1,'UPS',10.50,'',27.50,1.10),(774,'2011-01-17 18:52:49',1058,1058,1,'UPS',10.50,'',0.00,0.00),(775,'2011-01-18 09:57:31',1059,1059,1,'INTERNATIONAL',17.50,'',39.00,1.56),(776,'2011-01-18 19:20:43',1060,1060,1,'CANADA DSP/TWG',24.50,'',149.00,5.96),(777,'2011-01-20 11:21:42',1061,1061,1,'UPS',10.50,'',24.50,0.98),(778,'2011-01-22 16:01:01',1062,1062,1,'UPS',10.50,'',29.00,1.16),(779,'2011-01-23 11:37:54',1063,1063,1,'UPS',10.50,'',24.95,1.00),(780,'2011-01-24 15:49:14',1064,1064,1,'INTERNATIONAL',17.50,'',27.50,1.10),(781,'2011-01-25 03:26:38',1065,1065,1,'International 5 days',30.00,'',55.00,2.20),(782,'2011-01-25 13:21:02',1066,1067,1,'UPS',10.50,'',27.50,1.10),(783,'2011-01-26 10:03:43',1068,1068,1,'UPS',10.50,'',89.00,3.56),(784,'2011-01-28 06:54:29',1069,1069,1,'UPS',10.50,'',39.00,1.56),(785,'2011-01-28 15:41:43',1070,1070,1,'INTERNATIONAL',27.50,'',78.00,3.12),(786,'2011-01-30 23:44:30',1071,1071,1,'UPS',10.50,'',55.00,2.20),(787,'2011-01-31 11:24:32',1072,1072,1,'UPS',10.50,'',27.50,1.10),(788,'2011-02-01 09:20:59',1073,1073,1,'UPS',10.50,'',153.90,6.16),(789,'2011-02-03 17:24:50',1074,1075,1,'UPS',12.00,'Company Name:\r\nJ. Nelson & Company',448.00,17.92),(790,'2011-02-04 10:41:12',1076,1076,1,'UPS',10.50,'',39.00,1.56),(791,'2011-02-05 15:21:30',1077,1077,1,'UPS',10.50,'',55.00,2.20),(792,'2011-02-05 17:45:08',1078,1078,1,'UPS',10.50,'',27.50,1.10),(793,'2011-02-06 06:44:56',1079,1079,1,'UPS',10.50,'',24.95,1.00),(794,'2011-02-06 13:22:03',1080,1080,1,'INTERNATIONAL',17.50,'',27.50,1.10),(795,'2011-02-07 21:12:09',1081,1081,1,'UPS',10.50,'',27.50,1.10),(796,'2011-02-08 07:35:05',1082,1082,1,'UPS',10.50,'',55.00,2.20),(797,'2011-02-08 12:21:23',1083,1083,1,'UPS',10.50,'',29.95,1.20),(798,'2011-02-08 19:23:26',1084,1085,1,'UPS',10.50,'could you deliver it before 5 p.m\r\nactually am on training at the FCI company in etters pennsylvania and deliver it att to Stacy for me (vishay)',27.50,1.10),(799,'2011-02-10 06:02:57',1086,1086,1,'UPS',10.50,'',29.00,1.16),(800,'2011-02-11 17:53:48',1087,1087,1,'UPS',10.50,'',39.00,1.56),(801,'2011-02-14 12:54:51',1088,1089,1,'INTERNATIONAL',17.50,'',39.00,1.56),(802,'2011-02-15 08:10:24',1090,1091,1,'UPS',10.50,'',24.50,0.98),(803,'2011-02-15 19:30:45',1092,1092,1,'International 5 days',30.00,'',79.50,3.18),(804,'2011-02-16 16:01:02',1093,1093,1,'International 5 days',30.00,'',49.00,1.96),(805,'2011-02-17 12:08:05',1094,1094,1,'UPS',10.50,'',24.50,0.98),(806,'2011-02-17 13:51:17',1095,1095,1,'UPS',10.50,'',59.90,2.40),(807,'2011-02-17 19:06:43',1096,1097,1,'UPS',10.50,'',24.50,0.98),(808,'2011-02-19 20:15:52',1098,1098,1,'UPS',10.50,'',200.00,8.00),(809,'2011-02-20 13:10:32',1099,1099,1,'UPS',10.50,'',27.50,1.10),(810,'2011-02-23 12:28:27',1100,1101,1,'UPS',10.50,'per stan suppose to get free shipping on this order',49.90,2.00),(811,'2011-02-23 19:57:29',1102,1102,1,'UPS',10.50,'',27.50,1.10),(812,'2011-02-27 09:19:00',1103,1103,1,'International 5 days',30.00,'',39.00,1.56),(813,'2011-02-28 09:50:43',1104,1104,1,'UPS',10.50,'Please wire for unbalanced RCA inputs.  TNX. ',215.00,8.60),(814,'2011-02-28 11:03:21',1105,1105,1,'UPS',10.50,'',24.50,0.98),(815,'2011-03-01 20:09:25',1106,1106,1,'UPS',10.50,'',27.50,1.10),(816,'2011-03-02 06:59:45',1107,1107,1,'UPS',10.50,'',24.95,1.00),(817,'2011-03-04 19:21:59',1108,1108,1,'UPS',10.50,'',27.50,1.10),(818,'2011-03-07 05:53:52',1109,1110,1,'UPS',10.50,'att dockmaster\r\nangelwings',69.95,2.80),(819,'2011-03-07 14:58:26',1111,1111,1,'UPS',10.50,'',27.50,1.10),(820,'2011-03-08 05:14:24',1112,1112,1,'UPS',10.50,'',24.50,0.98),(821,'2011-03-08 18:27:56',1113,1114,1,'UPS',12.00,'MIXER to be configured for unbalanced line inputs.',364.00,14.56),(822,'2011-03-10 04:35:40',1115,1115,1,'UPS',10.50,'',29.95,1.20),(823,'2011-03-12 18:45:44',1116,1116,1,'UPS',10.50,'',27.50,1.10),(824,'2011-03-13 13:12:10',1117,1117,1,'UPS',10.50,'',39.00,1.56),(825,'2011-03-14 11:49:28',1118,1119,1,'UPS',10.50,'',39.00,1.56),(826,'2011-03-15 21:59:32',1120,1120,1,'UPS',10.50,'',55.00,2.20),(827,'2011-03-18 12:46:34',1121,1121,1,'UPS',10.50,'',110.00,4.40),(828,'2011-03-23 18:33:19',1122,1122,1,'UPS',10.50,'',156.00,6.24),(829,'2011-03-24 13:21:38',1123,1123,1,'UPS',10.50,'',39.00,1.56),(830,'2011-03-25 14:35:35',1124,1124,1,'UPS',10.50,'',49.00,1.96),(831,'2011-03-26 09:15:57',1125,1125,1,'INTERNATIONAL',17.50,'',39.00,1.56),(832,'2011-03-29 07:07:38',1126,1126,1,'UPS',10.50,'please ship asap\r\nreference PO# 94',55.00,2.20),(833,'2011-03-29 15:12:52',1127,1127,1,'INTERNATIONAL',17.50,'',27.50,1.10),(834,'2011-04-01 04:52:06',1128,1128,1,'UPS',10.50,'',39.00,1.56),(835,'2011-04-01 05:12:29',1129,1129,1,'UPS',10.50,'',24.95,1.00),(836,'2011-04-01 05:26:23',1130,1130,1,'UPS',10.50,'',24.50,0.98),(837,'2011-04-04 08:13:07',1131,1131,1,'International 5 days',30.00,'',34.95,1.40),(838,'2011-04-04 12:24:59',1132,1132,1,'UPS',10.50,'',27.50,1.10),(839,'2011-04-06 19:17:48',1133,1133,1,'UPS',10.50,'',114.95,4.60),(840,'2011-04-07 20:42:02',1134,1134,1,'UPS',10.50,'',27.50,1.10),(841,'2011-04-08 10:45:08',1135,1135,1,'INTERNATIONAL',17.50,'',24.50,0.98),(842,'2011-04-08 11:07:54',1136,1136,1,'UPS',10.50,'',24.50,0.98),(843,'2011-04-08 12:21:36',1137,1137,1,'UPS',10.50,'',149.00,5.96),(844,'2011-04-10 06:25:00',1138,1138,1,'UPS',10.50,'',149.00,5.96),(845,'2011-04-10 09:12:45',1139,1140,1,'UPS',10.50,'',29.50,1.18),(846,'2011-04-13 01:42:42',1141,1141,1,'International 5 days',30.00,'Dear Stan,    \r\n          I do need the power supplies for these items after all.\r\n   I shall be in touch regarding the MOS 1 chips within the next week or so when I have time to go through them. Thank you again for your time yesterday.\r\n  With kind regards,\r\n        Rod.',447.00,17.88),(847,'2011-04-19 06:52:36',1142,1142,1,'UPS',10.50,'',24.50,0.98),(848,'2011-04-20 08:58:42',1143,1143,1,'UPS',10.50,'',39.00,1.56),(849,'2011-04-22 07:01:30',1144,1144,1,'UPS',10.50,'',98.00,3.92),(850,'2011-04-24 12:24:56',1145,1145,1,'UPS',10.50,'',24.50,0.98),(851,'2011-04-25 11:53:57',1146,1146,1,'INTERNATIONAL',27.50,'',49.00,1.96),(852,'2011-04-28 07:07:43',1147,1147,1,'International 5 days',30.00,'shipping invoice not to exceed $35.00\r\nMail actual invoice separately. Thanks',49.00,1.96),(853,'2011-04-28 17:10:45',1148,1148,1,'INTERNATIONAL',17.50,'',24.95,1.00),(854,'2011-04-28 23:25:58',1149,1150,1,'INTERNATIONAL',17.50,'',24.50,0.98),(855,'2011-04-29 12:40:54',1151,1151,1,'UPS',10.50,'',34.95,1.40),(856,'2011-04-30 18:27:44',1152,1152,1,'UPS',10.50,'',39.00,1.56),(857,'2011-05-02 08:12:40',1153,1153,1,'UPS',10.50,'',27.50,1.10),(858,'2011-05-02 14:16:26',1154,1154,1,'UPS',10.50,'',39.00,1.56),(859,'2011-05-04 08:56:47',1155,1155,1,'CANADA DSP/TWG',28.50,'',27.50,1.10),(860,'2011-05-05 11:58:11',1156,1156,1,'UPS',12.00,'',196.00,7.84),(861,'2011-05-12 00:53:28',1157,1157,1,'INTERNATIONAL',17.50,'',39.00,1.56),(862,'2011-05-17 12:54:15',1158,1158,1,'CANADA DSP/TWG',28.50,'Phone only in French',74.85,2.99),(864,'2011-05-20 07:29:09',1160,1160,1,'INTERNATIONAL',17.50,'$15,00 shipping invoice, pls',24.50,0.98),(865,'2011-05-21 19:46:02',1161,1161,1,'INTERNATIONAL',17.50,'',27.50,1.10),(866,'2011-05-25 12:51:53',1162,1162,1,'UPS',10.50,'',149.00,5.96),(868,'2011-06-08 11:37:14',1165,1165,1,'CANADA DSP/TWG',28.50,'',55.00,2.20),(869,'2011-06-09 07:50:00',1166,1166,1,'UPS',10.50,'',137.00,5.48),(870,'2011-06-09 08:56:53',1167,1167,1,'UPS',10.50,'',49.00,1.96),(871,'2011-06-10 12:26:52',1168,1168,1,'UPS',10.50,'',24.50,0.98),(872,'2011-06-12 18:02:06',1169,1169,1,'UPS',10.50,'',39.00,1.56),(873,'2011-06-16 19:28:43',1170,1170,1,'UPS',10.50,'',24.95,1.00),(874,'2011-06-20 12:45:51',1171,1171,1,'UPS',10.50,'',73.50,2.94),(875,'2011-06-21 16:06:15',1172,1172,1,'UPS',10.50,'',82.50,3.30),(876,'2011-06-24 07:02:30',1173,1174,1,'UPS',10.50,'',69.95,2.80),(877,'2011-06-24 14:21:15',1175,1175,1,'INTERNATIONAL 3-5 DAYS',32.00,'',39.00,1.56),(878,'2011-06-27 07:24:37',1176,1176,1,'UPS',10.50,'',49.00,1.96),(879,'2011-06-28 14:09:07',1177,1177,1,'UPS',10.50,'',24.95,1.00),(880,'2011-07-01 07:16:49',1178,1178,1,'UPS In USA only',10.50,'',27.50,1.10),(881,'2011-07-04 11:33:35',1179,1179,1,'UPS',12.00,'',298.00,11.92),(882,'2011-07-05 09:23:16',1180,1180,1,'UPS In USA only',10.50,'',29.00,1.16),(883,'2011-07-07 12:22:42',1181,1181,1,'UPS',10.50,'',39.00,1.56),(884,'2011-07-10 16:23:43',1182,1182,1,'UPS',10.50,'',78.00,3.12),(885,'2011-07-11 20:48:34',1183,1183,1,'UPS In USA only',10.50,'',24.50,0.98),(886,'2011-07-12 13:15:12',1184,1184,1,'UPS In USA only',10.50,'',34.95,1.40),(887,'2011-07-14 19:11:32',1185,1185,1,'UPS In USA only',10.50,'',34.95,1.40),(888,'2011-07-15 20:26:26',1186,1186,1,'UPS',10.50,'',49.00,1.96),(889,'2011-07-17 14:15:31',1187,1187,1,'UPS In USA only',10.50,'',24.95,1.00),(890,'2011-07-18 17:13:39',1188,1188,1,'UPS',10.50,'',29.00,1.16),(891,'2011-07-19 13:26:12',1189,1189,1,'UPS',10.50,'',73.50,2.94),(892,'2011-07-19 21:07:33',1190,1191,1,'UPS',10.50,'ups will not deliver to po box so send to my office',49.00,1.96),(893,'2011-07-22 12:58:01',1192,1192,1,'UPS',10.50,'',24.50,0.98),(894,'2011-07-31 21:07:32',1193,1193,1,'UPS',10.50,'',49.00,1.96),(895,'2011-08-04 11:18:25',1194,1194,1,'UPS In USA only',10.50,'',39.00,1.56),(896,'2011-08-06 14:58:39',1195,1195,1,'UPS In USA only',10.50,'',39.00,1.56),(897,'2011-08-08 17:11:27',1196,1196,1,'UPS',10.50,'Please ship ASAP. Thanks',49.00,1.96),(898,'2011-08-09 20:55:13',1197,1198,1,'UPS',10.50,'',24.95,1.00),(899,'2011-08-12 17:56:32',1199,1199,1,'UPS In USA only',10.50,'',39.00,1.56),(900,'2011-08-13 17:21:41',1200,1200,1,'UPS In USA only',10.50,'',114.95,4.60),(901,'2011-08-16 10:25:06',1201,1201,1,'INTERNATIONAL',27.50,'',88.00,3.52),(902,'2011-08-17 17:53:42',1202,1202,1,'UPS',10.50,'',34.95,1.40),(903,'2011-08-21 20:37:33',1203,1203,1,'CANADA',17.50,'',29.00,1.16),(904,'2011-08-24 11:07:56',1204,1204,1,'INTERNATIONAL',17.50,'when in st maarten call me ill pick it up 0690 359634',39.00,1.56),(905,'2011-08-24 14:35:30',1205,1205,1,'CANADA',17.50,'',24.50,0.98),(906,'2011-08-28 06:47:46',1206,1206,1,'UPS',10.50,'',0.00,0.00),(907,'2011-08-29 09:06:11',1207,1207,1,'UPS In USA only',10.50,'',430.00,17.20),(908,'2011-08-30 02:41:33',1208,1208,1,'UPS',10.50,'',39.00,1.56),(909,'2011-09-04 21:39:34',1209,1210,1,'UPS USA ONLY',10.50,'',39.00,1.56),(910,'2011-09-06 12:14:16',1211,1211,1,'INTERNATIONAL',17.50,'',39.00,1.56),(911,'2011-09-08 19:33:37',1212,1212,1,'UPS USA ONLY',10.50,'',55.00,2.20),(912,'2011-09-10 17:08:35',1213,1213,1,'UPS USA ONLY',10.50,'',0.00,0.00),(913,'2011-09-15 17:57:20',1214,1214,1,'UPS USA ONLY',10.50,'',27.50,1.10),(914,'2011-09-22 09:01:16',1215,1215,1,'UPS USA ONLY',10.50,'',24.95,1.00),(915,'2011-09-27 11:52:02',1216,1216,1,'UPS USA ONLY',10.50,'ship by mail',225.00,9.00),(916,'2011-09-29 10:52:03',1217,1217,1,'UPS USA ONLY',10.50,'',29.95,1.20),(917,'2011-10-03 21:31:15',1218,1218,1,'INTERNATIONAL 3-5 DAYS',45.00,'',294.00,11.76),(918,'2011-10-04 18:18:06',1219,1219,1,'UPS USA ONLY',10.50,'',39.00,1.56),(919,'2011-10-10 09:28:24',1220,1220,1,'INTERNATIONAL',27.50,'',49.00,1.96),(920,'2011-10-13 10:16:35',1221,1221,1,'INTERNATIONAL',17.50,'',29.00,1.16),(921,'2011-10-14 16:20:42',1222,1222,1,'UPS USA ONLY',10.50,'',24.95,1.00),(922,'2011-10-20 22:50:12',1223,1223,1,'UPS USA ONLY',10.50,'',39.00,1.56),(923,'2011-10-21 02:13:36',1224,1225,1,'INTERNATIONAL',17.50,'',29.00,1.16),(924,'2011-10-22 19:36:19',1226,1226,1,'UPS USA ONLY',10.50,'',149.00,5.96),(925,'2011-10-23 08:09:18',1227,1227,1,'UPS USA ONLY',10.50,'',27.50,1.10),(926,'2011-10-24 07:08:32',1228,1228,1,'UPS USA ONLY',10.50,'',39.00,1.56),(927,'2011-10-24 10:39:58',1229,1229,1,'UPS USA ONLY',10.50,'',29.00,1.16),(928,'2011-10-25 09:08:38',1230,1231,1,'UPS USA ONLY',10.50,'Hi Dan, Would you please include a wiring diagram suggesting how we can wire in a headphone jack on this system 120 Allen Organ. The new owner wants to be able to play without disturbing her neighbors ! (apartment dwellers) Also, if you wanted to sell me 5 of these reed switches, that would be fine as well, I\'m replacing one. thanks, Matt.',19.00,0.76),(929,'2011-10-25 15:26:37',1232,1232,1,'INTERNATIONAL',17.50,'',49.00,1.96),(930,'2011-10-26 11:55:23',1233,1233,1,'UPS USA ONLY',10.50,'',55.00,2.20),(931,'2011-10-30 14:29:14',1234,1234,1,'UPS USA ONLY',14.00,'Please configure the two mixers for unbalanced line RCA inputs and 4 full-range outputs - no x-over.',748.00,29.92),(932,'2011-10-30 20:49:48',1235,1235,1,'UPS USA ONLY',10.50,'',24.95,1.00),(933,'2011-11-01 19:05:58',1236,1237,1,'UPS USA ONLY',10.50,'While I live in Chile, I am currently on a 6 month sabbatical leave in NYC, living with my uncle.',27.50,1.10),(934,'2011-11-03 14:11:13',1238,1238,1,'UPS USA ONLY',10.50,'',89.00,3.56),(935,'2011-11-11 10:44:02',1239,1239,1,'UPS USA ONLY',10.50,'',24.50,0.98),(936,'2011-11-15 14:48:06',1240,1240,1,'UPS USA ONLY',10.50,'',173.50,6.94),(937,'2011-11-18 08:15:14',1241,1242,1,'INTERNATIONAL 3-5 DAYS',36.00,'Hello\r\nIf possible please ship these items by US Mail or Fedex or Purolator.  Please try and avoid UPS if you can.  Thanks',49.00,1.96),(938,'2011-11-18 12:45:17',1243,1244,1,'UPS USA ONLY',10.50,'Gate code is 4444',49.00,1.96),(939,'2011-11-19 14:09:31',1245,1245,1,'UPS USA ONLY',10.50,'',27.50,1.10),(940,'2011-11-25 16:12:03',1246,1246,1,'INTERNATIONAL 3-5 DAYS',34.00,'',24.95,1.00),(941,'2011-11-29 14:21:56',1247,1247,1,'UPS USA ONLY',10.50,'',173.50,6.94),(942,'2011-11-29 16:08:07',1248,1248,1,'UPS USA ONLY',10.50,'',39.00,1.56),(943,'2011-11-30 05:43:54',1249,1249,1,'INTERNATIONAL 3-5 DAYS',34.00,'',24.95,1.00),(944,'2011-12-02 11:52:06',1250,1250,1,'UPS USA ONLY',10.50,'',39.00,1.56),(945,'2011-12-06 19:44:57',1251,1251,1,'UPS USA ONLY',10.50,'',39.00,1.56),(946,'2011-12-07 09:45:01',1252,1252,1,'UPS USA ONLY',10.50,'',55.00,2.20),(947,'2011-12-08 12:03:52',1253,1253,1,'UPS USA ONLY',10.50,'',89.85,3.59),(948,'2011-12-09 13:59:02',1254,1254,1,'UPS USA ONLY',10.50,'',29.00,1.16),(950,'2011-12-14 13:53:25',1256,1256,1,'UPS USA ONLY',10.50,'',149.00,5.96),(951,'2011-12-16 07:22:24',1257,1257,1,'INTERNATIONAL',27.50,'',95.50,3.82),(953,'2011-12-18 16:03:56',1259,1259,1,'INTERNATIONAL',17.50,'',27.50,1.10),(954,'2011-12-21 12:04:12',1260,1260,1,'UPS USA ONLY',14.00,'',447.00,17.88),(955,'2011-12-22 11:02:13',1261,1262,1,'UPS USA ONLY',10.50,'',49.00,1.96),(956,'2011-12-26 21:53:00',1263,1263,1,'UPS USA ONLY',10.50,'',24.95,1.00),(957,'2011-12-26 21:56:37',1264,1264,1,'UPS USA ONLY',10.50,'',24.95,1.00),(958,'2011-12-29 00:49:49',1265,1265,1,'UPS USA ONLY',10.50,'You may combine ship with my e-bay order for 2 Stereo Crossover 3500hz LED overload lites at 100 watts\r\nItem # 190510176820  \r\nPayPal Transaction ID B792955N5961615S\r\n**\r\nShipping address is my work locations and facilitates delivery signing requirements.  Please call my daytime phone # if you have questions',108.45,4.34),(959,'2011-12-29 22:41:18',1266,1266,1,'INTERNATIONAL',17.50,'',27.50,1.10),(960,'2011-12-31 08:59:14',1267,1267,1,'UPS USA ONLY',10.50,'',250.00,10.00),(961,'2012-01-02 11:24:33',1268,1268,1,'UPS USA ONLY',10.50,'',149.00,5.96),(962,'2012-01-06 22:43:07',1269,1270,1,'UPS USA ONLY',10.50,'My house burned down in May and is being rebuilt. Please ship to temp address listed above.',52.00,2.08),(963,'2012-01-08 13:55:26',1271,1272,1,'INTERNATIONAL',27.50,'',49.45,1.98),(964,'2012-01-10 10:49:57',1273,1274,1,'UPS USA ONLY',10.50,'',122.50,4.90),(965,'2012-01-10 13:04:31',1275,1275,1,'UPS USA ONLY',10.50,'',149.00,5.96),(966,'2012-02-15 21:09:45',1276,1276,1,'UPS USA ONLY',10.50,'',27.50,1.10),(967,'2012-02-15 21:14:22',1277,1277,1,'UPS USA ONLY',10.50,'',29.00,1.16),(968,'2012-02-15 22:59:40',1278,1278,1,'UPS USA ONLY',10.50,'Recently told a friend about the enhancement and he bought one within the past month or so..   said \"what a difference\",, He did say he gets a loud shot sound when turning on his allen organ, and when turning it off ... any ideas about how to remedy this?, Thanks Myron.',149.00,5.96),(969,'2012-02-17 10:45:32',1279,1280,1,'UPS USA ONLY',10.50,'We moved to Illinois and haven\'t changed mailing address for banks yet.',20.00,0.80),(970,'2012-02-19 11:39:47',1281,1281,1,'INTERNATIONAL',19.75,'',39.00,1.56),(971,'2012-02-23 12:30:28',1282,1282,1,'UPS USA ONLY',10.50,'',39.00,1.56),(972,'2012-02-26 14:59:46',1283,1283,1,'INTERNATIONAL',32.50,'',147.00,5.88),(973,'2012-02-29 13:04:44',1284,1284,1,'INTERNATIONAL',19.75,'',24.50,0.98),(974,'2012-02-29 14:11:54',1285,1285,1,'UPS USA ONLY',10.50,'',164.00,6.56),(975,'2012-02-29 22:01:39',1286,1286,1,'INTERNATIONAL',19.75,'',24.50,0.98),(976,'2012-03-02 12:38:17',1287,1287,1,'UPS USA ONLY',10.50,'',27.50,1.10),(977,'2012-03-03 10:57:44',1288,1288,1,'UPS USA ONLY',10.50,'',34.95,1.40),(978,'2012-03-05 14:52:41',1289,1290,1,'UPS USA ONLY',10.50,'Ref:  Customer PO# 32181',49.00,1.96),(979,'2012-03-07 10:37:07',1291,1291,1,'UPS USA ONLY',10.50,'',24.95,1.00),(980,'2012-03-13 14:20:40',1292,1292,1,'INTERNATIONAL',32.50,'',82.50,3.30),(981,'2012-03-15 16:08:26',1293,1294,1,'UPS USA ONLY',10.50,'Please ship to my work address in Los Angeles',49.00,1.96),(982,'2012-03-17 07:03:21',1295,1295,1,'UPS USA ONLY',10.50,'',173.50,6.94),(983,'2012-03-19 07:35:44',1296,1296,1,'UPS USA ONLY',10.50,'',39.00,1.56),(984,'2012-03-19 09:20:44',1297,1298,1,'UPS USA ONLY',14.00,'',894.00,35.76),(985,'2012-03-20 05:57:22',1299,1299,1,'UPS USA ONLY',10.50,'',27.50,1.10),(986,'2012-03-20 17:56:46',1300,1300,1,'UPS USA ONLY',10.50,'',24.50,0.98),(987,'2012-03-22 17:21:55',1301,1302,1,'UPS USA ONLY',10.50,'',34.95,1.40),(988,'2012-03-24 04:28:56',1303,1303,1,'UPS USA ONLY',10.50,'',27.50,1.10),(989,'2012-03-24 05:07:07',1304,1304,1,'INTERNATIONAL',19.75,'',24.50,0.98),(990,'2012-03-26 20:45:19',1305,1305,1,'UPS USA ONLY',10.50,'',27.50,1.10),(991,'2012-03-26 22:07:47',1306,1306,1,'UPS USA ONLY',10.50,'',198.45,7.94),(992,'2012-03-27 13:41:41',1307,1307,1,'UPS USA ONLY',10.50,'',39.00,1.56),(993,'2012-03-27 20:07:02',1308,1309,1,'INTERNATIONAL',19.75,'',27.50,1.10),(994,'2012-03-29 22:28:54',1310,1310,1,'UPS USA ONLY',10.50,'',24.95,1.00),(995,'2012-03-30 16:22:17',1311,1311,1,'UPS USA ONLY',12.00,'',298.00,11.92),(996,'2012-04-01 19:30:39',1312,1312,1,'UPS USA ONLY',10.50,'',27.50,1.10),(997,'2012-04-02 01:16:56',1313,1313,1,'UPS USA ONLY',10.50,'',0.00,0.00),(998,'2012-04-02 03:10:43',1314,1314,1,'INTERNATIONAL',19.75,'Please put my phone number on my shipping address.',24.50,0.98),(999,'2012-04-02 15:37:39',1315,1315,1,'UPS USA ONLY',10.50,'',27.50,1.10),(1000,'2012-04-07 22:43:51',1316,1316,1,'UPS USA ONLY',10.50,'',55.00,2.20),(1001,'2012-04-11 10:11:22',1317,1317,1,'INTERNATIONAL',19.75,'',24.50,0.98),(1002,'2012-04-11 12:44:15',1318,1318,1,'UPS USA ONLY',10.50,'',149.00,5.96),(1003,'2012-04-13 05:56:57',1319,1320,1,'INTERNATIONAL 3-5 DAYS',41.00,'I\'m resident in the billing address, but for me it\'s easier to receive the products directly in the city where I live in my work place. Best Regards',49.00,1.96),(1004,'2012-04-13 06:06:20',1321,1321,1,'INTERNATIONAL',38.00,'',110.00,4.40),(1005,'2012-04-15 06:08:22',1322,1322,1,'UPS USA ONLY',10.50,'',24.95,1.00),(1006,'2012-04-18 21:44:34',1323,1323,1,'UPS USA ONLY',10.50,'',34.95,1.40),(1007,'2012-04-19 07:10:18',1324,1324,1,'UPS USA ONLY',10.50,'',49.00,1.96),(1008,'2012-04-23 15:24:58',1325,1325,1,'INTERNATIONAL',19.75,'',24.50,0.98),(1009,'2012-04-25 04:42:55',1326,1326,1,'UPS USA ONLY',10.50,'',49.00,1.96),(1010,'2012-04-26 08:57:46',1327,1327,1,'UPS USA ONLY',10.50,'',27.50,1.10),(1012,'2012-05-01 10:27:29',1329,1329,1,'UPS USA ONLY',14.00,'Purchase order #LV-F710022',245.00,9.80),(1013,'2012-05-01 15:17:27',1330,1331,1,'UPS USA ONLY',10.50,'Attn: ME-EM Department\r\nCraig Reynolds',52.00,2.08),(1014,'2012-05-08 19:24:20',1332,1333,1,'UPS USA ONLY',10.50,'I get packages shipped to my office because my apartment complex will not hold them.',24.50,0.98),(1015,'2012-05-13 18:24:58',1334,1334,1,'UPS USA ONLY',10.50,'',131.50,5.26),(1016,'2012-05-16 16:33:39',1335,1335,1,'UPS USA ONLY',10.50,'',110.00,4.40),(1017,'2012-05-18 08:08:08',1336,1336,1,'UPS USA ONLY',10.50,'',27.50,1.10),(1018,'2012-05-18 11:47:57',1337,1337,1,'UPS USA ONLY',10.50,'',27.50,1.10),(1019,'2012-05-25 12:32:39',1338,1338,1,'UPS USA ONLY',10.50,'',24.95,1.00),(1020,'2012-05-26 09:03:06',1339,1339,1,'UPS USA ONLY',10.50,'',110.00,4.40),(1021,'2012-05-26 17:19:09',1340,1340,1,'UPS USA ONLY',10.50,'',24.50,0.98),(1022,'2012-05-28 07:40:24',1341,1341,1,'INTERNATIONAL',19.75,'',39.00,1.56),(1023,'2012-05-29 01:54:20',1342,1342,1,'INTERNATIONAL 3-5 DAYS',41.00,'',58.00,2.32),(1024,'2012-05-29 13:07:16',1343,1343,1,'UPS USA ONLY',10.50,'',49.00,1.96),(1025,'2012-05-31 10:18:14',1344,1344,1,'UPS USA ONLY',10.50,'',27.50,1.10),(1026,'2012-05-31 12:23:22',1345,1345,1,'UPS USA ONLY',10.50,'',27.50,1.10),(1027,'2012-06-02 16:26:58',1346,1346,1,'UPS USA ONLY',10.50,'',200.00,8.00),(1028,'2012-06-05 16:24:48',1347,1347,1,'UPS USA ONLY',10.50,'',24.95,1.00),(1029,'2012-06-08 11:19:45',1348,1348,1,'UPS USA ONLY',10.50,'',5.00,0.20),(1030,'2012-06-11 20:19:18',1349,1349,1,'UPS USA ONLY',10.50,'',24.95,1.00),(1031,'2012-06-23 10:57:02',1350,1350,1,'UPS USA ONLY',10.50,'',39.00,1.56),(1032,'2012-06-26 03:03:21',1351,1351,1,'UPS USA ONLY',10.50,'',24.50,0.98),(1033,'2012-06-27 22:10:41',1352,1352,1,'UPS USA ONLY',10.50,'',24.95,1.00),(1034,'2012-06-30 08:46:29',1353,1353,1,'INTERNATIONAL',32.50,'',55.00,2.20),(1035,'2012-07-03 13:16:30',1354,1354,1,'UPS USA ONLY',10.50,'',39.00,1.56),(1037,'2012-07-10 00:07:29',1356,1356,1,'UPS USA ONLY',10.50,'',24.95,1.00),(1038,'2012-07-10 15:37:08',1357,1357,1,'UPS USA ONLY',10.50,'',24.95,1.00),(1039,'2012-07-11 13:40:42',1358,1359,1,'UPS USA ONLY',14.00,'I contacted you recently about shipping to a different address than the card being used.  The church is paying for the updates to our MOS-1 but I am doing the install and need the parts delivered to me directly.',645.00,25.80),(1040,'2012-07-13 02:39:48',1360,1360,1,'UPS USA ONLY',10.50,'',24.95,1.00),(1041,'2012-07-16 13:03:22',1361,1362,1,'UPS USA ONLY',10.50,'Need this to ship overnight if possible We are doing a job at this location',206.90,8.28),(1042,'2012-07-16 16:46:19',1363,1363,1,'UPS USA ONLY',10.50,'',29.00,1.16),(1043,'2012-07-19 11:17:47',1364,1364,1,'UPS USA ONLY',10.50,'',27.50,1.10),(1044,'2012-07-20 07:17:23',1365,1365,1,'UPS USA ONLY',10.50,'',79.50,3.18),(1045,'2012-07-22 08:16:45',1366,1366,1,'UPS USA ONLY',10.50,'',34.95,1.40),(1046,'2012-07-23 09:56:47',1367,1367,1,'INTERNATIONAL',19.75,'',24.50,0.98),(1047,'2012-07-29 06:20:00',1368,1368,1,'INTERNATIONAL',19.75,'',24.50,0.98),(1048,'2012-07-31 07:11:48',1369,1369,1,'UPS USA ONLY',10.50,'',55.00,2.20),(1049,'2012-08-02 10:29:18',1370,1370,1,'UPS USA ONLY',10.50,'',24.50,0.98),(1050,'2012-08-05 11:10:49',1371,1371,1,'UPS USA ONLY',10.50,'',27.50,1.10),(1051,'2012-08-07 19:10:13',1372,1373,1,'INTERNATIONAL',19.75,'Look forward to receiving the item! :)',24.95,1.00),(1052,'2012-08-08 06:54:16',1374,1374,1,'INTERNATIONAL 3-5 DAYS',41.00,'',55.00,2.20),(1053,'2012-08-11 20:24:57',1375,1376,1,'UPS USA ONLY',10.50,'',27.50,1.10),(1054,'2012-08-13 13:06:01',1377,1377,1,'UPS USA ONLY',10.50,'',24.95,1.00),(1055,'2012-08-14 16:05:21',1378,1379,1,'UPS USA ONLY',10.50,'',27.50,1.10),(1056,'2012-08-14 20:09:44',1380,1380,1,'UPS USA ONLY',10.50,'',27.50,1.10),(1057,'2012-08-15 19:42:53',1381,1382,1,'UPS USA ONLY',10.50,'',27.50,1.10),(1058,'2012-08-24 09:33:00',1383,1383,1,'INTERNATIONAL',19.75,'',27.50,1.10),(1059,'2012-08-25 16:45:22',1384,1384,1,'UPS USA ONLY',10.50,'',39.00,1.56),(1060,'2012-08-27 22:08:15',1385,1385,1,'UPS USA ONLY',10.50,'You will see this order on Tues morning 8/28. I would really appreciate if you you could ship these right away on Tuesday.  I would like to have them before the weekend, as I want to show the organ then. Thank You, Regards, Larry ',24.50,0.98),(1061,'2012-08-28 11:47:33',1386,1386,1,'UPS USA ONLY',14.00,'',591.60,23.66),(1062,'2012-08-29 13:50:31',1387,1387,1,'INTERNATIONAL',32.50,'',82.50,3.30),(1063,'2012-08-30 20:08:11',1388,1389,1,'UPS USA ONLY',10.50,'This is my work address. I work 6-5pm daily dont want package left outside at my house. Thanks. ',39.00,1.56),(1064,'2012-09-02 13:55:33',1390,1391,1,'UPS USA ONLY',10.50,'',225.00,9.00),(1065,'2012-09-04 14:18:01',1392,1392,1,'UPS USA ONLY',14.00,'Hi Stan, as per our conversation today these amps were priced at $299.99 Each for a total of $599.98. also Please remember the wires that you were speaking of and that these amps need to be able to accept a preamp input signal of 8v. \r\nThanks, \r\nKeith  ',698.00,27.92),(1066,'2012-09-10 20:15:55',1393,1394,1,'UPS USA ONLY',10.50,'The reason for different shipping, This address is the shop i work at in which i recieve all my product since im not at home during business hours when ups delivers i have everything shipped to the shop so its always recieved by a person.',27.50,1.10),(1067,'2012-09-13 19:44:01',1395,1395,1,'International Small Items',12.00,'Please email me if you need to tell me anything. Thanks',55.00,2.20),(1070,'2012-09-21 12:29:56',1398,1398,1,'International Small Items',12.00,'',49.00,1.96),(1069,'2012-09-18 12:47:51',1397,1397,1,'UPS USA ONLY',10.50,'',39.00,1.56),(1071,'2012-09-24 16:53:19',1399,1399,1,'UPS USA ONLY',10.50,'Please Mail.  Thanks!',39.00,1.56),(1072,'2012-09-28 19:30:18',1400,1401,1,'International 1st class mail',9.00,'',24.50,0.98),(1073,'2012-09-30 17:49:50',1402,1402,1,'Domestic Mail',5.00,'',27.50,1.10),(1074,'2012-10-01 10:44:17',1403,1404,1,'UPS USA ONLY',10.50,'',581.00,23.24),(1075,'2012-10-07 18:27:38',1405,1405,1,'Domestic Mail',6.00,'',24.95,1.00),(1076,'2012-10-13 14:39:29',1406,1406,1,'Domestic Mail',5.00,'',27.50,1.10),(1077,'2012-10-15 02:55:03',1407,1407,1,'International 1st class mail',9.00,'',24.50,0.98),(1078,'2012-10-18 02:32:17',1408,1408,1,'International 3-5 day',38.00,'',39.00,1.56),(1079,'2012-10-18 11:38:07',1409,1410,1,'Domestic Mail',5.00,'I am using this shipping address in order to consolidate my different purchases in the US. ',24.50,0.98),(1080,'2012-10-21 02:16:37',1411,1412,1,'Domestic Mail',6.00,'Company Name: Keynote',24.95,1.00),(1081,'2012-10-21 11:56:43',1413,1413,1,'Domestic Mail',7.00,'',298.00,11.92),(1082,'2012-10-21 13:46:44',1414,1414,1,'Domestic Mail',6.00,'',7.50,0.30),(1083,'2012-10-23 13:12:25',1415,1415,1,'International 1st class mail',9.00,'',55.00,2.20),(1084,'2012-10-23 16:55:20',1416,1416,1,'Domestic Mail',6.00,'',55.00,2.20),(1085,'2012-10-25 22:53:33',1417,1417,1,'Domestic Mail',5.00,'',0.00,0.00),(1086,'2012-11-01 09:26:21',1418,1418,1,'Domestic Mail',6.00,'',24.95,1.00),(1087,'2012-11-04 04:00:42',1419,1420,1,'Domestic Mail',5.00,'',24.50,0.98),(1088,'2012-11-06 21:15:22',1421,1421,1,'Domestic Mail',5.00,'',24.50,0.98),(1089,'2012-11-07 12:36:32',1422,1422,1,'Domestic Mail',6.00,'',39.00,1.56),(1091,'2012-11-08 05:48:35',1424,1424,1,'International 1st class mail',9.00,'',24.50,0.98),(1092,'2012-11-08 12:56:00',1425,1425,1,'Domestic Mail',5.00,'',27.50,1.10),(1093,'2012-11-09 15:33:36',1426,1427,1,'International 1st class mail',9.00,'HI, both addresses are in Melbourne, State of Victoria, Australia.',55.00,2.20),(1094,'2012-11-12 04:52:03',1428,1428,1,'Domestic Mail',7.00,'',149.00,5.96),(1095,'2012-11-12 10:34:45',1429,1430,1,'UPS USA ONLY',10.50,'**Special Order**  Please build as per phone discussion on 11-8-2012 with 200 to 500 ohm impedance',55.00,2.20),(1096,'2012-11-13 07:36:58',1431,1431,1,'Domestic Mail',6.00,'',24.50,0.98),(1097,'2012-11-13 08:26:28',1432,1432,1,'International 1st class mail',9.00,'',55.00,2.20),(1098,'2012-11-13 16:25:31',1433,1433,1,'Domestic Mail',7.00,'',149.00,5.96),(1099,'2012-11-13 21:16:39',1434,1434,1,'International 1st class mail',9.00,'',29.00,1.16),(1100,'2012-11-14 14:59:12',1435,1436,1,'International 1st class mail',9.00,'',55.00,2.20),(1101,'2012-11-15 13:21:00',1437,1437,1,'Domestic Mail',5.00,'',24.50,0.98),(1103,'2012-11-21 05:40:13',1439,1439,1,'International 1st class mail',9.00,'',104.00,4.16),(1104,'2012-11-21 10:30:08',1440,1440,1,'UPS USA ONLY',10.50,'',300.00,12.00),(1105,'2012-11-23 13:43:03',1441,1441,1,'International 1st class mail',9.00,'',24.50,0.98),(1106,'2012-11-25 04:46:27',1442,1442,1,'International 1st class mail',9.00,'',29.00,1.16),(1107,'2012-11-26 04:28:20',1443,1443,1,'International Priority Mail',19.75,'',39.00,1.56),(1108,'2012-11-26 14:52:00',1444,1444,1,'UPS USA ONLY',10.50,'attn: Stan-pls call me for correct CC data- i don\'t give out CC over internet',78.00,3.12),(1109,'2012-11-27 13:50:22',1445,1445,1,'International 1st class mail',9.00,'',49.00,1.96),(1110,'2012-11-28 13:22:05',1446,1446,1,'UPS USA ONLY',10.50,'',379.00,15.16),(1111,'2012-11-28 18:20:41',1447,1447,1,'Domestic Mail',5.00,'',0.00,0.00),(1112,'2012-12-05 08:22:45',1448,1449,1,'Domestic Mail',7.00,'We are a multi location business - the credit card bills to our corporate headquarters.',59.45,2.38),(1113,'2012-12-06 12:24:02',1450,1450,1,'UPS USA ONLY',10.50,'Please reference PO number: EP125072',73.50,2.94),(1114,'2012-12-06 23:18:59',1451,1451,1,'Domestic Mail',5.00,'',27.50,1.10),(1115,'2012-12-09 13:45:24',1452,1452,1,'Domestic Mail',6.00,'',39.00,1.56),(1116,'2012-12-10 01:33:55',1453,1453,1,'Domestic Mail',6.00,'',55.00,2.20),(1117,'2012-12-11 19:25:48',1454,1454,1,'UPS USA ONLY',10.50,'',39.00,1.56),(1118,'2012-12-14 12:55:24',1455,1455,1,'International 3-5 day',48.00,'Thank again Stan,  I\'ll be sending my MOS boards out to you shortly as well for some diagnostics.  Thank you for your efforts for these organ enhancemnets!  Chris',322.50,12.90),(1119,'2012-12-17 12:08:17',1456,1456,1,'Domestic Mail',6.00,'',39.00,1.56),(1120,'2012-12-20 13:53:18',1457,1457,1,'Domestic Mail',6.00,'',24.50,0.98),(1121,'2012-12-21 12:03:45',1458,1458,1,'Domestic Mail',7.00,'special deal per stan',89.00,3.56),(1122,'2012-12-31 11:47:38',1459,1459,1,'Domestic Mail',5.00,'',27.50,1.10),(1123,'2013-01-01 04:43:50',1460,1461,1,'International 1st class mail',23.50,'Shipping address is my Work place - There there is always on work hour someone that can pick-up the expedition. At home we are only late evening.',39.00,1.56),(1124,'2013-01-03 05:35:45',1462,1462,1,'International Priority Mail',19.75,'',55.00,2.20),(1125,'2013-01-03 12:44:45',1463,1464,1,'UPS USA ONLY',10.50,'Please reference PO number EP125072',73.50,2.94),(1126,'2013-01-03 14:17:07',1465,1465,1,'Domestic Mail',5.00,'',27.50,1.10),(1127,'2013-01-06 09:16:17',1466,1466,1,'Domestic Mail',5.00,'',29.00,1.16),(1128,'2013-01-06 23:26:47',1467,1467,1,'Domestic Mail',5.00,'',27.50,1.10),(1129,'2013-01-07 08:51:16',1468,1468,1,'Domestic Mail',7.00,'',59.90,2.40),(1130,'2013-01-12 21:13:28',1469,1470,1,'Domestic Mail',5.00,'',29.00,1.16),(1131,'2013-01-16 04:59:33',1471,1472,1,'Domestic Mail',5.00,'',24.50,0.98),(1132,'2013-01-16 13:45:45',1473,1473,1,'Domestic Mail',6.00,'The terms ',24.95,1.00),(1133,'2013-01-16 18:25:24',1474,1474,1,'UPS USA ONLY',10.50,'',63.95,2.56),(1134,'2013-01-17 11:32:49',1475,1475,1,'Domestic Mail',6.00,'',250.00,10.00),(1135,'2013-01-17 12:06:04',1476,1476,1,'UPS USA ONLY',10.50,'',27.50,1.10),(1136,'2013-01-22 06:43:53',1477,1477,1,'International 1st class mail',23.50,'',24.50,0.98),(1137,'2013-01-23 16:49:58',1478,1478,1,'Domestic Mail',6.00,'',39.00,1.56),(1138,'2013-01-25 03:17:51',1479,1479,1,'UPS USA ONLY',10.50,'',27.50,1.10),(1139,'2013-01-26 10:23:50',1480,1480,1,'Domestic Mail',6.00,'',24.95,1.00),(1140,'2013-01-29 12:34:06',1481,1481,1,'Domestic Mail',7.00,'',149.00,5.96),(1141,'2013-02-02 09:16:24',1482,1482,1,'Domestic Mail',5.00,'',24.50,0.98),(1142,'2013-02-04 12:35:16',1483,1483,1,'Domestic Mail',6.00,'',29.95,1.20),(1143,'2013-02-04 12:54:47',1484,1484,1,'International 1st class mail',23.50,'',79.50,3.18),(1144,'2013-02-05 11:02:10',1485,1485,1,'Domestic Mail',5.00,'',27.50,1.10),(1145,'2013-02-06 08:46:49',1486,1486,1,'Domestic Mail',6.00,'',39.00,1.56),(1146,'2013-02-06 14:49:33',1487,1487,1,'UPS USA ONLY',10.50,'',411.00,16.44),(1147,'2013-02-12 23:05:22',1488,1488,1,'Domestic Mail',5.00,'',24.50,0.98),(1148,'2013-02-14 13:47:28',1489,1489,1,'UPS USA ONLY',10.50,'',29.00,1.16),(1149,'2013-02-14 13:58:44',1490,1490,1,'UPS USA ONLY',10.50,'',29.95,1.20),(1150,'2013-02-16 13:44:21',1491,1491,1,'Domestic Mail',5.00,'',27.50,1.10),(1151,'2013-02-17 08:47:11',1492,1492,1,'Domestic Mail',5.00,'Thank you!\r\nYours,\r\nDavid',27.50,1.10),(1152,'2013-02-17 13:01:25',1493,1493,1,'Domestic Mail',6.00,'',55.00,2.20),(1153,'2013-02-19 19:43:50',1494,1494,1,'Domestic Mail',5.00,'',27.50,1.10),(1154,'2013-02-20 10:29:59',1495,1495,1,'Domestic Mail',5.00,'',27.50,1.10),(1155,'2013-02-20 16:52:02',1496,1496,1,'Domestic Mail',6.00,'',34.95,1.40),(1156,'2013-02-20 19:27:23',1497,1497,1,'Domestic Mail',5.00,'',27.50,1.10),(1157,'2013-02-22 15:22:32',1498,1498,1,'Domestic Mail',6.00,'',55.00,2.20),(1158,'2013-02-24 14:54:19',1499,1499,1,'Domestic Mail',6.00,'Thanks!',55.00,2.20),(1159,'2013-02-25 09:14:28',1500,1501,1,'UPS USA ONLY',10.50,'PO # bennett',150.00,6.00),(1160,'2013-02-25 11:55:49',1502,1502,1,'Domestic Mail',5.00,'',27.50,1.10),(1161,'2013-02-26 05:17:19',1503,1504,1,'International Priority Mail',19.75,'',39.00,1.56),(1162,'2013-02-26 18:17:16',1505,1506,1,'UPS USA ONLY',10.50,'',379.00,15.16),(1163,'2013-02-26 20:19:13',1507,1507,1,'Domestic Mail',7.00,'',376.50,15.06),(1164,'2013-02-26 20:29:41',1508,1508,1,'Domestic Mail',5.00,'',29.00,1.16),(1165,'2013-02-28 04:28:28',1509,1509,1,'International Priority Mail',19.75,'',24.50,0.98),(1166,'2013-02-28 10:21:35',1510,1510,1,'UPS USA ONLY',10.50,'',123.85,4.95),(1167,'2013-03-01 15:29:40',1511,1511,1,'Domestic Mail',6.00,'',74.95,3.00),(1168,'2013-03-01 22:21:14',1512,1512,1,'Domestic Mail',6.00,'',39.00,1.56),(1169,'2013-03-03 04:24:02',1513,1514,1,'International 1st class mail',12.00,'I am from California, but my wife is Australian and we are living in Australia at the moment.',27.50,1.10),(1170,'2013-03-04 16:04:31',1515,1515,1,'Domestic Mail',5.00,'',24.50,0.98),(1171,'2013-03-05 14:17:51',1516,1516,1,'International 1st class mail',15.00,'',39.00,1.56),(1172,'2013-03-06 14:43:53',1517,1517,1,'UPS USA ONLY',10.50,'',29.95,1.20),(1173,'2013-03-06 19:16:14',1518,1518,1,'International 1st class mail',12.00,'',27.50,1.10),(1174,'2013-03-09 07:24:03',1519,1519,1,'UPS USA ONLY',10.50,'',55.00,2.20),(1175,'2013-03-11 00:12:00',1520,1520,1,'Domestic Mail',5.00,'',27.50,1.10),(1176,'2013-03-11 04:44:30',1521,1521,1,'Domestic Mail',5.00,'',27.50,1.10),(1177,'2013-03-12 17:39:29',1522,1522,1,'Domestic Mail',6.00,'',55.00,2.20),(1178,'2013-03-13 09:51:46',1523,1523,1,'Domestic Mail',6.00,'',79.50,3.18),(1179,'2013-03-18 07:15:58',1524,1525,1,'International 1st class mail',11.00,'',24.50,0.98),(1180,'2013-03-19 14:17:26',1526,1526,1,'International 1st class mail',11.00,'',24.50,0.98),(1181,'2013-03-21 13:05:33',1527,1527,1,'Domestic Mail',6.00,'',34.95,1.40),(1182,'2013-03-24 14:58:39',1528,1528,1,'Domestic Mail',5.00,'',27.50,1.10),(1184,'2013-03-24 22:47:47',1530,1530,1,'International 1st class mail',15.00,'Please include details to connect to a Rodgers 950 pdi organ',149.00,5.96),(1185,'2013-03-25 09:49:17',1531,1532,1,'Domestic Mail',6.00,'Please ship asap, thanks',29.00,1.16),(1186,'2013-03-26 09:52:29',1533,1533,1,'Domestic Mail',5.00,'',24.50,0.98),(1187,'2013-03-30 01:32:09',1534,1534,1,'International 1st class mail',11.00,'',27.50,1.10),(1188,'2013-03-31 02:59:11',1535,1535,1,'International 1st class mail',11.00,'',24.50,0.98),(1189,'2013-04-01 07:23:09',1536,1536,1,'UPS USA ONLY',14.00,'',1287.85,51.51),(1190,'2013-04-05 16:13:29',1537,1537,1,'Domestic Mail',6.00,'',24.95,1.00),(1191,'2013-04-05 17:54:55',1538,1538,1,'Domestic Mail',6.00,'',24.95,1.00),(1192,'2013-04-07 16:18:45',1539,1539,1,'Domestic Mail',5.00,'',27.50,1.10),(1193,'2013-04-08 07:50:25',1540,1540,1,'Domestic Mail',5.00,'',24.50,0.98),(1194,'2013-04-09 11:41:13',1541,1541,1,'UPS USA ONLY',10.50,'',89.85,3.59),(1195,'2013-04-10 13:22:51',1542,1542,1,'International 1st class mail',22.00,'Hope will shipping  fast',758.00,30.32),(1196,'2013-04-11 14:02:41',1543,1544,1,'UPS USA ONLY',14.00,'',290.00,11.60),(1197,'2013-04-14 10:36:34',1545,1545,1,'Domestic Mail',6.00,'',49.00,1.96),(1198,'2013-04-19 15:30:36',1546,1546,1,'International 1st class mail',15.00,'',55.00,2.20),(1199,'2013-04-20 10:08:05',1547,1548,1,'Domestic Mail',6.00,'This is my home address.',24.50,0.98);

--
-- Table structure for table `Page`
--

CREATE TABLE `Page` (
  `ID` int(11) NOT NULL AUTO_INCREMENT,
  `body` blob,
  `template` int(11) NOT NULL DEFAULT '0',
  `type` int(11) NOT NULL DEFAULT '0',
  `image` varchar(255) DEFAULT NULL,
  `label` varchar(50) DEFAULT NULL,
  `featured` varchar(255) DEFAULT NULL,
  `title` varchar(255) DEFAULT NULL,
  `linkname` varchar(50) DEFAULT NULL,
  `link` varchar(255) DEFAULT NULL,
  PRIMARY KEY (`ID`),
  KEY `ID` (`ID`)
) ENGINE=MyISAM AUTO_INCREMENT=13 DEFAULT CHARSET=latin1;

--
-- Dumping data for table `Page`
--

INSERT INTO `Page` VALUES (1,'Hlabs is a USA manufacturer. WE DO NOT ACCEPT DISCOVER OR AMERICAN EXPRESS CREDIT CARDS.\r\nOur Asian and Australian sales office contact link is http://www.hlabs.com/contact/ This office is our stocking distributor for Harrison Laboratories Inc FluxCap tm.\r\nAudioEngine&trade;, FluxCap&trade;, FMOD&trade;, FMODCABLE&trade;, POWERMOWSE&trade;, SUPERMOWSE&trade;, SmartCap&trade;, PFMOD&trade;,\r\n& SEMOD&trade; are trade marks owned by Harrison Organ Works, HLABS, Harrison Labs, Harrison Laboratory, which are company trade names of Harrison Laboratories� . All rights reserved.',2,0,'Hlogosml.jpg','','7','Welcome to the Harrison Labs online Store.',NULL,NULL),(2,NULL,0,2,NULL,NULL,NULL,NULL,'HLABS corporate web site','http://www.hlabs.com'),(3,NULL,0,2,NULL,NULL,NULL,NULL,'Harrison Organ Works web site','http://www.harrisonorganworks.net'),(4,NULL,0,2,NULL,NULL,NULL,NULL,'International Contact Info','http://www.hlabs.com/contact/'),(5,NULL,0,2,NULL,NULL,NULL,NULL,'INSTRUCTION MANUALS','http://www.hlabs.com/manuals/'),(6,NULL,0,2,NULL,NULL,NULL,NULL,'Finding God','http://www.find-god.com/'),(7,NULL,0,2,NULL,NULL,NULL,NULL,'Chapel Organ Demo','http://www.youtube.com/watch?v=DELKXIjThjM'),(8,NULL,0,2,NULL,NULL,NULL,NULL,'',''),(9,NULL,0,2,NULL,NULL,NULL,NULL,'',''),(10,NULL,0,2,NULL,NULL,NULL,NULL,'',''),(11,NULL,0,2,NULL,NULL,NULL,NULL,'',''),(12,'Components for building organs and customizing electronic organs such as Allen Organs, Rodgers Organs and the like.',1,1,'',NULL,NULL,'Harrison Organ Works','Custom Organ Products',NULL);

--
-- Table structure for table `Product`
--

CREATE TABLE `Product` (
  `ID` int(11) NOT NULL AUTO_INCREMENT,
  `name` varchar(100) DEFAULT NULL,
  `sku` varchar(30) DEFAULT NULL,
  `short_description` blob,
  `linkname` varchar(50) DEFAULT NULL,
  `link` blob,
  `alloworder` smallint(6) DEFAULT NULL,
  `instock` smallint(6) DEFAULT NULL,
  `label1` varchar(50) DEFAULT NULL,
  `label2` varchar(50) DEFAULT NULL,
  `price` double(8,2) NOT NULL DEFAULT '0.00',
  `list1` longblob,
  `list2` longblob,
  `image` varchar(255) DEFAULT NULL,
  `prices` longblob,
  `weight` double(8,4) NOT NULL DEFAULT '0.0000',
  `display` int(11) NOT NULL DEFAULT '0',
  `quantity` int(11) NOT NULL DEFAULT '0',
  `long_description` blob,
  `shipcost` float(10,2) NOT NULL DEFAULT '0.00',
  `number` smallint(6) NOT NULL DEFAULT '0',
  `notax` smallint(6) DEFAULT NULL,
  `inactive` smallint(6) DEFAULT NULL,
  PRIMARY KEY (`ID`),
  KEY `ID` (`ID`)
) ENGINE=MyISAM AUTO_INCREMENT=69 DEFAULT CHARSET=latin1;

--
-- Dumping data for table `Product`
--

INSERT INTO `Product` VALUES (1,'AMP 1600 N  AK','901021-AK','1600 Watt RMS Class D Mono Block Amplifier one of the most efficient, smallest, and coolest running amplifier available.',NULL,NULL,1,1,'Color/# of Channels','Ohms, Xover hz',0.00,'Plain Aluminum, Black Anodize, Chrome, Custom, 2 Ch 3200 Watt Plain Aluminum, 2 Ch 3200 Watt Black Anodize, 2 Ch 3200 Watt Chrome, 2 Ch 3200 Watt Custom','1 ohm 70hz FMOD, 1 ohm 100hz FMOD, 2 ohm 70hz FMOD, 2 ohm 100hz FMOD','1600W_alum.JPG','499, 549, 599, 599, 995, 1049, 1099, 1099',6.0000,1,1,'1600 Watt Amplifier Class D Harrison Labs mono block has a single RCA input with various protection circuits. Your power source must be fused at the battery and be capable of handling up to 150 amps of current at full output. When ordering please specify 1 or 2 ohms impedance and the value of Fmod Crossover that is included. Typical values for the crossover is 70 or 100 hz low pass. The install kit will simplify the installation and includes the Hlabs trigger relay. The size is 3\" wide X 5\" high X 9\" long including terminals. List price for this amplifier in plain aluminum finish is $699.\r\n',0.00,1,0,NULL),(3,'AMP 800 N AK','901012 N AK','800 Watt RMS Class D Mono Block Amplifier one of the most efficient, smallest, and coolest running amplifier available.',NULL,NULL,1,1,'Color/# of Channels','Ohms/Xover Hz',0.00,'Plain Aluminum, Black Anodize, Chrome','1ohm 70hz FMOD, 1 ohm 100hz FMOD, 2 ohm 70hz FMOD, 2 ohm 100hz FMOD, 4 OHM 70hz FMOD, 4 OHM 100hz FMOD','1600W_alum.JPG','349, 399, 425',5.0000,1,1,'800 Watt Amplifier Class D Harrison Labs mono block has a single RCA input with various protection circuits. Your power source must be fused at the battery and be capable of handling up to 75 amps of current at full output. When ordering please specify 1, 2 OR 4 ohms impedance and the value of Fmod Crossover that is included. Typical values for the crossover is 70 or 100 hz low pass. The install kit will simplify the installation and includes the Hlabs trigger relay. The size is 3\" wide X 5\" high X 9\" long including terminals. List price for this amplifier in plain aluminum finish is $475.',0.00,3,0,NULL),(4,'AMP 400 N','901011','400 Watt RMS Class D Mono Block Amplifier one of the most efficient, smallest, and coolest running amplifier available. Available in full audio range.',NULL,NULL,1,1,'Color/# of Channels','Ohms/Xover Hz/Full Range',0.00,'Plain Aluminum, Black Anodize, Chrome, Custom, 2 Ch 800 Watt Plain Aluminum, 2 Ch 800 Watt Black Anodize, 2 Ch 800 Watt Chrome, 2 Ch 800 Watt Custom, 2 Ch 800 Watt Plain Aluminum Full Range, 2 Ch 800 Watt Black Anodize Full Range, 2 Ch 800 Watt Plain Chrome Full Range, 2 Ch 800 Watt Custom Full Range','1 ohm 70hz FMOD, 1 ohm 100hz FMOD, 2 ohm 70hz FMOD, 2 ohm 100hz FMOD, 4 OHM 70hz FMOD, 4 OHM 100hz FMOD, Full Range 1 Ohm SubSonic FMOD, Full Range 2 Ohm SubSonic FMOD, Full Range 4 Ohm SubSonic FMOD,','1600W_alum.JPG','299, 349, 399, 399, 499, 549, 599, 599, 499, 549, 599, 599',5.0000,1,1,'400 Watt Amplifier Class D Harrison Labs mono block has a single RCA input with various protection circuits. Your power source must be fused at the battery and be capable of handling up to 35 amps of current at full output. When ordering please specify 1, 2, or 4 ohms impedance and the value of Fmod Crossover that is included. Typical values for the crossover is 70 or 100 hz low pass. Full range versions are available with subsonic FMOD crossover. The install kit will simplify the installation and includes the Hlabs trigger relay. The size is 3\" wide X 5\" high X 9\" long including terminals. List price for this amplifier in plain aluminum finish is $399.',0.00,4,0,NULL),(5,'Amplifier Install Kit','911011','Install Kit for Hlabs Amplifiers\r\n(Order two for 2 channel amplifiers)',NULL,NULL,1,1,'# of Channels','Amplifier Watts',24.95,'Standard Mono Blocks, 2 Channel Amplifiers','400, 800, 1600','Install_Kit_1600W_small.JPG','24.95, 45',2.0000,1,1,'Install Kit included 1 foot power link ground and positive power wire sized for your amplifier to route to capacitor or audio battery (such as Hlabs \"The Bat\"), 6 feet of properly sized speaker wire with connectors for Audio Engine tm speaker terminals, and 15 foot long electronic trigger relay. Note: Terminal plate not included - the picture shows the plate only to clarify hookup.',0.00,5,NULL,NULL),(6,'Electronic Trigger Relay','911012','Trigger Terminal to Head Unit Remote Output Electronic Relay & Harness',NULL,NULL,1,1,'','',14.50,'','','Trigger_relay.gif','',1.0000,1,1,'Remote trigger current is inadequate to power most amplifier(s). This trigger relay and 15 foot harnes will supply up to 1/2 amp (500ma) of trigger current. This item can be used on Hlabs and most other brand amplifiers.',0.00,6,NULL,NULL),(7,'Adjustable Attenuator (X-Connect Home)','910010S','X-Connect Variable Attenuator reduces audio levels to prevent overdrive in amplifier inputs. These are not designed for RCA plugs with large plastic or rubber molding over the outer ring.',NULL,NULL,1,1,'','',24.95,'','','Adj_atten_in_package.JPG','',1.0000,1,1,'Variable Attenuator adjusts from 0db (no attenuation) to infinity or maximum attenuation. This is a 2 channel device with a separate adjustment for each channel. Ideal for applications where the source has very high output and the amplifier\'s volume or gain control must be set very low. This is a passive device so there is no noise or distortion (transparent to your system). IF YOU WANT ISOLATION FOR SPEAKER LEVEL SEE \"SPEAKER LEVEL CONVERTERS\".',0.00,7,0,NULL),(8,'Fixed Value Attenuators','900085, 900086, 900087','FMOD Style Fixed Value Attenuators\r\nPrice is for pair.',NULL,NULL,1,1,'DB of Attenuation','',24.50,'3db, 6db, 12db','','Attenuator.JPG','',0.5000,1,1,'Fixed attenuators are available in 3, 6, and 12 db and may be combined to produce 9, 15, and 18 db attenuation. The male RCA plug is the output (points toward the amplifier). Passive device so there is no noise or distortion (transparent to your system).',0.00,8,0,NULL),(9,'FMOD (Filter Module) Low Pass RCA Level Crossover','900060 - 900068 series','FMOD Low Pass Crossover Pairs\r\nSlope finalizes at 12db per octave BLACK label. Price is for pair.\r\n',NULL,NULL,1,1,'Hz Value','',27.50,'50hz, 70hz, 100hz, 150hz, 200hz, 500hz, 1000hz, 2500hz, 3500hz, 6500hz','','Fmod.jpg','',0.5000,1,1,'Fixed crossover point (-3db) low pass (passes low frequencies such as woofer amplifier use) passive crossover modules. The RCA plug is the output and \"points\" toward the amplifier. These may be combined to produce 24db per octave slopes  if a 3db attenuator is used between them. Keep in mind that two equal value FMOD low pass modules will increase the slope to 24db per octave and the crossover point will be 1/2 the FMOD value. Two 100 low pass FMODs with the 3db attenuator between them will become a 50 low pass 24db per octave crossover. This also holds true for combining FMODS with other equipment to alter the crossover point(s) and to increase the slope AND in that case you do not need the 3db attenuator. When ordering be sure to select the crossover point from the drop-down list. Passive device so there is no noise or distortion (transparent to your system). Color coded for crossover point.',0.00,9,0,NULL),(10,'FMOD (Filter Module) High Pass RCA Level Crossover','900073 - 900082 series','FMOD High Pass Crossover Pairs Slope finalizes at 12db per octave RED label.\r\nPrice is for pair.',NULL,NULL,1,1,'Hz Value','',27.50,'20hz (subsonic), 30hz (subsonic), 50hz, 70hz, 100hz, 150hz, 200hz, 300hz, 500hz, 1000hz, 2500hz, 3500hz, 6500hz','','Fmod.jpg','',0.5000,1,1,'Fixed crossover point (-3db) high pass (passes high frequencies such as mid/tweet amplifier use) passive crossover modules. The RCA plug is the output and \"points\" toward the amplifier. These may be combined to produce 24db per octave slopes  if a 3db attenuator is used between them. Keep in mind that two equal value FMOD high pass modules will increase the slope to 24db per octave and the crossover point will be double the FMOD value. Two 100 high pass FMODs with the 3db attenuator between them will become a 200 high pass 24db per octave crossover. This also holds true for combining FMODS with other equipment to alter the crossover point(s) and to increase the slope AND in that case you do not need the 3db attenuator. When ordering be sure to select the crossover point from the drop-down list. Passive device so there is no noise or distortion (transparent to your system). Color coded for crossover point.',0.00,10,0,NULL),(11,'Bass-Blocker 37hz','903700','37hz 18db per Octave Subsonic Filter',NULL,NULL,1,1,'','',29.00,'','','fmod_hp_cables.jpg','',1.0000,1,1,'Hlabs Bass Blocker is in the FMOD Cable tm package but is used in only one direction. The dot on the red RCA plug signifies the output end. These are used for sub or midbass amplifiers where a higher frequency point is needed. This is a two channel filter (stereo). The slope is 18 db per octave. Passive device so there is no noise or distortion (transparent to your system).',0.00,11,NULL,NULL),(12,'PFMOD  HP-Sub','900133','Adjustable Sub-Sonic Filter These are no longer available in gold. These are not designed for RCA plugs with large plastic or rubber molding over the outer ring.',NULL,NULL,1,1,'','',39.00,'','','PFMOD_small.JPG','',1.0000,1,1,'PFMOD-Sub (high pass) adjustable sub-sonic filter. By removing factory jumpers you can select 20hz, 25hz, 30hz, or 35 hz at 12 db per octave. Each channel crossover frequency can be selected independantly. This is a two channel device (stereo). There are two RCA input and two RCA output jacks and two bypass RCA jacks that pass on the input signal to other equipment. Passive device so there is no noise or distortion (transparent to your system).',0.00,12,0,NULL),(13,'FMOD Sub-sonic Filter Pair','900073, 900059','Fixed Value Sub-Sonic Filters',NULL,NULL,1,1,'Hz Value','',27.50,'20hz, 30hz','','Fmod.jpg','27.50,27.50',0.5000,1,1,'RCA level 12db per octave sub-sonic filter Pairs. Select either 20hz or 30hz high pass from drop down box. See \"Crossovers\" for other values and low pass crossovers. Passive device so there is no noise or distortion (transparent to your system).',0.00,13,0,NULL),(14,'3-1/2 Digit Display','990010BASIC','VM-1 Display set up as basic Voltmeter, Yacht version available',NULL,NULL,1,1,'Version','Signal Voltage Range',0.00,'Standard, Yacht version','0 to 199.9mV, 0 to 1.999V, 0 to 19.99V, 0 to 199.9V','Display_19.51_V.JPG','49.50, 100.00',1.0000,1,1,'3-1/2 large (.6\" tall segments) red LED voltmeter display with solder pads for wire connections. Solder jumpers to change voltage ranges and decimal point location for use with back boards for conversion to DC amps, AC amps, AC hz, AC volts, and thermocouple temperature display. See other instrumentation products for options for this universal display module. Voltage ranges are 0 to 199.9mv, 0 to 1.999v, 0 to 19.99v (12 volt application), and 0 to 199.9 volts. When using the Backboard/VM-1 combinations the current ranges depend on the current shunts for DC amps and current transformers for AC amps but almost any display readout combination is possible. For thermocouples the temperature range is up to 1999 degrees F. This is a 1% accurate display that includes the 4 wire connection wire stub, panel mounting hardware. Optional smoked lens (bezel). Powered from 12vdc @ 100ma (24vdc option at increased cost).',0.00,14,0,NULL),(15,'VM-1 AC Amps','M720','VM-1 with AC Amps Backboard, YACHT version has precision RMS & calibration. These are the original products used in Seaward and CR Panels. Also great for generator panels.',NULL,NULL,1,1,'Lens (bezel) Option','',0.00,'Without Lens, Lens Included, Yacht version, CR Panels version','','VM1___back_bd.JPG','74.95, 79.50, 150.00, 175',1.0000,1,1,'VM-1 display with backboard set up to read AC Amps using a current transformer. Backboard has RMS converter, load resistor, and 4 wire screw terminal connections. Powered from 12vdc (24vdc option at increased cost). You must be able to solder the appropriate jumpers as described in the instruction sheet. 1000:1 (10 ohm 1/2 watt resistor) current transformer is recommended. Call Hlabs for assistance. Includes panel mounting hardware. Optional smoked lens (bezel).',0.00,15,0,NULL),(16,'VM-1 AC Hz','M730','VM-1 with AC Hertz Backboard, YACHT version has precision RMS & calibration. These are the original products used in Seaward and CR Panels. Also great for generator panels.',NULL,NULL,1,1,'Lens (Bezel) Option','Signal Voltage',0.00,'Without Lens, Lens Included, Yacht version,CR Panels version','100mV, 1V, 10V, 100V','VM1___back_bd.JPG','84.50, 89.50, 170.00, 195.00',1.0000,1,1,'VM-1 display with backboard set up to read AC Hz (frequency) up to 199.9hz. Backboard has RHZ converter, 12 volt DC to DC isolated power supply, and 4 wire screw terminal connections. Powered from 12vdc (24vdc option at increased cost). You must be able to solder the appropriate jumpers as described in the instruction sheet. Includes panel mounting hardware. Optional smoked lens (bezel). Specify signal voltage range from drop down box.',0.00,16,0,NULL),(28,'SEMOD (Spectrum Equalizer Module) Full Range','900131FLAG','1/3 Octave Graphic Equalizer/ 4 channel noise gate/ pink noise generator/ crossover (up to 4 way) combined in one high quality product.',NULL,NULL,1,1,'OPTIONS','',0.00,'Standard, with black handles, with gold handles, Without LED display','','Semod_best.jpg','299, 317.99, 329.99, 229',5.0000,1,1,'The Semod includes the 12VDC power harness and smoked dust cover with holographic Hlabs logo which is held in place with thumb screws but allows user to select the pink noise generator without removing the cover. For home use, most any 12 volt DC 100 ma. \"wall wart\" or other power supply will work fine with the trigger wire tied to the power wire. Two RCA inputs will handle up to 2.5 volts RMS and up to 10 volts RMS and higher using Hlabs attenuators. Eight RCA outputs allow you to configure the crossover (slider routing) dip switches for full range, two-way (bi-amping), 3-way (tri-amping), or 4-way (quad-amping) systems. The full range/mid range and the tweeter amplifier outputs have noise gated outputs for up to 110 db of signal to noise ratio. The adjustable level pink noise generator makes it simple to set up the sliders by ear or using a sound pressure meter. There are 30 LEDs (one for each slider) that light when 20 db of head room remains and are useful for calibration and setting the two input sensitivity pots. You may purchase the SEMOD without the LED display.  ',0.00,28,NULL,NULL),(17,'VM-1 AC Volts','M710','VM-1 with AC Volts Backboard, YACHT version has precision RMS & calibration. These are the original products used in Seaward and CR Panels. Also great for generator panels.',NULL,NULL,1,1,'Lens (Bezel) Option','Signal Voltage',0.00,'Without Lens, Lens Included, Yacht version, CR Panels version','0 to 199.9mV, 0 to 1.999V, 0 to 19.99V, 0 to 199.9V','VM1___back_bd.JPG','69.95, 74.50, 150.00, 175',1.0000,1,1,'VM-1 display with backboard set up to read AC volts. Backboard has RMS converter, isolated 12vdc to 12vdc isolated supply, and 4 wire screw terminal connections. Powered from 12vdc (24vdc option at increased cost). Includes panel mounting hardware. Optional smoked lens (bezel). Specify signal input range from drop down box.',0.00,17,0,NULL),(18,'VM-1 DC Amps','M700','VM-1 with DC Amps Backboard, YACHT version has precision RMS & calibration. These are the original products used in Seaward and CR Panels. Also great for generator panels.',NULL,NULL,1,1,'Lens (Bezel) Option','Current Shunt Ratio',0.00,'Without Lens, Lens Included, Yacht version, CR Panels version','1:1 for 0 to 1.999A, 10:1 for 0 to 19.99A, 100:1 for 0 to 199.9A, 1000:1 for 0 to 1999A','VM1___back_bd.JPG','84.50, 89.50, 170.00, 195.00',1.0000,1,1,'VM-1 display with backboard set up to read DC Amps. Backboard isolated 12vdc to 12vdc isolated supply, and 4 wire screw terminal connections. Must use a current shunt such as 100 or 1000 amps = 1mV. See current shunts listed here. Powered from 12vdc (24vdc option at increased cost). Includes panel mounting hardware. Optional smoked lens (bezel). Specify current shunt ratio from drop down box.',0.00,18,0,NULL),(19,'VM-1 DC Volts','M705','VM-1 with Backboard (terminals only), YACHT version has precision RMS & calibration. These are the original products used in Seaward and CR Panels. Also great for generator panels.',NULL,NULL,1,1,'Lens (Bezel) Option','Signal Input',0.00,'Less Lens, Lens Included, Yacht version, CR Panels version','0 to 199.9mV, 0 to 1.999V, 0 to 19.99V (12volt use), 0 to 199.9V','VM1___back_bd.JPG','55.50, 59.95, 111.00, 136.00',1.0000,1,1,'VM-1 display with backboard with screw terminal connections. Powered from 12vdc (24vdc option at increased cost). Same as VM-1 Basic except the for screw terminal connections. Includes mounting hardware. Optional smoked lens. Includes panel mounting hardware. Optional smoked lens (bezel). Specify signal input range from drop down box.',0.00,19,0,NULL),(20,'VM-1 Pyro (Thermocouple Amp)','M750','Chromel/Alumel Thermocouple VM-1 with thermocouple amplifier power supply.\r\nIncludes thermocouple amplifier. YACHT version available',NULL,NULL,1,1,'Sample & Hold Option','',0.00,'Less Sample & Hold, Sample & Hold Included, Yacht version','','pyro_amp.JPG','229.00, 299.00, 460.00',2.0000,1,1,'High temperature measurement VM-1 thermocouple system. Includes (though not shown) VM-1 and backboard which has the power supply for the Hlabs thermocouple amplifier (also included) calibrated for 0 to 1999 degrees F. Chromel/Alumel plug is included but not the probe since the probe is application specific. Operates on 12vdc. Great for measuring automotive exhaust gas temperature. Sample and Hold version available for Racing use where the driver wishes to save the reading until the race is over.',0.00,20,0,NULL),(21,'Current Shunt 100 Amps','990011, 90111','100 Amps to 1mV DC current shunt',NULL,NULL,1,1,'1000 Amp Option','',29.95,'100 Amp Shunt (In Stock), 1000 Amp Shunt (Non-stocked)','','current-shunta_r260_c20.jpg','29.95, 99',1.0000,1,1,'Lab grade 100 Amp (200 amps peak for audio applications). Features Kelvin sense terminals and mounted on insulated phenolic block. Use with Hlabs M700 meter. 1000 Amp (1000:1) shunt is available but not stocked so please allow 2 to 3 weeks if specifying the 1000 amp shunt from the drop down box.',0.00,21,NULL,NULL),(22,'Temperature Sensor','990012, 990013','Temperature Sensor For VM-1',NULL,NULL,1,1,'Degrees F or C','',14.95,'Degrees F, Degrees C','','Temp_Sensor.JPG','',1.0000,1,1,'Connects directly to any digital voltmeter such as the VM-1 Basic or M705 to read up to 212 degrees F or up to 100 degrees C with the optional version with 1% accuracy. 3 wire connection. Requires 12vdc (same as the VM-1).',0.00,22,NULL,NULL),(23,'FMODcable Low Pass RCA Level','90XXXX','High Pass Bi-directional Dual Frequency FMODcables 12db per Octave BLACK case',NULL,NULL,1,1,'Hz Value','',24.50,'50/70hz, 70/100hz, 100/200hz, 200/500hz, 500/1000hz','','fmod_lp_cables.jpg','',0.5000,1,1,'Bi-directional FMODcables with a choice of two crossover frequencies depending on installation direction. Perfect for those that are not sure of the exact frequency needed. Similar to the FMOD but user has a choice of two frequencies such as 70 or 100 low pass at 12db per octave. Each end has a 6\" pair of male RCA plugs since this is a two channel (stereo) device. Passive device so there is no noise or distortion (transparent to your system). Color coded for crossover points.',0.00,23,0,NULL),(24,'FMODcable High Pass RCA Level','90XXXX','High Pass Bi-directional Dual Frequency FMODcables 12db per Octave RED case',NULL,NULL,1,1,'Hz Value','',24.50,'20/50hz, 50/70hz, 70/100hz, 100/200hz, 200/500hz, 500/1000hz','','fmod_hp_cables.jpg','',0.5000,1,1,'Bi-directional FMODcables with a choice of two crossover frequencies depending on installation direction. Perfect for those that are not sure of the exact frequency needed. Similar to the FMOD but user has a choice of two frequencies such as 70 or 100 high pass at 12db per octave. Each end has a 6\" pair of male RCA plugs since this is a two channel (stereo) device. When ordering be sure to select the crossover point from the drop-down list. Passive device so there is no noise or distortion (transparent to your system). Color coded for crossover points.',0.00,24,0,NULL),(25,'PFMOD 2W-1','900121','PFMOD (Parametric Filter Module)2-way Adjustable Passive RCA Level Crossover. These are no longer available in gold. These are not designed for RCA plugs with large plastic or rubber molding over the outer ring.',NULL,NULL,1,1,'','',49.00,'','','PFMOD_small.JPG','',1.0000,1,1,'PFMOD 2W-1 two-way adjustable crossover. By removing factory jumpers in the high pass section you can select 50hz, 70hz, 100hz, or 150hz at 12 db per octave. Each high pass channel crossover frequency can be selected independently. This is a two channel device (stereo). The low pass section has two mono-mixed outputs with 16 selectable crossover frequencies from 42hz to 200hz at 18db per octave. Perfect for bi-amping your system. Passive device so there is no noise or distortion (transparent to your system).',0.00,25,0,NULL),(26,'PFMOD  LP-1','900091','PFMOD (Parametric Filter Module)Low Pass Adjustable Passive RCA Level Crossover. These are no longer available in gold. These are not designed for RCA plugs with large plastic or rubber molding over the outer ring.',NULL,NULL,1,1,'','',39.00,'','','PFMOD_small.JPG','',1.0000,1,1,'PFMOD LP-1 low pass adjustable crossover. By removing factory jumpers in the you can select 42hz to 200hz in 16 points at 18 db per octave. The LP-1 has two input channels and two bypass output channels in addition to the mono-mixed low pass outputs. Passive device so there is no noise or distortion (transparent to your system).',0.00,26,0,NULL),(27,'PFMOD HP-1','900101','PFMOD (Parametric Filter Module)High Pass Adjustable Passive RCA Level Crossover. These are no longer available in gold. These are not designed for RCA plugs with large plastic or rubber molding over the outer ring.',NULL,NULL,1,1,'','',34.95,'','','PFMOD_small.JPG','',1.0000,1,1,'PFMOD HP-1 high pass adjustable crossover. By removing factory jumpers in the you can select 50hz, 70hz, 100hz, or 150hz at 12db per octave. Each channel may be set independently. The HP-1 has two input channels and two bypass output channels in addition to the high pass outputs. Passive device so there is no noise or distortion (transparent to your system).',0.00,27,0,NULL),(29,'SEMOD for Woofer Amplifiers','900134','1/3 Octave Bass or Woofer Graphic Equalizer with Pink Noise Generator',NULL,NULL,1,1,'','',199.00,'','','EQ_Green_Low_Frec.JPG','',5.0000,1,1,'The Semod includes the 12VDC power harness and smoked dust cover with holographic Hlabs logo which is held in place with thumb screws but allows user to select the pink noise generator without removing the cover. For home use, most any 12 volt DC 100 ma. \"wall wart\" or other power supply will work fine with the trigger wire tied to the power wire. Two RCA inputs will handle up to 2.5 volts RMS and up to 10 volts RMS and higher using Hlabs attenuators.  The adjustable level pink noise generator makes it simple to set up the sliders by ear or using a sound pressure meter. There are 8 LEDs (one for each slider) that light when 20 db of head room remains and are useful for calibration and setting the two input sensitivity pots. The sliders select center frequencies of 20, 25, 31.5, 40, 50, 62.5, 80, and 100hz. This low frequency EQ also functions as a sub-sonic and a low pass filter by means of the slider ranges. ',0.00,29,NULL,NULL),(30,'Organ 1/3 octave equalizer Voicing Engine','900131 Organ','Mono mixed 30 band organ equalizer and Voicing Engine tm. Built-in pink noise generator to facilitate setup and adjust. Note: the picture is generic for the SEMOD and does not necessarily show the Organ Voicing Engine tm.',NULL,NULL,1,1,'','',299.00,'','','Semod_close_no_cover_good.jpg','',5.0000,1,1,'The Semod includes the 12VDC power harness and smoked dust cover. The power required is 12 volt DC 100 ma. The RCA input may be driven with most organ sound generators. Four RCA outputs allow you to configure the crossover (slider routing) dip switches for full range, two way (bi-amping), 3-way (tri-amping), or 4-way (quad-amping) systems. Harrison Organ Works suggests using their Travelling Wave Generators on each output for thrilling mulitudes of phase or quantity of \"pipes\" and chorus effects. The adjustable level pink noise generator makes it simple to set up the sliders by ear or using a sound pressure meter. There are 30 LEDs (one for each slider) that light when 20 db of head room remains and are useful for calibration and setting the two input sensitivity pots. You may purchase the SEMOD without the LED display. If multiple SEMODs are used on a particular organ channel, each one can be set for different voicing such as Romantic or Baroque.  ',0.00,30,0,NULL),(31,'Traveling Wave Generator tm stereo','TWG2','Two Channel Traveling Wave Generator for Analog and Digital Organs that converts the wave forms into more realistic pipe organ waves by means of slow phase shifting that simulates that of the pipe organ.',NULL,NULL,1,1,'','',149.00,'','','TWG.JPG','',4.0000,1,1,'This NEW stereo miniature Traveling Wave Generator ™  replaces the first generation mono model. Most organ sound generators including Ahlborn Galanti Archive units have a steady pitch that sounds artificial – even long looped samples. This product has two independent channels that randomly shift the phase of any input signal which sounds like a real pipe organ. This is a perfect companion to the DSP ambience processor. THOSE THAT HAVE PURCHASED OUR ORIGINAL TRAVELING WAVE GENERATOR KNOW HOW WELL ORGANS SOUND WITH THIS PRODUCT. This product features phase and rate controls that allow you to customize the slow pipe like  pitch variation and amount of this effect. As you can see below, the size is about half the original so it is a simple matter to install this almost anywhere. The 9VAC power supply is included. To hear our private chapel Allen MOS 1 organ with this product, go to http://www.youtube.com/watch?v=W0aKWTKoWcA&feature=mfu_in_order&list=UL \r\nTESTIMONIAL LETTER:\r\n\"Dear Stan.\r\nThank you so very much for these devices..Not only did they arrive quickly, but, upon fitting and adjusting them for Swell, Choir and Great respectively the Organ really does sound like a pipe organ...not \"just\" but, a very good pipe organ.!!!\r\nI have spent two days in the church adjusting the three \"TWG\'s\" to suit the individual stops, and then in ensemble, coupled together...and the result is \"spectacular\"...I would recommend them to anyone wishing to add the vital movement of a pipe organ to their old \"electronic\"\r\n \r\nPlease send me a brochure on the \"acoustic\" pipes you have devised, perhaps they may become an even further enhancement for our Allen organ, in the Future..!!\r\nThank you for what you have done for our church organ.\r\n \r\nBryan Hardy\r\n(Australia)\"\r\n\r\nHi Stan,\r\n\r\n\r\nYour welcome.\r\n\r\nI received the DSP Ambience Processor last week and did the installation on Friday afternoon. The installation was quick and went very well because of the small size of both devices. I installed both devices inside the organ near the top right-lid area where I could access them easily and make adjustments to both units without having to pull off the back of the organ panel. To access both devices for adjustments, I just pull the organ lid up and perform the adjustments and pull the lid back down; quite easy for me. \r\n\r\nWith the newly installed DSP Ambiance Processor and the Traveling Wave Generator, I am able to fine tune both devices, and the Allen T15A never sounded better. The Allen T15A organ\'s voices now sounded much richer, fuller and grander than they did before. I just couldn\'t believe the richness of sounds I was deprived of all these years. I now practice on it everyday; thanks a million for inventing such awesome products for the analog organ and with easy installation.\r\n\r\nIn regard to the MIDI system, I received my Tech Manual for the Analog Allen Organ on Tuesday afternoon along with your good news. The connections\' points for the MIDI seem very easy and straight forward. However, my one question is: Will the Allen pedal board connection be included along with the two manuals/keyboards and stop connections on the new MIDI board?\r\nSincerely,\r\nBarry',0.00,31,0,NULL),(65,'POWER MOWSE ENTRY CABLE ASSY.','900041PWRIN','Replacement entry 3 wire pigtail connector with 4 pin positions for all PowerMowse tm tri-amped sound systems.',NULL,NULL,1,1,'','',7.50,'','','PowerMowse_Entry_Pigtail.jpg','',1.0000,1,1,'The red is for +12V, the black is for ground, and the yellow is for trigger. This pigtail power connector is the exact replacement for the original input connector.',0.00,65,0,NULL),(63,'Midi Data Logger','0','Midi data logger with display that shows the midi hex code. When midi channel 1 for notes messages are displayed, the note name and channel # is also displayed.\r\nGreat for Hauptwerk users etc.',NULL,NULL,1,1,'','',114.95,'','','Logger_Front.JPG','',1.0000,1,1,'This Midi Data Logger has a midi in and output set of connectors. You only need the input for reading the midi data but the midi output allows you to use your midi device(s) while monitoring the midi codes. The top line displays the 3 byte midi code in hex and will display any and all hex codes for midi messages. For your convenience, the bottom line displays the demo description of the hex code such as NOTE 36 ON CH 01 which is the note number, note on or off, and the midi channel number. All other midi messages simply display the hex code without the demo description. This device has two operating modes: one is continuous and the other stores each reading until you are ready for the next read cycle.\r\n\r\nAny one building or designing virtual organs such as Hauptwerk will find this device to be invaluable.\r\n\r\nThis is very useful for checking your midi codes when installing and/or trouble shooting your midi setup, midi devices (such as our midi converters), midi expanders, midi keyboards, midi cables. It is especially useful for setting up and testing Hauptwerk and other virtual organs. Also, it is invaluable for stage performance midi equipment and cable setup and operation.\r\nThe description of the hex code is available for notes and program data and reads \"unknown\" for all other midi data at the present time. A midi code chart is enclosed for all midi hex codes.',0.00,63,0,NULL),(61,'MOS MIDI converter','MOSMIDI-1,2, OR 3','MIDI converter for the Allen MOS1 organs. Any configuration is possible. The Allen transposer works great. UP to 3 midi divisions are available on one board. Midi channels 1 thru 8 can be selected for each midi section. Works with Allen Ensemble unit. Separate Midi Expression for each division - division select for stop control option available. Hauptwerk compatible!',NULL,NULL,1,1,'# OF DIVISIONS, Expression for stop switch','Hlabs wires your board',0.00,'ONE, TWO, THREE,One & stop switch, Two & stop switch, Three & stop switch','Specify that you will be sending in your KBA','MOSMIDI_3.JPG','150, 200, 250, 150, 200, 250',1.0000,1,1,'The basic cost is $150 for the first midi division that can be selected for either gt, sw, or ped. Each additional division (up to 3) is $50 each. So for 3 divisions with 3 midi outs (each channel selectable and 3 expression pedal inputs if you want to use them) would be $250. If you want us to add this to your keyboard array pcb we charge $99. The midi converter attaches to the keyboard array pcb and there is a colored ribbon cable with 20 wires that solder in sequential order to the I/O driver components on the array pcb. Since most versions of these boards have a varnish coating it takes a little more time to pre-tin the board solder connections. Includes color coded ribbon cable with connector attached but you must strip the other end according to the simple instructions. If you can solder neatly and read instructions, you should be able to do the wiring. This converter board attaches to your keyboard array.If you have a MOS II please contact factory 303 841 5360 M-F 10AM to 6PM for MOS 2 ordering information.\r\nIf you want the expression input(s) to go to off volume level for stop switch connection to the expression input(s) then order the \"stop switch version(s).\r\nTo hear our private chapel Allen MOS 1 organ with this product, go to http://www.youtube.com/watch?v=W0aKWTKoWcA&feature=mfu_in_order&list=UL ',0.00,61,0,NULL),(35,'1/2 Farad Capacitors','900005 Series','1/2 Farad Small Outline Caps',NULL,NULL,1,1,'','Color',34.00,'','White with red logo, White with gold holographic logo, Black with gold holographic logo','','',1.2500,1,1,'.5 Farad \"Stiffening\" or large filter caps have very low ESR (equivalent series resistance) so the maximum peak ampere rating is 10,000 RMS instantaneous and 95 degrees C operating temperature. These are designed for up to 16 volt automotive systems (20 volts peak). Your amplifier internal power supply capacitors will run cooler (longer life) and your DC power source will be filtered so that your dash lights will not flicker with heavy bass.  Made in USA.',0.00,35,0,NULL),(39,'Woofer Sealed & Ported Box Designer','900090','Sealed & Ported Woofer Box Desiger',NULL,NULL,1,1,'','',10.00,'','','BOX_DESIGN.gif','',0.5000,1,1,'With Hlabs exclusive sealed/ported box design nomenclature it is easy to design your woofer enclosure to match your woofer parameters AND you can see how Thiel small signal parameters (VAS, QTS, and FS)affect your box design by viewing the various graphs. The beauty of this design kit is that you do NOT need a computer. The two sided design data is laminated with thick laminate. One side has the sealed box design data and the other side has the ported box design data. Included is an easy to follow single page instruction sheet and a seperate sheet listing speaker related terms and their explanation. This item ships in a mailer.',0.00,39,NULL,NULL),(68,'FluxCap tm Voltage Stabilizing Power Supply','903147','The FluxCap tm is a step-up power supply that accepts nominal 12 volts DC (11 to 14 volts DC)input to 14.7 standard output at 50 or 100 amps. (Superior to Jacobs\'s Accuvolt) ',NULL,NULL,1,1,'Model','',0.00,'50amp fixed V, 100 amp fixed V, adjustable V ','','side_term_sides.JPG','249, 379, 499',5.0000,1,1,'The FluxCap tm is a step-up power supply that accepts nominal 12 volts DC (11 to 14 volts DC)input to 14.7 (but you can order up to 18 volts DC) standard output at 50 or 100 amps. Note that at higher voltages the current drops to 40 and 80 amps respectively. Includes a trigger input. This is a very efficient, cool running, high performance 2 phase switching converter. You can order either the fixed voltage 50 amp, 100 amp, or adjustable voltage 14 to any custom voltage up to 75 volts for use with lab 12 volt high current DC power supplies to achieve higher output voltages.',0.00,68,0,NULL),(44,'DSP Ambience Processor','DSPAMB','2 CHANNEL DIGITAL SIGNAL PROCESSOR FOR ORGAN AMBIENCE AND REVERBERATION. Has a total of 8 user selectable reverbs and 8 other functions including a Leslie or gyro speaker simulator, lead vocal removal from stereo recordings and antiphonal delays. ',NULL,NULL,1,1,'','',149.00,'','','New_DSP_1.jpg','',4.0000,1,1,'THIS DUAL CHANNEL AMBIENCE PROCESSOR CAN BE ADDED TO MOST ORGANS TO ENHANCE THE LISTENING AREA TO SOUND LIKE A LARGE CATHEDRAL. ONE UNIT SHOULD BE USED PER TWO  ORGAN CHANNELS. ADJUSTMENTS FOR HALL SIZE AND AMOUNT OF REVERBERATION. Perfect companion to the stereo Traveling Wave Generator TM. Adding a 2nd DSP in series for the antiphonal organ produces realistic large cathedral time delays. No programming is necessary, simply change jumpers to change the pre-set reverb algorithms. Only 1.25\" high X 5.5 inches wide (4.25 without mtg flanges) X 4\" deep! To hear our private chapel Allen MOS 1 organ with this product, go to http://www.youtube.com/watch?v=W0aKWTKoWcA&feature=mfu_in_order&list=UL \r\nHere is a testimonial:\r\n\"Stan--\r\nJust wanted to follow up. The installation was very easy-- I used audio cables that are long enough to allow me to put the unit on top of the organ for easy adjustment. When I get time I\'ll do a more permanent mounting under the manuals.\r\n The DSP has improved the sound of my Allen more than I dared to hope. It really sounds like a very good organ installed in a large church with live acoustics--even with the headphones. It makes classical organ literature far more playable, and it makes my practice time much more effective because it sounds so much more like the pipe organ at church.\r\n Thank you very much for your advice and for the great product! I\'ll know of at least a couple of churches with similar organs and dead acoustics; I\'ll be recommending the same modification for them.\r\nRandy\"\r\nHi Stan,\r\n\r\n\r\nYour welcome.\r\n\r\nI received the DSP Ambience Processor last week and did the installation on Friday afternoon. The installation was quick and went very well because of the small size of both devices. I installed both devices inside the organ near the top right-lid area where I could access them easily and make adjustments to both units without having to pull off the back of the organ panel. To access both devices for adjustments, I just pull the organ lid up and perform the adjustments and pull the lid back down; quite easy for me. \r\n\r\nWith the newly installed DSP Ambiance Processor and the Traveling Wave Generator, I am able to fine tune both devices, and the Allen T15A never sounded better. The Allen T15A organ\'s voices now sounded much richer, fuller and grander than they did before. I just couldn\'t believe the richness of sounds I was deprived of all these years. I now practice on it everyday; thanks a million for inventing such awesome products for the analog organ and with easy installation.\r\n\r\nIn regard to the MIDI system, I received my Tech Manual for the Analog Allen Organ on Tuesday afternoon along with your good news. The connections\' points for the MIDI seem very easy and straight forward. However, my one question is: Will the Allen pedal board connection be included along with the two manuals/keyboards and stop connections on the new MIDI board?\r\nSincerely,\r\nBarry',0.00,44,0,NULL),(45,'X-CONNECT SPEAKER LEVEL CONVERTER','910010','SPEAKER LEVEL CONVERTER TO RCA OUTPUT These are not designed for RCA plugs with large plastic or rubber molding over the outer ring.',NULL,NULL,1,1,'','',29.95,'','','XCONPKG.JPG','',1.0000,1,1,'HIGH END SPEAKER LEVEL INPUT TO RCA LEVEL OUTPUT. BUILT-IN GROUND LOOP ISOLATOR. ADJUSTABLE GAIN POTS ON EACH OF 2 CHANNELS THAT ARE WIRED IN FRONT OF THE ISOLATION TRANSFORMER. THIS ELIMINATES OVERLOADING WITH HIGH POWER INPUTS. RCA JACKS ON INPUT AND OUTPUTS BUT WITH RCA TO WIRE STUBS FOR SPEAKER LEVEL INPUT WIRING. THIS IS A PASSIVE DEVICE THAT ADDS NO NOISE. IF YOU DO NOT WANT THE ISOLATION VERSION SEE \"ATTENUATORS\".',0.00,45,0,NULL),(46,'NOISE GATE','900141','2 OR 4 CHANNEL NOISE GATES',NULL,NULL,1,1,'NUMBER OF CHANNELS','',0.00,'2 CHANNEL, 4 CHANNEL','','NGATE.JPG','59.95, 89',2.0000,1,1,'DUAL CHANNEL NOISE GATE WITH ADJUSTABLE SENSITIVITY AND FACTORY SET THRESHOLD. ATTENUATES GAIN AT LOW PROGRAM MATERIAL VOLUME TO INCREASE SIGNAL TO NOISE RATIO BY 10DB. GREAT FOR REDUCING HISS AND NOISE DURING QUIET MUSIC PASSAGES AND SPACES BETWEEN SONGS. INCREASES DYNAMIC RANGE ALSO. SMOOTHER TRANSITION THAN OTHER TYPES OF NOISE GATES. 4 CHANNEL MODEL IS SHOWN IN PICTURE. INCLUDES INSTRUCTIONS AND POWER HARNESS. AS WITH ALL HARRISON LAB PRODUCTS - MADE IN USA',0.00,46,NULL,NULL),(47,'Theatre Organ Console Plans','TOC001','LICENSE TO BUILD ONE 3 MANUAL AGO THEATRE ORGAN USING SUPPLIED PLANS.',NULL,NULL,1,1,'','',49.95,'','','img0.gif','',1.0000,1,1,'NICE SCANNED SKETCHES WITH DIMENSIONS IN INCHES THAT INCLUDES ALL PIECES OF ORGAN STYLE PICTURED ON FRONT PAGE OF MANUAL. DOES NOT INCLUDE PLANS FOR ITEMS SUCH AS KEYBOARDS, PEDAL BOARDS AND STOP RAILS. TWENTY ONE PAGES',0.00,47,NULL,NULL),(49,'Organ Mixer Pre-amp Crossover','0','Combines multiple channel organ outputs into 2 high pass and 2 low pass output channels. These can be custom configured for any number of input and output channels such as 24 inputs split to 4 output channels and further splits into high and low pass outputs(consult factory). Picture shows 8 channel unit.',NULL,NULL,1,1,'Number of Input Channels','',0.00,'8, 8 with bypass jacks, 12, 12 with bypass jacks','','Finished_8_channel.JPG','215, 225, 249, 264',3.0000,1,1,'Mixes 4,8,12, or 16 organ input channels into 2 high pass and 2 low pass (for pedal amplifier(s) and speaker(s),)or without crossover, with sufficient gain to eliminate the need for the high gain original Allen Organ amplifiers and allow you to use any off-the-shelf home stereo component system amplifiers including 5.1 or 7.1 simulated surround processors (including future Harrison Organ Works products). Each input has an optional un-mixed or bypass output RCA jack to allow use of a dedicated organ output channel that is also included in the mix down. The crossover frequency is 50hz. The picture was taken with the cover shield removed. Includes +/- regulate 15 volt power supply that can be ordered separated from the mixer board.',0.00,49,0,NULL),(51,'Allen Voice Card Waveform Kit','CARDWAVE','Kit to draw waveforms from Allen voice cards. Two laminated sample worksheets.',NULL,NULL,1,1,'','',15.00,'','','Card_to_Wave_graph.JPG','',1.0000,1,1,'Kit to draw waveforms from Allen IBM voicing cards. Includes 10 pre-printed graph paper and conversion chart. No math or art skills required. ',0.00,51,0,NULL),(52,'Tuning slug for Allen MOS clock boards','0','Impossible to find Allen organ MOS 1 tuning slug for clock boards.',NULL,NULL,1,1,'','',15.00,'','','tuning_slug.jpg','',1.0000,1,1,'This part is no longer available from Allen Organ. Allen wants you to spend hundreds of dollars on a new replacement board. $15 may seem a lot for a small ferrite tuning slug with tuning knob 	but we have spent considerable time and $ in order to provide a suitable replacement. This is the tuning control used on the MOS  clock board. Also included are instructions for removing the original slug if broken and how to tune the organ. You will need 	either a tuning fork or a low cost piano tuning box to re-tune the clock frequency. We use a frequency counter or a Korg tuner.',0.00,52,NULL,NULL),(53,'Card reader LED Kit','CrdrdrLEDkit','Replaces incandescent Allen MOS 1 & 2 and Allen ADC organ models card reader lamps.',NULL,NULL,1,1,'Kit or Kit + Install','',0.00,'Kit only,Kit installed in your card reader & tested','','LED_Kit.jpg','24.95,74.95',1.0000,1,1,'Finally a way to replace troublesome Allen MOS 1 & 2 card reader lamps. Include 11 special high output white LEDs, resistors and detailed instructions with color pictorials. Soldering experience a must or you can send board in for HLABs  to install the kit for a total price of $74.95 plus shipping. Note that the price may be higher if you have a defective photo transistor.\r\nSend reader to: Harrison Labs Inc,\r\n6480 E. Ponderosa Dr., Parker, CO 80138',0.00,53,0,NULL),(54,'Switch Reed Allen replacement Kit','switchreedkit','Set of 32 replacement reed switches and instructions.',NULL,NULL,1,1,'Kit Quantity','',0.00,'Set of 32 for pedals, Package of 10','','','59, 19',1.0000,1,1,'The original 1.25 inch long Allen reed switches are no longer available. These are shorter but have the same magnetic sensitivity which results in more precise positioning control. This kit is designed to replace Allen Organ pedal reed switches and drawknob switches but we have also used these to replace newer Allen organ keyboard reed switches. You must be able to solder.',0.00,54,0,NULL),(55,'Expression Pedal Isolator for Allen Organs','0','Isolates Allen organ expression pedal circuit in order to add our enhancements.\r\nPrice is for pair.',NULL,NULL,1,1,'','',24.50,'','','Expression_Ped_Iso.JPG','',1.0000,1,1,'If you have added your own goodies to and Allen MOS 1 or 2 type organ and the expression pedal stops working, this is for you. Packaged in pairs they install into the output jacks of the last add-on ahead of the expression pedal. They are bi-directional and one is for the flute channel and the other for the main channel. One pair is required for each computer. Note the photo does not show the actual logo. We had inadvertently shown the 12db attenuator which is not this item but the part looks the same but just has the Harrison Labs Logo.',0.00,55,0,NULL),(56,'LED strip Accent Lighting','LEDSTRIP','Unique very brite expandable white LED Strip',NULL,NULL,1,1,'','',19.95,'','','LED_LITES_small.JPG','',1.0000,1,1,'8\" long expandable white LED accent strip. Designed for under counter use but can be used anywhere strip lighting is needed. Reasonably priced considering each strip has sixteen 40,000mcd LEDs and operates from 16 to 24VAC. The brightness is maximized at 24 volts AC. Most any door bell or thermostat transformer will work. Each strip consumes only 50ma or 1.2VA at 24 volts. LEDs will \"dance\" when supplied with low frequency and with audio input. Includes hardware wire to xfmr and instructions.',0.00,56,NULL,NULL),(57,'Allen organ pedal in swell chamber kit','0','Fixes an Allen organ duplication of the pipe organ fault of muffled highs with expression pedal closed and allows low bass of the pedal division to be controlled by the swell pedal.',NULL,NULL,1,1,'# of Computers','',0.00,'one, two, three, four, five, six','','','10, 12, 14, 15, 16, 17',1.0000,1,1,'Requiring only a screwdriver and wire cutter this instruction set that enables you to defeat the Allen limitation of lower bass notes expression control. This also corrects the problem of the muffled highs when the expression pedal is minimized or closed. This is a fault of the pipe organ that Allen duplicates. Includes laminated instruction set and a bare bus wire. Takes anywhere from 15 minutes to an hour depending on your energy level. ',0.00,57,NULL,NULL),(58,'Electronic Organ Sound Enhancement Catalog','0','Electronic Organ (Mostly for Allen Mos 1 organs) audio enhancements catalog including coupon to cover the cost of the catalog with first purchase.',NULL,NULL,1,1,'','',5.00,'','','Technical_Catalog.jpg','',1.0000,1,1,'we are still working on this listing and will have more info about this catalog uploaded at a later date',0.00,58,NULL,NULL),(59,'VM-1 VOLTAGE ISOLATOR','900012','Battery or Power Isolator. High efficiency 12 volts DC to 12 volts DC power supply. Great for isolating any 12 volt device (100ma / 0.1 amp) or less from the power supply. Screw terminal connections. YACHT version available',NULL,NULL,1,1,'Version','',0.00,'Standard, Yacht version','','VM_1_Isolator.jpg','34.50, 70.00',1.0000,1,1,'This small 2\" X 3\" isolator is very efficient and is great for isolating most small devices from the power source. For example when using the same power supply to power an ammeter you need to isolate the meter power inputs from the measuring inputs or you will short out the power supply.',0.00,59,0,NULL),(62,'STOPS MIDI CONVERTER','STOPSMIDI1,2,3-16/32','MIDI STOPS (VOICES)Converter for most any organ including Allen, Rogers, etc including most analog organs. Version select pins for Hauptwerk, Alhborn Galanti Modules, GigaStudio',NULL,NULL,1,1,'Divisions/Stops','Input Drive Polarity',0.00,'1 Div 8 Stops,1 Div 16 Stops,1 Div 32 Stops, 2 Div 16 Stops/Div, 2 Div 32 Stops/Div, 3 Div 16 Stops/Div, 3 Div 32 Stops/Div','Active HI , Active LO','2_DIV_STOPS_CONVERTER.JPG','209, 229, 249, 279, 349, 389, 549',2.0000,1,1,'This universal module is available from 1 to 3 or more divisions and 16 to 32 stops per division. You can order either stops contact inputs switching low to active high or high to active low. Please specify when ordering! Operates from a 5 volt power supply that most organs have, so no additional power supply(ies) are needed. Each division has a separate MIDI output jack. No programming necessary!!!\r\nFor Allen MOS 1 organs see the Allen stop board array adapter to simplify wiring.',0.00,62,0,NULL),(64,'PowerMowse tm 3-way','900041','Tri-Amplified (3-way amps + speakers)- the famous PowerMowse tm re-introduced.',NULL,NULL,1,1,'Model','',0.00,'PowerMowse 12vdc, PowerMowse 12v/120vac, SuperMowse','','powermowse.jpg','399, 499, 659',30.0000,1,1,'360 equivalent watts of full range audio. \"Chest Thumping Bass & Crystal Clear Highs\" was the motto from the late 1980\'s. This patented design has a proprietary transmission line sub-woofer system, electronic crossovers, 5 audio amplifier channels, speaker level and RCA line level inputs, gain controls, trigger and power terminals (8 amps at 12vdc max), optional 120vac input, optional SuperMowse tm build with built-in mixer panel for mono/stereo mics and line inputs with separate bass and treble controls with master sliders. Originally designed for Corvettes (behind the bucket seats), hatch back vehicles, and pickup trucks (behind the bench seats). Please allow 2 weeks for manufacturing processes. 30\" long, 9\" deep, 4-1/2\" high and weighs about 25 lbs. While original remaining stock of enclosures and components last.',0.00,64,0,NULL),(67,'Stops adapter for Allen MOS 1','STOPSALLENADAP','Plugs between Allen MOS 1 stop board array and the stops edge connector to provide simple screw terminals for accessing factory stops wiring. Provides mini screw terminals for each Allen stop.\r\nIncludes 3/32\" terminal screwdriver.',NULL,NULL,1,1,'','',89.00,'','','Allen_stops_adapter_RT_close.JPG','',1.0000,1,1,'Whether you want to duplicate the Allen stop tabs or draw knobs with midi generated sounds (using the Harrison Stops Midi Converter) or simply wish to replace the original Allen sound generator with midi generated voices, this eliminates soldering to the stops wires. You can remove the stops edge connection from the stop board array and plug the edge connector with stop wires into this adapter and if using original Allen voices, plug this adapter into the stop board array. The 3 division per Allen MOS 1 computer - stop board array has the stop contact signals for 32 stops. Now you can simply plug this device as shown and you have 32 stop terminals to access your organs stop switches without any cutting, soldering or modifications to the original Allen organ. You can even play the original stop voices with whatever sound generator you are adding. For multiple computer organs with additional stop tabs (IE separate computer for choir division) two of these will provide up to 64 stop terminals. Has built-in isolation diodes to prevent added equipment from interfering with the original Allen operation.',0.00,67,0,NULL);

--
-- Table structure for table `Sale`
--

CREATE TABLE `Sale` (
  `ID` int(11) NOT NULL AUTO_INCREMENT,
  `productID` int(11) NOT NULL DEFAULT '0',
  `quantity` int(11) NOT NULL DEFAULT '0',
  `name` varchar(60) DEFAULT NULL,
  `sku` varchar(30) DEFAULT NULL,
  `price` double(8,2) NOT NULL DEFAULT '0.00',
  `label1` varchar(50) DEFAULT NULL,
  `label2` varchar(50) DEFAULT NULL,
  `invoiceID` int(11) NOT NULL DEFAULT '0',
  `notax` smallint(6) DEFAULT NULL,
  PRIMARY KEY (`ID`),
  KEY `ID` (`ID`)
) ENGINE=MyISAM AUTO_INCREMENT=1472 DEFAULT CHARSET=latin1;

--
-- Dumping data for table `Sale`
--

INSERT INTO `Sale` VALUES (1,8,1,'Fixed Value Attenuators','900085, 900086, 900087',29.00,' 12db','',1,NULL),(2,6,1,'Electronic Trigger Relay','911012',14.50,'','',3,NULL),(3,10,1,'FMOD (Filter Module) High Pass RCA Level Crossover','9000XX',29.00,' 70hz','',5,NULL),(4,10,1,'FMOD (Filter Module) High Pass RCA Level Crossover','9000XX',29.00,' 70hz','',7,NULL),(5,13,1,'FMOD Sub-sonic Filter Pair','900073, 900059',29.00,' 30hz','',8,NULL),(6,10,2,'FMOD (Filter Module) High Pass RCA Level Crossover','9000XX',29.00,' 150hz','',9,NULL),(7,10,1,'FMOD (Filter Module) High Pass RCA Level Crossover','9000XX',29.00,' 70hz','',10,NULL),(8,10,1,'FMOD (Filter Module) High Pass RCA Level Crossover','9000XX',29.00,' 200hz','',10,NULL),(9,26,1,'PFMOD  LP-1','900091',39.00,'','',10,NULL),(10,7,1,'Adjustable Attenuator (X-Connect Home)','910010S',24.95,'Standard','',11,NULL),(11,10,1,'FMOD (Filter Module) High Pass RCA Level Crossover','9000XX',29.00,' 100hz','',12,NULL),(12,24,1,'FMODcable High Pass RCA Level','90XXXX',24.50,' 100','',12,NULL),(13,27,1,'PFMOD HP-1','900101',34.95,'','',12,NULL),(14,26,1,'PFMOD  LP-1','900091',39.00,'','',13,NULL),(15,9,1,'FMOD (Filter Module) Low Pass RCA Level Crossover','9000SX',29.00,' 70hz','',14,NULL),(16,9,1,'FMOD (Filter Module) Low Pass RCA Level Crossover','9000SX',29.00,' 100hz','',14,NULL),(17,13,1,'FMOD Sub-sonic Filter Pair','900073, 900059',29.00,' 30hz','',15,NULL),(18,13,1,'FMOD Sub-sonic Filter Pair','900073, 900059',29.00,'20hz','',16,NULL),(19,25,1,'PFMOD 2W-1','900121',49.00,'','',17,NULL),(20,23,1,'FMODcable Low Pass RCA Level','90XXXX',24.50,'50/70hz','',18,NULL),(21,13,1,'FMOD Sub-sonic Filter Pair','900073, 900059',29.00,' 30hz','',19,NULL),(22,9,1,'FMOD (Filter Module) Low Pass RCA Level Crossover','9000SX',29.00,' 70hz','',20,NULL),(23,23,1,'FMODcable Low Pass RCA Level','90XXXX',24.50,' 100/200hz','',21,NULL),(24,11,1,'Bass-Blocker 37hz','903700',29.00,'','',22,NULL),(25,9,1,'FMOD (Filter Module) Low Pass RCA Level Crossover','9000SX',29.00,'50hz','',22,NULL),(26,13,1,'FMOD Sub-sonic Filter Pair','900073, 900059',29.00,'20hz','',22,NULL),(27,13,1,'FMOD Sub-sonic Filter Pair','900073, 900059',29.00,' 30hz','',22,NULL),(28,10,1,'FMOD (Filter Module) High Pass RCA Level Crossover','9000XX',29.00,' 150hz','',23,NULL),(29,40,1,'Woofer Box Design Sliderule 4th order','900090 4th',10.00,'','',24,NULL),(30,26,1,'PFMOD  LP-1','900091',39.00,'','',25,NULL),(31,9,1,'FMOD (Filter Module) Low Pass RCA Level Crossover','9000SX',29.00,' 70hz','',26,NULL),(32,9,1,'FMOD (Filter Module) Low Pass RCA Level Crossover','9000SX',29.00,'50hz','',27,NULL),(33,12,1,'PFMOD (Parametric Filter Module) HP-Sub','900133',39.00,'','',28,NULL),(34,7,1,'Adjustable Attenuator (X-Connect Home)','910010S',24.95,'Standard','',29,NULL),(35,39,1,'Woofer Sealed & Ported Box Designer','900090',10.00,'','',30,NULL),(36,25,1,'PFMOD 2W-1','900121',49.00,'','',31,NULL),(37,43,1,'Travelling Wave Generator tm','0',149.00,'','',32,NULL),(40,25,1,'PFMOD 2W-1','900121',49.00,'','',35,NULL),(41,9,1,'FMOD (Filter Module) Low Pass RCA Level Crossover','9000SX',29.00,' 150hz','',36,NULL),(39,12,1,'PFMOD (Parametric Filter Module) HP-Sub','900133',39.00,'','',34,NULL),(42,9,1,'FMOD (Filter Module) Low Pass RCA Level Crossover','9000SX',29.00,' 100hz','',36,NULL),(43,7,1,'Adjustable Attenuator (X-Connect Home)','910010S',24.95,'Standard','',37,NULL),(44,11,1,'Bass-Blocker 37hz','903700',29.00,'','',38,NULL),(45,26,1,'PFMOD  LP-1','900091',39.00,'','',39,NULL),(46,9,1,'FMOD (Filter Module) Low Pass RCA Level Crossover','9000SX',29.00,' 70hz','',39,NULL),(47,7,1,'Adjustable Attenuator (X-Connect Home)','910010S',24.95,'Standard','',40,NULL),(48,39,1,'Woofer Sealed & Ported Box Designer','900090',10.00,'','',41,NULL),(49,13,1,'FMOD Sub-sonic Filter Pair','900073, 900059',29.00,' 30hz','',42,NULL),(50,13,1,'FMOD Sub-sonic Filter Pair','900073, 900059',29.00,' 30hz','',43,NULL),(51,12,1,'PFMOD (Parametric Filter Module) HP-Sub','900133',39.00,'','',44,NULL),(52,26,1,'PFMOD  LP-1','900091',39.00,'','',45,NULL),(53,23,1,'FMODcable Low Pass RCA Level','90XXXX',24.50,' 70/100hz','',47,NULL),(54,23,1,'FMODcable Low Pass RCA Level','90XXXX',24.50,' 70/100hz','',48,NULL),(55,23,1,'FMODcable Low Pass RCA Level','90XXXX',24.50,' 200/500hz','',49,NULL),(56,9,1,'FMOD (Filter Module) Low Pass RCA Level Crossover','9000SX',29.00,' 200hz','',49,NULL),(57,9,1,'FMOD (Filter Module) Low Pass RCA Level Crossover','9000SX',29.00,' 500hz','',49,NULL),(58,27,2,'PFMOD HP-1','900101',34.95,'','',50,NULL),(59,9,1,'FMOD (Filter Module) Low Pass RCA Level Crossover','9000SX',29.00,' 70hz','',51,NULL),(60,8,1,'Fixed Value Attenuators','900085, 900086, 900087',29.00,'3db','',52,NULL),(61,23,4,'FMODcable Low Pass RCA Level','90XXXX',24.50,' 200/500hz','',53,NULL),(62,12,1,'PFMOD (Parametric Filter Module) HP-Sub','900133',39.00,'','',54,NULL),(63,10,1,'FMOD (Filter Module) High Pass RCA Level Crossover','9000XX',29.00,' 100hz','',55,NULL),(64,9,1,'FMOD (Filter Module) Low Pass RCA Level Crossover','9000SX',29.00,'50hz','',56,NULL),(68,10,1,'FMOD (Filter Module) High Pass RCA Level Crossover','9000XX',29.00,' 150hz','',60,NULL),(67,26,1,'PFMOD  LP-1','900091',39.00,'','',59,NULL),(69,9,1,'FMOD (Filter Module) Low Pass RCA Level Crossover','9000SX',29.00,' 6500hz','',60,NULL),(70,24,1,'FMODcable High Pass RCA Level','90XXXX',24.50,'20/50hz','',61,NULL),(71,10,1,'FMOD (Filter Module) High Pass RCA Level Crossover','9000XX',29.00,' 30hz (subsonic)','',62,NULL),(72,10,1,'FMOD (Filter Module) High Pass RCA Level Crossover','9000XX',29.00,'20hz (subsonic)','',62,NULL),(73,23,1,'FMODcable Low Pass RCA Level','90XXXX',24.50,' 200/500hz','',63,NULL),(74,9,1,'FMOD (Filter Module) Low Pass RCA Level Crossover','9000SX',29.00,' 200hz','',63,NULL),(75,9,1,'FMOD (Filter Module) Low Pass RCA Level Crossover','9000SX',29.00,' 150hz','',63,NULL),(76,32,1,'1.5 Farad Capacitors','900015 series',69.00,'no display','black',64,NULL),(77,8,2,'Fixed Value Attenuators','900085, 900086, 900087',29.00,'3db','',65,NULL),(78,8,1,'Fixed Value Attenuators','900085, 900086, 900087',29.00,'3db','',66,NULL),(79,25,1,'PFMOD 2W-1','900121',49.00,'','',67,NULL),(80,10,1,'FMOD (Filter Module) High Pass RCA Level Crossover','9000XX',29.00,' 30hz (subsonic)','',68,NULL),(81,13,1,'FMOD Sub-sonic Filter Pair','900073, 900059',29.00,'20hz','',69,NULL),(82,24,1,'FMODcable High Pass RCA Level','90XXXX',24.50,' 100/200hz','',70,NULL),(83,8,1,'Fixed Value Attenuators','900085, 900086, 900087',29.00,'3db','',71,NULL),(84,13,1,'FMOD Sub-sonic Filter Pair','900073, 900059',29.00,'20hz','',71,NULL),(85,9,1,'FMOD (Filter Module) Low Pass RCA Level Crossover','9000SX',29.00,'50hz','',71,NULL),(86,9,1,'FMOD (Filter Module) Low Pass RCA Level Crossover','9000SX',29.00,' 70hz','',71,NULL),(87,8,1,'Fixed Value Attenuators','900085, 900086, 900087',29.00,' 6db','',72,NULL),(88,8,1,'Fixed Value Attenuators','900085, 900086, 900087',29.00,' 12db','',73,NULL),(89,7,1,'Adjustable Attenuator (X-Connect Home)','910010S',24.95,'Standard','',74,NULL),(90,27,1,'PFMOD HP-1','900101',34.95,'','',75,NULL),(91,12,1,'PFMOD (Parametric Filter Module) HP-Sub','900133',39.00,'','',76,NULL),(92,10,1,'FMOD (Filter Module) High Pass RCA Level Crossover','9000XX',29.00,' 100hz','',77,NULL),(93,12,1,'PFMOD (Parametric Filter Module) HP-Sub','900133',39.00,'','',78,NULL),(94,12,1,'PFMOD (Parametric Filter Module) HP-Sub','900133',39.00,'','',79,NULL),(95,9,1,'FMOD (Filter Module) Low Pass RCA Level Crossover','9000SX',29.00,' 70hz','',80,NULL),(96,10,1,'FMOD (Filter Module) High Pass RCA Level Crossover','9000XX',29.00,'20hz (subsonic)','',80,NULL),(97,24,1,'FMODcable High Pass RCA Level','90XXXX',24.50,' 50/70hz','',81,NULL),(98,10,1,'FMOD (Filter Module) High Pass RCA Level Crossover','9000XX',29.00,' 70hz','',82,NULL),(99,13,1,'FMOD Sub-sonic Filter Pair','900073, 900059',29.00,' 30hz','',83,NULL),(100,7,1,'Adjustable Attenuator (X-Connect Home)','910010S',24.95,'Standard','',84,NULL),(101,9,1,'FMOD (Filter Module) Low Pass RCA Level Crossover','9000SX',29.00,'50hz','',85,NULL),(102,12,1,'PFMOD (Parametric Filter Module) HP-Sub','900133',39.00,'','',86,NULL),(103,9,1,'FMOD (Filter Module) Low Pass RCA Level Crossover','9000SX',29.00,'50hz','',87,NULL),(104,10,1,'FMOD (Filter Module) High Pass RCA Level Crossover','9000XX',29.00,' 30hz (subsonic)','',87,NULL),(105,9,1,'FMOD (Filter Module) Low Pass RCA Level Crossover','9000SX',29.00,'50hz','',88,NULL),(106,7,1,'Adjustable Attenuator (X-Connect Home)','910010S',24.95,'Standard','',89,NULL),(107,8,1,'Fixed Value Attenuators','900085, 900086, 900087',29.00,'3db','',90,NULL),(108,8,1,'Fixed Value Attenuators','900085, 900086, 900087',29.00,' 6db','',90,NULL),(109,8,1,'Fixed Value Attenuators','900085, 900086, 900087',29.00,' 12db','',91,NULL),(110,55,1,'Expression Pedal Isolator for Allen Organs','0',24.50,'','',92,NULL),(111,9,1,'FMOD (Filter Module) Low Pass RCA Level Crossover','9000SX',29.00,'50hz','',93,NULL),(112,8,1,'Fixed Value Attenuators','900085, 900086, 900087',29.00,' 12db','',94,NULL),(113,45,1,'X-CONNECT SPEAKER LEVEL CONVERTER','910010',24.95,'','',95,NULL),(114,10,1,'FMOD (Filter Module) High Pass RCA Level Crossover','9000XX',29.00,' 150hz','',96,NULL),(115,9,1,'FMOD (Filter Module) Low Pass RCA Level Crossover','9000SX',29.00,' 100hz','',96,NULL),(116,8,1,'Fixed Value Attenuators','900085, 900086, 900087',29.00,' 12db','',97,NULL),(117,8,1,'Fixed Value Attenuators','900085, 900086, 900087',29.00,' 12db','',98,NULL),(118,8,1,'Fixed Value Attenuators','900085, 900086, 900087',29.00,' 6db','',98,NULL),(119,8,1,'Fixed Value Attenuators','900085, 900086, 900087',29.00,'3db','',98,NULL),(120,9,1,'FMOD (Filter Module) Low Pass RCA Level Crossover','9000SX',29.00,' 100hz','',99,NULL),(121,7,6,'Adjustable Attenuator (X-Connect Home)','910010S',24.95,'Standard','',100,NULL),(122,10,1,'FMOD (Filter Module) High Pass RCA Level Crossover','9000XX',29.00,' 1000hz','',101,NULL),(123,8,1,'Fixed Value Attenuators','900085, 900086, 900087',29.00,' 12db','',102,NULL),(124,9,1,'FMOD (Filter Module) Low Pass RCA Level Crossover','9000SX',29.00,' 70hz','',103,NULL),(125,9,1,'FMOD (Filter Module) Low Pass RCA Level Crossover','9000SX',29.00,' 200hz','',104,NULL),(126,39,1,'Woofer Sealed & Ported Box Designer','900090',10.00,'','',105,NULL),(127,35,1,'1/2 Farad Capacitors','900005 Series',39.00,'',' Black with gold holographic logo',106,NULL),(128,26,1,'PFMOD  LP-1','900091',39.00,'','',107,NULL),(129,10,1,'FMOD (Filter Module) High Pass RCA Level Crossover','9000XX',29.00,' 30hz (subsonic)','',108,NULL),(130,55,2,'Expression Pedal Isolator for Allen Organs','0',24.50,'','',109,NULL),(131,10,1,'FMOD (Filter Module) High Pass RCA Level Crossover','9000XX',29.00,' 50hz','',110,NULL),(132,45,1,'X-CONNECT SPEAKER LEVEL CONVERTER','910010',24.95,'','',111,NULL),(133,38,1,'100 Amp FluxCap tm','903147',339.00,'plain aluminum','',112,NULL),(136,23,1,'FMODcable Low Pass RCA Level','90XXXX',24.50,' 70/100hz','',115,NULL),(135,8,2,'Fixed Value Attenuators','900085, 900086, 900087',29.00,' 12db','',114,NULL),(137,12,1,'PFMOD (Parametric Filter Module) HP-Sub','900133',39.00,'','',116,NULL),(138,8,3,'Fixed Value Attenuators','900085, 900086, 900087',29.00,' 12db','',117,NULL),(139,7,1,'Adjustable Attenuator (X-Connect Home)','910010S',24.95,'Standard','',118,NULL),(140,9,1,'FMOD (Filter Module) Low Pass RCA Level Crossover','9000SX',29.00,'50hz','',118,NULL),(141,10,6,'FMOD (Filter Module) High Pass RCA Level Crossover','9000XX',29.00,' 300hz','',119,NULL),(142,8,2,'Fixed Value Attenuators','900085, 900086, 900087',29.00,'3db','',120,NULL),(143,26,1,'PFMOD  LP-1','900091',39.00,'','',121,NULL),(144,10,1,'FMOD (Filter Module) High Pass RCA Level Crossover','9000XX',29.00,' 50hz','',122,NULL),(145,9,1,'FMOD (Filter Module) Low Pass RCA Level Crossover','9000SX',29.00,' 150hz','',123,NULL),(146,9,1,'FMOD (Filter Module) Low Pass RCA Level Crossover','9000SX',29.00,' 70hz','',124,NULL),(147,53,1,'Card reader LED Kit','0',24.95,'','',125,NULL),(148,55,1,'Expression Pedal Isolator for Allen Organs','0',24.50,'','',125,NULL),(149,57,1,'Allen organ pedal in swell chamber kit','0',10.00,'','',125,NULL),(153,12,1,'PFMOD (Parametric Filter Module) HP-Sub','900133',39.00,'','',129,NULL),(151,35,1,'1/2 Farad Capacitors','900005 Series',39.00,'','White with red logo',127,NULL),(152,10,19,'FMOD (Filter Module) High Pass RCA Level Crossover','9000XX',29.00,' 300hz','',128,NULL),(154,13,1,'FMOD Sub-sonic Filter Pair','900073, 900059',29.00,'20hz','',130,NULL),(155,10,2,'FMOD (Filter Module) High Pass RCA Level Crossover','9000XX',29.00,'20hz (subsonic)','',131,NULL),(156,9,1,'FMOD (Filter Module) Low Pass RCA Level Crossover','9000SX',29.00,' 70hz','',132,NULL),(157,25,1,'PFMOD 2W-1','900121',49.00,'','',133,NULL),(158,7,2,'Adjustable Attenuator (X-Connect Home)','910010S',24.95,' Speaker Level Input (ground loop isolation)','',134,NULL),(159,9,2,'FMOD (Filter Module) Low Pass RCA Level Crossover','9000SX',29.00,' 100hz','',136,NULL),(160,12,1,'PFMOD (Parametric Filter Module) HP-Sub','900133',39.00,'','',137,NULL),(161,9,1,'FMOD (Filter Module) Low Pass RCA Level Crossover','9000SX',29.00,' 100hz','',138,NULL),(162,10,1,'FMOD (Filter Module) High Pass RCA Level Crossover','9000XX',29.00,' 100hz','',139,NULL),(163,27,1,'PFMOD HP-1','900101',34.95,'','',140,NULL),(164,27,1,'PFMOD HP-1','900101',34.95,'','',141,NULL),(165,10,1,'FMOD (Filter Module) High Pass RCA Level Crossover','9000XX',29.00,' 500hz','',142,NULL),(166,9,1,'FMOD (Filter Module) Low Pass RCA Level Crossover','9000SX',29.00,' 500hz','',142,NULL),(167,13,1,'FMOD Sub-sonic Filter Pair','900073, 900059',29.00,'20hz','',143,NULL),(168,13,1,'FMOD Sub-sonic Filter Pair','900073, 900059',29.00,' 30hz','',143,NULL),(169,9,1,'FMOD (Filter Module) Low Pass RCA Level Crossover','9000SX',29.00,'50hz','',144,NULL),(170,9,1,'FMOD (Filter Module) Low Pass RCA Level Crossover','9000SX',29.00,' 70hz','',145,NULL),(171,12,1,'PFMOD (Parametric Filter Module) HP-Sub','900133',39.00,'','',146,NULL),(172,8,1,'Fixed Value Attenuators','900085, 900086, 900087',29.00,'3db','',147,NULL),(173,38,1,'100 Amp FluxCap tm','903147',339.00,'plain aluminum','',148,NULL),(174,9,1,'FMOD (Filter Module) Low Pass RCA Level Crossover','9000SX',29.00,' 3500hz','',149,NULL),(175,26,1,'PFMOD  LP-1','900091',39.00,'','',150,NULL),(176,10,2,'FMOD (Filter Module) High Pass RCA Level Crossover','9000XX',29.00,' 30hz (subsonic)','',151,NULL),(177,14,1,'3-1/2 Digit Display','990010BASIC',39.00,'','0 to 199.9mV',152,NULL),(178,19,1,'VM-1 DC Volts','M705',45.00,'Less Lens','0 to 199.9mV',152,NULL),(179,26,1,'PFMOD  LP-1','900091',39.00,'','',153,NULL),(180,9,1,'FMOD (Filter Module) Low Pass RCA Level Crossover','9000SX',29.00,' 150hz','',154,NULL),(181,27,1,'PFMOD HP-1','900101',34.95,'','',155,NULL),(182,12,1,'PFMOD (Parametric Filter Module) HP-Sub','900133',39.00,'','',156,NULL),(183,21,1,'Current Shunt 100 Amps','990011, 90111',29.95,'100 Amp Shunt (In Stock)','',157,NULL),(184,37,1,'50 Amp FluxCap tm','902147',179.00,'plain aluminum','',158,NULL),(185,9,1,'FMOD (Filter Module) Low Pass RCA Level Crossover','9000SX',29.00,' 100hz','',159,NULL),(186,27,1,'PFMOD HP-1','900101',34.95,'','',160,NULL),(187,24,1,'FMODcable High Pass RCA Level','90XXXX',24.50,' 70/100hz','',160,NULL),(188,43,2,'Travelling Wave Generator tm','TWG2',149.00,'Extended bass','',161,NULL),(189,55,2,'Expression Pedal Isolator for Allen Organs','0',24.50,'','',161,NULL),(190,44,2,'DSP Ambience Processor','DSPAMB',149.00,'','',161,NULL),(191,12,1,'PFMOD (Parametric Filter Module) HP-Sub','900133',39.00,'','',162,NULL),(192,10,1,'FMOD (Filter Module) High Pass RCA Level Crossover','9000XX',29.00,' 30hz (subsonic)','',163,NULL),(193,10,1,'FMOD (Filter Module) High Pass RCA Level Crossover','9000XX',29.00,' 50hz','',164,NULL),(194,11,1,'Bass-Blocker 37hz','903700',29.00,'','',166,NULL),(195,27,1,'PFMOD HP-1','900101',34.95,'','',167,NULL),(196,14,1,'3-1/2 Digit Display','990010BASIC',39.00,'','0 to 199.9mV',168,NULL),(197,24,1,'FMODcable High Pass RCA Level','90XXXX',24.50,' 50/70hz','',169,NULL),(198,7,1,'Adjustable Attenuator (X-Connect Home)','910010S',24.95,'Standard','',170,NULL),(199,8,1,'Fixed Value Attenuators','900085, 900086, 900087',29.00,' 12db','',170,NULL),(200,12,1,'PFMOD (Parametric Filter Module) HP-Sub','900133',39.00,'','',171,NULL),(201,7,1,'Adjustable Attenuator (X-Connect Home)','910010S',24.95,'Standard','',172,NULL),(202,9,1,'FMOD (Filter Module) Low Pass RCA Level Crossover','9000SX',29.00,'50hz','',173,NULL),(203,10,1,'FMOD (Filter Module) High Pass RCA Level Crossover','9000XX',29.00,' 300hz','',174,NULL),(204,45,1,'X-CONNECT SPEAKER LEVEL CONVERTER','910010',24.95,'','',175,NULL),(205,10,1,'FMOD (Filter Module) High Pass RCA Level Crossover','9000XX',29.00,' 300hz','',176,NULL),(206,10,1,'FMOD (Filter Module) High Pass RCA Level Crossover','9000XX',29.00,' 3500hz','',176,NULL),(207,10,1,'FMOD (Filter Module) High Pass RCA Level Crossover','9000XX',29.00,' 50hz','',177,NULL),(208,45,1,'X-CONNECT SPEAKER LEVEL CONVERTER','910010',24.95,'','',178,NULL),(209,12,1,'PFMOD (Parametric Filter Module) HP-Sub','900133',39.00,'','',178,NULL),(210,26,1,'PFMOD  LP-1','900091',39.00,'','',179,NULL),(211,10,1,'FMOD (Filter Module) High Pass RCA Level Crossover','9000XX',29.00,' 70hz','',180,NULL),(212,12,1,'PFMOD (Parametric Filter Module) HP-Sub','900133',39.00,'','',181,NULL),(213,13,1,'FMOD Sub-sonic Filter Pair','900073, 900059',29.00,'20hz','',182,NULL),(214,9,2,'FMOD (Filter Module) Low Pass RCA Level Crossover','9000SX',29.00,'50hz','',183,NULL),(215,9,1,'FMOD (Filter Module) Low Pass RCA Level Crossover','9000SX',29.00,' 200hz','',184,NULL),(216,13,1,'FMOD Sub-sonic Filter Pair','900073, 900059',29.00,'20hz','',186,NULL),(217,12,1,'PFMOD (Parametric Filter Module) HP-Sub','900133',39.00,'','',186,NULL),(218,26,1,'PFMOD  LP-1','900091',39.00,'','',187,NULL),(219,9,1,'FMOD (Filter Module) Low Pass RCA Level Crossover','9000SX',29.00,' 100hz','',188,NULL),(220,10,1,'FMOD (Filter Module) High Pass RCA Level Crossover','9000XX',29.00,' 50hz','',189,NULL),(221,9,1,'FMOD (Filter Module) Low Pass RCA Level Crossover','9000SX',29.00,'50hz','',189,NULL),(222,12,1,'PFMOD (Parametric Filter Module) HP-Sub','900133',39.00,'','',190,NULL),(223,42,1,'Woofer Box Design set of 3','900090 3pak',24.50,'','',191,NULL),(226,9,2,'FMOD (Filter Module) Low Pass RCA Level Crossover','9000SX',29.00,' 200hz','',195,NULL),(225,8,1,'Fixed Value Attenuators','900085, 900086, 900087',29.00,' 12db','',194,NULL),(227,9,2,'FMOD (Filter Module) Low Pass RCA Level Crossover','9000SX',29.00,' 200hz','',196,NULL),(228,13,1,'FMOD Sub-sonic Filter Pair','900073, 900059',29.00,'20hz','',197,NULL),(229,13,1,'FMOD Sub-sonic Filter Pair','900073, 900059',29.00,'20hz','',198,NULL),(230,9,1,'FMOD (Filter Module) Low Pass RCA Level Crossover','9000SX',29.00,'50hz','',199,NULL),(231,9,8,'FMOD (Filter Module) Low Pass RCA Level Crossover','9000SX',29.00,' 2500hz','',199,NULL),(232,8,8,'Fixed Value Attenuators','900085, 900086, 900087',29.00,'3db','',199,NULL),(233,12,1,'PFMOD (Parametric Filter Module) HP-Sub','900133',39.00,'','',200,NULL),(234,13,1,'FMOD Sub-sonic Filter Pair','900073, 900059',29.00,' 30hz','',201,NULL),(235,9,1,'FMOD (Filter Module) Low Pass RCA Level Crossover','9000SX',29.00,'50hz','',202,NULL),(236,58,1,'Electronic Organ Sound Enhancement Catalog','0',5.00,'','',203,NULL),(237,8,1,'Fixed Value Attenuators','900085, 900086, 900087',29.00,' 6db','',204,NULL),(238,23,1,'FMODcable Low Pass RCA Level','90XXXX',24.50,'50/70hz','',205,NULL),(239,24,1,'FMODcable High Pass RCA Level','90XXXX',24.50,' 50/70hz','',207,NULL),(240,13,1,'FMOD Sub-sonic Filter Pair','900073, 900059',29.00,'20hz','',208,NULL),(241,13,1,'FMOD Sub-sonic Filter Pair','900073, 900059',29.00,' 30hz','',208,NULL),(242,12,2,'PFMOD (Parametric Filter Module) HP-Sub','900133',39.00,'','',209,NULL),(243,25,1,'PFMOD 2W-1','900121',49.00,'','',210,NULL),(244,10,1,'FMOD (Filter Module) High Pass RCA Level Crossover','9000XX',29.00,' 200hz','',211,NULL),(245,9,1,'FMOD (Filter Module) Low Pass RCA Level Crossover','9000SX',29.00,' 200hz','',211,NULL),(246,23,1,'FMODcable Low Pass RCA Level','90XXXX',24.50,' 500/1000hz','',212,NULL),(247,9,1,'FMOD (Filter Module) Low Pass RCA Level Crossover','9000SX',29.00,' 200hz','',213,NULL),(248,25,1,'PFMOD 2W-1','900121',49.00,'','',214,NULL),(249,25,1,'PFMOD 2W-1','900121',49.00,'','',215,NULL),(250,9,1,'FMOD (Filter Module) Low Pass RCA Level Crossover','9000SX',29.00,'50hz','',216,NULL),(251,8,1,'Fixed Value Attenuators','900085, 900086, 900087',29.00,' 6db','',217,NULL),(252,8,1,'Fixed Value Attenuators','900085, 900086, 900087',29.00,' 12db','',217,NULL),(253,55,1,'Expression Pedal Isolator for Allen Organs','0',24.50,'','',218,NULL),(254,57,1,'Allen organ pedal in swell chamber kit','0',10.00,'','',219,NULL),(255,55,1,'Expression Pedal Isolator for Allen Organs','0',24.50,'','',219,NULL),(256,44,1,'DSP Ambience Processor','DSPAMB',149.00,'','',219,NULL),(257,43,1,'Travelling Wave Generator tm','TWG2',149.00,'Extended bass','',219,NULL),(258,8,1,'Fixed Value Attenuators','900085, 900086, 900087',29.00,' 6db','',220,NULL),(259,10,1,'FMOD (Filter Module) High Pass RCA Level Crossover','9000XX',29.00,' 3500hz','',220,NULL),(260,9,1,'FMOD (Filter Module) Low Pass RCA Level Crossover','9000SX',29.00,' 3500hz','',220,NULL),(261,10,1,'FMOD (Filter Module) High Pass RCA Level Crossover','9000XX',29.00,' 150hz','',220,NULL),(262,9,1,'FMOD (Filter Module) Low Pass RCA Level Crossover','9000SX',29.00,' 150hz','',220,NULL),(263,26,1,'PFMOD  LP-1','900091',39.00,'','',221,NULL),(264,13,1,'FMOD Sub-sonic Filter Pair','900073, 900059',29.00,'20hz','',222,NULL),(265,41,1,'Woofer Box Design Sliderule 6th order','900090 6th',10.00,'','',223,NULL),(266,40,1,'Woofer Box Design Sliderule 4th order','900090 4th',10.00,'','',223,NULL),(267,8,1,'Fixed Value Attenuators','900085, 900086, 900087',29.00,' 6db','',224,NULL),(268,8,1,'Fixed Value Attenuators','900085, 900086, 900087',29.00,' 12db','',225,NULL),(269,13,1,'FMOD Sub-sonic Filter Pair','900073, 900059',29.00,' 30hz','',226,NULL),(270,12,1,'PFMOD (Parametric Filter Module) HP-Sub','900133',39.00,'','',227,NULL),(271,45,1,'X-CONNECT SPEAKER LEVEL CONVERTER','910010',29.95,'','',228,NULL),(272,10,1,'FMOD (Filter Module) High Pass RCA Level Crossover','9000XX',29.00,' 70hz','',229,NULL),(273,8,2,'Fixed Value Attenuators','900085, 900086, 900087',29.00,' 12db','',230,NULL),(274,9,1,'FMOD (Filter Module) Low Pass RCA Level Crossover','9000SX',29.00,'50hz','',231,NULL),(275,11,1,'Bass-Blocker 37hz','903700',29.00,'','',232,NULL),(276,7,1,'Adjustable Attenuator (X-Connect Home)','910010S',24.95,'Standard','',233,NULL),(277,9,1,'FMOD (Filter Module) Low Pass RCA Level Crossover','9000SX',29.00,' 1000hz','',234,NULL),(278,7,1,'Adjustable Attenuator (X-Connect Home)','910010S',24.95,'Standard','',235,NULL),(279,9,1,'FMOD (Filter Module) Low Pass RCA Level Crossover','9000SX',29.00,' 70hz','',236,NULL),(280,26,1,'PFMOD  LP-1','900091',39.00,'','',237,NULL),(281,41,1,'Woofer Box Design Sliderule 6th order','900090 6th',10.00,'','',238,NULL),(282,40,1,'Woofer Box Design Sliderule 4th order','900090 4th',10.00,'','',238,NULL),(283,12,1,'PFMOD (Parametric Filter Module) HP-Sub','900133',39.00,'','',239,NULL),(284,9,2,'FMOD (Filter Module) Low Pass RCA Level Crossover','9000SX',24.50,'50hz','',240,NULL),(285,10,1,'FMOD (Filter Module) High Pass RCA Level Crossover','9000XX',24.50,' 3500hz','',241,NULL),(286,9,1,'FMOD (Filter Module) Low Pass RCA Level Crossover','9000SX',24.50,' 3500hz','',241,NULL),(287,13,1,'FMOD Sub-sonic Filter Pair','900073, 900059',29.00,' 30hz','',242,NULL),(288,58,1,'Electronic Organ Sound Enhancement Catalog','0',5.00,'','',243,NULL),(289,57,1,'Allen organ pedal in swell chamber kit','0',10.00,'','',243,NULL),(290,55,2,'Expression Pedal Isolator for Allen Organs','0',24.50,'','',243,NULL),(291,12,1,'PFMOD (Parametric Filter Module) HP-Sub','900133',39.00,'','',245,NULL),(292,10,2,'FMOD (Filter Module) High Pass RCA Level Crossover','9000XX',24.50,' 150hz','',246,NULL),(293,26,1,'PFMOD  LP-1','900091',39.00,'','',247,NULL),(294,10,1,'FMOD (Filter Module) High Pass RCA Level Crossover','9000XX',24.50,' 100hz','',248,NULL),(295,9,1,'FMOD (Filter Module) Low Pass RCA Level Crossover','9000SX',24.50,' 70hz','',248,NULL),(296,9,1,'FMOD (Filter Module) Low Pass RCA Level Crossover','9000SX',24.50,' 100hz','',248,NULL),(297,12,1,'PFMOD (Parametric Filter Module) HP-Sub','900133',39.00,'','',249,NULL),(298,27,1,'PFMOD HP-1','900101',34.95,'','',250,NULL),(299,7,1,'Adjustable Attenuator (X-Connect Home)','910010S',24.95,'Standard','',250,NULL),(300,27,1,'PFMOD HP-1','900101',34.95,'','',251,NULL),(301,8,1,'Fixed Value Attenuators','900085, 900086, 900087',24.50,' 6db','',252,NULL),(302,12,1,'PFMOD (Parametric Filter Module) HP-Sub','900133',39.00,'','',253,NULL),(303,10,2,'FMOD (Filter Module) High Pass RCA Level Crossover','9000XX',24.50,' 30hz (subsonic)','',254,NULL),(304,27,1,'PFMOD HP-1','900101',34.95,'','',256,NULL),(305,10,1,'FMOD (Filter Module) High Pass RCA Level Crossover','9000XX',24.50,' 6500hz','',257,NULL),(306,58,1,'Electronic Organ Sound Enhancement Catalog','0',5.00,'','',258,NULL),(307,10,1,'FMOD (Filter Module) High Pass RCA Level Crossover','9000XX',24.50,' 6500hz','',259,NULL),(308,9,1,'FMOD (Filter Module) Low Pass RCA Level Crossover','9000SX',24.50,' 6500hz','',259,NULL),(309,12,1,'PFMOD (Parametric Filter Module) HP-Sub','900133',39.00,'','',260,NULL),(310,9,4,'FMOD (Filter Module) Low Pass RCA Level Crossover','9000SX',24.50,' 100hz','',261,NULL),(311,8,1,'Fixed Value Attenuators','900085, 900086, 900087',24.50,' 12db','',262,NULL),(312,13,1,'FMOD Sub-sonic Filter Pair','900073, 900059',29.00,' 30hz','',263,NULL),(313,27,1,'PFMOD HP-1','900101',34.95,'','',264,NULL),(314,13,1,'FMOD Sub-sonic Filter Pair','900073, 900059',29.00,' 30hz','',265,NULL),(315,9,2,'FMOD (Filter Module) Low Pass RCA Level Crossover','9000SX',24.50,' 100hz','',266,NULL),(316,10,1,'FMOD (Filter Module) High Pass RCA Level Crossover','9000XX',24.50,' 2500hz','',267,NULL),(317,10,1,'FMOD (Filter Module) High Pass RCA Level Crossover','9000XX',24.50,' 150hz','',267,NULL),(318,9,1,'FMOD (Filter Module) Low Pass RCA Level Crossover','9000SX',24.50,' 2500hz','',267,NULL),(319,27,1,'PFMOD HP-1','900101',34.95,'','',268,NULL),(320,9,1,'FMOD (Filter Module) Low Pass RCA Level Crossover','9000SX',24.50,' 100hz','',269,NULL),(321,8,1,'Fixed Value Attenuators','900085, 900086, 900087',24.50,' 12db','',270,NULL),(322,10,1,'FMOD (Filter Module) High Pass RCA Level Crossover','9000XX',24.50,' 50hz','',271,NULL),(323,10,1,'FMOD (Filter Module) High Pass RCA Level Crossover','9000XX',24.50,'20hz (subsonic)','',271,NULL),(324,10,1,'FMOD (Filter Module) High Pass RCA Level Crossover','9000XX',24.50,' 30hz (subsonic)','',271,NULL),(325,9,1,'FMOD (Filter Module) Low Pass RCA Level Crossover','9000SX',24.50,' 200hz','',272,NULL),(326,8,1,'Fixed Value Attenuators','900085, 900086, 900087',24.50,' 12db','',273,NULL),(327,10,1,'FMOD (Filter Module) High Pass RCA Level Crossover','9000XX',24.50,' 70hz','',274,NULL),(328,23,1,'FMODcable Low Pass RCA Level','90XXXX',24.50,' 100/200hz','',275,NULL),(329,10,1,'FMOD (Filter Module) High Pass RCA Level Crossover','9000XX',24.50,' 70hz','',276,NULL),(330,12,1,'PFMOD (Parametric Filter Module) HP-Sub','900133',39.00,'','',277,NULL),(331,13,1,'FMOD Sub-sonic Filter Pair','900073, 900059',29.00,' 30hz','',277,NULL),(332,10,1,'FMOD (Filter Module) High Pass RCA Level Crossover','9000XX',24.50,' 30hz (subsonic)','',278,NULL),(333,13,1,'FMOD Sub-sonic Filter Pair','900073, 900059',29.00,'20hz','',279,NULL),(334,45,1,'X-CONNECT SPEAKER LEVEL CONVERTER','910010',29.95,'','',280,NULL),(335,58,1,'Electronic Organ Sound Enhancement Catalog','0',5.00,'','',281,NULL),(336,55,1,'Expression Pedal Isolator for Allen Organs','0',24.50,'','',281,NULL),(337,44,2,'DSP Ambience Processor','DSPAMB',149.00,'','',281,NULL),(338,23,1,'FMODcable Low Pass RCA Level','90XXXX',24.50,'50/70hz','',282,NULL),(339,8,1,'Fixed Value Attenuators','900085, 900086, 900087',24.50,'3db','',283,NULL),(340,9,1,'FMOD (Filter Module) Low Pass RCA Level Crossover','9000SX',24.50,' 100hz','',284,NULL),(341,55,1,'Expression Pedal Isolator for Allen Organs','0',24.50,'','',285,NULL),(342,43,2,'Travelling Wave Generator tm','TWG2',149.00,'Extended bass','',285,NULL),(343,44,1,'DSP Ambience Processor','DSPAMB',149.00,'','',285,NULL),(344,12,1,'PFMOD (Parametric Filter Module) HP-Sub','900133',39.00,'','',286,NULL),(345,8,2,'Fixed Value Attenuators','900085, 900086, 900087',24.50,' 6db','',287,NULL),(346,8,2,'Fixed Value Attenuators','900085, 900086, 900087',24.50,' 12db','',287,NULL),(347,13,1,'FMOD Sub-sonic Filter Pair','900073, 900059',29.00,' 30hz','',288,NULL),(348,10,1,'FMOD (Filter Module) High Pass RCA Level Crossover','9000XX',24.50,' 30hz (subsonic)','',289,NULL),(349,10,1,'FMOD (Filter Module) High Pass RCA Level Crossover','9000XX',24.50,' 200hz','',289,NULL),(350,9,1,'FMOD (Filter Module) Low Pass RCA Level Crossover','9000SX',24.50,' 200hz','',289,NULL),(351,10,1,'FMOD (Filter Module) High Pass RCA Level Crossover','9000XX',24.50,' 70hz','',290,NULL),(352,12,1,'PFMOD (Parametric Filter Module) HP-Sub','900133',39.00,'','',291,NULL),(353,13,3,'FMOD Sub-sonic Filter Pair','900073, 900059',29.00,'20hz','',292,NULL),(354,44,3,'DSP Ambience Processor','DSPAMB',149.00,'','',293,NULL),(355,55,3,'Expression Pedal Isolator for Allen Organs','0',24.50,'','',293,NULL),(356,14,3,'3-1/2 Digit Display','990010BASIC',39.00,'','0 to 199.9mV',294,NULL),(357,9,2,'FMOD (Filter Module) Low Pass RCA Level Crossover','9000SX',24.50,' 150hz','',295,NULL),(358,13,1,'FMOD Sub-sonic Filter Pair','900073, 900059',29.00,' 30hz','',296,NULL),(359,7,1,'Adjustable Attenuator (X-Connect Home)','910010S',24.95,'Standard','',297,NULL),(360,10,1,'FMOD (Filter Module) High Pass RCA Level Crossover','9000XX',24.50,' 150hz','',298,NULL),(361,24,1,'FMODcable High Pass RCA Level','90XXXX',24.50,' 70/100hz','',299,NULL),(362,10,1,'FMOD (Filter Module) High Pass RCA Level Crossover','9000XX',24.50,' 30hz (subsonic)','',300,NULL),(363,8,1,'Fixed Value Attenuators','900085, 900086, 900087',24.50,' 12db','',301,NULL),(364,26,1,'PFMOD  LP-1','900091',39.00,'','',302,NULL),(365,26,1,'PFMOD  LP-1','900091',39.00,'','',303,NULL),(366,9,1,'FMOD (Filter Module) Low Pass RCA Level Crossover','9000SX',24.50,' 500hz','',304,NULL),(367,9,1,'FMOD (Filter Module) Low Pass RCA Level Crossover','9000SX',24.50,' 200hz','',305,NULL),(368,10,4,'FMOD (Filter Module) High Pass RCA Level Crossover','9000XX',24.50,'20hz (subsonic)','',306,NULL),(369,24,1,'FMODcable High Pass RCA Level','90XXXX',24.50,' 70/100hz','',307,NULL),(370,43,2,'Travelling Wave Generator tm','TWG2',149.00,'Extended bass','',308,NULL),(371,44,2,'DSP Ambience Processor','DSPAMB',149.00,'','',308,NULL),(372,13,1,'FMOD Sub-sonic Filter Pair','900073, 900059',29.00,' 30hz','',309,NULL),(373,13,1,'FMOD Sub-sonic Filter Pair','900073, 900059',29.00,'20hz','',309,NULL),(374,13,1,'FMOD Sub-sonic Filter Pair','900073, 900059',29.00,'20hz','',310,NULL),(375,7,1,'Adjustable Attenuator (X-Connect Home)','910010S',24.95,'Standard','',311,NULL),(376,26,1,'PFMOD  LP-1','900091',39.00,'','',312,NULL),(377,10,1,'FMOD (Filter Module) High Pass RCA Level Crossover','9000XX',24.50,' 3500hz','',313,NULL),(378,9,1,'FMOD (Filter Module) Low Pass RCA Level Crossover','9000SX',24.50,' 1000hz','',313,NULL),(379,9,1,'FMOD (Filter Module) Low Pass RCA Level Crossover','9000SX',24.50,' 200hz','',314,NULL),(380,8,1,'Fixed Value Attenuators','900085, 900086, 900087',24.50,' 6db','',314,NULL),(381,8,1,'Fixed Value Attenuators','900085, 900086, 900087',24.50,'3db','',314,NULL),(382,7,1,'Adjustable Attenuator (X-Connect Home)','910010S',24.95,'Standard','',315,NULL),(383,9,1,'FMOD (Filter Module) Low Pass RCA Level Crossover','9000SX',24.50,'50hz','',316,NULL),(384,9,1,'FMOD (Filter Module) Low Pass RCA Level Crossover','9000SX',24.50,' 70hz','',316,NULL),(385,60,1,'XLR Fmod Balanced Fmod tm','0',69.00,' 24db','',317,NULL),(386,9,1,'FMOD (Filter Module) Low Pass RCA Level Crossover','9000SX',24.50,' 70hz','',317,NULL),(387,23,1,'FMODcable Low Pass RCA Level','90XXXX',24.50,'50/70hz','',318,NULL),(388,27,1,'PFMOD HP-1','900101',34.95,'','',319,NULL),(389,8,4,'Fixed Value Attenuators','900085, 900086, 900087',24.50,' 12db','',320,NULL),(390,53,1,'Card reader LED Kit','0',24.95,'','',321,NULL),(391,8,1,'Fixed Value Attenuators','900085, 900086, 900087',24.50,'3db','',322,NULL),(392,8,1,'Fixed Value Attenuators','900085, 900086, 900087',24.50,' 6db','',322,NULL),(393,8,1,'Fixed Value Attenuators','900085, 900086, 900087',24.50,' 12db','',323,NULL),(394,8,1,'Fixed Value Attenuators','900085, 900086, 900087',24.50,' 6db','',323,NULL),(395,8,1,'Fixed Value Attenuators','900085, 900086, 900087',24.50,'3db','',323,NULL),(396,8,1,'Fixed Value Attenuators','900085, 900086, 900087',24.50,' 12db','',324,NULL),(401,23,1,'FMODcable Low Pass RCA Level','90XXXX',24.50,' 500/1000hz','',327,NULL),(400,10,1,'FMOD (Filter Module) High Pass RCA Level Crossover','9000XX',24.50,' 6500hz','',327,NULL),(399,13,1,'FMOD Sub-sonic Filter Pair','900073, 900059',29.00,' 30hz','',326,NULL),(402,26,1,'PFMOD  LP-1','900091',39.00,'','',328,NULL),(403,10,2,'FMOD (Filter Module) High Pass RCA Level Crossover','9000XX',24.50,' 30hz (subsonic)','',329,NULL),(404,13,1,'FMOD Sub-sonic Filter Pair','900073, 900059',29.00,'20hz','',330,NULL),(405,38,1,'100 Amp FluxCap tm','903147',399.00,'plain aluminum','',331,NULL),(406,12,1,'PFMOD (Parametric Filter Module) HP-Sub','900133',39.00,'','',333,NULL),(407,8,1,'Fixed Value Attenuators','900085, 900086, 900087',24.50,'3db','',334,NULL),(408,9,1,'FMOD (Filter Module) Low Pass RCA Level Crossover','9000SX',24.50,' 70hz','',334,NULL),(409,10,2,'FMOD (Filter Module) High Pass RCA Level Crossover','9000XX',24.50,' 50hz','',334,NULL),(410,10,1,'FMOD (Filter Module) High Pass RCA Level Crossover','9000XX',24.50,' 70hz','',335,NULL),(411,8,1,'Fixed Value Attenuators','900085, 900086, 900087',24.50,'3db','',335,NULL),(412,9,1,'FMOD (Filter Module) Low Pass RCA Level Crossover','9000SX',24.50,' 70hz','',336,NULL),(413,12,1,'PFMOD (Parametric Filter Module) HP-Sub','900133',39.00,'','',337,NULL),(414,10,1,'FMOD (Filter Module) High Pass RCA Level Crossover','9000XX',24.50,' 100hz','',338,NULL),(415,9,1,'FMOD (Filter Module) Low Pass RCA Level Crossover','9000SX',24.50,' 100hz','',339,NULL),(416,7,1,'Adjustable Attenuator (X-Connect Home)','910010S',24.95,'Standard','',340,NULL),(417,8,1,'Fixed Value Attenuators','900085, 900086, 900087',24.50,' 12db','',340,NULL),(418,8,10,'Fixed Value Attenuators','900085, 900086, 900087',24.50,' 6db','',341,NULL),(419,7,1,'Adjustable Attenuator (X-Connect Home)','910010S',24.95,'Standard','',342,NULL),(420,9,1,'FMOD (Filter Module) Low Pass RCA Level Crossover','9000SX',24.50,'50hz','',343,NULL),(421,9,1,'FMOD (Filter Module) Low Pass RCA Level Crossover','9000SX',24.50,' 100hz','',344,NULL),(422,45,1,'X-CONNECT SPEAKER LEVEL CONVERTER','910010',29.95,'','',345,NULL),(423,9,1,'FMOD (Filter Module) Low Pass RCA Level Crossover','9000SX',24.50,' 100hz','',346,NULL),(424,9,1,'FMOD (Filter Module) Low Pass RCA Level Crossover','9000SX',24.50,' 150hz','',346,NULL),(425,10,1,'FMOD (Filter Module) High Pass RCA Level Crossover','9000XX',24.50,'20hz (subsonic)','',347,NULL),(428,8,2,'Fixed Value Attenuators','900085, 900086, 900087',24.50,' 12db','',350,NULL),(427,8,1,'Fixed Value Attenuators','900085, 900086, 900087',24.50,' 12db','',349,NULL),(429,15,1,'VM-1 AC Amps','M720',64.50,' Lens Included','',351,NULL),(430,10,2,'FMOD (Filter Module) High Pass RCA Level Crossover','9000XX',24.50,'20hz (subsonic)','',352,NULL),(431,7,1,'Adjustable Attenuator (X-Connect Home)','910010S',24.95,'Standard','',353,NULL),(432,7,1,'Adjustable Attenuator (X-Connect Home)','910010S',24.95,' Speaker Level Input (ground loop isolation)','',353,NULL),(433,10,1,'FMOD (Filter Module) High Pass RCA Level Crossover','9000XX',24.50,' 100hz','',354,NULL),(434,9,2,'FMOD (Filter Module) Low Pass RCA Level Crossover','9000SX',24.50,' 100hz','',355,NULL),(435,26,1,'PFMOD  LP-1','900091',39.00,'','',356,NULL),(436,11,1,'Bass-Blocker 37hz','903700',29.00,'','',357,NULL),(437,8,1,'Fixed Value Attenuators','900085, 900086, 900087',24.50,'3db','',358,NULL),(438,7,1,'Adjustable Attenuator (X-Connect Home)','910010S',24.95,'Standard','',359,NULL),(439,10,1,'FMOD (Filter Module) High Pass RCA Level Crossover','9000XX',24.50,'20hz (subsonic)','',360,NULL),(440,23,1,'FMODcable Low Pass RCA Level','90XXXX',24.50,'50/70hz','',361,NULL),(441,11,1,'Bass-Blocker 37hz','903700',29.00,'','',361,NULL),(442,24,1,'FMODcable High Pass RCA Level','90XXXX',24.50,' 50/70hz','',362,NULL),(443,25,1,'PFMOD 2W-1','900121',49.00,'','',363,NULL),(444,13,1,'FMOD Sub-sonic Filter Pair','900073, 900059',29.00,' 30hz','',364,NULL),(445,7,1,'Adjustable Attenuator (X-Connect Home)','910010S',24.95,'Standard','',365,NULL),(446,10,1,'FMOD (Filter Module) High Pass RCA Level Crossover','9000XX',24.50,' 50hz','',366,NULL),(447,12,1,'PFMOD (Parametric Filter Module) HP-Sub','900133',39.00,'','',367,NULL),(448,9,1,'FMOD (Filter Module) Low Pass RCA Level Crossover','9000SX',24.50,' 150hz','',368,NULL),(449,9,1,'FMOD (Filter Module) Low Pass RCA Level Crossover','9000SX',24.50,' 100hz','',368,NULL),(450,55,2,'Expression Pedal Isolator for Allen Organs','0',24.50,'','',369,NULL),(451,46,1,'NOISE GATE','900141',59.95,'2 CHANNEL','',370,NULL),(452,27,2,'PFMOD HP-1','900101',34.95,'','',371,NULL),(453,58,1,'Electronic Organ Sound Enhancement Catalog','0',5.00,'','',372,NULL),(454,8,1,'Fixed Value Attenuators','900085, 900086, 900087',24.50,' 12db','',373,NULL),(455,12,1,'PFMOD (Parametric Filter Module) HP-Sub','900133',39.00,'','',374,NULL),(456,43,1,'Travelling Wave Generator tm','TWG2',149.00,'Extended bass','',375,NULL),(457,52,1,'Tuning slug for Allen MOS clock boards','0',15.00,'','',375,NULL),(458,27,1,'PFMOD HP-1','900101',34.95,'','',376,NULL),(459,12,1,'PFMOD (Parametric Filter Module) HP-Sub','900133',39.00,'','',377,NULL),(460,10,1,'FMOD (Filter Module) High Pass RCA Level Crossover','9000XX',24.50,' 70hz','',378,NULL),(461,23,1,'FMODcable Low Pass RCA Level','90XXXX',24.50,' 70/100hz','',379,NULL),(462,13,1,'FMOD Sub-sonic Filter Pair','900073, 900059',29.00,' 30hz','',381,NULL),(463,10,1,'FMOD (Filter Module) High Pass RCA Level Crossover','9000XX',24.50,'20hz (subsonic)','',382,NULL),(464,9,1,'FMOD (Filter Module) Low Pass RCA Level Crossover','9000SX',24.50,' 70hz','',383,NULL),(465,46,1,'NOISE GATE','900141',89.00,' 4 CHANNEL','',384,NULL),(466,10,1,'FMOD (Filter Module) High Pass RCA Level Crossover','9000XX',24.50,' 70hz','',385,NULL),(467,9,1,'FMOD (Filter Module) Low Pass RCA Level Crossover','9000SX',24.50,' 3500hz','',386,NULL),(468,9,1,'FMOD (Filter Module) Low Pass RCA Level Crossover','9000SX',24.50,' 100hz','',387,NULL),(469,9,4,'FMOD (Filter Module) Low Pass RCA Level Crossover','9000SX',24.50,' 200hz','',388,NULL),(470,9,1,'FMOD (Filter Module) Low Pass RCA Level Crossover','9000SX',24.50,' 100hz','',389,NULL),(471,12,1,'PFMOD (Parametric Filter Module) HP-Sub','900133',39.00,'','',390,NULL),(472,12,1,'PFMOD (Parametric Filter Module) HP-Sub','900133',39.00,'','',391,NULL),(473,10,1,'FMOD (Filter Module) High Pass RCA Level Crossover','9000XX',24.50,' 70hz','',392,NULL),(474,8,1,'Fixed Value Attenuators','900085, 900086, 900087',24.50,' 12db','',393,NULL),(475,13,1,'FMOD Sub-sonic Filter Pair','900073, 900059',29.00,'20hz','',394,NULL),(476,39,1,'Woofer Sealed & Ported Box Designer','900090',10.00,'','',395,NULL),(477,13,1,'FMOD Sub-sonic Filter Pair','900073, 900059',29.00,' 30hz','',396,NULL),(478,12,1,'PFMOD (Parametric Filter Module) HP-Sub','900133',39.00,'','',397,NULL),(479,11,1,'Bass-Blocker 37hz','903700',29.00,'','',398,NULL),(480,10,1,'FMOD (Filter Module) High Pass RCA Level Crossover','9000XX',24.50,'20hz (subsonic)','',399,NULL),(481,55,1,'Expression Pedal Isolator for Allen Organs','0',24.50,'','',400,NULL),(482,26,1,'PFMOD  LP-1','900091',39.00,'','',401,NULL),(483,8,1,'Fixed Value Attenuators','900085, 900086, 900087',24.50,' 12db','',402,NULL),(484,13,1,'FMOD Sub-sonic Filter Pair','900073, 900059',29.00,' 30hz','',403,NULL),(485,8,1,'Fixed Value Attenuators','900085, 900086, 900087',24.50,' 12db','',404,NULL),(486,8,1,'Fixed Value Attenuators','900085, 900086, 900087',24.50,' 12db','',405,NULL),(487,26,1,'PFMOD  LP-1','900091',39.00,'','',406,NULL),(488,24,1,'FMODcable High Pass RCA Level','90XXXX',24.50,' 500/1000hz','',407,NULL),(489,10,1,'FMOD (Filter Module) High Pass RCA Level Crossover','9000XX',27.50,' 70hz','',408,NULL),(490,12,1,'PFMOD (Parametric Filter Module) HP-Sub','900133',39.00,'','',409,NULL),(491,9,1,'FMOD (Filter Module) Low Pass RCA Level Crossover','9000SX',27.50,'50hz','',410,NULL),(492,9,1,'FMOD (Filter Module) Low Pass RCA Level Crossover','9000SX',27.50,' 70hz','',411,NULL),(493,34,1,'1.0 Farad Capacitors','900010 series',75.00,' voltage display','black',412,NULL),(494,24,1,'FMODcable High Pass RCA Level','90XXXX',24.50,' 70/100hz','',412,NULL),(495,7,1,'Adjustable Attenuator (X-Connect Home)','910010S',24.95,'Standard','',413,NULL),(496,10,1,'FMOD (Filter Module) High Pass RCA Level Crossover','9000XX',27.50,' 70hz','',414,NULL),(497,7,10,'Adjustable Attenuator (X-Connect Home)','910010S',24.95,'Standard','',415,NULL),(498,28,1,'SEMOD (Spectrum Equalizer Module) Full Range','900131FLAG',299.00,'Standard','',416,NULL),(499,10,1,'FMOD (Filter Module) High Pass RCA Level Crossover','9000XX',27.50,' 3500hz','',417,NULL),(500,9,1,'FMOD (Filter Module) Low Pass RCA Level Crossover','9000SX',27.50,' 6500hz','',417,NULL),(501,11,1,'Bass-Blocker 37hz','903700',29.00,'','',418,NULL),(502,37,1,'50 Amp FluxCap tm','902147',249.00,' black','',419,NULL),(503,8,1,'Fixed Value Attenuators','900085, 900086, 900087',27.50,' 6db','',420,NULL),(504,8,1,'Fixed Value Attenuators','900085, 900086, 900087',27.50,'3db','',420,NULL),(505,25,1,'PFMOD 2W-1','900121',49.00,'','',421,NULL),(506,23,2,'FMODcable Low Pass RCA Level','90XXXX',24.50,' 100/200hz','',422,NULL),(507,24,2,'FMODcable High Pass RCA Level','90XXXX',24.50,' 100/200hz','',422,NULL),(508,8,1,'Fixed Value Attenuators','900085, 900086, 900087',27.50,' 12db','',423,NULL),(509,8,1,'Fixed Value Attenuators','900085, 900086, 900087',27.50,' 6db','',423,NULL),(510,10,1,'FMOD (Filter Module) High Pass RCA Level Crossover','9000XX',27.50,' 70hz','',423,NULL),(511,9,1,'FMOD (Filter Module) Low Pass RCA Level Crossover','9000SX',27.50,' 100hz','',423,NULL),(512,26,1,'PFMOD  LP-1','900091',39.00,'','',424,NULL),(513,55,1,'Expression Pedal Isolator for Allen Organs','0',24.50,'','',425,NULL),(514,44,1,'DSP Ambience Processor','DSPAMB',149.00,' New Compact','',425,NULL),(515,8,1,'Fixed Value Attenuators','900085, 900086, 900087',27.50,' 6db','',426,NULL),(516,8,1,'Fixed Value Attenuators','900085, 900086, 900087',27.50,'3db','',426,NULL),(517,8,2,'Fixed Value Attenuators','900085, 900086, 900087',27.50,' 12db','',427,NULL),(518,12,1,'PFMOD (Parametric Filter Module) HP-Sub','900133',39.00,'','',428,NULL),(519,55,2,'Expression Pedal Isolator for Allen Organs','0',24.50,'','',430,NULL),(520,23,1,'FMODcable Low Pass RCA Level','90XXXX',24.50,'50/70hz','',431,NULL),(522,27,2,'PFMOD HP-1','900101',34.95,'','',433,NULL),(523,53,1,'Card reader LED Kit','0',24.95,'','',434,NULL),(524,47,1,'Theatre Organ Console Plans','TOC001',49.95,'','',435,NULL),(525,26,1,'PFMOD  LP-1','900091',39.00,'','',436,NULL),(526,9,1,'FMOD (Filter Module) Low Pass RCA Level Crossover','9000SX',27.50,' 100hz','',436,NULL),(527,8,1,'Fixed Value Attenuators','900085, 900086, 900087',27.50,' 12db','',437,NULL),(528,13,1,'FMOD Sub-sonic Filter Pair','900073, 900059',29.00,' 30hz','',438,NULL),(529,4,1,'AMP 400 N','901011',299.00,'Plain Aluminum',' 4 OHM 100hz FMOD',439,NULL),(530,44,3,'DSP Ambience Processor','DSPAMB',149.00,'Original','',440,NULL),(531,12,1,'PFMOD (Parametric Filter Module) HP-Sub','900133',39.00,'','',441,NULL),(532,23,1,'FMODcable Low Pass RCA Level','90XXXX',24.50,'50/70hz','',442,NULL),(533,8,14,'Fixed Value Attenuators','900085, 900086, 900087',27.50,' 6db','',443,NULL),(534,58,1,'Electronic Organ Sound Enhancement Catalog','0',5.00,'','',444,NULL),(535,8,2,'Fixed Value Attenuators','900085, 900086, 900087',27.50,' 6db','',445,NULL),(536,9,1,'FMOD (Filter Module) Low Pass RCA Level Crossover','9000SX',27.50,' 70hz','',446,NULL),(537,8,1,'Fixed Value Attenuators','900085, 900086, 900087',27.50,'3db','',446,NULL),(538,9,3,'FMOD (Filter Module) Low Pass RCA Level Crossover','9000SX',27.50,'50hz','',447,NULL),(539,10,1,'FMOD (Filter Module) High Pass RCA Level Crossover','9000XX',27.50,' 70hz','',448,NULL),(542,25,1,'PFMOD 2W-1','900121',49.00,'','',451,NULL),(543,44,1,'DSP Ambience Processor','DSPAMB',149.00,'','',452,NULL),(541,4,1,'AMP 400 N','901011',299.00,'Plain Aluminum',' 4 OHM 100hz FMOD',450,NULL),(544,55,1,'Expression Pedal Isolator for Allen Organs','0',24.50,'','',453,NULL),(545,58,1,'Electronic Organ Sound Enhancement Catalog','0',5.00,'','',453,NULL),(546,12,1,'PFMOD (Parametric Filter Module) HP-Sub','900133',39.00,'','',454,NULL),(547,9,1,'FMOD (Filter Module) Low Pass RCA Level Crossover','9000SX',27.50,'50hz','',455,NULL),(548,54,1,'Replacement Allen Organ pedal board switches','0',14.95,' Package of 10','',456,NULL),(549,60,1,'XLR Fmod Balanced Fmod tm','0',49.00,'','',457,NULL),(550,23,1,'FMODcable Low Pass RCA Level','90XXXX',24.50,' 70/100hz','',458,NULL),(551,25,1,'PFMOD 2W-1','900121',49.00,'','',459,NULL),(552,12,1,'PFMOD (Parametric Filter Module) HP-Sub','900133',39.00,'','',460,NULL),(553,7,1,'Adjustable Attenuator (X-Connect Home)','910010S',24.95,'Standard','',461,NULL),(554,45,1,'X-CONNECT SPEAKER LEVEL CONVERTER','910010',29.95,'','',462,NULL),(555,9,1,'FMOD (Filter Module) Low Pass RCA Level Crossover','9000SX',27.50,' 6500hz','',463,NULL),(556,55,2,'Expression Pedal Isolator for Allen Organs','0',24.50,'','',464,NULL),(557,44,1,'DSP Ambience Processor','DSPAMB',149.00,'','',464,NULL),(558,10,1,'FMOD (Filter Module) High Pass RCA Level Crossover','9000XX',27.50,' 70hz','',465,NULL),(559,10,1,'FMOD (Filter Module) High Pass RCA Level Crossover','9000XX',27.50,'20hz (subsonic)','',465,NULL),(560,9,1,'FMOD (Filter Module) Low Pass RCA Level Crossover','9000SX',27.50,' 500hz','',466,NULL),(561,10,1,'FMOD (Filter Module) High Pass RCA Level Crossover','9000XX',27.50,' 500hz','',466,NULL),(562,13,1,'FMOD Sub-sonic Filter Pair','900073, 900059',29.00,'20hz','',467,NULL),(563,13,1,'FMOD Sub-sonic Filter Pair','900073, 900059',29.00,'20hz','',468,NULL),(564,9,1,'FMOD (Filter Module) Low Pass RCA Level Crossover','9000SX',27.50,' 150hz','',469,NULL),(565,9,2,'FMOD (Filter Module) Low Pass RCA Level Crossover','9000SX',27.50,' 70hz','',470,NULL),(566,12,1,'PFMOD (Parametric Filter Module) HP-Sub','900133',39.00,'','',471,NULL),(567,25,1,'PFMOD 2W-1','900121',49.00,'','',472,NULL),(568,9,1,'FMOD (Filter Module) Low Pass RCA Level Crossover','9000SX',27.50,' 70hz','',473,NULL),(569,24,1,'FMODcable High Pass RCA Level','90XXXX',24.50,' 50/70hz','',474,NULL),(570,49,1,'Organ Mixer Pre-amp Crossover','0',195.00,' 8','One piece',475,NULL),(571,13,2,'FMOD Sub-sonic Filter Pair','900073, 900059',29.00,'20hz','',476,NULL),(572,10,1,'FMOD (Filter Module) High Pass RCA Level Crossover','9000XX',27.50,' 100hz','',477,NULL),(573,25,1,'PFMOD 2W-1','900121',49.00,'','',478,NULL),(574,12,1,'PFMOD (Parametric Filter Module) HP-Sub','900133',39.00,'','',479,NULL),(575,9,1,'FMOD (Filter Module) Low Pass RCA Level Crossover','9000SX',27.50,' 500hz','',480,NULL),(576,8,3,'Fixed Value Attenuators','900085, 900086, 900087',27.50,' 6db','',481,NULL),(577,8,2,'Fixed Value Attenuators','900085, 900086, 900087',27.50,' 12db','',482,NULL),(578,27,2,'PFMOD HP-1','900101',34.95,'','',483,NULL),(579,13,1,'FMOD Sub-sonic Filter Pair','900073, 900059',29.00,' 30hz','',484,NULL),(580,8,1,'Fixed Value Attenuators','900085, 900086, 900087',27.50,' 12db','',485,NULL),(581,9,1,'FMOD (Filter Module) Low Pass RCA Level Crossover','9000SX',27.50,'50hz','',486,NULL),(582,26,1,'PFMOD  LP-1','900091',39.00,'','',487,NULL),(583,38,1,'100 Amp FluxCap tm','903147',439.00,' chrome','',488,NULL),(584,10,1,'FMOD (Filter Module) High Pass RCA Level Crossover','9000XX',27.50,' 100hz','',489,NULL),(588,11,1,'Bass-Blocker 37hz','903700',29.00,'','',492,NULL),(587,44,3,'DSP Ambience Processor','DSPAMB',149.00,'','',491,NULL),(589,57,1,'Allen organ pedal in swell chamber kit','0',10.00,'one','',493,NULL),(590,55,1,'Expression Pedal Isolator for Allen Organs','0',24.50,'','',493,NULL),(591,58,1,'Electronic Organ Sound Enhancement Catalog','0',5.00,'','',494,NULL),(592,44,4,'DSP Ambience Processor','DSPAMB',149.00,'','',495,NULL),(593,13,1,'FMOD Sub-sonic Filter Pair','900073, 900059',29.00,' 30hz','',496,NULL),(594,26,1,'PFMOD  LP-1','900091',39.00,'','',497,NULL),(595,23,1,'FMODcable Low Pass RCA Level','90XXXX',24.50,' 70/100hz','',497,NULL),(596,26,1,'PFMOD  LP-1','900091',39.00,'','',498,NULL),(597,12,1,'PFMOD (Parametric Filter Module) HP-Sub','900133',39.00,'','',500,NULL),(598,38,1,'100 Amp FluxCap tm','903147',399.00,'plain aluminum','',501,NULL),(599,55,2,'Expression Pedal Isolator for Allen Organs','0',24.50,'','',502,NULL),(600,7,2,'Adjustable Attenuator (X-Connect Home)','910010S',24.95,'Standard','',503,NULL),(601,44,2,'DSP Ambience Processor','DSPAMB',149.00,'','',504,NULL),(602,13,1,'FMOD Sub-sonic Filter Pair','900073, 900059',29.00,' 30hz','',505,NULL),(603,26,1,'PFMOD  LP-1','900091',39.00,'','',506,NULL),(604,27,1,'PFMOD HP-1','900101',34.95,'','',506,NULL),(605,25,1,'PFMOD 2W-1','900121',49.00,'','',507,NULL),(606,7,1,'Adjustable Attenuator (X-Connect Home)','910010S',24.95,' Speaker Level Input (ground loop isolation)','',508,NULL),(608,10,1,'FMOD (Filter Module) High Pass RCA Level Crossover','9000XX',27.50,' 300hz','',510,NULL),(609,55,1,'Expression Pedal Isolator for Allen Organs','0',24.50,'','',511,NULL),(610,44,1,'DSP Ambience Processor','DSPAMB',149.00,'','',511,NULL),(611,10,1,'FMOD (Filter Module) High Pass RCA Level Crossover','9000XX',27.50,' 50hz','',512,NULL),(612,13,1,'FMOD Sub-sonic Filter Pair','900073, 900059',29.00,'20hz','',513,NULL),(613,12,1,'PFMOD (Parametric Filter Module) HP-Sub','900133',39.00,'','',513,NULL),(614,10,1,'FMOD (Filter Module) High Pass RCA Level Crossover','9000XX',27.50,' 500hz','',514,NULL),(615,9,1,'FMOD (Filter Module) Low Pass RCA Level Crossover','9000SX',27.50,' 500hz','',514,NULL),(616,9,1,'FMOD (Filter Module) Low Pass RCA Level Crossover','9000SX',27.50,' 2500hz','',515,NULL),(619,7,1,'Adjustable Attenuator (X-Connect Home)','910010S',24.95,'Standard','',518,NULL),(620,7,1,'Adjustable Attenuator (X-Connect Home)','910010S',24.95,' Speaker Level Input (ground loop isolation)','',519,NULL),(621,12,1,'PFMOD (Parametric Filter Module) HP-Sub','900133',39.00,'','',520,NULL),(622,12,1,'PFMOD (Parametric Filter Module) HP-Sub','900133',39.00,'','',521,NULL),(623,8,1,'Fixed Value Attenuators','900085, 900086, 900087',27.50,' 12db','',522,NULL),(624,49,1,'Organ Mixer Pre-amp Crossover','0',195.00,' 8','One piece',523,NULL),(625,35,1,'1/2 Farad Capacitors','900005 Series',39.00,'','White with red logo',524,NULL),(626,45,1,'X-CONNECT SPEAKER LEVEL CONVERTER','910010',29.95,'Platinum','',525,NULL),(627,9,2,'FMOD (Filter Module) Low Pass RCA Level Crossover','9000SX',27.50,'50hz','',526,NULL),(628,10,1,'FMOD (Filter Module) High Pass RCA Level Crossover','9000XX',27.50,' 500hz','',527,NULL),(629,9,1,'FMOD (Filter Module) Low Pass RCA Level Crossover','9000SX',27.50,' 2500hz','',527,NULL),(630,26,1,'PFMOD  LP-1','900091',39.00,'Platinum','',528,NULL),(631,9,1,'FMOD (Filter Module) Low Pass RCA Level Crossover','9000SX',27.50,' 70hz','',529,NULL),(632,9,1,'FMOD (Filter Module) Low Pass RCA Level Crossover','9000SX',27.50,' 100hz','',530,NULL),(633,9,1,'FMOD (Filter Module) Low Pass RCA Level Crossover','9000SX',27.50,' 500hz','',531,NULL),(634,10,1,'FMOD (Filter Module) High Pass RCA Level Crossover','9000XX',27.50,' 500hz','',531,NULL),(635,9,1,'FMOD (Filter Module) Low Pass RCA Level Crossover','9000SX',27.50,' 500hz','',532,NULL),(636,9,1,'FMOD (Filter Module) Low Pass RCA Level Crossover','9000SX',27.50,' 70hz','',533,NULL),(637,9,1,'FMOD (Filter Module) Low Pass RCA Level Crossover','9000SX',27.50,'50hz','',533,NULL),(638,7,1,'Adjustable Attenuator (X-Connect Home)','910010S',24.95,'Platinum','',534,NULL),(639,8,1,'Fixed Value Attenuators','900085, 900086, 900087',27.50,' 6db','',535,NULL),(640,25,1,'PFMOD 2W-1','900121',49.00,'Platinum','',536,NULL),(641,7,1,'Adjustable Attenuator (X-Connect Home)','910010S',24.95,'Platinum','',537,NULL),(642,10,1,'FMOD (Filter Module) High Pass RCA Level Crossover','9000XX',27.50,' 6500hz','',538,NULL),(643,9,1,'FMOD (Filter Module) Low Pass RCA Level Crossover','9000SX',27.50,' 6500hz','',538,NULL),(644,10,1,'FMOD (Filter Module) High Pass RCA Level Crossover','9000XX',27.50,' 2500hz','',538,NULL),(645,10,1,'FMOD (Filter Module) High Pass RCA Level Crossover','9000XX',27.50,' 150hz','',538,NULL),(646,9,1,'FMOD (Filter Module) Low Pass RCA Level Crossover','9000SX',27.50,' 2500hz','',538,NULL),(647,9,1,'FMOD (Filter Module) Low Pass RCA Level Crossover','9000SX',27.50,' 150hz','',538,NULL),(648,9,1,'FMOD (Filter Module) Low Pass RCA Level Crossover','9000SX',27.50,' 70hz','',539,NULL),(649,9,1,'FMOD (Filter Module) Low Pass RCA Level Crossover','9000SX',27.50,'50hz','',539,NULL),(650,9,6,'FMOD (Filter Module) Low Pass RCA Level Crossover','9000SX',27.50,' 6500hz','',540,NULL),(651,12,1,'PFMOD  HP-Sub','900133',39.00,'Platinum','',541,NULL),(652,7,1,'Adjustable Attenuator (X-Connect Home)','910010S',29.95,' Gold','',542,NULL),(653,26,1,'PFMOD  LP-1','900091',39.00,'Platinum','',543,NULL),(654,58,1,'Electronic Organ Sound Enhancement Catalog','0',5.00,'','',544,NULL),(655,9,1,'FMOD (Filter Module) Low Pass RCA Level Crossover','9000SX',27.50,'50hz','',545,NULL),(656,7,1,'Adjustable Attenuator (X-Connect Home)','910010S',24.95,'Platinum','',546,NULL),(657,9,2,'FMOD (Filter Module) Low Pass RCA Level Crossover','9000SX',27.50,' 70hz','',547,NULL),(658,8,1,'Fixed Value Attenuators','900085, 900086, 900087',27.50,' 12db','',548,NULL),(659,8,1,'Fixed Value Attenuators','900085, 900086, 900087',27.50,' 6db','',548,NULL),(660,9,1,'FMOD (Filter Module) Low Pass RCA Level Crossover','9000SX',27.50,' 100hz','',549,NULL),(661,58,1,'Electronic Organ Sound Enhancement Catalog','0',5.00,'','',550,NULL),(662,53,3,'Card reader LED Kit','0',24.95,'','',550,NULL),(663,12,1,'PFMOD  HP-Sub','900133',39.00,'Platinum','',551,NULL),(664,10,1,'FMOD (Filter Module) High Pass RCA Level Crossover','9000XX',27.50,' 70hz','',552,NULL),(665,9,1,'FMOD (Filter Module) Low Pass RCA Level Crossover','9000SX',27.50,' 200hz','',553,NULL),(666,10,1,'FMOD (Filter Module) High Pass RCA Level Crossover','9000XX',27.50,' 100hz','',554,NULL),(667,8,1,'Fixed Value Attenuators','900085, 900086, 900087',27.50,' 12db','',554,NULL),(668,23,1,'FMODcable Low Pass RCA Level','90XXXX',24.50,' 200/500hz','',555,NULL),(669,12,2,'PFMOD  HP-Sub','900133',39.00,'Platinum','',556,NULL),(670,9,1,'FMOD (Filter Module) Low Pass RCA Level Crossover','9000SX',27.50,' 70hz','',557,NULL),(671,11,1,'Bass-Blocker 37hz','903700',29.00,'','',558,NULL),(672,13,1,'FMOD Sub-sonic Filter Pair','900073, 900059',29.00,'20hz','',559,NULL),(673,12,1,'PFMOD  HP-Sub','900133',39.00,'Platinum','',559,NULL),(674,13,1,'FMOD Sub-sonic Filter Pair','900073, 900059',29.00,' 30hz','',560,NULL),(675,8,1,'Fixed Value Attenuators','900085, 900086, 900087',27.50,' 12db','',561,NULL),(676,8,1,'Fixed Value Attenuators','900085, 900086, 900087',27.50,' 12db','',562,NULL),(677,10,1,'FMOD (Filter Module) High Pass RCA Level Crossover','9000XX',27.50,' 100hz','',562,NULL),(678,10,2,'FMOD (Filter Module) High Pass RCA Level Crossover','9000XX',27.50,' 100hz','',563,NULL),(679,10,1,'FMOD (Filter Module) High Pass RCA Level Crossover','9000XX',27.50,' 100hz','',564,NULL),(680,7,1,'Adjustable Attenuator (X-Connect Home)','910010S',24.95,'Platinum','',564,NULL),(681,9,1,'FMOD (Filter Module) Low Pass RCA Level Crossover','9000SX',27.50,' 100hz','',564,NULL),(682,8,1,'Fixed Value Attenuators','900085, 900086, 900087',27.50,'3db','',565,NULL),(683,8,1,'Fixed Value Attenuators','900085, 900086, 900087',27.50,' 12db','',565,NULL),(684,7,2,'Adjustable Attenuator (X-Connect Home)','910010S',24.95,'Platinum','',565,NULL),(685,8,1,'Fixed Value Attenuators','900085, 900086, 900087',27.50,' 6db','',565,NULL),(686,4,1,'AMP 400 N','901011',299.00,'Plain Aluminum',' 1 ohm 100hz FMOD',566,NULL),(687,6,1,'Electronic Trigger Relay','911012',14.50,'','',566,NULL),(688,45,1,'X-CONNECT SPEAKER LEVEL CONVERTER','910010',29.95,'Platinum','',566,NULL),(689,13,1,'FMOD Sub-sonic Filter Pair','900073, 900059',29.00,' 30hz','',567,NULL),(690,13,1,'FMOD Sub-sonic Filter Pair','900073, 900059',29.00,'20hz','',567,NULL),(691,12,1,'PFMOD  HP-Sub','900133',39.00,'Platinum','',567,NULL),(692,9,2,'FMOD (Filter Module) Low Pass RCA Level Crossover','9000SX',27.50,' 100hz','',568,NULL),(693,10,1,'FMOD (Filter Module) High Pass RCA Level Crossover','9000XX',27.50,' 70hz','',569,NULL),(694,8,1,'Fixed Value Attenuators','900085, 900086, 900087',27.50,' 6db','',570,NULL),(695,8,1,'Fixed Value Attenuators','900085, 900086, 900087',27.50,'3db','',570,NULL),(696,13,2,'FMOD Sub-sonic Filter Pair','900073, 900059',29.00,' 30hz','',571,NULL),(697,9,1,'FMOD (Filter Module) Low Pass RCA Level Crossover','9000SX',27.50,' 3500hz','',572,NULL),(698,10,1,'FMOD (Filter Module) High Pass RCA Level Crossover','9000XX',27.50,' 3500hz','',572,NULL),(699,12,1,'PFMOD  HP-Sub','900133',39.00,'Platinum','',573,NULL),(700,26,1,'PFMOD  LP-1','900091',39.00,'Platinum','',574,NULL),(701,13,2,'FMOD Sub-sonic Filter Pair','900073, 900059',29.00,' 30hz','',575,NULL),(702,8,1,'Fixed Value Attenuators','900085, 900086, 900087',27.50,' 12db','',576,NULL),(703,61,1,'MOS 1 MIDI converter','MOSMIDI-1,2, OR 3',250.00,' THREE','',577,NULL),(704,7,1,'Adjustable Attenuator (X-Connect Home)','910010S',24.95,'Platinum','',578,NULL),(705,23,1,'FMODcable Low Pass RCA Level','90XXXX',24.50,'50/70hz','',579,NULL),(706,44,1,'DSP Ambience Processor','DSPAMB',149.00,'','',580,NULL),(707,8,1,'Fixed Value Attenuators','900085, 900086, 900087',27.50,' 12db','',581,NULL),(708,8,2,'Fixed Value Attenuators','900085, 900086, 900087',27.50,'3db','',581,NULL),(709,8,2,'Fixed Value Attenuators','900085, 900086, 900087',27.50,' 6db','',581,NULL),(710,7,2,'Adjustable Attenuator (X-Connect Home)','910010S',24.95,'Platinum','',581,NULL),(711,10,1,'FMOD (Filter Module) High Pass RCA Level Crossover','9000XX',27.50,' 100hz','',582,NULL),(712,9,2,'FMOD (Filter Module) Low Pass RCA Level Crossover','9000SX',27.50,' 100hz','',582,NULL),(713,58,1,'Electronic Organ Sound Enhancement Catalog','0',5.00,'','',583,NULL),(714,27,1,'PFMOD HP-1','900101',39.00,' Gold','',584,NULL),(715,9,1,'FMOD (Filter Module) Low Pass RCA Level Crossover','9000SX',27.50,' 3500hz','',585,NULL),(716,8,1,'Fixed Value Attenuators','900085, 900086, 900087',27.50,' 12db','',586,NULL),(717,53,1,'Card reader LED Kit','0',24.95,'','',587,NULL),(718,10,1,'FMOD (Filter Module) High Pass RCA Level Crossover','9000XX',27.50,' 70hz','',589,NULL),(719,12,1,'PFMOD  HP-Sub','900133',44.00,' Gold','',590,NULL),(720,8,1,'Fixed Value Attenuators','900085, 900086, 900087',27.50,'3db','',591,NULL),(721,9,2,'FMOD (Filter Module) Low Pass RCA Level Crossover','9000SX',27.50,' 70hz','',591,NULL),(722,10,1,'FMOD (Filter Module) High Pass RCA Level Crossover','9000XX',27.50,' 2500hz','',592,NULL),(723,9,1,'FMOD (Filter Module) Low Pass RCA Level Crossover','9000SX',27.50,' 2500hz','',592,NULL),(724,8,2,'Fixed Value Attenuators','900085, 900086, 900087',27.50,'3db','',592,NULL),(725,10,1,'FMOD (Filter Module) High Pass RCA Level Crossover','9000XX',27.50,' 200hz','',592,NULL),(726,56,1,'LED strip Accent Lighting','LEDSTRIP',19.95,'','',593,NULL),(727,13,1,'FMOD Sub-sonic Filter Pair','900073, 900059',29.00,'20hz','',593,NULL),(728,11,1,'Bass-Blocker 37hz','903700',29.00,'','',593,NULL),(729,31,1,'Traveling Wave Generator tm stereo','TWG2',149.00,'','',594,NULL),(730,44,1,'DSP Ambience Processor','DSPAMB',149.00,'','',594,NULL),(731,55,1,'Expression Pedal Isolator for Allen Organs','0',24.50,'','',594,NULL),(732,8,1,'Fixed Value Attenuators','900085, 900086, 900087',27.50,' 12db','',595,NULL),(733,7,1,'Adjustable Attenuator (X-Connect Home)','910010S',24.95,'Platinum','',595,NULL),(734,27,1,'PFMOD HP-1','900101',34.95,'Platinum','',596,NULL),(735,38,1,'FluxCap tm 100 Amp','903147',599.00,'plain aluminum','',597,NULL),(736,58,1,'Electronic Organ Sound Enhancement Catalog','0',5.00,'','',598,NULL),(737,8,1,'Fixed Value Attenuators','900085, 900086, 900087',27.50,' 12db','',599,NULL),(738,61,1,'MOS 1 MIDI converter','MOSMIDI-1,2, OR 3',250.00,' THREE',' add $99 plus $100 refundable deposit',600,NULL),(739,31,1,'Traveling Wave Generator tm stereo','TWG2',149.00,'','',601,NULL),(740,44,1,'DSP Ambience Processor','DSPAMB',149.00,'','',602,NULL),(741,7,1,'Adjustable Attenuator (X-Connect Home)','910010S',24.95,'Platinum','',603,NULL),(742,13,1,'FMOD Sub-sonic Filter Pair','900073, 900059',29.00,'20hz','',604,NULL),(743,8,2,'Fixed Value Attenuators','900085, 900086, 900087',27.50,' 6db','',605,NULL),(744,12,1,'PFMOD  HP-Sub','900133',39.00,'Platinum','',606,NULL),(745,56,2,'LED strip Accent Lighting','LEDSTRIP',19.95,'','',607,NULL),(746,27,1,'PFMOD HP-1','900101',34.95,'Platinum','',608,NULL),(747,8,1,'Fixed Value Attenuators','900085, 900086, 900087',24.50,' 12db','',609,NULL),(748,8,1,'Fixed Value Attenuators','900085, 900086, 900087',24.50,' 6db','',609,NULL),(749,45,1,'X-CONNECT SPEAKER LEVEL CONVERTER','910010',29.95,'Platinum','',609,NULL),(750,8,2,'Fixed Value Attenuators','900085, 900086, 900087',24.50,'3db','',610,NULL),(751,53,1,'Card reader LED Kit','CrdrdrLEDkit',24.95,'','',611,NULL),(752,9,2,'FMOD (Filter Module) Low Pass RCA Level Crossover','9000SX',27.50,'50hz','',612,NULL),(753,8,1,'Fixed Value Attenuators','900085, 900086, 900087',24.50,'3db','',613,NULL),(754,8,1,'Fixed Value Attenuators','900085, 900086, 900087',24.50,' 12db','',614,NULL),(755,8,1,'Fixed Value Attenuators','900085, 900086, 900087',24.50,' 6db','',614,NULL),(756,12,1,'PFMOD  HP-Sub','900133',39.00,'Platinum','',615,NULL),(757,23,2,'FMODcable Low Pass RCA Level','90XXXX',24.50,'50/70hz','',616,NULL),(758,9,1,'FMOD (Filter Module) Low Pass RCA Level Crossover','9000SX',27.50,' 70hz','',617,NULL),(759,8,1,'Fixed Value Attenuators','900085, 900086, 900087',24.50,' 6db','',618,NULL),(760,8,1,'Fixed Value Attenuators','900085, 900086, 900087',24.50,' 12db','',619,NULL),(761,8,1,'Fixed Value Attenuators','900085, 900086, 900087',24.50,' 6db','',619,NULL),(762,8,1,'Fixed Value Attenuators','900085, 900086, 900087',24.50,' 6db','',620,NULL),(763,10,1,'FMOD (Filter Module) High Pass RCA Level Crossover','9000XX',27.50,' 50hz','',621,NULL),(764,13,1,'FMOD Sub-sonic Filter Pair','900073, 900059',29.00,'20hz','',622,NULL),(765,27,1,'PFMOD HP-1','900101',34.95,'Platinum','',623,NULL),(766,10,1,'FMOD (Filter Module) High Pass RCA Level Crossover','9000XX',27.50,' 2500hz','',624,NULL),(767,30,2,'Organ 1/3 octave equalizer Voicing Engine','900131 Organ',299.00,'','',625,NULL),(768,44,3,'DSP Ambience Processor','DSPAMB',149.00,'','',625,NULL),(769,9,6,'FMOD (Filter Module) Low Pass RCA Level Crossover','9000SX',27.50,'50hz','',626,NULL),(770,58,1,'Electronic Organ Sound Enhancement Catalog','0',5.00,'','',627,NULL),(771,9,1,'FMOD (Filter Module) Low Pass RCA Level Crossover','9000SX',27.50,'50hz','',628,NULL),(772,58,1,'Electronic Organ Sound Enhancement Catalog','0',5.00,'','',629,NULL),(773,13,3,'FMOD Sub-sonic Filter Pair','900073, 900059',29.00,'20hz','',630,NULL),(774,20,1,'VM-1 Pyro (Thermocouple Amp)','M750',220.00,'Less Sample & Hold','',631,NULL),(775,13,1,'FMOD Sub-sonic Filter Pair','900073, 900059',29.00,'20hz','',632,NULL),(776,10,1,'FMOD (Filter Module) High Pass RCA Level Crossover','9000XX',27.50,' 50hz','',633,NULL),(777,10,1,'FMOD (Filter Module) High Pass RCA Level Crossover','9000XX',27.50,' 70hz','',634,NULL),(778,12,1,'PFMOD  HP-Sub','900133',39.00,'Platinum','',635,NULL),(779,9,2,'FMOD (Filter Module) Low Pass RCA Level Crossover','9000SX',27.50,' 2500hz','',636,NULL),(780,9,2,'FMOD (Filter Module) Low Pass RCA Level Crossover','9000SX',27.50,' 3500hz','',636,NULL),(781,26,1,'PFMOD  LP-1','900091',39.00,'Platinum','',637,NULL),(782,52,2,'Tuning slug for Allen MOS clock boards','0',15.00,'','',638,NULL),(783,9,1,'FMOD (Filter Module) Low Pass RCA Level Crossover','9000SX',27.50,'50hz','',639,NULL),(784,10,1,'FMOD (Filter Module) High Pass RCA Level Crossover','9000XX',27.50,' 500hz','',640,NULL),(785,26,1,'PFMOD  LP-1','900091',39.00,'Platinum','',641,NULL),(786,12,1,'PFMOD  HP-Sub','900133',44.00,' Gold','',642,NULL),(787,22,1,'Temperature Sensor','990012, 990013',14.95,'Degrees F','',643,NULL),(788,12,2,'PFMOD  HP-Sub','900133',39.00,'Platinum','',644,NULL),(789,12,1,'PFMOD  HP-Sub','900133',39.00,'Platinum','',645,NULL),(790,58,1,'Electronic Organ Sound Enhancement Catalog','0',5.00,'','',646,NULL),(791,24,1,'FMODcable High Pass RCA Level','90XXXX',24.50,' 50/70hz','',647,NULL),(792,13,1,'FMOD Sub-sonic Filter Pair','900073, 900059',29.00,'20hz','',650,NULL),(793,4,1,'AMP 400 N','901011',299.00,'Plain Aluminum',' Full Range 1 Ohm SubSonic FMOD',651,NULL),(794,26,1,'PFMOD  LP-1','900091',39.00,'Platinum','',652,NULL),(795,8,8,'Fixed Value Attenuators','900085, 900086, 900087',24.50,' 12db','',653,NULL),(796,55,1,'Expression Pedal Isolator for Allen Organs','0',24.50,'','',654,NULL),(797,9,1,'FMOD (Filter Module) Low Pass RCA Level Crossover','9000SX',27.50,'50hz','',655,NULL),(798,8,1,'Fixed Value Attenuators','900085, 900086, 900087',24.50,'3db','',656,NULL),(799,9,1,'FMOD (Filter Module) Low Pass RCA Level Crossover','9000SX',27.50,' 2500hz','',656,NULL),(800,61,1,'MOS 1 MIDI converter','MOSMIDI-1,2, OR 3',250.00,' THREE','add $99',657,NULL),(801,44,3,'DSP Ambience Processor','DSPAMB',149.00,'','',658,NULL),(802,24,2,'FMODcable High Pass RCA Level','90XXXX',24.50,' 70/100hz','',659,NULL),(803,7,1,'Adjustable Attenuator (X-Connect Home)','910010S',24.95,'Platinum','',660,NULL),(804,26,1,'PFMOD  LP-1','900091',39.00,'Platinum','',661,NULL),(805,8,1,'Fixed Value Attenuators','900085, 900086, 900087',24.50,' 12db','',662,NULL),(806,10,1,'FMOD (Filter Module) High Pass RCA Level Crossover','9000XX',27.50,'20hz (subsonic)','',663,NULL),(807,45,1,'X-CONNECT SPEAKER LEVEL CONVERTER','910010',29.95,'Platinum','',664,NULL),(808,7,1,'Adjustable Attenuator (X-Connect Home)','910010S',24.95,'Platinum','',665,NULL),(809,13,1,'FMOD Sub-sonic Filter Pair','900073, 900059',29.00,' 30hz','',666,NULL),(810,12,1,'PFMOD  HP-Sub','900133',44.00,' Gold','',667,NULL),(811,61,1,'MOS 1 MIDI converter','MOSMIDI-1,2, OR 3',250.00,' THREE','add $99',668,NULL),(812,8,1,'Fixed Value Attenuators','900085, 900086, 900087',24.50,' 12db','',669,NULL),(813,7,1,'Adjustable Attenuator (X-Connect Home)','910010S',24.95,'Platinum','',670,NULL),(814,8,1,'Fixed Value Attenuators','900085, 900086, 900087',24.50,' 12db','',671,NULL),(815,27,1,'PFMOD HP-1','900101',39.00,' Gold','',672,NULL),(816,7,1,'Adjustable Attenuator (X-Connect Home)','910010S',29.95,' Gold','',672,NULL),(817,25,1,'PFMOD 2W-1','900121',54.00,' Gold','',672,NULL),(818,9,1,'FMOD (Filter Module) Low Pass RCA Level Crossover','9000SX',27.50,' 3500hz','',673,NULL),(819,12,1,'PFMOD  HP-Sub','900133',39.00,'Platinum','',674,NULL),(820,51,1,'Allen Voice Card Waveform Kit','0',15.00,'','',675,NULL),(821,10,1,'FMOD (Filter Module) High Pass RCA Level Crossover','9000XX',27.50,' 30hz (subsonic)','',676,NULL),(822,10,1,'FMOD (Filter Module) High Pass RCA Level Crossover','9000XX',27.50,' 50hz','',676,NULL),(823,44,1,'DSP Ambience Processor','DSPAMB',149.00,'','',677,NULL),(824,55,1,'Expression Pedal Isolator for Allen Organs','0',24.50,'','',677,NULL),(825,9,1,'FMOD (Filter Module) Low Pass RCA Level Crossover','9000SX',27.50,' 3500hz','',678,NULL),(826,44,2,'DSP Ambience Processor','DSPAMB',149.00,'','',679,NULL),(827,44,1,'DSP Ambience Processor','DSPAMB',149.00,'','',680,NULL),(828,55,1,'Expression Pedal Isolator for Allen Organs','0',24.50,'','',680,NULL),(829,44,2,'DSP Ambience Processor','DSPAMB',149.00,'','',681,NULL),(830,31,1,'Traveling Wave Generator tm stereo','TWG2',149.00,'','',681,NULL),(831,25,2,'PFMOD 2W-1','900121',49.00,'','',682,NULL),(832,9,1,'FMOD (Filter Module) Low Pass RCA Level Crossover','9000SX',27.50,' 70hz','',683,NULL),(833,9,2,'FMOD (Filter Module) Low Pass RCA Level Crossover','9000SX',27.50,'50hz','',684,NULL),(834,12,1,'PFMOD  HP-Sub','900133',39.00,'','',685,NULL),(835,13,1,'FMOD Sub-sonic Filter Pair','900073, 900059',29.00,' 30hz','',686,NULL),(836,55,1,'Expression Pedal Isolator for Allen Organs','0',24.50,'','',687,NULL),(837,9,1,'FMOD (Filter Module) Low Pass RCA Level Crossover','9000SX',27.50,' 100hz','',688,NULL),(838,31,1,'Traveling Wave Generator tm stereo','TWG2',149.00,'','',689,NULL),(839,55,1,'Expression Pedal Isolator for Allen Organs','0',24.50,'','',689,NULL),(840,10,1,'FMOD (Filter Module) High Pass RCA Level Crossover','9000XX',27.50,' 50hz','',690,NULL),(841,10,1,'FMOD (Filter Module) High Pass RCA Level Crossover','9000XX',27.50,' 70hz','',690,NULL),(842,13,2,'FMOD Sub-sonic Filter Pair','900073, 900059',29.00,'20hz','',691,NULL),(843,12,3,'PFMOD  HP-Sub','900133',39.00,'','',691,NULL),(844,55,1,'Expression Pedal Isolator for Allen Organs','0',24.50,'','',692,NULL),(845,10,1,'FMOD (Filter Module) High Pass RCA Level Crossover','9000XX',27.50,' 70hz','',693,NULL),(846,7,1,'Adjustable Attenuator (X-Connect Home)','910010S',29.95,' Gold','',694,NULL),(847,27,1,'PFMOD HP-1','900101',34.95,'','',695,NULL),(848,25,1,'PFMOD 2W-1','900121',49.00,'','',696,NULL),(849,44,1,'DSP Ambience Processor','DSPAMB',149.00,'','',697,NULL),(850,9,1,'FMOD (Filter Module) Low Pass RCA Level Crossover','9000SX',27.50,' 70hz','',698,NULL),(851,44,1,'DSP Ambience Processor','DSPAMB',149.00,'','',699,NULL),(852,12,2,'PFMOD  HP-Sub','900133',39.00,'','',700,NULL),(853,11,1,'Bass-Blocker 37hz','903700',29.00,'','',701,NULL),(854,44,6,'DSP Ambience Processor','DSPAMB',149.00,'','',702,NULL),(855,58,1,'Electronic Organ Sound Enhancement Catalog','0',5.00,'','',703,NULL),(856,52,1,'Tuning slug for Allen MOS clock boards','0',15.00,'','',703,NULL),(857,8,1,'Fixed Value Attenuators','900085, 900086, 900087',24.50,' 12db','',704,NULL),(858,13,1,'FMOD Sub-sonic Filter Pair','900073, 900059',29.00,' 30hz','',705,NULL),(859,8,1,'Fixed Value Attenuators','900085, 900086, 900087',24.50,' 12db','',706,NULL),(860,10,1,'FMOD (Filter Module) High Pass RCA Level Crossover','9000XX',27.50,' 300hz','',707,NULL),(861,9,2,'FMOD (Filter Module) Low Pass RCA Level Crossover','9000SX',27.50,'50hz','',708,NULL),(862,49,1,'Organ Mixer Pre-amp Crossover','0',249.00,' 12','One piece',709,NULL),(863,12,1,'PFMOD  HP-Sub','900133',39.00,'','',710,NULL),(864,12,1,'PFMOD  HP-Sub','900133',39.00,'','',711,NULL),(865,25,1,'PFMOD 2W-1','900121',49.00,'','',711,NULL),(866,10,1,'FMOD (Filter Module) High Pass RCA Level Crossover','9000XX',27.50,'20hz (subsonic)','',712,NULL),(867,7,1,'Adjustable Attenuator (X-Connect Home)','910010S',24.95,'','',713,NULL),(868,7,1,'Adjustable Attenuator (X-Connect Home)','910010S',24.95,'','',714,NULL),(869,49,2,'Organ Mixer Pre-amp Crossover','0',249.00,' 12','One piece',715,NULL),(870,24,2,'FMODcable High Pass RCA Level','90XXXX',24.50,' 100/200hz','',716,NULL),(871,23,1,'FMODcable Low Pass RCA Level','90XXXX',24.50,' 200/500hz','',717,NULL),(872,9,1,'FMOD (Filter Module) Low Pass RCA Level Crossover','9000SX',27.50,' 150hz','',718,NULL),(873,31,1,'Traveling Wave Generator tm stereo','TWG2',149.00,'','',719,NULL),(874,8,1,'Fixed Value Attenuators','900085, 900086, 900087',24.50,' 12db','',720,NULL),(875,13,1,'FMOD Sub-sonic Filter Pair','900073, 900059',29.00,'20hz','',721,NULL),(876,10,2,'FMOD (Filter Module) High Pass RCA Level Crossover','9000XX',27.50,' 200hz','',722,NULL),(877,9,2,'FMOD (Filter Module) Low Pass RCA Level Crossover','9000SX',27.50,' 200hz','',722,NULL),(878,24,1,'FMODcable High Pass RCA Level','90XXXX',24.50,'20/50hz','',723,NULL),(879,24,1,'FMODcable High Pass RCA Level','90XXXX',24.50,' 50/70hz','',723,NULL),(880,10,1,'FMOD (Filter Module) High Pass RCA Level Crossover','9000XX',27.50,' 30hz (subsonic)','',724,NULL),(881,7,1,'Adjustable Attenuator (X-Connect Home)','910010S',24.95,'','',725,NULL),(882,26,1,'PFMOD  LP-1','900091',39.00,'','',726,NULL),(883,31,1,'Traveling Wave Generator tm stereo','TWG2',149.00,'','',727,NULL),(884,38,2,'FluxCap tm 100 Amp','903147',619.00,' black','',728,NULL),(885,12,1,'PFMOD  HP-Sub','900133',39.00,'','',729,NULL),(886,24,1,'FMODcable High Pass RCA Level','90XXXX',24.50,' 500/1000hz','',730,NULL),(887,38,2,'FluxCap tm 100 Amp','903147',619.00,' black','',731,NULL),(888,9,1,'FMOD (Filter Module) Low Pass RCA Level Crossover','9000SX',27.50,' 3500hz','',732,NULL),(889,10,1,'FMOD (Filter Module) High Pass RCA Level Crossover','9000XX',27.50,' 3500hz','',732,NULL),(890,31,1,'Traveling Wave Generator tm stereo','TWG2',149.00,'','',733,NULL),(891,58,1,'Electronic Organ Sound Enhancement Catalog','0',5.00,'','',734,NULL),(892,10,1,'FMOD (Filter Module) High Pass RCA Level Crossover','9000XX',27.50,'20hz (subsonic)','',735,NULL),(893,23,1,'FMODcable Low Pass RCA Level','90XXXX',24.50,' 200/500hz','',736,NULL),(894,45,1,'X-CONNECT SPEAKER LEVEL CONVERTER','910010',29.95,'','',737,NULL),(895,13,1,'FMOD Sub-sonic Filter Pair','900073, 900059',29.00,'20hz','',738,NULL),(896,8,1,'Fixed Value Attenuators','900085, 900086, 900087',24.50,' 12db','',739,NULL),(897,8,1,'Fixed Value Attenuators','900085, 900086, 900087',24.50,' 12db','',740,NULL),(898,10,1,'FMOD (Filter Module) High Pass RCA Level Crossover','9000XX',27.50,' 100hz','',741,NULL),(899,9,1,'FMOD (Filter Module) Low Pass RCA Level Crossover','9000SX',27.50,' 3500hz','',741,NULL),(900,11,1,'Bass-Blocker 37hz','903700',29.00,'','',742,NULL),(901,44,2,'DSP Ambience Processor','DSPAMB',149.00,'','',743,NULL),(902,10,5,'FMOD (Filter Module) High Pass RCA Level Crossover','9000XX',27.50,' 150hz','',744,NULL),(903,9,2,'FMOD (Filter Module) Low Pass RCA Level Crossover','9000SX',27.50,'50hz','',745,NULL),(904,9,2,'FMOD (Filter Module) Low Pass RCA Level Crossover','9000SX',27.50,'50hz','',746,NULL),(905,31,1,'Traveling Wave Generator tm stereo','TWG2',149.00,'','',747,NULL),(906,8,1,'Fixed Value Attenuators','900085, 900086, 900087',24.50,'3db','',748,NULL),(907,7,1,'Adjustable Attenuator (X-Connect Home)','910010S',24.95,'','',748,NULL),(908,8,1,'Fixed Value Attenuators','900085, 900086, 900087',24.50,' 12db','',748,NULL),(909,13,1,'FMOD Sub-sonic Filter Pair','900073, 900059',29.00,'20hz','',749,NULL),(910,9,2,'FMOD (Filter Module) Low Pass RCA Level Crossover','9000SX',27.50,' 100hz','',750,NULL),(911,25,1,'PFMOD 2W-1','900121',49.00,'','',751,NULL),(912,10,1,'FMOD (Filter Module) High Pass RCA Level Crossover','9000XX',27.50,' 500hz','',752,NULL),(913,9,1,'FMOD (Filter Module) Low Pass RCA Level Crossover','9000SX',27.50,' 500hz','',752,NULL),(914,8,1,'Fixed Value Attenuators','900085, 900086, 900087',24.50,' 12db','',753,NULL),(915,45,1,'X-CONNECT SPEAKER LEVEL CONVERTER','910010',29.95,'','',753,NULL),(916,7,1,'Adjustable Attenuator (X-Connect Home)','910010S',24.95,'','',753,NULL),(917,7,1,'Adjustable Attenuator (X-Connect Home)','910010S',24.95,'','',754,NULL),(918,26,1,'PFMOD  LP-1','900091',39.00,'','',755,NULL),(919,9,1,'FMOD (Filter Module) Low Pass RCA Level Crossover','9000SX',27.50,'50hz','',755,NULL),(920,9,1,'FMOD (Filter Module) Low Pass RCA Level Crossover','9000SX',27.50,' 3500hz','',756,NULL),(921,9,1,'FMOD (Filter Module) Low Pass RCA Level Crossover','9000SX',27.50,' 70hz','',757,NULL),(922,9,1,'FMOD (Filter Module) Low Pass RCA Level Crossover','9000SX',27.50,' 3500hz','',758,NULL),(923,9,1,'FMOD (Filter Module) Low Pass RCA Level Crossover','9000SX',27.50,' 70hz','',759,NULL),(924,10,1,'FMOD (Filter Module) High Pass RCA Level Crossover','9000XX',27.50,' 50hz','',759,NULL),(925,12,1,'PFMOD  HP-Sub','900133',39.00,'','',760,NULL),(926,10,1,'FMOD (Filter Module) High Pass RCA Level Crossover','9000XX',27.50,' 200hz','',761,NULL),(927,9,1,'FMOD (Filter Module) Low Pass RCA Level Crossover','9000SX',27.50,' 500hz','',761,NULL),(928,8,1,'Fixed Value Attenuators','900085, 900086, 900087',24.50,' 12db','',762,NULL),(929,8,1,'Fixed Value Attenuators','900085, 900086, 900087',24.50,' 12db','',763,NULL),(930,8,2,'Fixed Value Attenuators','900085, 900086, 900087',24.50,' 6db','',764,NULL),(931,25,2,'PFMOD 2W-1','900121',49.00,'','',765,NULL),(932,26,1,'PFMOD  LP-1','900091',39.00,'','',766,NULL),(933,7,1,'Adjustable Attenuator (X-Connect Home)','910010S',24.95,'','',767,NULL),(934,17,2,'VM-1 AC Volts','M710',69.95,'Without Lens',' 0 to 199.9V',768,NULL),(935,15,2,'VM-1 AC Amps','M720',59.95,'Without Lens','',768,NULL),(936,31,1,'Traveling Wave Generator tm stereo','TWG2',149.00,'','',769,NULL),(937,8,1,'Fixed Value Attenuators','900085, 900086, 900087',24.50,' 12db','',770,NULL),(938,45,1,'X-CONNECT SPEAKER LEVEL CONVERTER','910010',29.95,'','',771,NULL),(939,9,1,'FMOD (Filter Module) Low Pass RCA Level Crossover','9000SX',27.50,' 70hz','',772,NULL),(940,10,1,'FMOD (Filter Module) High Pass RCA Level Crossover','9000XX',27.50,' 30hz (subsonic)','',773,NULL),(941,12,1,'PFMOD  HP-Sub','900133',39.00,'','',775,NULL),(942,44,1,'DSP Ambience Processor','DSPAMB',149.00,'','',776,NULL),(943,23,1,'FMODcable Low Pass RCA Level','90XXXX',24.50,' 500/1000hz','',777,NULL),(944,13,1,'FMOD Sub-sonic Filter Pair','900073, 900059',29.00,' 30hz','',778,NULL),(945,7,1,'Adjustable Attenuator (X-Connect Home)','910010S',24.95,'','',779,NULL),(946,9,1,'FMOD (Filter Module) Low Pass RCA Level Crossover','9000SX',27.50,'50hz','',780,NULL),(947,10,1,'FMOD (Filter Module) High Pass RCA Level Crossover','9000XX',27.50,' 500hz','',781,NULL),(948,9,1,'FMOD (Filter Module) Low Pass RCA Level Crossover','9000SX',27.50,' 500hz','',781,NULL),(949,10,1,'FMOD (Filter Module) High Pass RCA Level Crossover','9000XX',27.50,' 70hz','',782,NULL),(950,46,1,'NOISE GATE','900141',89.00,' 4 CHANNEL','',783,NULL),(951,12,1,'PFMOD  HP-Sub','900133',39.00,'','',784,NULL),(952,26,2,'PFMOD  LP-1','900091',39.00,'','',785,NULL),(953,10,2,'FMOD (Filter Module) High Pass RCA Level Crossover','9000XX',27.50,' 70hz','',786,NULL),(954,10,1,'FMOD (Filter Module) High Pass RCA Level Crossover','9000XX',27.50,' 50hz','',787,NULL),(955,9,1,'FMOD (Filter Module) Low Pass RCA Level Crossover','9000SX',27.50,' 2500hz','',788,NULL),(956,9,1,'FMOD (Filter Module) Low Pass RCA Level Crossover','9000SX',27.50,' 6500hz','',788,NULL),(957,8,2,'Fixed Value Attenuators','900085, 900086, 900087',24.50,'3db','',788,NULL),(958,7,2,'Adjustable Attenuator (X-Connect Home)','910010S',24.95,'','',788,NULL),(959,49,1,'Organ Mixer Pre-amp Crossover','0',299.00,' 16','One piece',789,NULL),(960,44,1,'DSP Ambience Processor','DSPAMB',149.00,'','',789,NULL),(961,12,1,'PFMOD  HP-Sub','900133',39.00,'','',790,NULL),(962,10,1,'FMOD (Filter Module) High Pass RCA Level Crossover','9000XX',27.50,' 70hz','',791,NULL),(963,9,1,'FMOD (Filter Module) Low Pass RCA Level Crossover','9000SX',27.50,' 70hz','',791,NULL),(964,10,1,'FMOD (Filter Module) High Pass RCA Level Crossover','9000XX',27.50,' 70hz','',792,NULL),(965,53,1,'Card reader LED Kit','CrdrdrLEDkit',24.95,'','',793,NULL),(966,9,1,'FMOD (Filter Module) Low Pass RCA Level Crossover','9000SX',27.50,'50hz','',794,NULL),(967,9,1,'FMOD (Filter Module) Low Pass RCA Level Crossover','9000SX',27.50,' 6500hz','',795,NULL),(968,9,1,'FMOD (Filter Module) Low Pass RCA Level Crossover','9000SX',27.50,' 2500hz','',796,NULL),(969,10,1,'FMOD (Filter Module) High Pass RCA Level Crossover','9000XX',27.50,' 2500hz','',796,NULL),(970,45,1,'X-CONNECT SPEAKER LEVEL CONVERTER','910010',29.95,'','',797,NULL),(971,9,1,'FMOD (Filter Module) Low Pass RCA Level Crossover','9000SX',27.50,'50hz','',798,NULL),(972,13,1,'FMOD Sub-sonic Filter Pair','900073, 900059',29.00,' 30hz','',799,NULL),(973,12,1,'PFMOD  HP-Sub','900133',39.00,'','',800,NULL),(974,26,1,'PFMOD  LP-1','900091',39.00,'','',801,NULL),(975,8,1,'Fixed Value Attenuators','900085, 900086, 900087',24.50,' 12db','',802,NULL),(976,8,1,'Fixed Value Attenuators','900085, 900086, 900087',24.50,'3db','',803,NULL),(977,9,2,'FMOD (Filter Module) Low Pass RCA Level Crossover','9000SX',27.50,' 100hz','',803,NULL),(978,25,1,'PFMOD 2W-1','900121',49.00,'','',804,NULL),(979,8,1,'Fixed Value Attenuators','900085, 900086, 900087',24.50,' 12db','',805,NULL),(980,45,2,'X-CONNECT SPEAKER LEVEL CONVERTER','910010',29.95,'','',806,NULL),(981,55,1,'Expression Pedal Isolator for Allen Organs','0',24.50,'','',807,NULL),(982,61,1,'MOS 1 MIDI converter','MOSMIDI-1,2, OR 3',200.00,' TWO','add $99',808,NULL),(983,10,1,'FMOD (Filter Module) High Pass RCA Level Crossover','9000XX',27.50,' 70hz','',809,NULL),(984,7,2,'Adjustable Attenuator (X-Connect Home)','910010S',24.95,'','',810,NULL),(985,10,1,'FMOD (Filter Module) High Pass RCA Level Crossover','9000XX',27.50,' 100hz','',811,NULL),(986,12,1,'PFMOD  HP-Sub','900133',39.00,'','',812,NULL),(987,49,1,'Organ Mixer Pre-amp Crossover','0',215.00,'8','One piece',813,NULL),(988,8,1,'Fixed Value Attenuators','900085, 900086, 900087',24.50,' 12db','',814,NULL),(989,9,1,'FMOD (Filter Module) Low Pass RCA Level Crossover','9000SX',27.50,'50hz','',815,NULL),(990,53,1,'Card reader LED Kit','CrdrdrLEDkit',24.95,'','',816,NULL),(991,9,1,'FMOD (Filter Module) Low Pass RCA Level Crossover','9000SX',27.50,' 70hz','',817,NULL),(992,17,1,'VM-1 AC Volts','M710',69.95,'Without Lens','0 to 199.9mV',818,NULL),(993,10,1,'FMOD (Filter Module) High Pass RCA Level Crossover','9000XX',27.50,' 200hz','',819,NULL),(994,8,1,'Fixed Value Attenuators','900085, 900086, 900087',24.50,' 12db','',820,NULL),(995,49,1,'Organ Mixer Pre-amp Crossover','0',215.00,'8','One piece',821,NULL),(996,44,1,'DSP Ambience Processor','DSPAMB',149.00,'','',821,NULL),(997,45,1,'X-CONNECT SPEAKER LEVEL CONVERTER','910010',29.95,'','',822,NULL),(998,9,1,'FMOD (Filter Module) Low Pass RCA Level Crossover','9000SX',27.50,' 100hz','',823,NULL),(999,26,1,'PFMOD  LP-1','900091',39.00,'','',824,NULL),(1000,12,1,'PFMOD  HP-Sub','900133',39.00,'','',825,NULL),(1001,10,1,'FMOD (Filter Module) High Pass RCA Level Crossover','9000XX',27.50,' 1000hz','',826,NULL),(1002,9,1,'FMOD (Filter Module) Low Pass RCA Level Crossover','9000SX',27.50,' 1000hz','',826,NULL),(1003,10,1,'FMOD (Filter Module) High Pass RCA Level Crossover','9000XX',27.50,' 1000hz','',827,NULL),(1004,10,1,'FMOD (Filter Module) High Pass RCA Level Crossover','9000XX',27.50,' 500hz','',827,NULL),(1005,9,1,'FMOD (Filter Module) Low Pass RCA Level Crossover','9000SX',27.50,' 1000hz','',827,NULL),(1006,9,1,'FMOD (Filter Module) Low Pass RCA Level Crossover','9000SX',27.50,' 500hz','',827,NULL),(1007,23,3,'FMODcable Low Pass RCA Level','90XXXX',24.50,' 70/100hz','',828,NULL),(1008,10,3,'FMOD (Filter Module) High Pass RCA Level Crossover','9000XX',27.50,' 100hz','',828,NULL),(1009,12,1,'PFMOD  HP-Sub','900133',39.00,'','',829,NULL),(1010,25,1,'PFMOD 2W-1','900121',49.00,'','',830,NULL),(1011,12,1,'PFMOD  HP-Sub','900133',39.00,'','',831,NULL),(1012,10,2,'FMOD (Filter Module) High Pass RCA Level Crossover','9000XX',27.50,' 100hz','',832,NULL),(1013,10,1,'FMOD (Filter Module) High Pass RCA Level Crossover','9000XX',27.50,'20hz (subsonic)','',833,NULL),(1014,12,1,'PFMOD  HP-Sub','900133',39.00,'','',834,NULL),(1015,53,1,'Card reader LED Kit','CrdrdrLEDkit',24.95,'','',835,NULL),(1016,23,1,'FMODcable Low Pass RCA Level','90XXXX',24.50,' 70/100hz','',836,NULL),(1017,27,1,'PFMOD HP-1','900101',34.95,'','',837,NULL),(1018,9,1,'FMOD (Filter Module) Low Pass RCA Level Crossover','9000SX',27.50,' 100hz','',838,NULL),(1019,63,1,'Midi Data Logger','0',114.95,'','',839,NULL),(1020,9,1,'FMOD (Filter Module) Low Pass RCA Level Crossover','9000SX',27.50,'50hz','',840,NULL),(1021,8,1,'Fixed Value Attenuators','900085, 900086, 900087',24.50,' 12db','',841,NULL),(1022,8,1,'Fixed Value Attenuators','900085, 900086, 900087',24.50,' 6db','',842,NULL),(1023,31,1,'Traveling Wave Generator tm stereo','TWG2',149.00,'','',843,NULL),(1024,31,1,'Traveling Wave Generator tm stereo','TWG2',149.00,'','',844,NULL),(1025,31,2,'Traveling Wave Generator tm stereo','TWG2',149.00,'','',846,NULL),(1026,44,1,'DSP Ambience Processor','DSPAMB',149.00,'','',846,NULL),(1027,8,1,'Fixed Value Attenuators','900085, 900086, 900087',24.50,' 12db','',847,NULL),(1028,26,1,'PFMOD  LP-1','900091',39.00,'','',848,NULL),(1029,25,2,'PFMOD 2W-1','900121',49.00,'','',849,NULL),(1030,55,1,'Expression Pedal Isolator for Allen Organs','0',24.50,'','',850,NULL),(1031,8,1,'Fixed Value Attenuators','900085, 900086, 900087',24.50,' 6db','',851,NULL),(1032,8,1,'Fixed Value Attenuators','900085, 900086, 900087',24.50,'3db','',851,NULL),(1033,8,1,'Fixed Value Attenuators','900085, 900086, 900087',24.50,' 6db','',852,NULL),(1034,8,1,'Fixed Value Attenuators','900085, 900086, 900087',24.50,' 12db','',852,NULL),(1035,7,1,'Adjustable Attenuator (X-Connect Home)','910010S',24.95,'','',853,NULL),(1036,8,1,'Fixed Value Attenuators','900085, 900086, 900087',24.50,' 12db','',854,NULL),(1037,27,1,'PFMOD HP-1','900101',34.95,'','',855,NULL),(1038,26,1,'PFMOD  LP-1','900091',39.00,'','',856,NULL),(1039,10,1,'FMOD (Filter Module) High Pass RCA Level Crossover','9000XX',27.50,' 30hz (subsonic)','',857,NULL),(1040,12,1,'PFMOD  HP-Sub','900133',39.00,'','',858,NULL),(1041,10,1,'FMOD (Filter Module) High Pass RCA Level Crossover','9000XX',27.50,' 50hz','',859,NULL),(1042,24,4,'FMODcable High Pass RCA Level','90XXXX',24.50,' 70/100hz','',860,NULL),(1043,23,4,'FMODcable Low Pass RCA Level','90XXXX',24.50,' 70/100hz','',860,NULL),(1044,12,1,'PFMOD  HP-Sub','900133',39.00,'','',861,NULL),(1045,7,3,'Adjustable Attenuator (X-Connect Home)','910010S',24.95,'','',862,NULL),(1047,8,1,'Fixed Value Attenuators','900085, 900086, 900087',24.50,'3db','',864,NULL),(1048,10,1,'FMOD (Filter Module) High Pass RCA Level Crossover','9000XX',27.50,' 300hz','',865,NULL),(1049,44,1,'DSP Ambience Processor','DSPAMB',149.00,'','',866,NULL),(1050,10,1,'FMOD (Filter Module) High Pass RCA Level Crossover','9000XX',27.50,' 6500hz','',868,NULL),(1051,9,1,'FMOD (Filter Module) Low Pass RCA Level Crossover','9000SX',27.50,' 6500hz','',868,NULL),(1052,8,2,'Fixed Value Attenuators','900085, 900086, 900087',24.50,' 12db','',869,NULL),(1053,8,1,'Fixed Value Attenuators','900085, 900086, 900087',24.50,' 6db','',869,NULL),(1054,26,1,'PFMOD  LP-1','900091',39.00,'','',869,NULL),(1055,8,1,'Fixed Value Attenuators','900085, 900086, 900087',24.50,'3db','',869,NULL),(1056,23,2,'FMODcable Low Pass RCA Level','90XXXX',24.50,'50/70hz','',870,NULL),(1057,23,1,'FMODcable Low Pass RCA Level','90XXXX',24.50,' 70/100hz','',871,NULL),(1058,12,1,'PFMOD  HP-Sub','900133',39.00,'','',872,NULL),(1059,53,1,'Card reader LED Kit','CrdrdrLEDkit',24.95,'','',873,NULL),(1060,8,1,'Fixed Value Attenuators','900085, 900086, 900087',24.50,'3db','',874,NULL),(1061,8,2,'Fixed Value Attenuators','900085, 900086, 900087',24.50,' 6db','',874,NULL),(1062,10,1,'FMOD (Filter Module) High Pass RCA Level Crossover','9000XX',27.50,' 2500hz','',875,NULL),(1063,9,1,'FMOD (Filter Module) Low Pass RCA Level Crossover','9000SX',27.50,' 70hz','',875,NULL),(1064,9,1,'FMOD (Filter Module) Low Pass RCA Level Crossover','9000SX',27.50,' 2500hz','',875,NULL),(1065,17,1,'VM-1 AC Volts','M710',69.95,'Without Lens',' 0 to 199.9V',876,NULL),(1066,26,1,'PFMOD  LP-1','900091',39.00,'','',877,NULL),(1067,25,1,'PFMOD 2W-1','900121',49.00,'','',878,NULL),(1068,7,1,'Adjustable Attenuator (X-Connect Home)','910010S',24.95,'','',879,NULL),(1069,10,1,'FMOD (Filter Module) High Pass RCA Level Crossover','9000XX',27.50,' 300hz','',880,NULL),(1070,44,1,'DSP Ambience Processor','DSPAMB',149.00,'','',881,NULL),(1071,31,1,'Traveling Wave Generator tm stereo','TWG2',149.00,'','',881,NULL),(1072,13,1,'FMOD Sub-sonic Filter Pair','900073, 900059',29.00,' 30hz','',882,NULL),(1073,12,1,'PFMOD  HP-Sub','900133',39.00,'','',883,NULL),(1074,12,2,'PFMOD  HP-Sub','900133',39.00,'','',884,NULL),(1075,8,1,'Fixed Value Attenuators','900085, 900086, 900087',24.50,'3db','',885,NULL),(1076,27,1,'PFMOD HP-1','900101',34.95,'','',886,NULL),(1077,27,1,'PFMOD HP-1','900101',34.95,'','',887,NULL),(1078,55,2,'Expression Pedal Isolator for Allen Organs','0',24.50,'','',888,NULL),(1079,7,1,'Adjustable Attenuator (X-Connect Home)','910010S',24.95,'','',889,NULL),(1080,11,1,'Bass-Blocker 37hz','903700',29.00,'','',890,NULL),(1081,25,1,'PFMOD 2W-1','900121',49.00,'','',891,NULL),(1082,24,1,'FMODcable High Pass RCA Level','90XXXX',24.50,' 50/70hz','',891,NULL),(1083,25,1,'PFMOD 2W-1','900121',49.00,'','',892,NULL),(1084,24,1,'FMODcable High Pass RCA Level','90XXXX',24.50,' 70/100hz','',893,NULL),(1085,8,1,'Fixed Value Attenuators','900085, 900086, 900087',24.50,' 12db','',894,NULL),(1086,8,1,'Fixed Value Attenuators','900085, 900086, 900087',24.50,' 6db','',894,NULL),(1087,26,1,'PFMOD  LP-1','900091',39.00,'','',895,NULL),(1088,12,1,'PFMOD  HP-Sub','900133',39.00,'','',896,NULL),(1089,25,1,'PFMOD 2W-1','900121',49.00,'','',897,NULL),(1090,7,1,'Adjustable Attenuator (X-Connect Home)','910010S',24.95,'','',898,NULL),(1091,12,1,'PFMOD  HP-Sub','900133',39.00,'','',899,NULL),(1092,63,1,'Midi Data Logger','0',114.95,'','',900,NULL),(1093,25,1,'PFMOD 2W-1','900121',49.00,'','',901,NULL),(1094,26,1,'PFMOD  LP-1','900091',39.00,'','',901,NULL),(1095,27,1,'PFMOD HP-1','900101',34.95,'','',902,NULL),(1096,13,1,'FMOD Sub-sonic Filter Pair','900073, 900059',29.00,' 30hz','',903,NULL),(1097,12,1,'PFMOD  HP-Sub','900133',39.00,'','',904,NULL),(1098,8,1,'Fixed Value Attenuators','900085, 900086, 900087',24.50,' 12db','',905,NULL),(1099,49,2,'Organ Mixer Pre-amp Crossover','0',215.00,'8','One piece',907,NULL),(1100,26,1,'PFMOD  LP-1','900091',39.00,'','',908,NULL),(1101,12,1,'PFMOD  HP-Sub','900133',39.00,'','',909,NULL),(1102,12,1,'PFMOD  HP-Sub','900133',39.00,'','',910,NULL),(1103,9,2,'FMOD (Filter Module) Low Pass RCA Level Crossover','9000SX',27.50,' 3500hz','',911,NULL),(1104,10,1,'FMOD (Filter Module) High Pass RCA Level Crossover','9000XX',27.50,' 50hz','',913,NULL),(1105,7,1,'Adjustable Attenuator (X-Connect Home)','910010S',24.95,'','',914,NULL),(1106,62,1,'STOPS MIDI CONVERTER','STOPSMIDI1,2,3-16/32',225.00,'1 Div 32 Stops/Div',' Active LO',915,NULL),(1107,45,1,'X-CONNECT SPEAKER LEVEL CONVERTER','910010',29.95,'','',916,NULL),(1108,8,4,'Fixed Value Attenuators','900085, 900086, 900087',24.50,' 12db','',917,NULL),(1109,8,4,'Fixed Value Attenuators','900085, 900086, 900087',24.50,' 6db','',917,NULL),(1110,8,4,'Fixed Value Attenuators','900085, 900086, 900087',24.50,'3db','',917,NULL),(1111,12,1,'PFMOD  HP-Sub','900133',39.00,'','',918,NULL),(1112,8,1,'Fixed Value Attenuators','900085, 900086, 900087',24.50,' 6db','',919,NULL),(1113,8,1,'Fixed Value Attenuators','900085, 900086, 900087',24.50,'3db','',919,NULL),(1114,13,1,'FMOD Sub-sonic Filter Pair','900073, 900059',29.00,' 30hz','',920,NULL),(1115,7,1,'Adjustable Attenuator (X-Connect Home)','910010S',24.95,'','',921,NULL),(1116,26,1,'PFMOD  LP-1','900091',39.00,'','',922,NULL),(1117,13,1,'FMOD Sub-sonic Filter Pair','900073, 900059',29.00,'20hz','',923,NULL),(1118,31,1,'Traveling Wave Generator tm stereo','TWG2',149.00,'','',924,NULL),(1119,10,1,'FMOD (Filter Module) High Pass RCA Level Crossover','9000XX',27.50,' 150hz','',925,NULL),(1120,12,1,'PFMOD  HP-Sub','900133',39.00,'','',926,NULL),(1121,13,1,'FMOD Sub-sonic Filter Pair','900073, 900059',29.00,'20hz','',927,NULL),(1122,54,1,'Switch Reed Allen replacement Kit','switchreedkit',19.00,' Package of 10','',928,NULL),(1123,25,1,'PFMOD 2W-1','900121',49.00,'','',929,NULL),(1124,10,2,'FMOD (Filter Module) High Pass RCA Level Crossover','9000XX',27.50,' 100hz','',930,NULL),(1125,49,2,'Organ Mixer Pre-amp Crossover','0',225.00,' 8 with bypass jacks','',931,NULL),(1126,44,2,'DSP Ambience Processor','DSPAMB',149.00,'','',931,NULL),(1127,53,1,'Card reader LED Kit','CrdrdrLEDkit',24.95,'','',932,NULL),(1128,10,1,'FMOD (Filter Module) High Pass RCA Level Crossover','9000XX',27.50,' 100hz','',933,NULL),(1129,46,1,'NOISE GATE','900141',89.00,' 4 CHANNEL','',934,NULL),(1130,24,1,'FMODcable High Pass RCA Level','90XXXX',24.50,' 70/100hz','',935,NULL),(1131,44,1,'DSP Ambience Processor','DSPAMB',149.00,'','',936,NULL),(1132,55,1,'Expression Pedal Isolator for Allen Organs','0',24.50,'','',936,NULL),(1133,8,1,'Fixed Value Attenuators','900085, 900086, 900087',24.50,' 6db','',937,NULL),(1134,8,1,'Fixed Value Attenuators','900085, 900086, 900087',24.50,' 12db','',937,NULL),(1135,8,1,'Fixed Value Attenuators','900085, 900086, 900087',24.50,'3db','',938,NULL),(1136,8,1,'Fixed Value Attenuators','900085, 900086, 900087',24.50,' 6db','',938,NULL),(1137,10,1,'FMOD (Filter Module) High Pass RCA Level Crossover','9000XX',27.50,' 50hz','',939,NULL),(1138,7,1,'Adjustable Attenuator (X-Connect Home)','910010S',24.95,'','',940,NULL),(1139,44,1,'DSP Ambience Processor','DSPAMB',149.00,'','',941,NULL),(1140,55,1,'Expression Pedal Isolator for Allen Organs','0',24.50,'','',941,NULL),(1141,12,1,'PFMOD  HP-Sub','900133',39.00,'','',942,NULL),(1142,7,1,'Adjustable Attenuator (X-Connect Home)','910010S',24.95,'','',943,NULL),(1143,26,1,'PFMOD  LP-1','900091',39.00,'','',944,NULL),(1144,12,1,'PFMOD  HP-Sub','900133',39.00,'','',945,NULL),(1145,9,2,'FMOD (Filter Module) Low Pass RCA Level Crossover','9000SX',27.50,' 70hz','',946,NULL),(1146,45,3,'X-CONNECT SPEAKER LEVEL CONVERTER','910010',29.95,'','',947,NULL),(1147,13,1,'FMOD Sub-sonic Filter Pair','900073, 900059',29.00,'20hz','',948,NULL),(1149,44,1,'DSP Ambience Processor','DSPAMB',149.00,'','',950,NULL),(1150,13,1,'FMOD Sub-sonic Filter Pair','900073, 900059',29.00,' 30hz','',951,NULL),(1151,12,1,'PFMOD  HP-Sub','900133',39.00,'','',951,NULL),(1152,10,1,'FMOD (Filter Module) High Pass RCA Level Crossover','9000XX',27.50,' 30hz (subsonic)','',951,NULL),(1155,44,1,'DSP Ambience Processor','DSPAMB',149.00,'','',954,NULL),(1154,9,1,'FMOD (Filter Module) Low Pass RCA Level Crossover','9000SX',27.50,' 200hz','',953,NULL),(1156,31,2,'Traveling Wave Generator tm stereo','TWG2',149.00,'','',954,NULL),(1157,8,1,'Fixed Value Attenuators','900085, 900086, 900087',24.50,' 6db','',955,NULL),(1158,8,1,'Fixed Value Attenuators','900085, 900086, 900087',24.50,'3db','',955,NULL),(1159,7,1,'Adjustable Attenuator (X-Connect Home)','910010S',24.95,'','',956,NULL),(1160,27,1,'PFMOD HP-1','900101',34.95,'','',958,NULL),(1161,25,1,'PFMOD 2W-1','900121',49.00,'','',958,NULL),(1162,24,1,'FMODcable High Pass RCA Level','90XXXX',24.50,' 50/70hz','',958,NULL),(1163,10,1,'FMOD (Filter Module) High Pass RCA Level Crossover','900073 - 900082 series',27.50,' 70hz','',959,NULL),(1164,61,1,'MOS 1 MIDI converter','MOSMIDI-1,2, OR 3',250.00,' THREE','add $99',960,NULL),(1165,44,1,'DSP Ambience Processor','DSPAMB',149.00,'','',961,NULL),(1166,8,1,'Fixed Value Attenuators','900085, 900086, 900087',24.50,'3db','',962,NULL),(1167,10,1,'FMOD (Filter Module) High Pass RCA Level Crossover','900073 - 900082 series',27.50,' 30hz (subsonic)','',962,NULL),(1168,8,1,'Fixed Value Attenuators','900085, 900086, 900087',24.50,' 12db','',963,NULL),(1169,7,1,'Adjustable Attenuator (X-Connect Home)','910010S',24.95,'','',963,NULL),(1170,8,1,'Fixed Value Attenuators','900085, 900086, 900087',24.50,' 12db','',964,NULL),(1171,8,2,'Fixed Value Attenuators','900085, 900086, 900087',24.50,' 6db','',964,NULL),(1172,8,2,'Fixed Value Attenuators','900085, 900086, 900087',24.50,'3db','',964,NULL),(1173,44,1,'DSP Ambience Processor','DSPAMB',149.00,'','',965,NULL),(1174,10,1,'FMOD (Filter Module) High Pass RCA Level Crossover','900073 - 900082 series',27.50,'20hz (subsonic)','',966,NULL),(1175,13,1,'FMOD Sub-sonic Filter Pair','900073, 900059',29.00,' 30hz','',967,NULL),(1176,31,1,'Traveling Wave Generator tm stereo','TWG2',149.00,'','',968,NULL),(1177,51,1,'Allen Voice Card Waveform Kit','CARDWAVE',15.00,'','',969,NULL),(1178,58,1,'Electronic Organ Sound Enhancement Catalog','0',5.00,'','',969,NULL),(1179,26,1,'PFMOD  LP-1','900091',39.00,'','',970,NULL),(1180,26,1,'PFMOD  LP-1','900091',39.00,'','',971,NULL),(1181,25,3,'PFMOD 2W-1','900121',49.00,'','',972,NULL),(1182,8,1,'Fixed Value Attenuators','900085, 900086, 900087',24.50,' 12db','',973,NULL),(1183,51,1,'Allen Voice Card Waveform Kit','CARDWAVE',15.00,'','',974,NULL),(1184,44,1,'DSP Ambience Processor','DSPAMB',149.00,'','',974,NULL),(1185,23,1,'FMODcable Low Pass RCA Level','90XXXX',24.50,'50/70hz','',975,NULL),(1186,9,1,'FMOD (Filter Module) Low Pass RCA Level Crossover','900060 - 900068 series',27.50,'50hz','',976,NULL),(1187,27,1,'PFMOD HP-1','900101',34.95,'','',977,NULL),(1188,8,1,'Fixed Value Attenuators','900085, 900086, 900087',24.50,'3db','',978,NULL),(1189,8,1,'Fixed Value Attenuators','900085, 900086, 900087',24.50,' 6db','',978,NULL),(1190,53,1,'Card reader LED Kit','CrdrdrLEDkit',24.95,'','',979,NULL),(1191,9,1,'FMOD (Filter Module) Low Pass RCA Level Crossover','900060 - 900068 series',27.50,' 150hz','',980,NULL),(1192,9,1,'FMOD (Filter Module) Low Pass RCA Level Crossover','900060 - 900068 series',27.50,' 100hz','',980,NULL),(1193,9,1,'FMOD (Filter Module) Low Pass RCA Level Crossover','900060 - 900068 series',27.50,' 70hz','',980,NULL),(1194,23,1,'FMODcable Low Pass RCA Level','90XXXX',24.50,' 70/100hz','',981,NULL),(1195,24,1,'FMODcable High Pass RCA Level','90XXXX',24.50,' 70/100hz','',981,NULL),(1196,55,1,'Expression Pedal Isolator for Allen Organs','0',24.50,'','',982,NULL),(1197,44,1,'DSP Ambience Processor','DSPAMB',149.00,'','',982,NULL),(1198,12,1,'PFMOD  HP-Sub','900133',39.00,'','',983,NULL),(1199,44,6,'DSP Ambience Processor','DSPAMB',149.00,'','',984,NULL),(1200,9,1,'FMOD (Filter Module) Low Pass RCA Level Crossover','900060 - 900068 series',27.50,' 500hz','',985,NULL),(1201,8,1,'Fixed Value Attenuators','900085, 900086, 900087',24.50,' 6db','',986,NULL),(1202,27,1,'PFMOD HP-1','900101',34.95,'','',987,NULL),(1203,10,1,'FMOD (Filter Module) High Pass RCA Level Crossover','900073 - 900082 series',27.50,' 30hz (subsonic)','',988,NULL),(1204,8,1,'Fixed Value Attenuators','900085, 900086, 900087',24.50,' 12db','',989,NULL),(1205,10,1,'FMOD (Filter Module) High Pass RCA Level Crossover','900073 - 900082 series',27.50,' 70hz','',990,NULL),(1206,44,1,'DSP Ambience Processor','DSPAMB',149.00,'','',991,NULL),(1207,53,1,'Card reader LED Kit','CrdrdrLEDkit',24.95,'','',991,NULL),(1208,55,1,'Expression Pedal Isolator for Allen Organs','0',24.50,'','',991,NULL),(1209,12,1,'PFMOD  HP-Sub','900133',39.00,'','',992,NULL),(1210,10,1,'FMOD (Filter Module) High Pass RCA Level Crossover','900073 - 900082 series',27.50,' 70hz','',993,NULL),(1211,53,1,'Card reader LED Kit','CrdrdrLEDkit',24.95,'','',994,NULL),(1212,44,2,'DSP Ambience Processor','DSPAMB',149.00,'','',995,NULL),(1213,10,1,'FMOD (Filter Module) High Pass RCA Level Crossover','900073 - 900082 series',27.50,' 30hz (subsonic)','',996,NULL),(1214,8,1,'Fixed Value Attenuators','900085, 900086, 900087',24.50,' 12db','',998,NULL),(1215,10,1,'FMOD (Filter Module) High Pass RCA Level Crossover','900073 - 900082 series',27.50,' 100hz','',999,NULL),(1216,9,2,'FMOD (Filter Module) Low Pass RCA Level Crossover','900060 - 900068 series',27.50,' 3500hz','',1000,NULL),(1217,8,1,'Fixed Value Attenuators','900085, 900086, 900087',24.50,' 12db','',1001,NULL),(1218,31,1,'Traveling Wave Generator tm stereo','TWG2',149.00,'','',1002,NULL),(1219,8,1,'Fixed Value Attenuators','900085, 900086, 900087',24.50,'3db','',1003,NULL),(1220,8,1,'Fixed Value Attenuators','900085, 900086, 900087',24.50,' 6db','',1003,NULL),(1221,10,1,'FMOD (Filter Module) High Pass RCA Level Crossover','900073 - 900082 series',27.50,' 50hz','',1004,NULL),(1222,10,1,'FMOD (Filter Module) High Pass RCA Level Crossover','900073 - 900082 series',27.50,' 30hz (subsonic)','',1004,NULL),(1223,10,1,'FMOD (Filter Module) High Pass RCA Level Crossover','900073 - 900082 series',27.50,' 100hz','',1004,NULL),(1224,10,1,'FMOD (Filter Module) High Pass RCA Level Crossover','900073 - 900082 series',27.50,' 70hz','',1004,NULL),(1225,7,1,'Adjustable Attenuator (X-Connect Home)','910010S',24.95,'','',1005,NULL),(1226,27,1,'PFMOD HP-1','900101',34.95,'','',1006,NULL),(1227,25,1,'PFMOD 2W-1','900121',49.00,'','',1007,NULL),(1228,23,1,'FMODcable Low Pass RCA Level','90XXXX',24.50,' 70/100hz','',1008,NULL),(1229,25,1,'PFMOD 2W-1','900121',49.00,'','',1009,NULL),(1230,10,1,'FMOD (Filter Module) High Pass RCA Level Crossover','900073 - 900082 series',27.50,' 30hz (subsonic)','',1010,NULL),(1231,8,10,'Fixed Value Attenuators','900085, 900086, 900087',24.50,'3db','',1012,NULL),(1232,8,1,'Fixed Value Attenuators','900085, 900086, 900087',24.50,'3db','',1013,NULL),(1233,10,1,'FMOD (Filter Module) High Pass RCA Level Crossover','900073 - 900082 series',27.50,' 1000hz','',1013,NULL),(1234,23,1,'FMODcable Low Pass RCA Level','90XXXX',24.50,' 200/500hz','',1014,NULL),(1235,10,1,'FMOD (Filter Module) High Pass RCA Level Crossover','900073 - 900082 series',27.50,' 6500hz','',1015,NULL),(1236,8,2,'Fixed Value Attenuators','900085, 900086, 900087',24.50,'3db','',1015,NULL),(1237,9,1,'FMOD (Filter Module) Low Pass RCA Level Crossover','900060 - 900068 series',27.50,' 6500hz','',1015,NULL),(1238,10,1,'FMOD (Filter Module) High Pass RCA Level Crossover','900073 - 900082 series',27.50,' 150hz','',1015,NULL),(1239,10,4,'FMOD (Filter Module) High Pass RCA Level Crossover','900073 - 900082 series',27.50,' 2500hz','',1016,NULL),(1240,10,1,'FMOD (Filter Module) High Pass RCA Level Crossover','900073 - 900082 series',27.50,' 200hz','',1017,NULL),(1241,10,1,'FMOD (Filter Module) High Pass RCA Level Crossover','900073 - 900082 series',27.50,' 70hz','',1018,NULL),(1242,7,1,'Adjustable Attenuator (X-Connect Home)','910010S',24.95,'','',1019,NULL),(1243,10,2,'FMOD (Filter Module) High Pass RCA Level Crossover','900073 - 900082 series',27.50,' 200hz','',1020,NULL),(1244,10,2,'FMOD (Filter Module) High Pass RCA Level Crossover','900073 - 900082 series',27.50,' 150hz','',1020,NULL),(1245,8,1,'Fixed Value Attenuators','900085, 900086, 900087',24.50,' 6db','',1021,NULL),(1246,26,1,'PFMOD  LP-1','900091',39.00,'','',1022,NULL),(1247,13,2,'FMOD Sub-sonic Filter Pair','900073, 900059',29.00,' 30hz','',1023,NULL),(1248,55,2,'Expression Pedal Isolator for Allen Organs','0',24.50,'','',1024,NULL),(1249,10,1,'FMOD (Filter Module) High Pass RCA Level Crossover','900073 - 900082 series',27.50,'20hz (subsonic)','',1025,NULL),(1250,9,1,'FMOD (Filter Module) Low Pass RCA Level Crossover','900060 - 900068 series',27.50,' 150hz','',1026,NULL),(1251,61,1,'MOS 1 MIDI converter','MOSMIDI-1,2, OR 3',200.00,' TWO','add $99',1027,NULL),(1252,7,1,'Adjustable Attenuator (X-Connect Home)','910010S',24.95,'','',1028,NULL),(1253,58,1,'Electronic Organ Sound Enhancement Catalog','0',5.00,'','',1029,NULL),(1254,7,1,'Adjustable Attenuator (X-Connect Home)','910010S',24.95,'','',1030,NULL),(1255,12,1,'PFMOD  HP-Sub','900133',39.00,'','',1031,NULL),(1256,8,1,'Fixed Value Attenuators','900085, 900086, 900087',24.50,'3db','',1032,NULL),(1257,7,1,'Adjustable Attenuator (X-Connect Home)','910010S',24.95,'','',1033,NULL),(1258,10,1,'FMOD (Filter Module) High Pass RCA Level Crossover','900073 - 900082 series',27.50,' 100hz','',1034,NULL),(1259,10,1,'FMOD (Filter Module) High Pass RCA Level Crossover','900073 - 900082 series',27.50,' 150hz','',1034,NULL),(1260,12,1,'PFMOD  HP-Sub','900133',39.00,'','',1035,NULL),(1262,7,1,'Adjustable Attenuator (X-Connect Home)','910010S',24.95,'','',1037,NULL),(1263,7,1,'Adjustable Attenuator (X-Connect Home)','910010S',24.95,'','',1038,NULL),(1264,55,2,'Expression Pedal Isolator for Allen Organs','0',24.50,'','',1039,NULL),(1265,31,2,'Traveling Wave Generator tm stereo','TWG2',149.00,'','',1039,NULL),(1266,44,2,'DSP Ambience Processor','DSPAMB',149.00,'','',1039,NULL),(1267,7,1,'Adjustable Attenuator (X-Connect Home)','910010S',24.95,'','',1040,NULL),(1268,26,1,'PFMOD  LP-1','900091',39.00,'','',1041,NULL),(1269,27,2,'PFMOD HP-1','900101',34.95,'','',1041,NULL),(1270,25,2,'PFMOD 2W-1','900121',49.00,'','',1041,NULL),(1271,11,1,'Bass-Blocker 37hz','903700',29.00,'','',1042,NULL),(1272,10,1,'FMOD (Filter Module) High Pass RCA Level Crossover','900073 - 900082 series',27.50,'20hz (subsonic)','',1043,NULL),(1273,8,1,'Fixed Value Attenuators','900085, 900086, 900087',24.50,'3db','',1044,NULL),(1274,10,2,'FMOD (Filter Module) High Pass RCA Level Crossover','900073 - 900082 series',27.50,' 50hz','',1044,NULL),(1275,27,1,'PFMOD HP-1','900101',34.95,'','',1045,NULL),(1276,8,1,'Fixed Value Attenuators','900085, 900086, 900087',24.50,' 6db','',1046,NULL),(1277,8,1,'Fixed Value Attenuators','900085, 900086, 900087',24.50,' 6db','',1047,NULL),(1278,10,1,'FMOD (Filter Module) High Pass RCA Level Crossover','900073 - 900082 series',27.50,' 6500hz','',1048,NULL),(1279,9,1,'FMOD (Filter Module) Low Pass RCA Level Crossover','900060 - 900068 series',27.50,' 6500hz','',1048,NULL),(1280,8,1,'Fixed Value Attenuators','900085, 900086, 900087',24.50,' 12db','',1049,NULL),(1281,10,1,'FMOD (Filter Module) High Pass RCA Level Crossover','900073 - 900082 series',27.50,' 70hz','',1050,NULL),(1282,7,1,'Adjustable Attenuator (X-Connect Home)','910010S',24.95,'','',1051,NULL),(1283,10,1,'FMOD (Filter Module) High Pass RCA Level Crossover','900073 - 900082 series',27.50,' 30hz (subsonic)','',1052,NULL),(1284,9,1,'FMOD (Filter Module) Low Pass RCA Level Crossover','900060 - 900068 series',27.50,' 1000hz','',1052,NULL),(1285,10,1,'FMOD (Filter Module) High Pass RCA Level Crossover','900073 - 900082 series',27.50,' 50hz','',1053,NULL),(1286,7,1,'Adjustable Attenuator (X-Connect Home)','910010S',24.95,'','',1054,NULL),(1287,9,1,'FMOD (Filter Module) Low Pass RCA Level Crossover','900060 - 900068 series',27.50,' 200hz','',1055,NULL),(1288,9,1,'FMOD (Filter Module) Low Pass RCA Level Crossover','900060 - 900068 series',27.50,' 500hz','',1056,NULL),(1289,9,1,'FMOD (Filter Module) Low Pass RCA Level Crossover','900060 - 900068 series',27.50,' 100hz','',1057,NULL),(1290,9,1,'FMOD (Filter Module) Low Pass RCA Level Crossover','900060 - 900068 series',27.50,' 150hz','',1058,NULL),(1291,12,1,'PFMOD  HP-Sub','900133',39.00,'','',1059,NULL),(1292,55,1,'Expression Pedal Isolator for Allen Organs','0',24.50,'','',1060,NULL),(1293,27,8,'PFMOD HP-1','900101',34.95,'','',1061,NULL),(1294,26,8,'PFMOD  LP-1','900091',39.00,'','',1061,NULL),(1295,10,1,'FMOD (Filter Module) High Pass RCA Level Crossover','900073 - 900082 series',27.50,' 30hz (subsonic)','',1062,NULL),(1296,10,1,'FMOD (Filter Module) High Pass RCA Level Crossover','900073 - 900082 series',27.50,' 50hz','',1062,NULL),(1297,10,1,'FMOD (Filter Module) High Pass RCA Level Crossover','900073 - 900082 series',27.50,'20hz (subsonic)','',1062,NULL),(1298,12,1,'PFMOD  HP-Sub','900133',39.00,'','',1063,NULL),(1299,49,1,'Organ Mixer Pre-amp Crossover','0',225.00,' 8 with bypass jacks','',1064,NULL),(1300,3,2,'AMP 800 N AK','901012 N AK',349.00,'Plain Aluminum',' 2 ohm 100hz FMOD',1065,NULL),(1301,9,1,'FMOD (Filter Module) Low Pass RCA Level Crossover','900060 - 900068 series',27.50,' 3500hz','',1066,NULL),(1302,9,1,'FMOD (Filter Module) Low Pass RCA Level Crossover','900060 - 900068 series',27.50,' 150hz','',1067,NULL),(1303,10,1,'FMOD (Filter Module) High Pass RCA Level Crossover','900073 - 900082 series',27.50,' 70hz','',1067,NULL),(1304,12,1,'PFMOD  HP-Sub','900133',39.00,'','',1069,NULL),(1305,8,1,'Fixed Value Attenuators','900085, 900086, 900087',24.50,' 6db','',1070,NULL),(1306,8,1,'Fixed Value Attenuators','900085, 900086, 900087',24.50,'3db','',1070,NULL),(1307,26,1,'PFMOD  LP-1','900091',39.00,'','',1071,NULL),(1308,8,1,'Fixed Value Attenuators','900085, 900086, 900087',24.50,' 12db','',1072,NULL),(1309,10,1,'FMOD (Filter Module) High Pass RCA Level Crossover','900073 - 900082 series',27.50,'20hz (subsonic)','',1073,NULL),(1310,18,1,'VM-1 DC Amps','M700',170.00,' Yacht version',' 100:1 for 0 to 199.9A',1074,NULL),(1311,19,1,'VM-1 DC Volts','M705',111.00,' Yacht version',' 0 to 199.9V',1074,NULL),(1312,17,1,'VM-1 AC Volts','M710',150.00,' Yacht version',' 0 to 199.9V',1074,NULL),(1313,15,1,'VM-1 AC Amps','M720',150.00,' Yacht version','',1074,NULL),(1314,53,1,'Card reader LED Kit','CrdrdrLEDkit',24.95,'','',1075,NULL),(1315,10,1,'FMOD (Filter Module) High Pass RCA Level Crossover','900073 - 900082 series',27.50,' 70hz','',1076,NULL),(1316,8,1,'Fixed Value Attenuators','900085, 900086, 900087',24.50,' 6db','',1077,NULL),(1317,26,1,'PFMOD  LP-1','900091',39.00,'','',1078,NULL),(1318,8,1,'Fixed Value Attenuators','900085, 900086, 900087',24.50,' 12db','',1079,NULL),(1319,7,1,'Adjustable Attenuator (X-Connect Home)','910010S',24.95,'','',1080,NULL),(1320,44,2,'DSP Ambience Processor','DSPAMB',149.00,'','',1081,NULL),(1321,65,1,'POWER MOWSE ENTRY CABLE ASSY.','900041PWRIN',7.50,'','',1082,NULL),(1322,9,2,'FMOD (Filter Module) Low Pass RCA Level Crossover','900060 - 900068 series',27.50,' 100hz','',1083,NULL),(1323,9,1,'FMOD (Filter Module) Low Pass RCA Level Crossover','900060 - 900068 series',27.50,' 70hz','',1084,NULL),(1324,9,1,'FMOD (Filter Module) Low Pass RCA Level Crossover','900060 - 900068 series',27.50,'50hz','',1084,NULL),(1325,53,1,'Card reader LED Kit','CrdrdrLEDkit',24.95,'','',1086,NULL),(1326,8,1,'Fixed Value Attenuators','900085, 900086, 900087',24.50,' 6db','',1087,NULL),(1327,8,1,'Fixed Value Attenuators','900085, 900086, 900087',24.50,'3db','',1088,NULL),(1328,12,1,'PFMOD  HP-Sub','900133',39.00,'','',1089,NULL),(1329,8,1,'Fixed Value Attenuators','900085, 900086, 900087',24.50,' 12db','',1091,NULL),(1330,9,1,'FMOD (Filter Module) Low Pass RCA Level Crossover','900060 - 900068 series',27.50,' 100hz','',1092,NULL),(1331,9,1,'FMOD (Filter Module) Low Pass RCA Level Crossover','900060 - 900068 series',27.50,' 200hz','',1093,NULL),(1332,10,1,'FMOD (Filter Module) High Pass RCA Level Crossover','900073 - 900082 series',27.50,' 200hz','',1093,NULL),(1333,31,1,'Traveling Wave Generator tm stereo','TWG2',149.00,'','',1094,NULL),(1334,10,2,'FMOD (Filter Module) High Pass RCA Level Crossover','900073 - 900082 series',27.50,' 500hz','',1095,NULL),(1335,55,1,'Expression Pedal Isolator for Allen Organs','0',24.50,'','',1096,NULL),(1336,10,1,'FMOD (Filter Module) High Pass RCA Level Crossover','900073 - 900082 series',27.50,' 50hz','',1097,NULL),(1337,9,1,'FMOD (Filter Module) Low Pass RCA Level Crossover','900060 - 900068 series',27.50,' 1000hz','',1097,NULL),(1338,44,1,'DSP Ambience Processor','DSPAMB',149.00,'','',1098,NULL),(1339,13,1,'FMOD Sub-sonic Filter Pair','900073, 900059',29.00,'20hz','',1099,NULL),(1340,9,1,'FMOD (Filter Module) Low Pass RCA Level Crossover','900060 - 900068 series',27.50,' 2500hz','',1100,NULL),(1341,10,1,'FMOD (Filter Module) High Pass RCA Level Crossover','900073 - 900082 series',27.50,' 3500hz','',1100,NULL),(1342,8,1,'Fixed Value Attenuators','900085, 900086, 900087',24.50,'3db','',1101,NULL),(1344,9,1,'FMOD (Filter Module) Low Pass RCA Level Crossover','900060 - 900068 series',27.50,' 2500hz','',1103,NULL),(1345,9,1,'FMOD (Filter Module) Low Pass RCA Level Crossover','900060 - 900068 series',27.50,'50hz','',1103,NULL),(1346,8,1,'Fixed Value Attenuators','900085, 900086, 900087',24.50,' 6db','',1103,NULL),(1347,8,1,'Fixed Value Attenuators','900085, 900086, 900087',24.50,' 12db','',1103,NULL),(1348,17,1,'VM-1 AC Volts','M710',150.00,' Yacht version',' 0 to 199.9V',1104,NULL),(1349,15,1,'VM-1 AC Amps','M720',150.00,' Yacht version','',1104,NULL),(1350,8,1,'Fixed Value Attenuators','900085, 900086, 900087',24.50,' 12db','',1105,NULL),(1351,13,1,'FMOD Sub-sonic Filter Pair','900073, 900059',29.00,'20hz','',1106,NULL),(1352,12,1,'PFMOD  HP-Sub','900133',39.00,'','',1107,NULL),(1353,12,2,'PFMOD  HP-Sub','900133',39.00,'','',1108,NULL),(1354,8,1,'Fixed Value Attenuators','900085, 900086, 900087',24.50,' 12db','',1109,NULL),(1355,8,1,'Fixed Value Attenuators','900085, 900086, 900087',24.50,' 6db','',1109,NULL),(1356,68,1,'FluxCap tm Voltage Stabilizing Power Supply','903147',379.00,' 100 amp fixed V','',1110,NULL),(1357,23,1,'FMODcable Low Pass RCA Level','90XXXX',24.50,' 100/200hz','',1112,NULL),(1358,7,1,'Adjustable Attenuator (X-Connect Home)','910010S',24.95,'','',1112,NULL),(1359,39,1,'Woofer Sealed & Ported Box Designer','900090',10.00,'','',1112,NULL),(1360,8,1,'Fixed Value Attenuators','900085, 900086, 900087',24.50,' 12db','',1113,NULL),(1361,8,1,'Fixed Value Attenuators','900085, 900086, 900087',24.50,' 6db','',1113,NULL),(1362,8,1,'Fixed Value Attenuators','900085, 900086, 900087',24.50,'3db','',1113,NULL),(1363,9,1,'FMOD (Filter Module) Low Pass RCA Level Crossover','900060 - 900068 series',27.50,' 6500hz','',1114,NULL),(1364,12,1,'PFMOD  HP-Sub','900133',39.00,'','',1115,NULL),(1365,9,2,'FMOD (Filter Module) Low Pass RCA Level Crossover','900060 - 900068 series',27.50,' 3500hz','',1116,NULL),(1366,12,1,'PFMOD  HP-Sub','900133',39.00,'','',1117,NULL),(1367,55,1,'Expression Pedal Isolator for Allen Organs','0',24.50,'','',1118,NULL),(1368,31,1,'Traveling Wave Generator tm stereo','TWG2',149.00,'','',1118,NULL),(1369,44,1,'DSP Ambience Processor','DSPAMB',149.00,'','',1118,NULL),(1370,12,1,'PFMOD  HP-Sub','900133',39.00,'','',1119,NULL),(1371,55,1,'Expression Pedal Isolator for Allen Organs','0',24.50,'','',1120,NULL),(1372,46,1,'NOISE GATE','900141',89.00,' 4 CHANNEL','',1121,NULL),(1373,10,1,'FMOD (Filter Module) High Pass RCA Level Crossover','900073 - 900082 series',27.50,' 70hz','',1122,NULL),(1374,26,1,'PFMOD  LP-1','900091',39.00,'','',1123,NULL),(1375,9,1,'FMOD (Filter Module) Low Pass RCA Level Crossover','900060 - 900068 series',27.50,'50hz','',1124,NULL),(1376,9,1,'FMOD (Filter Module) Low Pass RCA Level Crossover','900060 - 900068 series',27.50,' 70hz','',1124,NULL),(1377,8,1,'Fixed Value Attenuators','900085, 900086, 900087',24.50,'3db','',1125,NULL),(1378,8,1,'Fixed Value Attenuators','900085, 900086, 900087',24.50,' 6db','',1125,NULL),(1379,8,1,'Fixed Value Attenuators','900085, 900086, 900087',24.50,' 12db','',1125,NULL),(1380,9,1,'FMOD (Filter Module) Low Pass RCA Level Crossover','900060 - 900068 series',27.50,'50hz','',1126,NULL),(1381,13,1,'FMOD Sub-sonic Filter Pair','900073, 900059',29.00,' 30hz','',1127,NULL),(1382,10,1,'FMOD (Filter Module) High Pass RCA Level Crossover','900073 - 900082 series',27.50,' 3500hz','',1128,NULL),(1383,7,1,'Adjustable Attenuator (X-Connect Home)','910010S',24.95,'','',1129,NULL),(1384,27,1,'PFMOD HP-1','900101',34.95,'','',1129,NULL),(1385,13,1,'FMOD Sub-sonic Filter Pair','900073, 900059',29.00,' 30hz','',1130,NULL),(1386,8,1,'Fixed Value Attenuators','900085, 900086, 900087',24.50,'3db','',1131,NULL),(1387,7,1,'Adjustable Attenuator (X-Connect Home)','910010S',24.95,'','',1132,NULL),(1388,12,1,'PFMOD  HP-Sub','900133',39.00,'','',1133,NULL),(1389,7,1,'Adjustable Attenuator (X-Connect Home)','910010S',24.95,'','',1133,NULL),(1390,61,1,'MOS MIDI converter','MOSMIDI-1,2, OR 3',250.00,' THREE','add $99',1134,NULL),(1391,10,1,'FMOD (Filter Module) High Pass RCA Level Crossover','900073 - 900082 series',27.50,' 50hz','',1135,NULL),(1392,8,1,'Fixed Value Attenuators','900085, 900086, 900087',24.50,' 6db','',1136,NULL),(1393,12,1,'PFMOD  HP-Sub','900133',39.00,'','',1137,NULL),(1394,10,1,'FMOD (Filter Module) High Pass RCA Level Crossover','900073 - 900082 series',27.50,' 50hz','',1138,NULL),(1395,53,1,'Card reader LED Kit','CrdrdrLEDkit',24.95,'','',1139,NULL),(1396,31,1,'Traveling Wave Generator tm stereo','TWG2',149.00,'','',1140,NULL),(1397,8,1,'Fixed Value Attenuators','900085, 900086, 900087',24.50,' 12db','',1141,NULL),(1398,45,1,'X-CONNECT SPEAKER LEVEL CONVERTER','910010',29.95,'','',1142,NULL),(1399,10,1,'FMOD (Filter Module) High Pass RCA Level Crossover','900073 - 900082 series',27.50,' 30hz (subsonic)','',1143,NULL),(1400,10,1,'FMOD (Filter Module) High Pass RCA Level Crossover','900073 - 900082 series',27.50,' 50hz','',1143,NULL),(1401,8,1,'Fixed Value Attenuators','900085, 900086, 900087',24.50,'3db','',1143,NULL),(1402,9,1,'FMOD (Filter Module) Low Pass RCA Level Crossover','900060 - 900068 series',27.50,' 100hz','',1144,NULL),(1403,26,1,'PFMOD  LP-1','900091',39.00,'','',1145,NULL),(1404,19,1,'VM-1 DC Volts','M705',111.00,' Yacht version','0 to 199.9mV',1146,NULL),(1405,17,2,'VM-1 AC Volts','M710',150.00,' Yacht version',' 0 to 199.9V',1146,NULL),(1406,23,1,'FMODcable Low Pass RCA Level','90XXXX',24.50,' 70/100hz','',1147,NULL),(1407,11,1,'Bass-Blocker 37hz','903700',29.00,'','',1148,NULL),(1408,45,1,'X-CONNECT SPEAKER LEVEL CONVERTER','910010',29.95,'','',1149,NULL),(1409,9,1,'FMOD (Filter Module) Low Pass RCA Level Crossover','900060 - 900068 series',27.50,' 70hz','',1150,NULL),(1410,9,1,'FMOD (Filter Module) Low Pass RCA Level Crossover','900060 - 900068 series',27.50,'50hz','',1151,NULL),(1411,10,2,'FMOD (Filter Module) High Pass RCA Level Crossover','900073 - 900082 series',27.50,' 2500hz','',1152,NULL),(1412,9,1,'FMOD (Filter Module) Low Pass RCA Level Crossover','900060 - 900068 series',27.50,' 150hz','',1153,NULL),(1413,10,1,'FMOD (Filter Module) High Pass RCA Level Crossover','900073 - 900082 series',27.50,' 150hz','',1154,NULL),(1414,27,1,'PFMOD HP-1','900101',34.95,'','',1155,NULL),(1415,9,1,'FMOD (Filter Module) Low Pass RCA Level Crossover','900060 - 900068 series',27.50,' 100hz','',1156,NULL),(1416,10,1,'FMOD (Filter Module) High Pass RCA Level Crossover','900073 - 900082 series',27.50,' 3500hz','',1157,NULL),(1417,9,1,'FMOD (Filter Module) Low Pass RCA Level Crossover','900060 - 900068 series',27.50,' 3500hz','',1157,NULL),(1418,9,1,'FMOD (Filter Module) Low Pass RCA Level Crossover','900060 - 900068 series',27.50,' 100hz','',1158,NULL),(1419,9,1,'FMOD (Filter Module) Low Pass RCA Level Crossover','900060 - 900068 series',27.50,' 70hz','',1158,NULL),(1420,17,1,'VM-1 AC Volts','M710',150.00,' Yacht version','0 to 199.9mV',1159,NULL),(1421,9,1,'FMOD (Filter Module) Low Pass RCA Level Crossover','900060 - 900068 series',27.50,' 70hz','',1160,NULL),(1422,26,1,'PFMOD  LP-1','900091',39.00,'','',1161,NULL),(1423,68,1,'FluxCap tm Voltage Stabilizing Power Supply','903147',379.00,' 100 amp fixed V','',1162,NULL),(1424,9,1,'FMOD (Filter Module) Low Pass RCA Level Crossover','900060 - 900068 series',27.50,' 70hz','',1163,NULL),(1425,3,1,'AMP 800 N AK','901012 N AK',349.00,'Plain Aluminum','1ohm 70hz FMOD',1163,NULL),(1426,13,1,'FMOD Sub-sonic Filter Pair','900073, 900059',29.00,'20hz','',1164,NULL),(1427,8,1,'Fixed Value Attenuators','900085, 900086, 900087',24.50,'3db','',1165,NULL),(1428,26,1,'PFMOD  LP-1','900091',39.00,'','',1166,NULL),(1429,27,1,'PFMOD HP-1','900101',34.95,'','',1166,NULL),(1430,7,2,'Adjustable Attenuator (X-Connect Home)','910010S',24.95,'','',1166,NULL),(1431,53,1,'Card reader LED Kit','CrdrdrLEDkit',74.95,'Kit installed in your card reader & tested','',1167,NULL),(1432,12,1,'PFMOD  HP-Sub','900133',39.00,'','',1168,NULL),(1433,10,1,'FMOD (Filter Module) High Pass RCA Level Crossover','900073 - 900082 series',27.50,'20hz (subsonic)','',1169,NULL),(1434,8,1,'Fixed Value Attenuators','900085, 900086, 900087',24.50,' 12db','',1170,NULL),(1435,12,1,'PFMOD  HP-Sub','900133',39.00,'','',1171,NULL),(1436,45,1,'X-CONNECT SPEAKER LEVEL CONVERTER','910010',29.95,'','',1172,NULL),(1437,10,1,'FMOD (Filter Module) High Pass RCA Level Crossover','900073 - 900082 series',27.50,'20hz (subsonic)','',1173,NULL),(1438,10,2,'FMOD (Filter Module) High Pass RCA Level Crossover','900073 - 900082 series',27.50,' 6500hz','',1174,NULL),(1439,10,1,'FMOD (Filter Module) High Pass RCA Level Crossover','900073 - 900082 series',27.50,' 3500hz','',1175,NULL),(1440,9,1,'FMOD (Filter Module) Low Pass RCA Level Crossover','900060 - 900068 series',27.50,' 150hz','',1176,NULL),(1441,10,1,'FMOD (Filter Module) High Pass RCA Level Crossover','900073 - 900082 series',27.50,' 70hz','',1177,NULL),(1442,10,1,'FMOD (Filter Module) High Pass RCA Level Crossover','900073 - 900082 series',27.50,' 100hz','',1177,NULL),(1443,8,1,'Fixed Value Attenuators','900085, 900086, 900087',24.50,'3db','',1178,NULL),(1444,10,1,'FMOD (Filter Module) High Pass RCA Level Crossover','900073 - 900082 series',27.50,' 150hz','',1178,NULL),(1445,9,1,'FMOD (Filter Module) Low Pass RCA Level Crossover','900060 - 900068 series',27.50,' 500hz','',1178,NULL),(1446,8,1,'Fixed Value Attenuators','900085, 900086, 900087',24.50,' 12db','',1179,NULL),(1447,8,1,'Fixed Value Attenuators','900085, 900086, 900087',24.50,' 12db','',1180,NULL),(1448,27,1,'PFMOD HP-1','900101',34.95,'','',1181,NULL),(1449,9,1,'FMOD (Filter Module) Low Pass RCA Level Crossover','900060 - 900068 series',27.50,' 70hz','',1182,NULL),(1453,8,1,'Fixed Value Attenuators','900085, 900086, 900087',24.50,' 12db','',1186,NULL),(1451,31,1,'Traveling Wave Generator tm stereo','TWG2',149.00,'','',1184,NULL),(1452,11,1,'Bass-Blocker 37hz','903700',29.00,'','',1185,NULL),(1454,13,1,'FMOD Sub-sonic Filter Pair','900073, 900059',27.50,'20hz','',1187,NULL),(1455,8,1,'Fixed Value Attenuators','900085, 900086, 900087',24.50,' 12db','',1188,NULL),(1456,19,3,'VM-1 DC Volts','M705',59.95,' Lens Included','0 to 199.9mV',1189,NULL),(1457,18,2,'VM-1 DC Amps','M700',89.50,' Lens Included','1:1 for 0 to 1.999A',1189,NULL),(1458,15,7,'VM-1 AC Amps','M720',79.50,' Lens Included','',1189,NULL),(1459,17,5,'VM-1 AC Volts','M710',74.50,' Lens Included','0 to 199.9mV',1189,NULL),(1460,7,1,'Adjustable Attenuator (X-Connect Home)','910010S',24.95,'','',1190,NULL),(1461,7,1,'Adjustable Attenuator (X-Connect Home)','910010S',24.95,'','',1191,NULL),(1462,9,1,'FMOD (Filter Module) Low Pass RCA Level Crossover','900060 - 900068 series',27.50,' 150hz','',1192,NULL),(1463,24,1,'FMODcable High Pass RCA Level','90XXXX',24.50,' 70/100hz','',1193,NULL),(1464,45,3,'X-CONNECT SPEAKER LEVEL CONVERTER','910010',29.95,'','',1194,NULL),(1465,68,2,'FluxCap tm Voltage Stabilizing Power Supply','903147',379.00,' 100 amp fixed V','',1195,NULL),(1466,11,10,'Bass-Blocker 37hz','903700',29.00,'','',1196,NULL),(1467,24,1,'FMODcable High Pass RCA Level','90XXXX',24.50,' 200/500hz','',1197,NULL),(1468,23,1,'FMODcable Low Pass RCA Level','90XXXX',24.50,' 200/500hz','',1197,NULL),(1469,9,1,'FMOD (Filter Module) Low Pass RCA Level Crossover','900060 - 900068 series',27.50,' 70hz','',1198,NULL),(1470,9,1,'FMOD (Filter Module) Low Pass RCA Level Crossover','900060 - 900068 series',27.50,'50hz','',1198,NULL),(1471,55,1,'Expression Pedal Isolator for Allen Organs','0',24.50,'','',1199,NULL);

--
-- Table structure for table `Shipping`
--

CREATE TABLE `Shipping` (
  `carrier` tinytext,
  `method` tinytext,
  `weight` double(16,2) DEFAULT NULL,
  `price` double(16,2) DEFAULT NULL,
  `record_type` tinyint(4) NOT NULL DEFAULT '0',
  `id` int(11) NOT NULL AUTO_INCREMENT,
  `code` varchar(50) DEFAULT NULL,
  `class` varchar(5) DEFAULT NULL,
  PRIMARY KEY (`id`)
) ENGINE=MyISAM AUTO_INCREMENT=395 DEFAULT CHARSET=latin1;

--
-- Dumping data for table `Shipping`
--

INSERT INTO `Shipping` VALUES (NULL,NULL,75.00,17.50,5,207,NULL,NULL),(NULL,NULL,100.00,19.50,5,208,NULL,NULL),(NULL,NULL,150.00,21.00,5,209,NULL,NULL),(NULL,NULL,200.00,22.50,5,210,NULL,NULL),(NULL,NULL,250.00,25.00,5,211,NULL,NULL),(NULL,'International 1st class mail',0.20,8.00,2,381,NULL,NULL),(NULL,'International 1st class mail',0.40,11.00,2,382,NULL,NULL),(NULL,'International 1st class mail',1.00,15.00,2,383,NULL,NULL),(NULL,'International 1st class mail',2.00,22.00,2,384,NULL,NULL),(NULL,'UPS USA ONLY',10.00,14.00,2,394,NULL,NULL),(NULL,'UPS USA ONLY',9.00,14.00,2,393,NULL,NULL),(NULL,'UPS USA ONLY',8.00,12.00,2,392,NULL,NULL),(NULL,'UPS USA ONLY',7.00,12.00,2,391,NULL,NULL),(NULL,'UPS USA ONLY',3.00,10.50,2,390,NULL,NULL),(NULL,'UPS USA ONLY',4.00,10.50,2,389,NULL,NULL),(NULL,'UPS USA ONLY',5.00,10.50,2,388,NULL,NULL),(NULL,'UPS USA ONLY',2.00,10.50,2,387,NULL,NULL),(NULL,'UPS USA ONLY',1.00,10.50,2,386,NULL,NULL),(NULL,'UPS USA ONLY',6.00,10.50,2,385,NULL,NULL);

--
-- Table structure for table `Shopping`
--

CREATE TABLE `Shopping` (
  `ID` int(11) NOT NULL AUTO_INCREMENT,
  `product` int(11) NOT NULL DEFAULT '0',
  `session` int(11) NOT NULL DEFAULT '0',
  `quantity` int(11) NOT NULL DEFAULT '0',
  `label1` tinytext,
  `sitename` tinytext,
  `label2` tinytext,
  PRIMARY KEY (`ID`),
  KEY `ID` (`ID`)
) ENGINE=MyISAM AUTO_INCREMENT=6358 DEFAULT CHARSET=latin1;

--
-- Dumping data for table `Shopping`
--

INSERT INTO `Shopping` VALUES (6357,13,1366754477,1,'20hz','hlabs','');

--
-- Dumping events for database 'hlabs'
--

--
-- Dumping routines for database 'hlabs'
--


