--
-- Host: localhost    Database: pamida
-- ------------------------------------------------------


--
-- Table structure for table `Category`
--

CREATE TABLE `Category` (
  `ID` int(11) NOT NULL AUTO_INCREMENT,
  `protected` int(11) NOT NULL DEFAULT '0',
  `display` int(11) NOT NULL DEFAULT '0',
  `next` int(11) NOT NULL DEFAULT '0',
  `child` int(11) NOT NULL DEFAULT '0',
  `description` blob,
  `short_description` blob,
  `name` varchar(255) DEFAULT NULL,
  `image` varchar(255) DEFAULT NULL,
  `old_id` smallint(4) NOT NULL DEFAULT '0',
  PRIMARY KEY (`ID`),
  KEY `ID` (`ID`)
) ENGINE=MyISAM AUTO_INCREMENT=3 DEFAULT CHARSET=latin1;

--
-- Dumping data for table `Category`
--

INSERT INTO `Category` VALUES (1,0,0,0,2,NULL,NULL,'Top Level',NULL,0),(2,0,1,0,0,'',NULL,'Team Shirts','3800_Folded_Navy_MS05.jpg',0);

--
-- Table structure for table `Inventory`
--

CREATE TABLE `Inventory` (
  `ID` int(11) NOT NULL AUTO_INCREMENT,
  `productID` int(11) NOT NULL DEFAULT '0',
  `categoryID` int(11) NOT NULL DEFAULT '0',
  PRIMARY KEY (`ID`),
  KEY `categoryID` (`categoryID`),
  KEY `ID` (`ID`)
) ENGINE=MyISAM AUTO_INCREMENT=17 DEFAULT CHARSET=latin1;

--
-- Dumping data for table `Inventory`
--

INSERT INTO `Inventory` VALUES (13,2,2),(12,3,2),(9,4,2),(16,5,2),(11,6,2),(15,7,2);

--
-- Table structure for table `Invoice`
--

CREATE TABLE `Invoice` (
  `ID` int(11) NOT NULL AUTO_INCREMENT,
  `date` datetime DEFAULT NULL,
  `purchasedby` int(11) NOT NULL DEFAULT '0',
  `deliverto` int(11) NOT NULL DEFAULT '0',
  `processed` int(11) NOT NULL DEFAULT '0',
  `shiptype` varchar(50) DEFAULT NULL,
  `shipcost` double(8,2) NOT NULL DEFAULT '0.00',
  `comment` blob,
  `cart_total` double(8,2) DEFAULT NULL,
  `tax` double(8,2) DEFAULT NULL,
  PRIMARY KEY (`ID`),
  KEY `ID` (`ID`)
) ENGINE=MyISAM AUTO_INCREMENT=307 DEFAULT CHARSET=latin1;

--
-- Dumping data for table `Invoice`
--

INSERT INTO `Invoice` VALUES (3,'2006-12-28 17:52:12',3,3,1,'',0.00,'',NULL,NULL),(4,'2006-12-30 09:01:42',4,4,1,'',0.00,'',NULL,NULL),(5,'2007-01-18 08:52:57',5,5,1,'',0.00,'',NULL,NULL),(6,'2007-01-18 09:38:40',6,7,1,'',0.00,'',NULL,NULL),(7,'2007-01-18 10:41:33',8,8,1,'',0.00,'',NULL,NULL),(8,'2007-01-18 10:58:37',9,9,1,'',0.00,'',NULL,NULL),(9,'2007-01-18 13:35:13',10,10,1,'',0.00,'',NULL,NULL),(10,'2007-01-19 11:27:28',11,11,1,'',0.00,'',NULL,NULL),(11,'2007-01-19 12:21:47',12,12,1,'',0.00,'',NULL,NULL),(12,'2007-01-19 15:33:39',13,14,1,'',0.00,'',NULL,NULL),(13,'2007-01-19 16:53:55',15,15,1,'',0.00,'',NULL,NULL),(14,'2007-01-20 10:29:14',16,16,1,'',0.00,'',NULL,NULL),(15,'2007-01-22 15:57:24',17,17,1,'',0.00,'',NULL,NULL),(16,'2007-01-22 16:01:25',18,18,1,'',0.00,'',NULL,NULL),(17,'2007-01-23 14:03:09',19,19,1,'',0.00,'',NULL,NULL),(18,'2007-01-23 14:59:02',20,20,1,'',0.00,'',NULL,NULL),(19,'2007-01-24 08:54:13',21,22,1,'',0.00,'',NULL,NULL),(20,'2007-01-24 09:57:27',23,23,1,'',0.00,'',NULL,NULL),(21,'2007-01-24 10:00:56',24,24,1,'',0.00,'',NULL,NULL),(22,'2007-01-24 11:31:25',25,25,1,'Shipping',0.00,'',NULL,NULL),(23,'2007-01-24 13:07:36',26,26,1,'Shipping',0.00,'',NULL,NULL),(24,'2007-01-24 13:49:33',27,28,1,'Shipping',0.00,'',NULL,NULL),(25,'2007-01-25 08:08:19',29,29,1,'Shipping',0.00,'',NULL,NULL),(26,'2007-01-26 13:32:31',30,30,1,'Shipping',0.00,'',NULL,NULL),(27,'2007-01-26 14:02:48',31,31,1,'Shipping',0.00,'',NULL,NULL),(28,'2007-01-27 08:45:13',32,33,1,'Shipping',0.00,'',NULL,NULL),(29,'2007-01-27 09:10:09',34,34,1,'Shipping',0.00,'',NULL,NULL),(30,'2007-01-27 09:26:03',35,35,1,'Shipping',0.00,'',NULL,NULL),(31,'2007-01-28 09:40:22',36,36,1,'Shipping',0.00,'',NULL,NULL),(32,'2007-01-28 15:05:48',37,37,1,'Shipping',0.00,'',NULL,NULL),(33,'2007-02-03 18:52:46',38,38,1,'Shipping',0.00,'',NULL,NULL),(34,'2007-02-04 08:56:51',39,39,1,'Shipping',0.00,'',NULL,NULL),(35,'2007-02-05 07:03:27',40,40,1,'Shipping',0.00,'',NULL,NULL),(36,'2007-02-06 12:11:48',41,41,1,'Shipping',0.00,'',NULL,NULL),(37,'2007-02-09 11:51:22',42,42,1,'Shipping',0.00,'',NULL,NULL),(38,'2007-02-09 14:36:26',43,44,1,'Shipping',0.00,'',NULL,NULL),(39,'2007-02-15 11:33:54',45,45,1,'Shipping',0.00,'',NULL,NULL),(40,'2007-02-17 13:33:32',46,47,1,'Shipping',6.00,'',NULL,NULL),(41,'2007-02-19 11:58:40',48,48,1,'Shipping',6.00,'',NULL,NULL),(42,'2007-02-23 13:23:58',49,50,1,'Shipping',6.00,'',NULL,NULL),(43,'2007-02-24 12:24:21',51,51,1,'Shipping',6.00,'',NULL,NULL),(44,'2007-02-26 12:13:25',52,52,1,'Shipping',6.00,'',NULL,NULL),(45,'2007-02-27 17:45:41',53,53,1,'Shipping',6.00,'',NULL,NULL),(46,'2007-02-28 12:08:38',54,54,1,'Shipping',6.00,'',NULL,NULL),(47,'2007-02-28 14:10:41',55,56,1,'Shipping',6.00,'',NULL,NULL),(48,'2007-03-02 10:09:37',57,58,1,'Shipping',6.00,'',NULL,NULL),(49,'2007-03-02 11:42:55',59,59,1,'Shipping',6.00,'',NULL,NULL),(50,'2007-03-02 11:48:52',60,60,1,'Shipping',6.00,'',NULL,NULL),(51,'2007-03-02 13:33:26',61,61,1,'Shipping',6.00,'',NULL,NULL),(52,'2007-03-05 09:30:15',62,62,1,'Shipping',6.00,'',NULL,NULL),(53,'2007-03-05 11:02:15',63,63,1,'Shipping',6.00,'',NULL,NULL),(54,'2007-03-07 07:08:46',64,64,1,'Shipping',6.00,'',NULL,NULL),(55,'2007-03-08 08:27:54',65,65,1,'Shipping',6.00,'',NULL,NULL),(56,'2007-03-08 11:56:23',66,66,1,'Shipping',6.00,'',NULL,NULL),(57,'2007-03-08 15:01:12',67,68,1,'Shipping',6.00,'i ordered a mens xl button down earlier and it was to small so i returned it as per a phone call with you I was supposed to get a 2x in the mail and have never received it, please send thanks',NULL,NULL),(58,'2007-03-11 19:29:43',69,70,1,'Shipping',6.00,'I sent a med long sleeve shirt back several weeks ago and have never gotten a size large as I had asked.\r\n Katie',NULL,NULL),(59,'2007-03-12 10:37:13',71,71,1,'Shipping',6.00,'',NULL,NULL),(60,'2007-03-12 11:13:53',72,73,1,'Shipping',6.00,'Order for the store to try',NULL,NULL),(61,'2007-03-13 16:47:30',74,74,1,'Shipping',6.00,'',NULL,NULL),(62,'2007-03-14 12:11:13',75,75,1,'Shipping',6.00,'',NULL,NULL),(63,'2007-03-14 15:57:10',76,77,1,'Shipping',6.00,'',NULL,NULL),(64,'2007-03-15 06:10:57',78,78,1,'Shipping',6.00,'',NULL,NULL),(65,'2007-03-15 13:02:25',79,79,1,'Shipping',6.00,'',NULL,NULL),(66,'2007-03-15 19:24:34',80,80,1,'Shipping',6.00,'',NULL,NULL),(67,'2007-03-16 07:19:23',81,81,1,'Shipping',6.00,'',NULL,NULL),(68,'2007-03-16 16:05:53',82,82,1,'Shipping',6.00,'',NULL,NULL),(69,'2007-03-18 11:42:52',83,84,1,'Shipping',6.00,'',NULL,NULL),(70,'2007-03-18 11:56:54',85,85,1,'Shipping',6.00,'',NULL,NULL),(71,'2007-03-19 04:17:57',86,86,1,'Shipping',6.00,'',NULL,NULL),(72,'2007-03-19 12:52:00',87,87,1,'Shipping',6.00,'',NULL,NULL),(73,'2007-03-20 14:07:10',88,89,1,'Shipping',6.00,'',NULL,NULL),(74,'2007-03-22 11:08:53',90,91,1,'Shipping',6.00,'C/O Pamida',NULL,NULL),(75,'2007-03-22 11:38:30',92,92,1,'Shipping',6.00,'',NULL,NULL),(76,'2007-03-23 06:25:35',93,93,1,'Shipping',6.00,'',NULL,NULL),(77,'2007-03-23 12:02:35',94,94,1,'Shipping',6.00,'',NULL,NULL),(78,'2007-03-23 15:15:19',95,96,1,'Shipping',6.00,'Ship to Dee Rigney c/o Pamida #022',NULL,NULL),(79,'2007-03-30 07:33:28',97,97,1,'Shipping',6.00,'',NULL,NULL),(80,'2007-03-30 08:04:29',98,98,1,'Shipping',6.00,'',NULL,NULL),(81,'2007-03-30 08:09:06',99,99,1,'Shipping',6.00,'',NULL,NULL),(82,'2007-04-02 05:20:36',100,101,1,'Shipping',6.00,'',NULL,NULL),(83,'2007-04-03 13:29:30',102,103,1,'Shipping',6.00,'',NULL,NULL),(84,'2007-04-04 08:37:56',104,105,1,'Shipping',6.00,'PLEASE SEND ASAP!',NULL,NULL),(85,'2007-04-05 11:40:28',106,107,1,'Shipping',6.00,'Attn:\r\nKeith Vanderlin',NULL,NULL),(86,'2007-04-10 08:01:48',108,108,1,'Shipping',6.00,'',NULL,NULL),(87,'2007-04-13 09:42:45',109,110,1,'Shipping',6.00,'',NULL,NULL),(88,'2007-04-13 16:03:22',111,112,1,'Shipping',6.00,'',NULL,NULL),(89,'2007-04-14 09:20:53',113,113,1,'Shipping',6.00,'',NULL,NULL),(90,'2007-04-14 10:47:01',114,114,1,'Shipping',6.00,'',NULL,NULL),(91,'2007-04-18 07:26:13',115,116,1,'Shipping',6.00,'',NULL,NULL),(92,'2007-04-19 06:19:07',117,117,1,'Shipping',6.00,'',NULL,NULL),(93,'2007-04-21 18:31:26',118,118,1,'Shipping',6.00,'',NULL,NULL),(94,'2007-04-23 13:32:33',119,119,1,'Shipping',6.00,'',NULL,NULL),(95,'2007-05-03 10:35:04',120,121,1,'Shipping',6.00,'',NULL,NULL),(96,'2007-05-03 11:53:34',122,122,1,'Shipping',6.00,'',NULL,NULL),(97,'2007-05-04 10:20:34',123,124,1,'Shipping',6.00,'Attention: Chris Shaw',NULL,NULL),(98,'2007-05-07 06:03:38',125,126,1,'Shipping',6.00,'',NULL,NULL),(99,'2007-05-08 15:18:59',127,127,1,'Shipping',6.00,'',NULL,NULL),(100,'2007-05-09 11:47:08',128,129,1,'Shipping',6.00,'',NULL,NULL),(101,'2007-05-10 14:08:41',130,131,1,'Shipping',6.00,'',NULL,NULL),(102,'2007-05-11 11:53:52',132,132,1,'Shipping',6.00,'',NULL,NULL),(103,'2007-05-13 05:58:46',133,133,1,'Shipping',6.00,'',NULL,NULL),(104,'2007-05-14 14:38:46',134,134,1,'Shipping',6.00,'',NULL,NULL),(105,'2007-05-15 15:28:19',135,135,1,'Shipping',6.00,'',NULL,NULL),(106,'2007-05-15 16:12:21',136,137,1,'Shipping',6.00,'',NULL,NULL),(107,'2007-05-16 07:09:10',138,138,1,'Shipping',6.00,'',NULL,NULL),(108,'2007-05-16 09:40:12',139,140,1,'Shipping',6.00,'',NULL,NULL),(109,'2007-05-17 07:00:25',141,141,1,'Shipping',6.00,'',NULL,NULL),(110,'2007-05-17 09:02:47',142,142,1,'Shipping',6.00,'',NULL,NULL),(111,'2007-05-17 11:46:03',143,143,1,'Shipping',6.00,'',NULL,NULL),(112,'2007-05-18 05:44:43',144,145,1,'Shipping',6.00,'',NULL,NULL),(113,'2007-05-18 12:12:10',146,146,1,'Shipping',6.00,'',NULL,NULL),(114,'2007-05-18 14:44:48',147,147,1,'Shipping',6.00,'',NULL,NULL),(115,'2007-05-21 10:18:44',148,148,1,'Shipping',6.00,'',NULL,NULL),(116,'2007-05-23 11:28:57',149,149,1,'Shipping',6.00,'',NULL,NULL),(117,'2007-05-25 08:02:41',150,150,1,'Shipping',6.00,'',NULL,NULL),(118,'2007-05-25 10:34:19',151,152,1,'Shipping',6.00,'Nick\'s Polo\r\nMaureen\'s Long slv.',NULL,NULL),(119,'2007-05-25 13:16:57',153,154,1,'Shipping',6.00,'',NULL,NULL),(121,'2007-05-26 08:04:32',157,157,1,'Shipping',6.00,'',NULL,NULL),(122,'2007-05-28 09:40:46',158,158,1,'Shipping',6.00,'',NULL,NULL),(123,'2007-05-28 18:37:47',159,160,1,'Shipping',6.00,'',NULL,NULL),(124,'2007-05-29 11:26:34',161,161,1,'Shipping',6.00,'',NULL,NULL),(125,'2007-05-29 16:26:19',162,162,1,'Shipping',6.00,'',NULL,NULL),(126,'2007-05-30 10:50:11',163,164,1,'Shipping',6.00,'',NULL,NULL),(127,'2007-05-30 12:37:56',165,165,1,'Shipping',6.00,'',NULL,NULL),(128,'2007-06-06 12:07:38',166,166,1,'Shipping',6.00,'',NULL,NULL),(129,'2007-06-06 12:10:08',167,167,1,'Shipping',6.00,'',NULL,NULL),(130,'2007-06-08 14:55:46',168,168,1,'Shipping',6.00,'',NULL,NULL),(131,'2007-06-09 13:58:22',169,169,1,'Shipping',6.00,'',NULL,NULL),(132,'2007-06-11 19:45:49',170,170,1,'Shipping',6.00,'',NULL,NULL),(133,'2007-06-13 08:44:04',171,172,1,'Shipping',6.00,'attn: Alan Anderson',NULL,NULL),(134,'2007-06-13 12:17:06',173,174,1,'Shipping',6.00,'',NULL,NULL),(135,'2007-06-13 16:14:24',175,176,1,'Shipping',6.00,'',NULL,NULL),(136,'2007-06-20 10:10:22',177,178,1,'Shipping',6.00,'',NULL,NULL),(137,'2007-06-21 14:07:44',179,180,1,'Shipping',6.00,'',NULL,NULL),(138,'2007-06-22 08:01:20',181,181,1,'Shipping',6.00,'',NULL,NULL),(139,'2007-06-23 09:20:38',182,183,1,'Shipping',6.00,'',NULL,NULL),(140,'2007-06-28 10:33:12',184,184,1,'Shipping',6.00,'',NULL,NULL),(141,'2007-06-29 10:54:05',185,185,1,'Shipping',6.00,'',NULL,NULL),(142,'2007-07-04 12:08:52',186,186,1,'Shipping',6.00,'',NULL,NULL),(143,'2007-07-07 06:04:59',187,187,1,'Shipping',6.00,'',NULL,NULL),(144,'2007-07-07 08:09:01',188,189,1,'Shipping',6.00,'',NULL,NULL),(145,'2007-07-07 12:45:09',190,190,1,'Shipping',6.00,'',NULL,NULL),(146,'2007-07-09 04:44:37',191,191,1,'Shipping',6.00,'',NULL,NULL),(147,'2007-07-14 05:50:51',192,192,1,'Shipping',6.00,'',NULL,NULL),(148,'2007-07-16 14:01:23',193,193,1,'Shipping',6.00,'',NULL,NULL),(149,'2007-07-20 09:29:40',194,194,1,'Shipping',6.00,'ATTN. JACK',NULL,NULL),(151,'2007-08-04 15:22:55',196,196,1,'Shipping',6.00,'',NULL,NULL),(152,'2007-08-08 06:11:21',197,197,1,'Shipping',6.00,'',NULL,NULL),(153,'2007-08-09 15:40:45',198,199,1,'Shipping',6.00,'',NULL,NULL),(154,'2007-08-17 16:43:43',200,200,1,'Shipping',6.00,'',NULL,NULL),(155,'2007-08-18 14:08:28',201,201,1,'Shipping',6.00,'',NULL,NULL),(156,'2007-08-24 07:40:44',202,202,1,'Shipping',6.00,'',NULL,NULL),(157,'2007-09-04 09:17:34',203,203,1,'Shipping',6.00,'',NULL,NULL),(158,'2007-09-06 06:01:58',204,205,1,'Shipping',6.00,'',NULL,NULL),(159,'2007-09-06 13:08:28',206,207,1,'Shipping',6.00,'attn mark',NULL,NULL),(160,'2007-09-11 08:44:14',208,208,1,'Shipping',6.00,'',NULL,NULL),(161,'2007-09-18 09:44:02',209,209,1,'Shipping',6.00,'',NULL,NULL),(162,'2007-09-18 18:14:19',210,210,1,'Shipping',6.00,'',NULL,NULL),(163,'2007-09-26 06:48:01',211,212,1,'Shipping',6.00,'please send to this address Att: Darrell',NULL,NULL),(164,'2007-09-29 08:24:58',213,213,1,'Shipping',6.00,'',NULL,NULL),(165,'2007-10-03 04:50:00',214,214,1,'Shipping',6.00,'Thankyou!',NULL,NULL),(166,'2007-10-03 06:03:16',215,215,1,'Shipping',6.00,'',NULL,NULL),(167,'2007-10-03 13:36:00',216,217,1,'Shipping',6.00,'',NULL,NULL),(168,'2007-10-04 15:24:50',218,218,1,'Shipping',6.00,'',NULL,NULL),(169,'2007-10-05 07:46:29',219,219,1,'Shipping',6.00,'',NULL,NULL),(170,'2007-10-08 05:40:43',220,220,1,'Shipping',6.00,'',NULL,NULL),(171,'2007-10-09 07:15:38',221,221,1,'Shipping',6.00,'',NULL,NULL),(172,'2007-10-12 11:23:18',222,223,1,'Shipping',6.00,'Pamida Shirt Order',NULL,NULL),(173,'2007-10-13 10:31:32',224,224,1,'Shipping',6.00,'',NULL,NULL),(174,'2007-10-16 17:16:34',225,226,1,'Shipping',6.00,'',NULL,NULL),(175,'2007-10-18 12:14:13',227,227,1,'Shipping',6.00,'',NULL,NULL),(176,'2007-10-18 15:09:29',228,228,1,'Shipping',6.00,'',NULL,NULL),(177,'2007-10-18 18:07:51',229,229,1,'Shipping',6.00,'',NULL,NULL),(178,'2007-10-19 12:29:56',230,231,1,'Shipping',6.00,'',NULL,NULL),(179,'2007-10-21 19:06:52',232,232,1,'Shipping',6.00,'',NULL,NULL),(180,'2007-10-22 15:43:06',233,234,1,'Shipping',6.00,'',NULL,NULL),(181,'2007-10-24 07:39:09',235,235,1,'Shipping',6.00,'',NULL,NULL),(182,'2007-10-24 10:59:18',236,237,1,'Shipping',6.00,'',NULL,NULL),(184,'2007-10-25 09:43:26',239,239,1,'Shipping',6.00,'',NULL,NULL),(185,'2007-10-25 12:56:23',240,240,1,'Shipping',6.00,'',NULL,NULL),(186,'2007-10-26 11:10:53',241,241,1,'Shipping',6.00,'',NULL,NULL),(187,'2007-10-26 15:39:53',242,242,1,'Shipping',6.00,'',NULL,NULL),(188,'2007-10-26 21:37:06',243,243,1,'Shipping',6.00,'',NULL,NULL),(189,'2007-11-02 06:24:35',244,244,1,'Shipping',6.00,'',NULL,NULL),(190,'2007-11-02 07:53:23',245,245,1,'Shipping',6.00,'',NULL,NULL),(191,'2007-11-02 09:02:39',246,246,1,'Shipping',6.00,'',NULL,NULL),(192,'2007-11-02 12:14:08',247,248,1,'Shipping',6.00,'Attn. Becky',NULL,NULL),(193,'2007-11-03 08:40:07',249,250,1,'Shipping',6.00,'',NULL,NULL),(194,'2007-11-03 09:17:11',251,251,1,'Shipping',6.00,'',NULL,NULL),(195,'2007-11-06 14:44:37',252,252,1,'Shipping',6.00,'',NULL,NULL),(196,'2007-11-06 16:40:43',253,254,1,'Shipping',6.00,'',NULL,NULL),(197,'2007-11-06 18:09:32',255,255,1,'Shipping',6.00,'',NULL,NULL),(198,'2007-11-07 10:40:52',256,256,1,'Shipping',6.00,'',NULL,NULL),(199,'2007-11-08 07:25:04',257,257,1,'Shipping',6.00,'',NULL,NULL),(200,'2007-11-11 09:52:27',258,258,1,'Shipping',6.00,'',NULL,NULL),(201,'2007-11-11 13:07:25',259,260,1,'Shipping',6.00,'',NULL,NULL),(202,'2007-11-11 13:43:06',261,261,1,'Shipping',6.00,'',NULL,NULL),(203,'2007-11-14 09:50:02',262,263,1,'Shipping',6.00,'',NULL,NULL),(204,'2007-11-15 09:28:39',264,264,1,'Shipping',6.00,'',NULL,NULL),(205,'2007-11-15 13:08:59',265,265,1,'Shipping',6.00,'',NULL,NULL),(206,'2007-11-16 12:08:02',266,266,1,'Shipping',6.00,'',NULL,NULL),(207,'2007-11-16 14:02:14',267,268,1,'Shipping',6.00,'Leave with receiving clerk.',NULL,NULL),(208,'2007-11-19 07:24:03',269,269,1,'Shipping',6.00,'Please clear my credit card information!!!',NULL,NULL),(209,'2007-11-21 14:19:30',270,271,1,'Shipping',6.00,'C/O Oelwein Daily Register',NULL,NULL),(210,'2007-11-22 08:24:31',272,273,1,'Shipping',6.00,'',NULL,NULL),(211,'2007-11-22 11:53:14',274,274,1,'Shipping',6.00,'',NULL,NULL),(212,'2007-11-22 17:08:42',275,276,1,'Shipping',6.00,'Plaace of Business\r\nPamida',NULL,NULL),(213,'2007-11-27 21:40:25',277,277,1,'Shipping',6.00,'',NULL,NULL),(214,'2007-11-29 12:29:39',278,278,1,'Shipping',6.00,'',NULL,NULL),(215,'2007-12-01 07:53:18',279,279,1,'Shipping',6.00,'',NULL,NULL),(216,'2007-12-03 09:12:44',280,281,1,'Shipping',6.00,'FOR JACKIE',NULL,NULL),(217,'2007-12-04 16:41:53',282,282,1,'Shipping',6.00,'',NULL,NULL),(218,'2007-12-05 09:07:40',283,283,1,'Shipping',6.00,'',NULL,NULL),(219,'2007-12-06 13:09:45',284,284,1,'Shipping',6.00,'',NULL,NULL),(220,'2007-12-07 09:41:23',285,285,1,'Shipping',6.00,'',NULL,NULL),(221,'2007-12-07 15:16:38',286,287,1,'Shipping',6.00,'',NULL,NULL),(222,'2007-12-09 13:46:13',288,288,1,'Shipping',6.00,'',NULL,NULL),(223,'2007-12-11 16:12:31',289,290,1,'Shipping',6.00,'Please leave with receiving clerk at Pamida.',NULL,NULL),(224,'2007-12-16 12:38:30',291,292,1,'Shipping',6.00,'',NULL,NULL),(225,'2007-12-18 16:10:23',293,293,1,'Shipping',6.00,'',NULL,NULL),(226,'2007-12-31 14:46:00',294,294,1,'Shipping',6.00,'',NULL,NULL),(227,'2008-01-06 08:31:56',295,295,1,'Shipping',6.00,'',NULL,NULL),(228,'2008-01-18 11:47:58',296,297,1,'Shipping',6.00,'',NULL,NULL),(229,'2008-01-28 14:26:19',298,298,1,'Shipping',6.00,'',NULL,NULL),(230,'2008-02-05 15:28:22',299,300,1,'Shipping',6.00,'',NULL,NULL),(231,'2008-02-07 13:16:06',301,301,1,'Shipping',6.00,'Are there any tall sizes available?  I would prefer an XLT instead of an XXL',NULL,NULL),(232,'2008-02-11 18:38:01',302,302,1,'Shipping',6.00,'',NULL,NULL),(233,'2008-02-16 14:06:02',303,303,1,'Shipping',6.00,'',NULL,NULL),(234,'2008-03-01 18:12:02',304,304,1,'Shipping',6.00,'',NULL,NULL),(235,'2008-03-06 15:28:35',305,306,1,'Shipping',6.00,'c/o Mark Pithan',NULL,NULL),(236,'2008-03-07 12:24:13',307,308,1,'Shipping',6.00,'ATTEN: Jonathan Umiker',NULL,NULL),(237,'2008-03-11 18:36:36',309,309,1,'Shipping',6.00,'',NULL,NULL),(238,'2008-03-17 07:51:47',310,310,1,'Shipping',6.00,'',NULL,NULL),(239,'2008-03-18 17:07:11',311,311,1,'Shipping',6.00,'',NULL,NULL),(240,'2008-03-26 11:10:06',312,312,1,'Shipping',6.00,'',NULL,NULL),(241,'2008-03-27 07:51:45',313,314,1,'Shipping',6.00,'',NULL,NULL),(242,'2008-04-12 06:10:37',315,315,1,'Shipping',6.00,'',NULL,NULL),(243,'2008-04-14 15:22:58',316,316,1,'Shipping',6.00,'',NULL,NULL),(244,'2008-04-21 06:34:43',317,317,1,'Shipping',6.00,'',NULL,NULL),(245,'2008-04-21 17:41:51',318,318,1,'Shipping',6.00,'',NULL,NULL),(246,'2008-04-22 13:42:28',319,320,1,'Shipping',6.00,'',NULL,NULL),(247,'2008-04-24 11:15:50',321,322,1,'Shipping',6.00,'Attn. Becky',NULL,NULL),(248,'2008-04-24 13:26:40',323,324,1,'Shipping',6.00,'',NULL,NULL),(249,'2008-04-26 10:10:51',325,326,1,'Shipping',6.00,'',NULL,NULL),(250,'2008-05-01 13:20:27',327,328,1,'Shipping',6.00,'',NULL,NULL),(251,'2008-05-04 18:41:07',329,329,1,'Shipping',6.00,'',NULL,NULL),(252,'2008-05-06 11:44:34',330,330,1,'Shipping',6.00,'',NULL,NULL),(253,'2008-05-13 14:09:23',331,331,1,'Shipping',6.00,'',NULL,NULL),(254,'2008-05-19 12:53:18',332,332,1,'Shipping',6.00,'',NULL,NULL),(255,'2008-05-28 11:31:40',333,334,1,'Shipping',6.00,'',NULL,NULL),(256,'2008-05-31 13:57:57',335,335,1,'Shipping',6.00,'',NULL,NULL),(257,'2008-06-09 16:50:42',336,336,1,'Shipping',6.00,'',33.00,2.67),(258,'2008-06-11 10:33:48',337,337,1,'Shipping',6.00,'',42.00,3.40),(259,'2008-06-12 12:12:07',338,338,1,'Shipping',6.00,'',26.50,2.15),(260,'2008-06-18 07:42:30',339,339,1,'Shipping',6.00,'',25.00,2.02),(261,'2008-06-23 11:22:11',340,341,1,'Shipping',6.00,'',22.50,1.82),(262,'2008-07-02 12:18:52',342,342,1,'Shipping',6.00,'',25.00,2.02),(263,'2008-07-04 09:37:39',343,343,1,'Shipping',6.00,'',25.00,2.02),(264,'2008-07-20 15:01:57',344,345,1,'Shipping',6.00,'',175.50,14.22),(265,'2008-08-19 09:25:40',346,347,1,'Shipping',6.00,'',59.00,4.78),(266,'2008-08-29 10:14:46',348,349,1,'Shipping',6.00,'',122.00,9.88),(267,'2008-09-01 07:47:17',350,351,1,'Shipping',6.00,'',28.00,2.27),(268,'2008-09-05 04:58:53',352,353,1,'Shipping',6.00,'',25.50,2.07),(269,'2008-09-12 05:54:01',354,355,1,'Shipping',6.00,'',187.50,15.19),(270,'2008-10-04 05:50:10',356,356,1,'Shipping',6.00,'',25.00,2.02),(271,'2008-10-14 06:53:03',357,358,1,'Shipping',6.00,'Shirt Order for state employee.',14.50,1.17),(272,'2008-10-21 12:24:08',359,359,1,'Shipping',6.00,'',32.00,2.59),(273,'2008-10-23 10:44:14',360,360,1,'Shipping',6.00,'',62.00,5.02),(274,'2008-11-04 18:11:00',361,361,1,'Shipping',6.00,'',17.00,1.38),(275,'2008-11-08 17:10:53',362,362,1,'Shipping',6.00,'',32.00,2.59),(276,'2008-11-11 05:56:43',363,363,1,'Shipping',6.00,'',36.00,2.92),(277,'2008-11-11 11:14:49',364,364,1,'Shipping',6.00,'',315.50,25.56),(278,'2008-11-22 11:56:30',365,365,1,'Shipping',6.00,'',25.50,2.07),(279,'2008-11-23 10:49:18',366,366,1,'Shipping',6.00,'',90.50,7.33),(280,'2008-12-09 07:18:02',367,368,1,'Shipping',6.00,'',222.50,18.02),(281,'2009-02-08 10:18:56',369,369,1,'Shipping',6.00,'',117.00,9.48),(282,'2009-02-22 10:08:01',370,370,1,'Shipping',6.00,'Take card number out of system',75.00,6.08),(283,'2009-03-02 17:44:08',371,371,1,'Shipping',6.00,'',25.00,2.02),(284,'2009-03-03 12:59:43',372,373,1,'Shipping',6.00,'',92.00,7.45),(285,'2009-03-06 14:21:24',374,374,1,'Shipping',6.00,'',75.00,6.08),(287,'2009-03-16 10:17:18',376,376,1,'Shipping',6.00,'',68.00,5.51),(288,'2009-03-23 17:41:54',377,377,1,'Shipping',6.00,'',66.00,5.35),(289,'2009-04-02 16:49:00',378,378,1,'Shipping',6.00,'',21.00,1.70),(290,'2009-04-03 14:28:05',379,379,1,'Shipping',6.00,'',290.00,23.49),(291,'2009-04-14 06:46:32',380,380,1,'Shipping',6.00,'',34.00,2.75),(292,'2009-04-15 11:27:32',381,381,1,'Shipping',6.00,'',42.50,3.44),(293,'2009-04-22 13:46:30',382,382,1,'Shipping',6.00,'Please ship overnight. I authorize you to add the additional shipping costs to my bill and apply to my credit card. If there are ANY questions about this please call me as I need these ASAP. Thank you, Andy Putnam ',66.50,5.39),(294,'2009-05-05 13:01:54',383,383,1,'Shipping',6.00,'',184.00,14.90),(295,'2009-05-20 17:33:56',384,384,1,'Shipping',6.00,'',29.00,2.35),(296,'2009-06-05 16:34:05',385,385,1,'Shipping',6.00,'',29.00,2.35),(297,'2009-06-07 15:30:31',386,386,1,'Shipping',6.00,'',122.50,9.92),(298,'2009-07-01 11:53:13',387,387,1,'Shipping',6.00,'please erase my card number',37.50,3.04),(299,'2009-07-15 05:56:27',388,389,1,'Shipping',6.00,'',105.50,8.55),(300,'2009-07-29 07:34:42',390,390,1,'Shipping',6.00,'',73.00,5.91),(301,'2009-08-08 13:07:40',391,392,1,'Shipping',6.00,'',109.50,8.87),(302,'2009-08-14 07:59:59',393,393,1,'Shipping',6.00,'',62.50,5.06),(303,'2009-08-19 04:57:54',394,394,1,'Shipping',6.00,'',63.00,5.10),(304,'2009-09-05 09:07:59',395,395,1,'Shipping',6.00,'',36.00,2.92),(305,'2009-09-21 08:24:51',396,396,1,'Shipping',6.00,'',53.00,4.29),(306,'2009-09-21 14:15:09',397,397,1,'Shipping',6.00,'',79.50,6.44);

--
-- Table structure for table `Page`
--

CREATE TABLE `Page` (
  `ID` int(11) NOT NULL AUTO_INCREMENT,
  `body` blob,
  `template` int(11) NOT NULL DEFAULT '0',
  `type` int(11) NOT NULL DEFAULT '0',
  `image` varchar(255) DEFAULT NULL,
  `label` varchar(50) DEFAULT NULL,
  `featured` varchar(255) DEFAULT NULL,
  `title` varchar(255) DEFAULT NULL,
  `linkname` varchar(50) DEFAULT NULL,
  `link` varchar(255) DEFAULT NULL,
  PRIMARY KEY (`ID`),
  KEY `ID` (`ID`)
) ENGINE=MyISAM AUTO_INCREMENT=2 DEFAULT CHARSET=latin1;

--
-- Dumping data for table `Page`
--

INSERT INTO `Page` VALUES (1,'Welcome to the Pamida T-Shirt Supplier store.<br><br><br><br>\r\n<a href=\"pk4/store.pl?section=2\">Click here to order your Pamida shirts today.</a>\r\n</br>',2,0,'','','3','',NULL,NULL);

--
-- Table structure for table `Product`
--

CREATE TABLE `Product` (
  `ID` int(11) NOT NULL AUTO_INCREMENT,
  `name` varchar(100) DEFAULT NULL,
  `sku` varchar(30) DEFAULT NULL,
  `short_description` blob,
  `linkname` varchar(50) DEFAULT NULL,
  `link` blob,
  `alloworder` smallint(6) DEFAULT NULL,
  `instock` smallint(6) DEFAULT NULL,
  `label1` varchar(50) DEFAULT NULL,
  `label2` varchar(50) DEFAULT NULL,
  `price` double(8,2) NOT NULL DEFAULT '0.00',
  `list1` longblob,
  `list2` longblob,
  `image` varchar(255) DEFAULT NULL,
  `prices` longblob,
  `weight` double(8,4) NOT NULL DEFAULT '0.0000',
  `display` int(11) NOT NULL DEFAULT '0',
  `quantity` int(11) NOT NULL DEFAULT '0',
  `long_description` blob,
  `shipcost` float(10,2) NOT NULL DEFAULT '0.00',
  `number` smallint(6) NOT NULL DEFAULT '0',
  `notax` smallint(6) DEFAULT NULL,
  `inactive` smallint(6) DEFAULT NULL,
  PRIMARY KEY (`ID`),
  KEY `ID` (`ID`)
) ENGINE=MyISAM AUTO_INCREMENT=8 DEFAULT CHARSET=latin1;

--
-- Dumping data for table `Product`
--

INSERT INTO `Product` VALUES (2,'Gildan Men\'s100% Cotton pique knit short sleeve polo shirt','3800','Gildan Men\'s 100% Cotton pique knit short sleeve polo shirt.  Offered in navy Blue only.',NULL,NULL,1,1,'Size','',0.00,'XS, Small, Medium, Large, XL, XXL, XXXL','','3800_Folded_Navy_MS05.jpg','8.50,8.50,8.50,8.50,8.50,10.50,11.50',0.0000,1,1,'Gildan Men\'s 100% Cotton pique knit short sleeve polo shirt.  Offered in navy Blue only.',0.00,2,NULL,NULL),(3,'Gildan  Men\'s 100% Cotton pique knit long sleeve polo shirt','3400','Gildan Men\'s 100% Cotton pique knit long sleeve polo shirt.  Navy only',NULL,NULL,1,1,'Size','',0.00,'XS, Small, Medium, Large, XL, XXL','','3400_Folded_Navy_MS05.jpg','12.50,12.50,12.50,12.50,12.50,14.50',0.0000,1,1,'Gildan  Men\'s100% Cotton pique knit long sleeve polo shirt.  Navy only',0.00,3,NULL,NULL),(4,'Men\'s Port Authority 55/45 poly/cotton woven long sleeve dress shirt','S608','Men\'s Port Authority 55/45 poly/cotton woven long sleeve dress shirt.  Navy only.',NULL,NULL,1,1,'Size','',0.00,'XS, Small, Medium, Large, XL, XXL, XXXL,4XL,5XL,6XL','','S608_Navy_front_FS06.jpg','14.00,14.00,14.00,14.00,14.00,16.00,17.00,18.00,19.00,20.00',0.0000,1,1,'Men\'s Port Authority 55/45 poly/cotton woven long sleeve dress shirt.  Navy only.',0.00,4,NULL,NULL),(5,'Men\'s Port Authority 55/45 poly/cotton short sleeve woven dress shirt','S508','Men\'s Port Authority 55/45 poly/cotton short sleeve woven dress shirt. Navy only.  ',NULL,NULL,1,1,'Size','',0.00,'XS, Small, Medium, Large, XL, XXL, XXXL,4XL,5XL,6XL','','L508_Navy_front_FS06.jpg','12.50,12.50,12.50,12.50,12.50,14.50,15.50,16.50,17.50,18.50',0.0000,1,1,'Men\'s Port Authority 55/45 poly/cotton short sleeve woven dress shirt. Navy only.  ',0.00,5,NULL,NULL),(6,'Ladies Port Authority 55/45 poly/cotton woven long sleeve dress shirt','L608','Ladies Port Authority 55/45 poly/cotton woven long sleeve dress shirt.  Navy only.',NULL,NULL,1,1,'Size','',0.00,'XS, Small, Medium, Large, XL, XXL','','L608_Navy_front_FS06.jpg','14.00,14.00,14.00,14.00,14.00,16.00',0.0000,1,1,'Ladies Port Authority 55/45 poly/cotton woven long sleeve dress shirt.  Navy only.',0.00,6,NULL,NULL),(7,'Ladies Port Authority 55/45 poly/cotton woven short sleeve woven dress shirt.','L508','Ladies Port Authority 55/45 poly/cotton short sleeve woven dress shirt. Navy only.',NULL,NULL,1,1,'Size','',0.00,'XS, Small, Medium, Large, XL, XXL','','L508_Navy_front_FS06.jpg','12.50, 12.50,12.50,12.50,12.50,16.00',0.0000,1,1,'Ladies Port Authority 55/45 poly/cotton short sleeve woven dress.   Navy only.',0.00,7,NULL,NULL);

--
-- Table structure for table `Sale`
--

CREATE TABLE `Sale` (
  `ID` int(11) NOT NULL AUTO_INCREMENT,
  `productID` int(11) NOT NULL DEFAULT '0',
  `quantity` int(11) NOT NULL DEFAULT '0',
  `name` varchar(60) DEFAULT NULL,
  `sku` varchar(30) DEFAULT NULL,
  `price` double(8,2) NOT NULL DEFAULT '0.00',
  `label1` varchar(50) DEFAULT NULL,
  `label2` varchar(50) DEFAULT NULL,
  `invoiceID` int(11) NOT NULL DEFAULT '0',
  `notax` smallint(6) DEFAULT NULL,
  PRIMARY KEY (`ID`),
  KEY `ID` (`ID`)
) ENGINE=MyISAM AUTO_INCREMENT=788 DEFAULT CHARSET=latin1;

--
-- Dumping data for table `Sale`
--

INSERT INTO `Sale` VALUES (3,2,1,'Gildan 100% Cotton pique knit short sleeve polo shirt','3800',8.50,' Small','',3,NULL),(4,7,12,'Ladies short sleeve woven dress shirt as above.','L508',12.50,'XS','',4,NULL),(5,6,1,'Ladies Port Authority 55/45 poly/cotton woven long sleeve dr','L608',14.00,' Medium','',5,NULL),(6,7,1,'Ladies short sleeve woven dress shirt as above.','L508',12.50,' Large','',5,NULL),(7,5,1,'Men\'s short sleeve woven dress shirt','S508',14.50,' XXL','',6,NULL),(8,4,1,'Men\'s Port Authority 55/45 poly/cotton woven long sleeve dre','S608',16.00,' XXL','',6,NULL),(9,7,1,'Ladies short sleeve woven dress shirt as above.','L508',12.50,' Medium','',7,NULL),(10,2,1,'Gildan 100% Cotton pique knit short sleeve polo shirt','3800',8.50,' Medium','',7,NULL),(11,6,1,'Ladies Port Authority 55/45 poly/cotton woven long sleeve dr','L608',14.00,' Medium','',7,NULL),(12,2,1,'Gildan 100% Cotton pique knit short sleeve polo shirt','3800',10.50,' XXL','',8,NULL),(13,5,1,'Men\'s short sleeve woven dress shirt','S508',14.50,' XXL','',8,NULL),(14,4,1,'Men\'s Port Authority 55/45 poly/cotton woven long sleeve dre','S608',16.00,' XXL','',9,NULL),(15,2,1,'Gildan 100% Cotton pique knit short sleeve polo shirt','3800',10.50,' XXL','',9,NULL),(16,2,2,'Gildan 100% Cotton pique knit short sleeve polo shirt','3800',10.50,' XXL','',10,NULL),(17,3,1,'Gildan 100% Cotton pique knit long sleeve polo shirt','3400',12.50,' Large','',11,NULL),(18,2,1,'Gildan 100% Cotton pique knit short sleeve polo shirt','3800',8.50,' Large','',11,NULL),(19,6,1,'Ladies Port Authority 55/45 poly/cotton woven long sleeve dr','L608',16.00,' XXL','',12,NULL),(20,3,1,'Gildan 100% Cotton pique knit long sleeve polo shirt','3400',14.50,' XXL','',12,NULL),(21,3,1,'Gildan 100% Cotton pique knit long sleeve polo shirt','3400',12.50,' XL','',12,NULL),(22,5,1,'Men\'s short sleeve woven dress shirt','S508',12.50,' XL','',13,NULL),(23,2,2,'Gildan 100% Cotton pique knit short sleeve polo shirt','3800',8.50,' XL','',14,NULL),(24,6,2,'Ladies Port Authority 55/45 poly/cotton woven long sleeve dr','L608',14.00,' Large','',15,NULL),(25,2,2,'Gildan 100% Cotton pique knit short sleeve polo shirt','3800',8.50,' Medium','',15,NULL),(26,2,1,'Gildan 100% Cotton pique knit short sleeve polo shirt','3800',8.50,' Small','',16,NULL),(27,3,2,'Gildan 100% Cotton pique knit long sleeve polo shirt','3400',12.50,' Small','',17,NULL),(28,2,2,'Gildan 100% Cotton pique knit short sleeve polo shirt','3800',8.50,' XL','',17,NULL),(29,2,4,'Gildan 100% Cotton pique knit short sleeve polo shirt','3800',8.50,' Large','',17,NULL),(30,2,2,'Gildan 100% Cotton pique knit short sleeve polo shirt','3800',8.50,' Medium','',17,NULL),(31,2,4,'Gildan 100% Cotton pique knit short sleeve polo shirt','3800',8.50,' Small','',17,NULL),(32,3,2,'Gildan 100% Cotton pique knit long sleeve polo shirt','3400',12.50,' Large','',17,NULL),(33,7,1,'Ladies short sleeve woven dress shirt as above.','L508',12.50,' XL','',17,NULL),(34,6,1,'Ladies Port Authority 55/45 poly/cotton woven long sleeve dr','L608',14.00,' XL','',17,NULL),(35,4,3,'Men\'s Port Authority 55/45 poly/cotton woven long sleeve dre','S608',16.00,' XXL','',18,NULL),(36,7,1,'Ladies short sleeve woven dress shirt as above.','L508',12.50,' Medium','',19,NULL),(37,6,1,'Ladies Port Authority 55/45 poly/cotton woven long sleeve dr','L608',14.00,' Small','',19,NULL),(38,2,1,'Gildan 100% Cotton pique knit short sleeve polo shirt','3800',8.50,' Small','',19,NULL),(39,7,3,'Ladies short sleeve woven dress shirt as above.','L508',12.50,' Large','',20,NULL),(40,2,3,'Gildan 100% Cotton pique knit short sleeve polo shirt','3800',11.50,' XXXL','',21,NULL),(41,6,1,'Ladies Port Authority 55/45 poly/cotton woven long sleeve dr','L608',14.00,' XL','',22,NULL),(42,3,1,'Gildan 100% Cotton pique knit long sleeve polo shirt','3400',12.50,' XL','',22,NULL),(43,3,1,'Gildan 100% Cotton pique knit long sleeve polo shirt','3400',12.50,' Large','',23,NULL),(44,6,1,'Ladies Port Authority 55/45 poly/cotton woven long sleeve dr','L608',14.00,' XL','',23,NULL),(45,2,1,'Gildan 100% Cotton pique knit short sleeve polo shirt','3800',8.50,' Large','',23,NULL),(46,6,1,'Ladies Port Authority 55/45 poly/cotton woven long sleeve dr','L608',14.00,' Large','',23,NULL),(47,5,1,'Men\'s short sleeve woven dress shirt','S508',14.50,' XXL','',24,NULL),(48,4,1,'Men\'s Port Authority 55/45 poly/cotton woven long sleeve dre','S608',16.00,' XXL','',24,NULL),(49,4,2,'Men\'s Port Authority 55/45 poly/cotton woven long sleeve dre','S608',14.00,' Large','',24,NULL),(50,2,1,'Gildan 100% Cotton pique knit short sleeve polo shirt','3800',10.50,' XXL','',24,NULL),(51,2,2,'Gildan 100% Cotton pique knit short sleeve polo shirt','3800',8.50,' Medium','',24,NULL),(52,2,4,'Gildan 100% Cotton pique knit short sleeve polo shirt','3800',8.50,' Large','',24,NULL),(53,2,2,'Gildan 100% Cotton pique knit short sleeve polo shirt','3800',8.50,' XL','',25,NULL),(54,2,3,'Gildan 100% Cotton pique knit short sleeve polo shirt','3800',11.50,' XXXL','',26,NULL),(55,2,7,'Gildan 100% Cotton pique knit short sleeve polo shirt','3800',8.50,' XL','',26,NULL),(56,2,3,'Gildan 100% Cotton pique knit short sleeve polo shirt','3800',8.50,' Large','',26,NULL),(57,2,4,'Gildan 100% Cotton pique knit short sleeve polo shirt','3800',8.50,' Medium','',26,NULL),(58,2,3,'Gildan 100% Cotton pique knit short sleeve polo shirt','3800',8.50,' Small','',26,NULL),(59,4,1,'Men\'s Port Authority 55/45 poly/cotton woven long sleeve dre','S608',14.00,' Large','',27,NULL),(60,2,1,'Gildan 100% Cotton pique knit short sleeve polo shirt','3800',8.50,' Large','',27,NULL),(61,3,5,'Gildan 100% Cotton pique knit long sleeve polo shirt','3400',12.50,' XL','',28,NULL),(62,2,5,'Gildan 100% Cotton pique knit short sleeve polo shirt','3800',8.50,' XL','',28,NULL),(63,4,1,'Men\'s Port Authority 55/45 poly/cotton woven long sleeve dre','S608',14.00,' XL','',29,NULL),(64,3,1,'Gildan 100% Cotton pique knit long sleeve polo shirt','3400',12.50,' Small','',30,NULL),(65,2,2,'Gildan 100% Cotton pique knit short sleeve polo shirt','3800',8.50,' Large','',31,NULL),(66,4,1,'Men\'s Port Authority 55/45 poly/cotton woven long sleeve dre','S608',14.00,' XL','',32,NULL),(67,3,5,'Gildan 100% Cotton pique knit long sleeve polo shirt','3400',12.50,' XL','',33,NULL),(68,3,2,'Gildan 100% Cotton pique knit long sleeve polo shirt','3400',12.50,' XL','',34,NULL),(69,2,2,'Gildan 100% Cotton pique knit short sleeve polo shirt','3800',8.50,' XL','',34,NULL),(70,3,1,'Gildan 100% Cotton pique knit long sleeve polo shirt','3400',12.50,' Large','',35,NULL),(71,2,1,'Gildan 100% Cotton pique knit short sleeve polo shirt','3800',8.50,' Large','',35,NULL),(72,3,1,'Gildan 100% Cotton pique knit long sleeve polo shirt','3400',12.50,' Medium','',36,NULL),(73,2,5,'Gildan 100% Cotton pique knit short sleeve polo shirt','3800',8.50,' Medium','',36,NULL),(74,2,3,'Gildan 100% Cotton pique knit short sleeve polo shirt','3800',8.50,' Large','',37,NULL),(75,6,1,'Ladies Port Authority 55/45 poly/cotton woven long sleeve dr','L608',14.00,' XL','',37,NULL),(76,3,2,'Gildan 100% Cotton pique knit long sleeve polo shirt','3400',14.50,' XXL','',38,NULL),(77,3,3,'Gildan 100% Cotton pique knit long sleeve polo shirt','3400',12.50,' Large','',38,NULL),(78,3,1,'Gildan 100% Cotton pique knit long sleeve polo shirt','3400',12.50,' Small','',38,NULL),(79,2,1,'Gildan 100% Cotton pique knit short sleeve polo shirt','3800',11.50,' XXXL','',38,NULL),(80,2,1,'Gildan 100% Cotton pique knit short sleeve polo shirt','3800',8.50,' XL','',38,NULL),(81,2,1,'Gildan 100% Cotton pique knit short sleeve polo shirt','3800',8.50,' Large','',38,NULL),(82,2,2,'Gildan 100% Cotton pique knit short sleeve polo shirt','3800',8.50,' Medium','',38,NULL),(83,5,1,'Men\'s short sleeve woven dress shirt','S508',12.50,' Large','',39,NULL),(84,7,2,'Ladies Port Authority 55/45 poly/cotton woven short sleeve w','L508',12.50,' XL','',40,NULL),(85,6,1,'Ladies Port Authority 55/45 poly/cotton woven long sleeve dr','L608',14.00,' XL','',40,NULL),(86,7,1,'Ladies Port Authority 55/45 poly/cotton woven short sleeve w','L508',12.50,' Medium','',40,NULL),(87,4,5,'Men\'s Port Authority 55/45 poly/cotton woven long sleeve dre','S608',14.00,' XL','',41,NULL),(88,5,1,'Men\'s Port Authority 55/45 poly/cotton short sleeve woven dr','S508',12.50,' XL','',42,NULL),(89,7,1,'Ladies Port Authority 55/45 poly/cotton woven short sleeve w','L508',16.00,' XXL','',42,NULL),(90,7,2,'Ladies Port Authority 55/45 poly/cotton woven short sleeve w','L508',12.50,' XL','',42,NULL),(91,6,1,'Ladies Port Authority 55/45 poly/cotton woven long sleeve dr','L608',14.00,' XL','',42,NULL),(92,3,1,'Gildan  Men\'s 100% Cotton pique knit long sleeve polo shirt','3400',12.50,' Large','',42,NULL),(93,2,4,'Gildan Men\'s100% Cotton pique knit short sleeve polo shirt','3800',8.50,' Medium','',42,NULL),(94,5,2,'Men\'s Port Authority 55/45 poly/cotton short sleeve woven dr','S508',12.50,' Large','',43,NULL),(95,6,1,'Ladies Port Authority 55/45 poly/cotton woven long sleeve dr','L608',14.00,' Medium','',43,NULL),(96,7,1,'Ladies Port Authority 55/45 poly/cotton woven short sleeve w','L508',12.50,' Medium','',43,NULL),(97,7,3,'Ladies Port Authority 55/45 poly/cotton woven short sleeve w','L508',12.50,' Medium','',44,NULL),(98,4,1,'Men\'s Port Authority 55/45 poly/cotton woven long sleeve dre','S608',14.00,' Large','',44,NULL),(99,2,1,'Gildan Men\'s100% Cotton pique knit short sleeve polo shirt','3800',8.50,' XL','',44,NULL),(100,2,1,'Gildan Men\'s100% Cotton pique knit short sleeve polo shirt','3800',8.50,' Medium','',44,NULL),(101,2,1,'Gildan Men\'s100% Cotton pique knit short sleeve polo shirt','3800',8.50,' Small','',44,NULL),(102,5,1,'Men\'s Port Authority 55/45 poly/cotton short sleeve woven dr','S508',14.50,' XXL','',45,NULL),(103,2,1,'Gildan Men\'s100% Cotton pique knit short sleeve polo shirt','3800',10.50,' XXL','',45,NULL),(104,4,1,'Men\'s Port Authority 55/45 poly/cotton woven long sleeve dre','S608',14.00,' XL','',46,NULL),(105,3,1,'Gildan  Men\'s 100% Cotton pique knit long sleeve polo shirt','3400',12.50,' Large','',46,NULL),(106,2,1,'Gildan Men\'s100% Cotton pique knit short sleeve polo shirt','3800',10.50,' XXL','',46,NULL),(107,2,1,'Gildan Men\'s100% Cotton pique knit short sleeve polo shirt','3800',8.50,' XL','',46,NULL),(108,2,1,'Gildan Men\'s100% Cotton pique knit short sleeve polo shirt','3800',8.50,' Large','',46,NULL),(109,7,2,'Ladies Port Authority 55/45 poly/cotton woven short sleeve w','L508',12.50,' Large','',47,NULL),(110,3,1,'Gildan  Men\'s 100% Cotton pique knit long sleeve polo shirt','3400',12.50,' Small','',47,NULL),(111,2,1,'Gildan Men\'s100% Cotton pique knit short sleeve polo shirt','3800',8.50,' Large','',47,NULL),(112,2,2,'Gildan Men\'s100% Cotton pique knit short sleeve polo shirt','3800',8.50,' Medium','',47,NULL),(113,2,1,'Gildan Men\'s100% Cotton pique knit short sleeve polo shirt','3800',8.50,' Small','',47,NULL),(114,5,1,'Men\'s Port Authority 55/45 poly/cotton short sleeve woven dr','S508',12.50,'XS','',47,NULL),(115,3,2,'Gildan  Men\'s 100% Cotton pique knit long sleeve polo shirt','3400',12.50,' Small','',48,NULL),(116,3,3,'Gildan  Men\'s 100% Cotton pique knit long sleeve polo shirt','3400',12.50,' Medium','',48,NULL),(117,2,2,'Gildan Men\'s100% Cotton pique knit short sleeve polo shirt','3800',10.50,' XXL','',48,NULL),(118,2,1,'Gildan Men\'s100% Cotton pique knit short sleeve polo shirt','3800',8.50,' Small','',48,NULL),(119,2,5,'Gildan Men\'s100% Cotton pique knit short sleeve polo shirt','3800',8.50,' XL','',48,NULL),(120,2,5,'Gildan Men\'s100% Cotton pique knit short sleeve polo shirt','3800',8.50,' Large','',48,NULL),(121,2,6,'Gildan Men\'s100% Cotton pique knit short sleeve polo shirt','3800',8.50,' Medium','',48,NULL),(122,6,1,'Ladies Port Authority 55/45 poly/cotton woven long sleeve dr','L608',14.00,' Large','',48,NULL),(123,7,1,'Ladies Port Authority 55/45 poly/cotton woven short sleeve w','L508',12.50,' Large','',48,NULL),(124,5,1,'Men\'s Port Authority 55/45 poly/cotton short sleeve woven dr','S508',14.50,' XXL','',48,NULL),(125,5,1,'Men\'s Port Authority 55/45 poly/cotton short sleeve woven dr','S508',12.50,' XL','',49,NULL),(126,4,3,'Men\'s Port Authority 55/45 poly/cotton woven long sleeve dre','S608',14.00,' XL','',49,NULL),(127,3,1,'Gildan  Men\'s 100% Cotton pique knit long sleeve polo shirt','3400',12.50,' Medium','',50,NULL),(128,7,1,'Ladies Port Authority 55/45 poly/cotton woven short sleeve w','L508',12.50,' Medium','',50,NULL),(129,6,1,'Ladies Port Authority 55/45 poly/cotton woven long sleeve dr','L608',14.00,' Medium','',50,NULL),(130,2,1,'Gildan Men\'s100% Cotton pique knit short sleeve polo shirt','3800',8.50,' Medium','',50,NULL),(131,6,1,'Ladies Port Authority 55/45 poly/cotton woven long sleeve dr','L608',16.00,' XXL','',51,NULL),(132,2,1,'Gildan Men\'s100% Cotton pique knit short sleeve polo shirt','3800',8.50,' Medium','',51,NULL),(133,4,1,'Men\'s Port Authority 55/45 poly/cotton woven long sleeve dre','S608',14.00,' XL','',52,NULL),(134,3,2,'Gildan  Men\'s 100% Cotton pique knit long sleeve polo shirt','3400',12.50,' XL','',52,NULL),(135,2,1,'Gildan Men\'s100% Cotton pique knit short sleeve polo shirt','3800',10.50,' XXL','',53,NULL),(136,2,2,'Gildan Men\'s100% Cotton pique knit short sleeve polo shirt','3800',8.50,' Large','',54,NULL),(137,2,4,'Gildan Men\'s100% Cotton pique knit short sleeve polo shirt','3800',8.50,' Large','',55,NULL),(138,5,1,'Men\'s Port Authority 55/45 poly/cotton short sleeve woven dr','S508',15.50,' XXXL','',56,NULL),(139,2,1,'Gildan Men\'s100% Cotton pique knit short sleeve polo shirt','3800',8.50,' Medium','',57,NULL),(140,7,1,'Ladies Port Authority 55/45 poly/cotton woven short sleeve w','L508',12.50,' XL','',57,NULL),(141,2,1,'Gildan Men\'s100% Cotton pique knit short sleeve polo shirt','3800',8.50,' Large','',57,NULL),(142,2,1,'Gildan Men\'s100% Cotton pique knit short sleeve polo shirt','3800',8.50,' XL','',57,NULL),(143,7,2,'Ladies Port Authority 55/45 poly/cotton woven short sleeve w','L508',12.50,' Large','',58,NULL),(144,2,2,'Gildan Men\'s100% Cotton pique knit short sleeve polo shirt','3800',8.50,' Large','',59,NULL),(145,2,1,'Gildan Men\'s100% Cotton pique knit short sleeve polo shirt','3800',8.50,' Small','',60,NULL),(146,6,1,'Ladies Port Authority 55/45 poly/cotton woven long sleeve dr','L608',14.00,' XL','',60,NULL),(147,4,1,'Men\'s Port Authority 55/45 poly/cotton woven long sleeve dre','S608',16.00,' XXL','',60,NULL),(148,7,1,'Ladies Port Authority 55/45 poly/cotton woven short sleeve w','L508',12.50,' Medium','',60,NULL),(149,7,1,'Ladies Port Authority 55/45 poly/cotton woven short sleeve w','L508',12.50,' Large','',60,NULL),(150,7,1,'Ladies Port Authority 55/45 poly/cotton woven short sleeve w','L508',12.50,' XL','',60,NULL),(151,7,1,'Ladies Port Authority 55/45 poly/cotton woven short sleeve w','L508',12.50,' Small','',61,NULL),(152,2,1,'Gildan Men\'s100% Cotton pique knit short sleeve polo shirt','3800',8.50,' Large','',61,NULL),(153,2,1,'Gildan Men\'s100% Cotton pique knit short sleeve polo shirt','3800',8.50,' Medium','',61,NULL),(154,5,1,'Men\'s Port Authority 55/45 poly/cotton short sleeve woven dr','S508',12.50,' XL','',62,NULL),(155,4,1,'Men\'s Port Authority 55/45 poly/cotton woven long sleeve dre','S608',14.00,' XL','',62,NULL),(156,2,2,'Gildan Men\'s100% Cotton pique knit short sleeve polo shirt','3800',8.50,' XL','',62,NULL),(157,3,1,'Gildan  Men\'s 100% Cotton pique knit long sleeve polo shirt','3400',14.50,' XXL','',63,NULL),(158,6,1,'Ladies Port Authority 55/45 poly/cotton woven long sleeve dr','L608',16.00,' XXL','',63,NULL),(159,7,1,'Ladies Port Authority 55/45 poly/cotton woven short sleeve w','L508',16.00,' XXL','',63,NULL),(160,2,1,'Gildan Men\'s100% Cotton pique knit short sleeve polo shirt','3800',11.50,' XXXL','',63,NULL),(161,6,1,'Ladies Port Authority 55/45 poly/cotton woven long sleeve dr','L608',14.00,' XL','',64,NULL),(162,2,1,'Gildan Men\'s100% Cotton pique knit short sleeve polo shirt','3800',8.50,' Large','',64,NULL),(163,7,2,'Ladies Port Authority 55/45 poly/cotton woven short sleeve w','L508',12.50,' XL','',65,NULL),(164,7,2,'Ladies Port Authority 55/45 poly/cotton woven short sleeve w','L508',12.50,' Medium','',65,NULL),(165,2,2,'Gildan Men\'s100% Cotton pique knit short sleeve polo shirt','3800',8.50,' Large','',66,NULL),(166,7,2,'Ladies Port Authority 55/45 poly/cotton woven short sleeve w','L508',12.50,' XL','',66,NULL),(167,7,2,'Ladies Port Authority 55/45 poly/cotton woven short sleeve w','L508',12.50,' XL','',67,NULL),(168,6,2,'Ladies Port Authority 55/45 poly/cotton woven long sleeve dr','L608',14.00,' XL','',67,NULL),(169,5,1,'Men\'s Port Authority 55/45 poly/cotton short sleeve woven dr','S508',12.50,' XL','',68,NULL),(170,7,1,'Ladies Port Authority 55/45 poly/cotton woven short sleeve w','L508',12.50,' Medium','',68,NULL),(171,6,1,'Ladies Port Authority 55/45 poly/cotton woven long sleeve dr','L608',14.00,' Small','',68,NULL),(172,5,1,'Men\'s Port Authority 55/45 poly/cotton short sleeve woven dr','S508',12.50,' Large','',68,NULL),(173,4,1,'Men\'s Port Authority 55/45 poly/cotton woven long sleeve dre','S608',16.00,' XXL','',68,NULL),(174,2,1,'Gildan Men\'s100% Cotton pique knit short sleeve polo shirt','3800',8.50,' Large','',68,NULL),(175,2,2,'Gildan Men\'s100% Cotton pique knit short sleeve polo shirt','3800',8.50,' Large','',69,NULL),(176,2,1,'Gildan Men\'s100% Cotton pique knit short sleeve polo shirt','3800',8.50,' Medium','',70,NULL),(177,2,1,'Gildan Men\'s100% Cotton pique knit short sleeve polo shirt','3800',8.50,' Large','',70,NULL),(178,7,2,'Ladies Port Authority 55/45 poly/cotton woven short sleeve w','L508',12.50,' XL','',71,NULL),(179,3,1,'Gildan  Men\'s 100% Cotton pique knit long sleeve polo shirt','3400',12.50,' Large','',71,NULL),(180,2,2,'Gildan Men\'s100% Cotton pique knit short sleeve polo shirt','3800',8.50,'XS','',72,NULL),(181,7,1,'Ladies Port Authority 55/45 poly/cotton woven short sleeve w','L508',12.50,' Large','',73,NULL),(182,6,1,'Ladies Port Authority 55/45 poly/cotton woven long sleeve dr','L608',14.00,' Large','',73,NULL),(183,3,2,'Gildan  Men\'s 100% Cotton pique knit long sleeve polo shirt','3400',12.50,' Medium','',73,NULL),(184,2,4,'Gildan Men\'s100% Cotton pique knit short sleeve polo shirt','3800',8.50,' Large','',73,NULL),(185,2,2,'Gildan Men\'s100% Cotton pique knit short sleeve polo shirt','3800',10.50,' XXL','',73,NULL),(186,2,2,'Gildan Men\'s100% Cotton pique knit short sleeve polo shirt','3800',8.50,' XL','',73,NULL),(187,3,3,'Gildan  Men\'s 100% Cotton pique knit long sleeve polo shirt','3400',12.50,' Large','',74,NULL),(188,2,3,'Gildan Men\'s100% Cotton pique knit short sleeve polo shirt','3800',8.50,' Large','',74,NULL),(189,4,2,'Men\'s Port Authority 55/45 poly/cotton woven long sleeve dre','S608',16.00,' XXL','',74,NULL),(190,7,5,'Ladies Port Authority 55/45 poly/cotton woven short sleeve w','L508',12.50,' XL','',74,NULL),(191,7,2,'Ladies Port Authority 55/45 poly/cotton woven short sleeve w','L508',12.50,' Medium','',74,NULL),(192,6,2,'Ladies Port Authority 55/45 poly/cotton woven long sleeve dr','L608',14.00,' Medium','',74,NULL),(193,6,5,'Ladies Port Authority 55/45 poly/cotton woven long sleeve dr','L608',14.00,' XL','',74,NULL),(194,3,1,'Gildan  Men\'s 100% Cotton pique knit long sleeve polo shirt','3400',12.50,' XL','',75,NULL),(195,2,1,'Gildan Men\'s100% Cotton pique knit short sleeve polo shirt','3800',8.50,' Large','',75,NULL),(196,5,1,'Men\'s Port Authority 55/45 poly/cotton short sleeve woven dr','S508',12.50,' Large','',75,NULL),(197,2,1,'Gildan Men\'s100% Cotton pique knit short sleeve polo shirt','3800',8.50,' XL','',75,NULL),(198,7,2,'Ladies Port Authority 55/45 poly/cotton woven short sleeve w','L508',12.50,' XL','',76,NULL),(199,5,1,'Men\'s Port Authority 55/45 poly/cotton short sleeve woven dr','S508',17.50,'5XL','',77,NULL),(200,7,1,'Ladies Port Authority 55/45 poly/cotton woven short sleeve w','L508',12.50,' Large','',78,NULL),(201,7,1,'Ladies Port Authority 55/45 poly/cotton woven short sleeve w','L508',12.50,' Medium','',78,NULL),(202,7,5,'Ladies Port Authority 55/45 poly/cotton woven short sleeve w','L508',12.50,' XL','',78,NULL),(203,6,1,'Ladies Port Authority 55/45 poly/cotton woven long sleeve dr','L608',14.00,' Medium','',78,NULL),(204,2,2,'Gildan Men\'s100% Cotton pique knit short sleeve polo shirt','3800',8.50,' Small','',79,NULL),(205,2,2,'Gildan Men\'s100% Cotton pique knit short sleeve polo shirt','3800',8.50,' Small','',80,NULL),(206,2,1,'Gildan Men\'s100% Cotton pique knit short sleeve polo shirt','3800',10.50,' XXL','',81,NULL),(207,7,1,'Ladies Port Authority 55/45 poly/cotton woven short sleeve w','L508',12.50,' XL','',82,NULL),(208,4,1,'Men\'s Port Authority 55/45 poly/cotton woven long sleeve dre','S608',14.00,' XL','',82,NULL),(209,6,1,'Ladies Port Authority 55/45 poly/cotton woven long sleeve dr','L608',14.00,' XL','',82,NULL),(210,2,1,'Gildan Men\'s100% Cotton pique knit short sleeve polo shirt','3800',8.50,' XL','',82,NULL),(211,7,4,'Ladies Port Authority 55/45 poly/cotton woven short sleeve w','L508',12.50,' Small','',83,NULL),(212,5,2,'Men\'s Port Authority 55/45 poly/cotton short sleeve woven dr','S508',14.50,' XXL','',83,NULL),(213,2,1,'Gildan Men\'s100% Cotton pique knit short sleeve polo shirt','3800',10.50,' XXL','',83,NULL),(214,2,2,'Gildan Men\'s100% Cotton pique knit short sleeve polo shirt','3800',8.50,' XL','',83,NULL),(215,2,2,'Gildan Men\'s100% Cotton pique knit short sleeve polo shirt','3800',8.50,' Large','',83,NULL),(216,2,2,'Gildan Men\'s100% Cotton pique knit short sleeve polo shirt','3800',8.50,' Medium','',83,NULL),(217,3,2,'Gildan  Men\'s 100% Cotton pique knit long sleeve polo shirt','3400',12.50,' Small','',84,NULL),(218,2,1,'Gildan Men\'s100% Cotton pique knit short sleeve polo shirt','3800',10.50,' XXL','',84,NULL),(219,2,1,'Gildan Men\'s100% Cotton pique knit short sleeve polo shirt','3800',8.50,' XL','',84,NULL),(220,2,2,'Gildan Men\'s100% Cotton pique knit short sleeve polo shirt','3800',8.50,' Large','',84,NULL),(221,2,4,'Gildan Men\'s100% Cotton pique knit short sleeve polo shirt','3800',8.50,' Medium','',84,NULL),(222,2,3,'Gildan Men\'s100% Cotton pique knit short sleeve polo shirt','3800',8.50,' Small','',84,NULL),(223,5,2,'Men\'s Port Authority 55/45 poly/cotton short sleeve woven dr','S508',12.50,' XL','',84,NULL),(224,4,1,'Men\'s Port Authority 55/45 poly/cotton woven long sleeve dre','S608',16.00,' XXL','',85,NULL),(225,5,2,'Men\'s Port Authority 55/45 poly/cotton short sleeve woven dr','S508',14.50,' XXL','',85,NULL),(226,2,3,'Gildan Men\'s100% Cotton pique knit short sleeve polo shirt','3800',10.50,' XXL','',85,NULL),(227,2,3,'Gildan Men\'s100% Cotton pique knit short sleeve polo shirt','3800',8.50,' XL','',85,NULL),(228,2,4,'Gildan Men\'s100% Cotton pique knit short sleeve polo shirt','3800',8.50,' Large','',85,NULL),(229,2,1,'Gildan Men\'s100% Cotton pique knit short sleeve polo shirt','3800',8.50,' Large','',86,NULL),(230,2,1,'Gildan Men\'s100% Cotton pique knit short sleeve polo shirt','3800',8.50,' XL','',86,NULL),(231,7,1,'Ladies Port Authority 55/45 poly/cotton woven short sleeve w','L508',16.00,' XXL','',87,NULL),(232,3,6,'Gildan  Men\'s 100% Cotton pique knit long sleeve polo shirt','3400',12.50,' Large','',87,NULL),(233,2,2,'Gildan Men\'s100% Cotton pique knit short sleeve polo shirt','3800',8.50,' XL','',87,NULL),(234,2,4,'Gildan Men\'s100% Cotton pique knit short sleeve polo shirt','3800',8.50,' Large','',87,NULL),(235,2,9,'Gildan Men\'s100% Cotton pique knit short sleeve polo shirt','3800',8.50,' Medium','',87,NULL),(236,5,3,'Men\'s Port Authority 55/45 poly/cotton short sleeve woven dr','S508',14.50,' XXL','',88,NULL),(237,4,1,'Men\'s Port Authority 55/45 poly/cotton woven long sleeve dre','S608',14.00,' Large','',89,NULL),(238,2,3,'Gildan Men\'s100% Cotton pique knit short sleeve polo shirt','3800',8.50,' Large','',89,NULL),(239,5,2,'Men\'s Port Authority 55/45 poly/cotton short sleeve woven dr','S508',12.50,' Large','',90,NULL),(240,7,4,'Ladies Port Authority 55/45 poly/cotton woven short sleeve w','L508',12.50,' XL','',91,NULL),(241,6,2,'Ladies Port Authority 55/45 poly/cotton woven long sleeve dr','L608',14.00,' XL','',91,NULL),(242,5,2,'Men\'s Port Authority 55/45 poly/cotton short sleeve woven dr','S508',14.50,' XXL','',91,NULL),(243,2,1,'Gildan Men\'s100% Cotton pique knit short sleeve polo shirt','3800',8.50,' Small','',91,NULL),(244,7,2,'Ladies Port Authority 55/45 poly/cotton woven short sleeve w','L508',12.50,' Large','',92,NULL),(245,2,2,'Gildan Men\'s100% Cotton pique knit short sleeve polo shirt','3800',8.50,' Medium','',93,NULL),(246,2,3,'Gildan Men\'s100% Cotton pique knit short sleeve polo shirt','3800',8.50,' XL','',93,NULL),(247,5,2,'Men\'s Port Authority 55/45 poly/cotton short sleeve woven dr','S508',14.50,' XXL','',93,NULL),(248,5,4,'Men\'s Port Authority 55/45 poly/cotton short sleeve woven dr','S508',12.50,' XL','',93,NULL),(249,2,3,'Gildan Men\'s100% Cotton pique knit short sleeve polo shirt','3800',10.50,' XXL','',93,NULL),(250,2,2,'Gildan Men\'s100% Cotton pique knit short sleeve polo shirt','3800',8.50,' Large','',94,NULL),(251,2,6,'Gildan Men\'s100% Cotton pique knit short sleeve polo shirt','3800',8.50,' XL','',95,NULL),(252,7,5,'Ladies Port Authority 55/45 poly/cotton woven short sleeve w','L508',12.50,' XL','',96,NULL),(253,7,1,'Ladies Port Authority 55/45 poly/cotton woven short sleeve w','L508',12.50,' Small','',97,NULL),(254,2,1,'Gildan Men\'s100% Cotton pique knit short sleeve polo shirt','3800',8.50,'XS','',97,NULL),(255,7,4,'Ladies Port Authority 55/45 poly/cotton woven short sleeve w','L508',12.50,' Medium','',98,NULL),(256,5,4,'Men\'s Port Authority 55/45 poly/cotton short sleeve woven dr','S508',12.50,' XL','',98,NULL),(257,2,2,'Gildan Men\'s100% Cotton pique knit short sleeve polo shirt','3800',8.50,' Medium','',99,NULL),(258,5,6,'Men\'s Port Authority 55/45 poly/cotton short sleeve woven dr','S508',16.50,'4XL','',100,NULL),(259,3,2,'Gildan  Men\'s 100% Cotton pique knit long sleeve polo shirt','3400',12.50,' Small','',100,NULL),(260,3,2,'Gildan  Men\'s 100% Cotton pique knit long sleeve polo shirt','3400',12.50,' Large','',100,NULL),(261,2,2,'Gildan Men\'s100% Cotton pique knit short sleeve polo shirt','3800',8.50,' Medium','',100,NULL),(262,2,4,'Gildan Men\'s100% Cotton pique knit short sleeve polo shirt','3800',8.50,' Large','',100,NULL),(263,2,3,'Gildan Men\'s100% Cotton pique knit short sleeve polo shirt','3800',8.50,' Small','',100,NULL),(264,3,1,'Gildan  Men\'s 100% Cotton pique knit long sleeve polo shirt','3400',12.50,' Large','',101,NULL),(265,2,1,'Gildan Men\'s100% Cotton pique knit short sleeve polo shirt','3800',8.50,' Large','',101,NULL),(266,3,1,'Gildan  Men\'s 100% Cotton pique knit long sleeve polo shirt','3400',12.50,'XS','',101,NULL),(267,2,1,'Gildan Men\'s100% Cotton pique knit short sleeve polo shirt','3800',8.50,' Medium','',101,NULL),(268,2,1,'Gildan Men\'s100% Cotton pique knit short sleeve polo shirt','3800',8.50,'XS','',101,NULL),(269,4,4,'Men\'s Port Authority 55/45 poly/cotton woven long sleeve dre','S608',14.00,' Large','',102,NULL),(270,5,2,'Men\'s Port Authority 55/45 poly/cotton short sleeve woven dr','S508',12.50,' Medium','',103,NULL),(271,2,2,'Gildan Men\'s100% Cotton pique knit short sleeve polo shirt','3800',8.50,' Medium','',104,NULL),(272,2,2,'Gildan Men\'s100% Cotton pique knit short sleeve polo shirt','3800',8.50,' Large','',104,NULL),(273,2,1,'Gildan Men\'s100% Cotton pique knit short sleeve polo shirt','3800',8.50,' Large','',105,NULL),(274,5,1,'Men\'s Port Authority 55/45 poly/cotton short sleeve woven dr','S508',14.50,' XXL','',105,NULL),(275,4,1,'Men\'s Port Authority 55/45 poly/cotton woven long sleeve dre','S608',16.00,' XXL','',105,NULL),(276,3,1,'Gildan  Men\'s 100% Cotton pique knit long sleeve polo shirt','3400',12.50,'XS','',105,NULL),(277,3,1,'Gildan  Men\'s 100% Cotton pique knit long sleeve polo shirt','3400',14.50,' XXL','',105,NULL),(278,2,1,'Gildan Men\'s100% Cotton pique knit short sleeve polo shirt','3800',8.50,' Medium','',105,NULL),(279,2,1,'Gildan Men\'s100% Cotton pique knit short sleeve polo shirt','3800',8.50,' Small','',105,NULL),(280,2,2,'Gildan Men\'s100% Cotton pique knit short sleeve polo shirt','3800',10.50,' XXL','',105,NULL),(281,2,2,'Gildan Men\'s100% Cotton pique knit short sleeve polo shirt','3800',8.50,' Medium','',106,NULL),(282,7,2,'Ladies Port Authority 55/45 poly/cotton woven short sleeve w','L508',12.50,' Large','',106,NULL),(283,5,4,'Men\'s Port Authority 55/45 poly/cotton short sleeve woven dr','S508',15.50,' XXXL','',106,NULL),(284,7,2,'Ladies Port Authority 55/45 poly/cotton woven short sleeve w','L508',12.50,' Small','',106,NULL),(285,4,3,'Men\'s Port Authority 55/45 poly/cotton woven long sleeve dre','S608',17.00,' XXXL','',106,NULL),(286,7,3,'Ladies Port Authority 55/45 poly/cotton woven short sleeve w','L508',12.50,' Medium','',107,NULL),(287,6,2,'Ladies Port Authority 55/45 poly/cotton woven long sleeve dr','L608',14.00,' XL','',108,NULL),(288,3,2,'Gildan  Men\'s 100% Cotton pique knit long sleeve polo shirt','3400',12.50,' Large','',108,NULL),(289,2,1,'Gildan Men\'s100% Cotton pique knit short sleeve polo shirt','3800',8.50,' XL','',108,NULL),(290,2,3,'Gildan Men\'s100% Cotton pique knit short sleeve polo shirt','3800',8.50,' Large','',108,NULL),(291,2,2,'Gildan Men\'s100% Cotton pique knit short sleeve polo shirt','3800',8.50,' XL','',109,NULL),(292,7,2,'Ladies Port Authority 55/45 poly/cotton woven short sleeve w','L508',16.00,' XXL','',110,NULL),(293,7,4,'Ladies Port Authority 55/45 poly/cotton woven short sleeve w','L508',12.50,' XL','',111,NULL),(294,2,2,'Gildan Men\'s100% Cotton pique knit short sleeve polo shirt','3800',8.50,' Large','',112,NULL),(295,2,1,'Gildan Men\'s100% Cotton pique knit short sleeve polo shirt','3800',8.50,' XL','',112,NULL),(296,2,2,'Gildan Men\'s100% Cotton pique knit short sleeve polo shirt','3800',8.50,' Medium','',112,NULL),(297,5,1,'Men\'s Port Authority 55/45 poly/cotton short sleeve woven dr','S508',12.50,' XL','',112,NULL),(298,5,2,'Men\'s Port Authority 55/45 poly/cotton short sleeve woven dr','S508',12.50,' Medium','',112,NULL),(299,5,2,'Men\'s Port Authority 55/45 poly/cotton short sleeve woven dr','S508',12.50,' Large','',112,NULL),(300,2,2,'Gildan Men\'s100% Cotton pique knit short sleeve polo shirt','3800',10.50,' XXL','',113,NULL),(301,7,1,'Ladies Port Authority 55/45 poly/cotton woven short sleeve w','L508',16.00,' XXL','',113,NULL),(302,7,2,'Ladies Port Authority 55/45 poly/cotton woven short sleeve w','L508',12.50,' Large','',113,NULL),(303,5,2,'Men\'s Port Authority 55/45 poly/cotton short sleeve woven dr','S508',12.50,' Large','',113,NULL),(304,2,3,'Gildan Men\'s100% Cotton pique knit short sleeve polo shirt','3800',8.50,' Large','',113,NULL),(305,2,1,'Gildan Men\'s100% Cotton pique knit short sleeve polo shirt','3800',8.50,' Medium','',113,NULL),(306,2,1,'Gildan Men\'s100% Cotton pique knit short sleeve polo shirt','3800',8.50,' Small','',113,NULL),(307,2,2,'Gildan Men\'s100% Cotton pique knit short sleeve polo shirt','3800',8.50,' Medium','',114,NULL),(308,2,2,'Gildan Men\'s100% Cotton pique knit short sleeve polo shirt','3800',8.50,' Large','',115,NULL),(309,5,2,'Men\'s Port Authority 55/45 poly/cotton short sleeve woven dr','S508',12.50,' Medium','',116,NULL),(310,7,2,'Ladies Port Authority 55/45 poly/cotton woven short sleeve w','L508',16.00,' XXL','',117,NULL),(311,7,1,'Ladies Port Authority 55/45 poly/cotton woven short sleeve w','L508',12.50,' Large','',117,NULL),(312,6,3,'Ladies Port Authority 55/45 poly/cotton woven long sleeve dr','L608',14.00,' Large','',117,NULL),(313,5,5,'Men\'s Port Authority 55/45 poly/cotton short sleeve woven dr','S508',12.50,' Large','',117,NULL),(314,4,1,'Men\'s Port Authority 55/45 poly/cotton woven long sleeve dre','S608',14.00,' Medium','',118,NULL),(315,2,1,'Gildan Men\'s100% Cotton pique knit short sleeve polo shirt','3800',8.50,' XL','',118,NULL),(316,2,2,'Gildan Men\'s100% Cotton pique knit short sleeve polo shirt','3800',8.50,' Medium','',119,NULL),(317,2,3,'Gildan Men\'s100% Cotton pique knit short sleeve polo shirt','3800',8.50,' XL','',119,NULL),(318,7,4,'Ladies Port Authority 55/45 poly/cotton woven short sleeve w','L508',12.50,' Large','',119,NULL),(319,2,2,'Gildan Men\'s100% Cotton pique knit short sleeve polo shirt','3800',10.50,' XXL','',119,NULL),(320,2,2,'Gildan Men\'s100% Cotton pique knit short sleeve polo shirt','3800',8.50,' XL','',121,NULL),(321,7,2,'Ladies Port Authority 55/45 poly/cotton woven short sleeve w','L508',12.50,' XL','',122,NULL),(322,2,3,'Gildan Men\'s100% Cotton pique knit short sleeve polo shirt','3800',8.50,' Large','',122,NULL),(323,5,1,'Men\'s Port Authority 55/45 poly/cotton short sleeve woven dr','S508',12.50,' Large','',123,NULL),(324,5,1,'Men\'s Port Authority 55/45 poly/cotton short sleeve woven dr','S508',12.50,' XL','',123,NULL),(325,3,1,'Gildan  Men\'s 100% Cotton pique knit long sleeve polo shirt','3400',12.50,' Small','',123,NULL),(326,2,1,'Gildan Men\'s100% Cotton pique knit short sleeve polo shirt','3800',8.50,' Large','',123,NULL),(327,2,2,'Gildan Men\'s100% Cotton pique knit short sleeve polo shirt','3800',8.50,' Medium','',123,NULL),(328,2,2,'Gildan Men\'s100% Cotton pique knit short sleeve polo shirt','3800',8.50,' Small','',123,NULL),(329,7,1,'Ladies Port Authority 55/45 poly/cotton woven short sleeve w','L508',16.00,' XXL','',124,NULL),(330,2,3,'Gildan Men\'s100% Cotton pique knit short sleeve polo shirt','3800',11.50,' XXXL','',124,NULL),(331,7,2,'Ladies Port Authority 55/45 poly/cotton woven short sleeve w','L508',12.50,' Medium','',125,NULL),(332,2,2,'Gildan Men\'s100% Cotton pique knit short sleeve polo shirt','3800',8.50,' Large','',126,NULL),(333,2,2,'Gildan Men\'s100% Cotton pique knit short sleeve polo shirt','3800',8.50,' XL','',126,NULL),(334,2,4,'Gildan Men\'s100% Cotton pique knit short sleeve polo shirt','3800',8.50,' Medium','',126,NULL),(335,2,4,'Gildan Men\'s100% Cotton pique knit short sleeve polo shirt','3800',8.50,' Small','',126,NULL),(336,5,3,'Men\'s Port Authority 55/45 poly/cotton short sleeve woven dr','S508',14.50,' XXL','',127,NULL),(337,4,1,'Men\'s Port Authority 55/45 poly/cotton woven long sleeve dre','S608',16.00,' XXL','',127,NULL),(338,2,1,'Gildan Men\'s100% Cotton pique knit short sleeve polo shirt','3800',10.50,' XXL','',127,NULL),(339,5,4,'Men\'s Port Authority 55/45 poly/cotton short sleeve woven dr','S508',12.50,' XL','',128,NULL),(340,5,1,'Men\'s Port Authority 55/45 poly/cotton short sleeve woven dr','S508',12.50,' XL','',129,NULL),(341,7,2,'Ladies Port Authority 55/45 poly/cotton woven short sleeve w','L508',12.50,' Large','',130,NULL),(342,7,3,'Ladies Port Authority 55/45 poly/cotton woven short sleeve w','L508',12.50,' Large','',131,NULL),(343,5,4,'Men\'s Port Authority 55/45 poly/cotton short sleeve woven dr','S508',12.50,' Large','',132,NULL),(344,5,2,'Men\'s Port Authority 55/45 poly/cotton short sleeve woven dr','S508',12.50,' XL','',133,NULL),(345,2,3,'Gildan Men\'s100% Cotton pique knit short sleeve polo shirt','3800',8.50,' Large','',133,NULL),(346,7,2,'Ladies Port Authority 55/45 poly/cotton woven short sleeve w','L508',12.50,' XL','',134,NULL),(347,3,2,'Gildan  Men\'s 100% Cotton pique knit long sleeve polo shirt','3400',12.50,' Large','',134,NULL),(348,2,2,'Gildan Men\'s100% Cotton pique knit short sleeve polo shirt','3800',8.50,' Medium','',134,NULL),(349,7,4,'Ladies Port Authority 55/45 poly/cotton woven short sleeve w','L508',12.50,' Large','',135,NULL),(350,2,4,'Gildan Men\'s100% Cotton pique knit short sleeve polo shirt','3800',11.50,' XXXL','',136,NULL),(351,7,1,'Ladies Port Authority 55/45 poly/cotton woven short sleeve w','L508',12.50,' XL','',137,NULL),(352,7,2,'Ladies Port Authority 55/45 poly/cotton woven short sleeve w','L508',12.50,' Large','',137,NULL),(353,7,2,'Ladies Port Authority 55/45 poly/cotton woven short sleeve w','L508',12.50,'XS','',137,NULL),(354,3,1,'Gildan  Men\'s 100% Cotton pique knit long sleeve polo shirt','3400',12.50,' Large','',138,NULL),(355,3,2,'Gildan  Men\'s 100% Cotton pique knit long sleeve polo shirt','3400',12.50,' Medium','',138,NULL),(356,3,2,'Gildan  Men\'s 100% Cotton pique knit long sleeve polo shirt','3400',12.50,' Small','',138,NULL),(357,6,2,'Ladies Port Authority 55/45 poly/cotton woven long sleeve dr','L608',14.00,' Large','',138,NULL),(358,7,2,'Ladies Port Authority 55/45 poly/cotton woven short sleeve w','L508',12.50,' Medium','',138,NULL),(359,7,1,'Ladies Port Authority 55/45 poly/cotton woven short sleeve w','L508',12.50,' Large','',138,NULL),(360,5,2,'Men\'s Port Authority 55/45 poly/cotton short sleeve woven dr','S508',12.50,' Large','',138,NULL),(361,2,1,'Gildan Men\'s100% Cotton pique knit short sleeve polo shirt','3800',8.50,' XL','',139,NULL),(362,5,3,'Men\'s Port Authority 55/45 poly/cotton short sleeve woven dr','S508',12.50,' Large','',140,NULL),(363,2,5,'Gildan Men\'s100% Cotton pique knit short sleeve polo shirt','3800',10.50,' XXL','',141,NULL),(364,7,2,'Ladies Port Authority 55/45 poly/cotton woven short sleeve w','L508',12.50,' Small','',142,NULL),(365,5,4,'Men\'s Port Authority 55/45 poly/cotton short sleeve woven dr','S508',15.50,' XXXL','',143,NULL),(366,5,2,'Men\'s Port Authority 55/45 poly/cotton short sleeve woven dr','S508',14.50,' XXL','',144,NULL),(367,7,1,'Ladies Port Authority 55/45 poly/cotton woven short sleeve w','L508',12.50,' XL','',144,NULL),(368,7,3,'Ladies Port Authority 55/45 poly/cotton woven short sleeve w','L508',12.50,' Large','',144,NULL),(369,7,4,'Ladies Port Authority 55/45 poly/cotton woven short sleeve w','L508',12.50,' Medium','',145,NULL),(370,2,1,'Gildan Men\'s100% Cotton pique knit short sleeve polo shirt','3800',8.50,'XS','',146,NULL),(371,7,2,'Ladies Port Authority 55/45 poly/cotton woven short sleeve w','L508',12.50,' Large','',146,NULL),(372,7,4,'Ladies Port Authority 55/45 poly/cotton woven short sleeve w','L508',12.50,' XL','',146,NULL),(373,2,6,'Gildan Men\'s100% Cotton pique knit short sleeve polo shirt','3800',8.50,' XL','',147,NULL),(374,2,2,'Gildan Men\'s100% Cotton pique knit short sleeve polo shirt','3800',10.50,' XXL','',148,NULL),(375,2,2,'Gildan Men\'s100% Cotton pique knit short sleeve polo shirt','3800',11.50,' XXXL','',149,NULL),(377,2,3,'Gildan Men\'s100% Cotton pique knit short sleeve polo shirt','3800',8.50,' Large','',151,NULL),(378,2,1,'Gildan Men\'s100% Cotton pique knit short sleeve polo shirt','3800',11.50,' XXXL','',152,NULL),(379,7,1,'Ladies Port Authority 55/45 poly/cotton woven short sleeve w','L508',12.50,' Medium','',153,NULL),(380,2,2,'Gildan Men\'s100% Cotton pique knit short sleeve polo shirt','3800',8.50,' Medium','',153,NULL),(381,5,2,'Men\'s Port Authority 55/45 poly/cotton short sleeve woven dr','S508',12.50,' XL','',153,NULL),(382,2,1,'Gildan Men\'s100% Cotton pique knit short sleeve polo shirt','3800',8.50,' Large','',153,NULL),(383,7,3,'Ladies Port Authority 55/45 poly/cotton woven short sleeve w','L508',12.50,' Large','',153,NULL),(384,2,2,'Gildan Men\'s100% Cotton pique knit short sleeve polo shirt','3800',8.50,' Medium','',154,NULL),(385,7,2,'Ladies Port Authority 55/45 poly/cotton woven short sleeve w','L508',12.50,' Medium','',155,NULL),(386,2,2,'Gildan Men\'s100% Cotton pique knit short sleeve polo shirt','3800',8.50,' Small','',156,NULL),(387,6,4,'Ladies Port Authority 55/45 poly/cotton woven long sleeve dr','L608',14.00,' Large','',157,NULL),(388,3,1,'Gildan  Men\'s 100% Cotton pique knit long sleeve polo shirt','3400',12.50,' Small','',157,NULL),(389,4,7,'Men\'s Port Authority 55/45 poly/cotton woven long sleeve dre','S608',14.00,' Large','',157,NULL),(390,3,2,'Gildan  Men\'s 100% Cotton pique knit long sleeve polo shirt','3400',12.50,' XL','',157,NULL),(391,3,2,'Gildan  Men\'s 100% Cotton pique knit long sleeve polo shirt','3400',14.50,' XXL','',158,NULL),(392,3,1,'Gildan  Men\'s 100% Cotton pique knit long sleeve polo shirt','3400',12.50,' XL','',158,NULL),(393,3,2,'Gildan  Men\'s 100% Cotton pique knit long sleeve polo shirt','3400',12.50,'XS','',158,NULL),(394,2,2,'Gildan Men\'s100% Cotton pique knit short sleeve polo shirt','3800',8.50,' Medium','',158,NULL),(395,2,2,'Gildan Men\'s100% Cotton pique knit short sleeve polo shirt','3800',8.50,' Medium','',159,NULL),(396,2,2,'Gildan Men\'s100% Cotton pique knit short sleeve polo shirt','3800',8.50,' Small','',159,NULL),(397,2,2,'Gildan Men\'s100% Cotton pique knit short sleeve polo shirt','3800',8.50,'XS','',159,NULL),(398,6,1,'Ladies Port Authority 55/45 poly/cotton woven long sleeve dr','L608',14.00,' XL','',160,NULL),(399,4,1,'Men\'s Port Authority 55/45 poly/cotton woven long sleeve dre','S608',14.00,' Large','',160,NULL),(400,3,2,'Gildan  Men\'s 100% Cotton pique knit long sleeve polo shirt','3400',12.50,' Large','',160,NULL),(401,2,1,'Gildan Men\'s100% Cotton pique knit short sleeve polo shirt','3800',8.50,' Large','',160,NULL),(402,2,1,'Gildan Men\'s100% Cotton pique knit short sleeve polo shirt','3800',8.50,' XL','',160,NULL),(403,6,2,'Ladies Port Authority 55/45 poly/cotton woven long sleeve dr','L608',14.00,' Medium','',161,NULL),(404,7,2,'Ladies Port Authority 55/45 poly/cotton woven short sleeve w','L508',12.50,' Medium','',161,NULL),(405,4,3,'Men\'s Port Authority 55/45 poly/cotton woven long sleeve dre','S608',14.00,' Medium','',161,NULL),(406,5,2,'Men\'s Port Authority 55/45 poly/cotton short sleeve woven dr','S508',14.50,' XXL','',162,NULL),(407,3,2,'Gildan  Men\'s 100% Cotton pique knit long sleeve polo shirt','3400',14.50,' XXL','',162,NULL),(408,5,4,'Men\'s Port Authority 55/45 poly/cotton short sleeve woven dr','S508',15.50,' XXXL','',163,NULL),(409,6,1,'Ladies Port Authority 55/45 poly/cotton woven long sleeve dr','L608',14.00,' Large','',164,NULL),(410,3,1,'Gildan  Men\'s 100% Cotton pique knit long sleeve polo shirt','3400',12.50,' Medium','',164,NULL),(411,7,2,'Ladies Port Authority 55/45 poly/cotton woven short sleeve w','L508',12.50,' Medium','',165,NULL),(412,6,1,'Ladies Port Authority 55/45 poly/cotton woven long sleeve dr','L608',14.00,' Large','',166,NULL),(413,3,4,'Gildan  Men\'s 100% Cotton pique knit long sleeve polo shirt','3400',12.50,' Large','',167,NULL),(414,2,1,'Gildan Men\'s100% Cotton pique knit short sleeve polo shirt','3800',8.50,' XL','',167,NULL),(415,2,2,'Gildan Men\'s100% Cotton pique knit short sleeve polo shirt','3800',8.50,' Large','',167,NULL),(416,2,1,'Gildan Men\'s100% Cotton pique knit short sleeve polo shirt','3800',8.50,' Medium','',167,NULL),(417,5,2,'Men\'s Port Authority 55/45 poly/cotton short sleeve woven dr','S508',12.50,' XL','',168,NULL),(418,2,2,'Gildan Men\'s100% Cotton pique knit short sleeve polo shirt','3800',8.50,' Medium','',169,NULL),(419,3,1,'Gildan  Men\'s 100% Cotton pique knit long sleeve polo shirt','3400',12.50,' Small','',169,NULL),(420,3,1,'Gildan  Men\'s 100% Cotton pique knit long sleeve polo shirt','3400',12.50,' XL','',169,NULL),(421,2,3,'Gildan Men\'s100% Cotton pique knit short sleeve polo shirt','3800',8.50,' XL','',169,NULL),(422,2,9,'Gildan Men\'s100% Cotton pique knit short sleeve polo shirt','3800',8.50,' Large','',169,NULL),(423,3,2,'Gildan  Men\'s 100% Cotton pique knit long sleeve polo shirt','3400',14.50,' XXL','',169,NULL),(424,6,2,'Ladies Port Authority 55/45 poly/cotton woven long sleeve dr','L608',14.00,' Large','',169,NULL),(425,3,4,'Gildan  Men\'s 100% Cotton pique knit long sleeve polo shirt','3400',12.50,' Large','',169,NULL),(426,2,3,'Gildan Men\'s100% Cotton pique knit short sleeve polo shirt','3800',10.50,' XXL','',169,NULL),(427,3,1,'Gildan  Men\'s 100% Cotton pique knit long sleeve polo shirt','3400',12.50,' Large','',170,NULL),(428,2,2,'Gildan Men\'s100% Cotton pique knit short sleeve polo shirt','3800',8.50,' XL','',170,NULL),(429,4,2,'Men\'s Port Authority 55/45 poly/cotton woven long sleeve dre','S608',16.00,' XXL','',171,NULL),(430,2,1,'Gildan Men\'s100% Cotton pique knit short sleeve polo shirt','3800',10.50,' XXL','',171,NULL),(431,4,2,'Men\'s Port Authority 55/45 poly/cotton woven long sleeve dre','S608',16.00,' XXL','',172,NULL),(432,3,2,'Gildan  Men\'s 100% Cotton pique knit long sleeve polo shirt','3400',12.50,' Large','',172,NULL),(433,4,2,'Men\'s Port Authority 55/45 poly/cotton woven long sleeve dre','S608',14.00,' Medium','',172,NULL),(434,2,1,'Gildan Men\'s100% Cotton pique knit short sleeve polo shirt','3800',8.50,' Medium','',172,NULL),(435,3,3,'Gildan  Men\'s 100% Cotton pique knit long sleeve polo shirt','3400',12.50,' Medium','',172,NULL),(436,3,3,'Gildan  Men\'s 100% Cotton pique knit long sleeve polo shirt','3400',12.50,' Small','',172,NULL),(437,7,1,'Ladies Port Authority 55/45 poly/cotton woven short sleeve w','L508',12.50,' Medium','',173,NULL),(438,6,1,'Ladies Port Authority 55/45 poly/cotton woven long sleeve dr','L608',14.00,' Medium','',173,NULL),(439,6,2,'Ladies Port Authority 55/45 poly/cotton woven long sleeve dr','L608',14.00,' Large','',173,NULL),(440,3,3,'Gildan  Men\'s 100% Cotton pique knit long sleeve polo shirt','3400',12.50,' Medium','',173,NULL),(441,3,1,'Gildan  Men\'s 100% Cotton pique knit long sleeve polo shirt','3400',12.50,' Small','',173,NULL),(442,2,1,'Gildan Men\'s100% Cotton pique knit short sleeve polo shirt','3800',8.50,' Medium','',173,NULL),(443,3,3,'Gildan  Men\'s 100% Cotton pique knit long sleeve polo shirt','3400',12.50,' Medium','',174,NULL),(444,6,3,'Ladies Port Authority 55/45 poly/cotton woven long sleeve dr','L608',14.00,' Large','',175,NULL),(445,3,3,'Gildan  Men\'s 100% Cotton pique knit long sleeve polo shirt','3400',12.50,' Medium','',175,NULL),(446,3,2,'Gildan  Men\'s 100% Cotton pique knit long sleeve polo shirt','3400',12.50,' Medium','',176,NULL),(447,2,2,'Gildan Men\'s100% Cotton pique knit short sleeve polo shirt','3800',8.50,' Medium','',176,NULL),(448,3,2,'Gildan  Men\'s 100% Cotton pique knit long sleeve polo shirt','3400',12.50,' XL','',177,NULL),(449,6,2,'Ladies Port Authority 55/45 poly/cotton woven long sleeve dr','L608',14.00,' XL','',177,NULL),(450,2,1,'Gildan Men\'s100% Cotton pique knit short sleeve polo shirt','3800',8.50,' XL','',178,NULL),(451,3,1,'Gildan  Men\'s 100% Cotton pique knit long sleeve polo shirt','3400',12.50,' XL','',178,NULL),(452,6,2,'Ladies Port Authority 55/45 poly/cotton woven long sleeve dr','L608',14.00,' XL','',178,NULL),(453,4,2,'Men\'s Port Authority 55/45 poly/cotton woven long sleeve dre','S608',18.00,'4XL','',178,NULL),(454,2,1,'Gildan Men\'s100% Cotton pique knit short sleeve polo shirt','3800',8.50,' Large','',179,NULL),(455,3,1,'Gildan  Men\'s 100% Cotton pique knit long sleeve polo shirt','3400',12.50,' Large','',179,NULL),(456,6,3,'Ladies Port Authority 55/45 poly/cotton woven long sleeve dr','L608',14.00,' XL','',180,NULL),(457,4,4,'Men\'s Port Authority 55/45 poly/cotton woven long sleeve dre','S608',14.00,' XL','',180,NULL),(458,3,7,'Gildan  Men\'s 100% Cotton pique knit long sleeve polo shirt','3400',12.50,' Large','',180,NULL),(459,3,2,'Gildan  Men\'s 100% Cotton pique knit long sleeve polo shirt','3400',12.50,' Medium','',180,NULL),(460,2,1,'Gildan Men\'s100% Cotton pique knit short sleeve polo shirt','3800',8.50,' XL','',180,NULL),(461,2,2,'Gildan Men\'s100% Cotton pique knit short sleeve polo shirt','3800',8.50,' Large','',180,NULL),(462,6,1,'Ladies Port Authority 55/45 poly/cotton woven long sleeve dr','L608',14.00,' XL','',181,NULL),(463,5,2,'Men\'s Port Authority 55/45 poly/cotton short sleeve woven dr','S508',16.50,'4XL','',181,NULL),(464,5,2,'Men\'s Port Authority 55/45 poly/cotton short sleeve woven dr','S508',14.50,' XXL','',181,NULL),(465,3,6,'Gildan  Men\'s 100% Cotton pique knit long sleeve polo shirt','3400',12.50,' Medium','',181,NULL),(466,3,6,'Gildan  Men\'s 100% Cotton pique knit long sleeve polo shirt','3400',12.50,' Large','',181,NULL),(467,4,2,'Men\'s Port Authority 55/45 poly/cotton woven long sleeve dre','S608',14.00,' Large','',182,NULL),(468,3,3,'Gildan  Men\'s 100% Cotton pique knit long sleeve polo shirt','3400',12.50,' Large','',182,NULL),(469,3,3,'Gildan  Men\'s 100% Cotton pique knit long sleeve polo shirt','3400',12.50,' Medium','',184,NULL),(470,4,2,'Men\'s Port Authority 55/45 poly/cotton woven long sleeve dre','S608',17.00,' XXXL','',185,NULL),(471,6,2,'Ladies Port Authority 55/45 poly/cotton woven long sleeve dr','L608',16.00,' XXL','',186,NULL),(472,4,2,'Men\'s Port Authority 55/45 poly/cotton woven long sleeve dre','S608',16.00,' XXL','',187,NULL),(473,4,2,'Men\'s Port Authority 55/45 poly/cotton woven long sleeve dre','S608',14.00,' Large','',187,NULL),(474,4,2,'Men\'s Port Authority 55/45 poly/cotton woven long sleeve dre','S608',14.00,' Medium','',187,NULL),(475,3,2,'Gildan  Men\'s 100% Cotton pique knit long sleeve polo shirt','3400',14.50,' XXL','',187,NULL),(476,2,1,'Gildan Men\'s100% Cotton pique knit short sleeve polo shirt','3800',8.50,' Medium','',188,NULL),(477,3,2,'Gildan  Men\'s 100% Cotton pique knit long sleeve polo shirt','3400',12.50,' Medium','',189,NULL),(478,6,1,'Ladies Port Authority 55/45 poly/cotton woven long sleeve dr','L608',14.00,' Large','',190,NULL),(479,6,1,'Ladies Port Authority 55/45 poly/cotton woven long sleeve dr','L608',16.00,' XXL','',191,NULL),(480,6,1,'Ladies Port Authority 55/45 poly/cotton woven long sleeve dr','L608',14.00,' Medium','',191,NULL),(481,3,3,'Gildan  Men\'s 100% Cotton pique knit long sleeve polo shirt','3400',12.50,' XL','',191,NULL),(482,3,1,'Gildan  Men\'s 100% Cotton pique knit long sleeve polo shirt','3400',12.50,' Large','',191,NULL),(483,3,4,'Gildan  Men\'s 100% Cotton pique knit long sleeve polo shirt','3400',12.50,' Medium','',191,NULL),(484,3,4,'Gildan  Men\'s 100% Cotton pique knit long sleeve polo shirt','3400',12.50,' Small','',191,NULL),(485,3,3,'Gildan  Men\'s 100% Cotton pique knit long sleeve polo shirt','3400',12.50,' Medium','',192,NULL),(486,3,3,'Gildan  Men\'s 100% Cotton pique knit long sleeve polo shirt','3400',12.50,' Small','',192,NULL),(487,3,3,'Gildan  Men\'s 100% Cotton pique knit long sleeve polo shirt','3400',12.50,' Medium','',193,NULL),(488,4,3,'Men\'s Port Authority 55/45 poly/cotton woven long sleeve dre','S608',16.00,' XXL','',193,NULL),(489,5,4,'Men\'s Port Authority 55/45 poly/cotton short sleeve woven dr','S508',12.50,' XL','',193,NULL),(490,3,2,'Gildan  Men\'s 100% Cotton pique knit long sleeve polo shirt','3400',12.50,' Large','',193,NULL),(491,4,1,'Men\'s Port Authority 55/45 poly/cotton woven long sleeve dre','S608',17.00,' XXXL','',194,NULL),(492,6,2,'Ladies Port Authority 55/45 poly/cotton woven long sleeve dr','L608',14.00,' Large','',195,NULL),(493,2,2,'Gildan Men\'s100% Cotton pique knit short sleeve polo shirt','3800',8.50,' Small','',196,NULL),(494,3,2,'Gildan  Men\'s 100% Cotton pique knit long sleeve polo shirt','3400',12.50,' XL','',196,NULL),(495,2,2,'Gildan Men\'s100% Cotton pique knit short sleeve polo shirt','3800',8.50,' Large','',196,NULL),(496,3,3,'Gildan  Men\'s 100% Cotton pique knit long sleeve polo shirt','3400',12.50,' Small','',196,NULL),(497,2,2,'Gildan Men\'s100% Cotton pique knit short sleeve polo shirt','3800',10.50,' XXL','',196,NULL),(498,3,5,'Gildan  Men\'s 100% Cotton pique knit long sleeve polo shirt','3400',12.50,' Medium','',196,NULL),(499,7,1,'Ladies Port Authority 55/45 poly/cotton woven short sleeve w','L508',12.50,' Large','',197,NULL),(500,6,1,'Ladies Port Authority 55/45 poly/cotton woven long sleeve dr','L608',14.00,' Large','',197,NULL),(501,3,2,'Gildan  Men\'s 100% Cotton pique knit long sleeve polo shirt','3400',12.50,' Large','',197,NULL),(502,3,3,'Gildan  Men\'s 100% Cotton pique knit long sleeve polo shirt','3400',12.50,' XL','',197,NULL),(503,2,4,'Gildan Men\'s100% Cotton pique knit short sleeve polo shirt','3800',8.50,' Large','',198,NULL),(504,3,4,'Gildan  Men\'s 100% Cotton pique knit long sleeve polo shirt','3400',12.50,' Large','',198,NULL),(505,3,1,'Gildan  Men\'s 100% Cotton pique knit long sleeve polo shirt','3400',12.50,' Medium','',199,NULL),(506,4,1,'Men\'s Port Authority 55/45 poly/cotton woven long sleeve dre','S608',14.00,' XL','',199,NULL),(507,3,2,'Gildan  Men\'s 100% Cotton pique knit long sleeve polo shirt','3400',12.50,' XL','',199,NULL),(508,2,1,'Gildan Men\'s100% Cotton pique knit short sleeve polo shirt','3800',8.50,' Medium','',199,NULL),(509,3,6,'Gildan  Men\'s 100% Cotton pique knit long sleeve polo shirt','3400',12.50,' Large','',199,NULL),(510,4,4,'Men\'s Port Authority 55/45 poly/cotton woven long sleeve dre','S608',14.00,' Medium','',200,NULL),(511,3,2,'Gildan  Men\'s 100% Cotton pique knit long sleeve polo shirt','3400',12.50,' XL','',201,NULL),(512,3,1,'Gildan  Men\'s 100% Cotton pique knit long sleeve polo shirt','3400',12.50,' Large','',201,NULL),(513,3,1,'Gildan  Men\'s 100% Cotton pique knit long sleeve polo shirt','3400',12.50,' Medium','',201,NULL),(514,3,2,'Gildan  Men\'s 100% Cotton pique knit long sleeve polo shirt','3400',12.50,' Small','',201,NULL),(515,2,3,'Gildan Men\'s100% Cotton pique knit short sleeve polo shirt','3800',8.50,' Medium','',201,NULL),(516,2,3,'Gildan Men\'s100% Cotton pique knit short sleeve polo shirt','3800',8.50,' Large','',201,NULL),(517,2,4,'Gildan Men\'s100% Cotton pique knit short sleeve polo shirt','3800',8.50,' XL','',201,NULL),(518,2,6,'Gildan Men\'s100% Cotton pique knit short sleeve polo shirt','3800',8.50,' Small','',201,NULL),(519,2,2,'Gildan Men\'s100% Cotton pique knit short sleeve polo shirt','3800',10.50,' XXL','',201,NULL),(520,5,1,'Men\'s Port Authority 55/45 poly/cotton short sleeve woven dr','S508',15.50,' XXXL','',202,NULL),(521,4,2,'Men\'s Port Authority 55/45 poly/cotton woven long sleeve dre','S608',17.00,' XXXL','',202,NULL),(522,2,4,'Gildan Men\'s100% Cotton pique knit short sleeve polo shirt','3800',8.50,' Large','',203,NULL),(523,2,2,'Gildan Men\'s100% Cotton pique knit short sleeve polo shirt','3800',8.50,' Medium','',203,NULL),(524,2,4,'Gildan Men\'s100% Cotton pique knit short sleeve polo shirt','3800',8.50,'XS','',203,NULL),(525,3,2,'Gildan  Men\'s 100% Cotton pique knit long sleeve polo shirt','3400',12.50,'XS','',204,NULL),(526,6,2,'Ladies Port Authority 55/45 poly/cotton woven long sleeve dr','L608',14.00,' Medium','',204,NULL),(527,2,1,'Gildan Men\'s100% Cotton pique knit short sleeve polo shirt','3800',8.50,' XL','',205,NULL),(528,3,1,'Gildan  Men\'s 100% Cotton pique knit long sleeve polo shirt','3400',12.50,' XL','',205,NULL),(529,3,1,'Gildan  Men\'s 100% Cotton pique knit long sleeve polo shirt','3400',12.50,' Medium','',206,NULL),(530,2,1,'Gildan Men\'s100% Cotton pique knit short sleeve polo shirt','3800',8.50,' Medium','',206,NULL),(531,3,1,'Gildan  Men\'s 100% Cotton pique knit long sleeve polo shirt','3400',12.50,' Medium','',207,NULL),(532,2,1,'Gildan Men\'s100% Cotton pique knit short sleeve polo shirt','3800',8.50,' Medium','',207,NULL),(533,2,1,'Gildan Men\'s100% Cotton pique knit short sleeve polo shirt','3800',8.50,' XL','',207,NULL),(534,5,4,'Men\'s Port Authority 55/45 poly/cotton short sleeve woven dr','S508',14.50,' XXL','',207,NULL),(535,3,5,'Gildan  Men\'s 100% Cotton pique knit long sleeve polo shirt','3400',12.50,' Large','',207,NULL),(536,2,2,'Gildan Men\'s100% Cotton pique knit short sleeve polo shirt','3800',8.50,' Large','',207,NULL),(537,6,2,'Ladies Port Authority 55/45 poly/cotton woven long sleeve dr','L608',14.00,' XL','',208,NULL),(538,5,4,'Men\'s Port Authority 55/45 poly/cotton short sleeve woven dr','S508',12.50,' Medium','',209,NULL),(539,6,1,'Ladies Port Authority 55/45 poly/cotton woven long sleeve dr','L608',16.00,' XXL','',210,NULL),(540,3,1,'Gildan  Men\'s 100% Cotton pique knit long sleeve polo shirt','3400',14.50,' XXL','',210,NULL),(541,3,3,'Gildan  Men\'s 100% Cotton pique knit long sleeve polo shirt','3400',12.50,' XL','',210,NULL),(542,3,5,'Gildan  Men\'s 100% Cotton pique knit long sleeve polo shirt','3400',12.50,' Large','',210,NULL),(543,3,1,'Gildan  Men\'s 100% Cotton pique knit long sleeve polo shirt','3400',12.50,' Small','',210,NULL),(544,3,2,'Gildan  Men\'s 100% Cotton pique knit long sleeve polo shirt','3400',12.50,' Medium','',210,NULL),(545,3,3,'Gildan  Men\'s 100% Cotton pique knit long sleeve polo shirt','3400',12.50,' Large','',211,NULL),(546,6,1,'Ladies Port Authority 55/45 poly/cotton woven long sleeve dr','L608',14.00,' Small','',212,NULL),(547,7,2,'Ladies Port Authority 55/45 poly/cotton woven short sleeve w','L508',16.00,' XXL','',212,NULL),(548,7,2,'Ladies Port Authority 55/45 poly/cotton woven short sleeve w','L508',12.50,' Medium','',212,NULL),(549,6,1,'Ladies Port Authority 55/45 poly/cotton woven long sleeve dr','L608',16.00,' XXL','',212,NULL),(550,6,1,'Ladies Port Authority 55/45 poly/cotton woven long sleeve dr','L608',14.00,' Medium','',212,NULL),(551,2,3,'Gildan Men\'s100% Cotton pique knit short sleeve polo shirt','3800',8.50,' Large','',212,NULL),(552,2,2,'Gildan Men\'s100% Cotton pique knit short sleeve polo shirt','3800',11.50,' XXXL','',212,NULL),(553,4,4,'Men\'s Port Authority 55/45 poly/cotton woven long sleeve dre','S608',14.00,' Large','',213,NULL),(554,2,3,'Gildan Men\'s100% Cotton pique knit short sleeve polo shirt','3800',10.50,' XXL','',214,NULL),(555,6,3,'Ladies Port Authority 55/45 poly/cotton woven long sleeve dr','L608',14.00,' XL','',215,NULL),(556,6,1,'Ladies Port Authority 55/45 poly/cotton woven long sleeve dr','L608',14.00,' XL','',216,NULL),(557,3,1,'Gildan  Men\'s 100% Cotton pique knit long sleeve polo shirt','3400',14.50,' XXL','',217,NULL),(558,4,1,'Men\'s Port Authority 55/45 poly/cotton woven long sleeve dre','S608',16.00,' XXL','',217,NULL),(559,3,2,'Gildan  Men\'s 100% Cotton pique knit long sleeve polo shirt','3400',12.50,' XL','',218,NULL),(560,3,2,'Gildan  Men\'s 100% Cotton pique knit long sleeve polo shirt','3400',14.50,' XXL','',219,NULL),(561,6,1,'Ladies Port Authority 55/45 poly/cotton woven long sleeve dr','L608',16.00,' XXL','',220,NULL),(562,3,2,'Gildan  Men\'s 100% Cotton pique knit long sleeve polo shirt','3400',12.50,' XL','',220,NULL),(563,4,3,'Men\'s Port Authority 55/45 poly/cotton woven long sleeve dre','S608',14.00,' Large','',220,NULL),(564,3,4,'Gildan  Men\'s 100% Cotton pique knit long sleeve polo shirt','3400',12.50,' Large','',221,NULL),(565,3,2,'Gildan  Men\'s 100% Cotton pique knit long sleeve polo shirt','3400',12.50,' Medium','',221,NULL),(566,3,4,'Gildan  Men\'s 100% Cotton pique knit long sleeve polo shirt','3400',12.50,'XS','',221,NULL),(567,4,2,'Men\'s Port Authority 55/45 poly/cotton woven long sleeve dre','S608',17.00,' XXXL','',222,NULL),(568,5,3,'Men\'s Port Authority 55/45 poly/cotton short sleeve woven dr','S508',15.50,' XXXL','',222,NULL),(569,3,4,'Gildan  Men\'s 100% Cotton pique knit long sleeve polo shirt','3400',12.50,' Small','',223,NULL),(570,2,2,'Gildan Men\'s100% Cotton pique knit short sleeve polo shirt','3800',8.50,' Medium','',223,NULL),(571,3,1,'Gildan  Men\'s 100% Cotton pique knit long sleeve polo shirt','3400',12.50,' Medium','',223,NULL),(572,2,3,'Gildan Men\'s100% Cotton pique knit short sleeve polo shirt','3800',8.50,' Small','',223,NULL),(573,5,2,'Men\'s Port Authority 55/45 poly/cotton short sleeve woven dr','S508',14.50,' XXL','',223,NULL),(574,3,5,'Gildan  Men\'s 100% Cotton pique knit long sleeve polo shirt','3400',12.50,' Large','',224,NULL),(575,3,1,'Gildan  Men\'s 100% Cotton pique knit long sleeve polo shirt','3400',12.50,' Medium','',224,NULL),(576,3,5,'Gildan  Men\'s 100% Cotton pique knit long sleeve polo shirt','3400',12.50,' Small','',224,NULL),(577,3,1,'Gildan  Men\'s 100% Cotton pique knit long sleeve polo shirt','3400',12.50,' Large','',225,NULL),(578,2,1,'Gildan Men\'s100% Cotton pique knit short sleeve polo shirt','3800',8.50,' Large','',225,NULL),(579,2,3,'Gildan Men\'s100% Cotton pique knit short sleeve polo shirt','3800',11.50,' XXXL','',226,NULL),(580,4,1,'Men\'s Port Authority 55/45 poly/cotton woven long sleeve dre','S608',14.00,' XL','',227,NULL),(581,4,2,'Men\'s Port Authority 55/45 poly/cotton woven long sleeve dre','S608',14.00,' Medium','',227,NULL),(582,2,1,'Gildan Men\'s100% Cotton pique knit short sleeve polo shirt','3800',8.50,' Medium','',227,NULL),(583,2,3,'Gildan Men\'s100% Cotton pique knit short sleeve polo shirt','3800',8.50,' XL','',227,NULL),(584,5,2,'Men\'s Port Authority 55/45 poly/cotton short sleeve woven dr','S508',12.50,' XL','',227,NULL),(585,5,2,'Men\'s Port Authority 55/45 poly/cotton short sleeve woven dr','S508',12.50,' Large','',227,NULL),(586,3,2,'Gildan  Men\'s 100% Cotton pique knit long sleeve polo shirt','3400',12.50,' Small','',228,NULL),(587,3,2,'Gildan  Men\'s 100% Cotton pique knit long sleeve polo shirt','3400',12.50,' Large','',228,NULL),(588,2,4,'Gildan Men\'s100% Cotton pique knit short sleeve polo shirt','3800',8.50,' Large','',228,NULL),(589,6,1,'Ladies Port Authority 55/45 poly/cotton woven long sleeve dr','L608',14.00,' Large','',229,NULL),(590,2,2,'Gildan Men\'s100% Cotton pique knit short sleeve polo shirt','3800',10.50,' XXL','',230,NULL),(591,4,1,'Men\'s Port Authority 55/45 poly/cotton woven long sleeve dre','S608',16.00,' XXL','',231,NULL),(592,4,2,'Men\'s Port Authority 55/45 poly/cotton woven long sleeve dre','S608',14.00,' XL','',232,NULL),(593,7,1,'Ladies Port Authority 55/45 poly/cotton woven short sleeve w','L508',12.50,' XL','',233,NULL),(594,6,1,'Ladies Port Authority 55/45 poly/cotton woven long sleeve dr','L608',14.00,' XL','',233,NULL),(595,5,3,'Men\'s Port Authority 55/45 poly/cotton short sleeve woven dr','S508',14.50,' XXL','',234,NULL),(596,5,2,'Men\'s Port Authority 55/45 poly/cotton short sleeve woven dr','S508',14.50,' XXL','',235,NULL),(597,6,1,'Ladies Port Authority 55/45 poly/cotton woven long sleeve dr','L608',14.00,' Large','',235,NULL),(598,5,1,'Men\'s Port Authority 55/45 poly/cotton short sleeve woven dr','S508',12.50,' Large','',235,NULL),(599,4,2,'Men\'s Port Authority 55/45 poly/cotton woven long sleeve dre','S608',16.00,' XXL','',235,NULL),(600,2,1,'Gildan Men\'s100% Cotton pique knit short sleeve polo shirt','3800',8.50,' XL','',235,NULL),(601,2,2,'Gildan Men\'s100% Cotton pique knit short sleeve polo shirt','3800',8.50,' Large','',235,NULL),(602,2,5,'Gildan Men\'s100% Cotton pique knit short sleeve polo shirt','3800',8.50,' Medium','',235,NULL),(603,2,3,'Gildan Men\'s100% Cotton pique knit short sleeve polo shirt','3800',8.50,' Small','',235,NULL),(604,5,1,'Men\'s Port Authority 55/45 poly/cotton short sleeve woven dr','S508',14.50,' XXL','',236,NULL),(605,4,1,'Men\'s Port Authority 55/45 poly/cotton woven long sleeve dre','S608',16.00,' XXL','',236,NULL),(606,4,1,'Men\'s Port Authority 55/45 poly/cotton woven long sleeve dre','S608',14.00,' Small','',237,NULL),(607,5,1,'Men\'s Port Authority 55/45 poly/cotton short sleeve woven dr','S508',16.50,'4XL','',238,NULL),(608,4,2,'Men\'s Port Authority 55/45 poly/cotton woven long sleeve dre','S608',18.00,'4XL','',238,NULL),(609,7,4,'Ladies Port Authority 55/45 poly/cotton woven short sleeve w','L508',12.50,' Medium','',239,NULL),(610,5,4,'Men\'s Port Authority 55/45 poly/cotton short sleeve woven dr','S508',12.50,' XL','',239,NULL),(611,6,1,'Ladies Port Authority 55/45 poly/cotton woven long sleeve dr','L608',14.00,' Medium','',239,NULL),(612,2,5,'Gildan Men\'s100% Cotton pique knit short sleeve polo shirt','3800',8.50,' Medium','',239,NULL),(613,7,1,'Ladies Port Authority 55/45 poly/cotton woven short sleeve w','L508',12.50,' Large','',240,NULL),(614,6,3,'Ladies Port Authority 55/45 poly/cotton woven long sleeve dr','L608',14.00,' Large','',240,NULL),(615,2,3,'Gildan Men\'s100% Cotton pique knit short sleeve polo shirt','3800',10.50,' XXL','',241,NULL),(616,2,9,'Gildan Men\'s100% Cotton pique knit short sleeve polo shirt','3800',8.50,' Large','',241,NULL),(617,2,2,'Gildan Men\'s100% Cotton pique knit short sleeve polo shirt','3800',8.50,' Medium','',241,NULL),(618,2,5,'Gildan Men\'s100% Cotton pique knit short sleeve polo shirt','3800',8.50,' Small','',241,NULL),(619,4,2,'Men\'s Port Authority 55/45 poly/cotton woven long sleeve dre','S608',14.00,' Small','',242,NULL),(620,2,6,'Gildan Men\'s100% Cotton pique knit short sleeve polo shirt','3800',8.50,' Large','',243,NULL),(621,5,2,'Men\'s Port Authority 55/45 poly/cotton short sleeve woven dr','S508',12.50,' Large','',244,NULL),(622,5,4,'Men\'s Port Authority 55/45 poly/cotton short sleeve woven dr','S508',12.50,' XL','',244,NULL),(623,2,1,'Gildan Men\'s100% Cotton pique knit short sleeve polo shirt','3800',10.50,' XXL','',245,NULL),(624,3,2,'Gildan  Men\'s 100% Cotton pique knit long sleeve polo shirt','3400',12.50,' Large','',246,NULL),(625,5,2,'Men\'s Port Authority 55/45 poly/cotton short sleeve woven dr','S508',12.50,' Medium','',246,NULL),(626,5,2,'Men\'s Port Authority 55/45 poly/cotton short sleeve woven dr','S508',12.50,' XL','',246,NULL),(627,2,2,'Gildan Men\'s100% Cotton pique knit short sleeve polo shirt','3800',11.50,' XXXL','',246,NULL),(628,2,6,'Gildan Men\'s100% Cotton pique knit short sleeve polo shirt','3800',8.50,' XL','',246,NULL),(629,2,2,'Gildan Men\'s100% Cotton pique knit short sleeve polo shirt','3800',8.50,' Medium','',246,NULL),(630,2,2,'Gildan Men\'s100% Cotton pique knit short sleeve polo shirt','3800',8.50,' Large','',246,NULL),(631,5,2,'Men\'s Port Authority 55/45 poly/cotton short sleeve woven dr','S508',12.50,' Medium','',247,NULL),(632,2,2,'Gildan Men\'s100% Cotton pique knit short sleeve polo shirt','3800',8.50,' XL','',247,NULL),(633,5,3,'Men\'s Port Authority 55/45 poly/cotton short sleeve woven dr','S508',15.50,' XXXL','',247,NULL),(634,5,1,'Men\'s Port Authority 55/45 poly/cotton short sleeve woven dr','S508',14.50,' XXL','',247,NULL),(635,2,5,'Gildan Men\'s100% Cotton pique knit short sleeve polo shirt','3800',8.50,' Medium','',247,NULL),(636,2,5,'Gildan Men\'s100% Cotton pique knit short sleeve polo shirt','3800',8.50,' Small','',247,NULL),(637,7,5,'Ladies Port Authority 55/45 poly/cotton woven short sleeve w','L508',12.50,' XL','',248,NULL),(638,7,1,'Ladies Port Authority 55/45 poly/cotton woven short sleeve w','L508',12.50,' Medium','',249,NULL),(639,7,1,'Ladies Port Authority 55/45 poly/cotton woven short sleeve w','L508',12.50,' Large','',249,NULL),(640,3,1,'Gildan  Men\'s 100% Cotton pique knit long sleeve polo shirt','3400',12.50,' Large','',250,NULL),(641,2,1,'Gildan Men\'s100% Cotton pique knit short sleeve polo shirt','3800',8.50,' XL','',250,NULL),(642,6,2,'Ladies Port Authority 55/45 poly/cotton woven long sleeve dr','L608',14.00,' XL','',250,NULL),(643,2,1,'Gildan Men\'s100% Cotton pique knit short sleeve polo shirt','3800',8.50,' Medium','',250,NULL),(644,7,4,'Ladies Port Authority 55/45 poly/cotton woven short sleeve w','L508',12.50,' Large','',251,NULL),(645,2,2,'Gildan Men\'s100% Cotton pique knit short sleeve polo shirt','3800',10.50,' XXL','',252,NULL),(646,2,3,'Gildan Men\'s100% Cotton pique knit short sleeve polo shirt','3800',8.50,' XL','',252,NULL),(647,2,3,'Gildan Men\'s100% Cotton pique knit short sleeve polo shirt','3800',8.50,' Large','',252,NULL),(648,2,2,'Gildan Men\'s100% Cotton pique knit short sleeve polo shirt','3800',8.50,' Medium','',252,NULL),(649,2,2,'Gildan Men\'s100% Cotton pique knit short sleeve polo shirt','3800',8.50,' Small','',252,NULL),(650,2,3,'Gildan Men\'s100% Cotton pique knit short sleeve polo shirt','3800',8.50,' Large','',253,NULL),(651,5,1,'Men\'s Port Authority 55/45 poly/cotton short sleeve woven dr','S508',17.50,'5XL','',254,NULL),(652,2,2,'Gildan Men\'s100% Cotton pique knit short sleeve polo shirt','3800',8.50,' XL','',255,NULL),(653,2,2,'Gildan Men\'s100% Cotton pique knit short sleeve polo shirt','3800',8.50,' Large','',255,NULL),(654,2,4,'Gildan Men\'s100% Cotton pique knit short sleeve polo shirt','3800',8.50,' Medium','',255,NULL),(655,2,8,'Gildan Men\'s100% Cotton pique knit short sleeve polo shirt','3800',8.50,' Small','',255,NULL),(656,6,3,'Ladies Port Authority 55/45 poly/cotton woven long sleeve dr','L608',16.00,' XXL','',256,NULL),(657,5,2,'Men\'s Port Authority 55/45 poly/cotton short sleeve woven dr','S508',16.50,'4XL','',257,NULL),(658,4,3,'Men\'s Port Authority 55/45 poly/cotton woven long sleeve dre','S608',14.00,' XL','',258,NULL),(659,6,1,'Ladies Port Authority 55/45 poly/cotton woven long sleeve dr','L608',14.00,' Small','',259,NULL),(660,3,1,'Gildan  Men\'s 100% Cotton pique knit long sleeve polo shirt','3400',12.50,'XS','',259,NULL),(661,5,2,'Men\'s Port Authority 55/45 poly/cotton short sleeve woven dr','S508',12.50,' XL','',260,NULL),(662,6,1,'Ladies Port Authority 55/45 poly/cotton woven long sleeve dr','L608',14.00,' Medium','',261,NULL),(663,2,1,'Gildan Men\'s100% Cotton pique knit short sleeve polo shirt','3800',8.50,' Small','',261,NULL),(664,5,2,'Men\'s Port Authority 55/45 poly/cotton short sleeve woven dr','S508',12.50,' XL','',262,NULL),(665,5,1,'Men\'s Port Authority 55/45 poly/cotton short sleeve woven dr','S508',12.50,' Medium','',263,NULL),(666,7,1,'Ladies Port Authority 55/45 poly/cotton woven short sleeve w','L508',12.50,' XL','',263,NULL),(667,2,3,'Gildan Men\'s100% Cotton pique knit short sleeve polo shirt','3800',11.50,' XXXL','',264,NULL),(668,2,3,'Gildan Men\'s100% Cotton pique knit short sleeve polo shirt','3800',8.50,' Medium','',264,NULL),(669,7,3,'Ladies Port Authority 55/45 poly/cotton woven short sleeve w','L508',12.50,' XL','',264,NULL),(670,7,2,'Ladies Port Authority 55/45 poly/cotton woven short sleeve w','L508',12.50,' Medium','',264,NULL),(671,7,2,'Ladies Port Authority 55/45 poly/cotton woven short sleeve w','L508',12.50,' Large','',264,NULL),(672,6,2,'Ladies Port Authority 55/45 poly/cotton woven long sleeve dr','L608',14.00,' Large','',264,NULL),(673,3,1,'Gildan  Men\'s 100% Cotton pique knit long sleeve polo shirt','3400',12.50,' XL','',265,NULL),(674,3,1,'Gildan  Men\'s 100% Cotton pique knit long sleeve polo shirt','3400',12.50,' Large','',265,NULL),(675,2,3,'Gildan Men\'s100% Cotton pique knit short sleeve polo shirt','3800',8.50,' XL','',265,NULL),(676,2,1,'Gildan Men\'s100% Cotton pique knit short sleeve polo shirt','3800',8.50,' Large','',265,NULL),(677,3,3,'Gildan  Men\'s 100% Cotton pique knit long sleeve polo shirt','3400',12.50,' XL','',266,NULL),(678,2,1,'Gildan Men\'s100% Cotton pique knit short sleeve polo shirt','3800',8.50,' Small','',266,NULL),(679,2,3,'Gildan Men\'s100% Cotton pique knit short sleeve polo shirt','3800',8.50,' XL','',266,NULL),(680,4,1,'Men\'s Port Authority 55/45 poly/cotton woven long sleeve dre','S608',16.00,' XXL','',266,NULL),(681,2,3,'Gildan Men\'s100% Cotton pique knit short sleeve polo shirt','3800',11.50,' XXXL','',266,NULL),(682,4,2,'Men\'s Port Authority 55/45 poly/cotton woven long sleeve dre','S608',14.00,' XL','',267,NULL),(683,2,1,'Gildan Men\'s100% Cotton pique knit short sleeve polo shirt','3800',8.50,' Medium','',268,NULL),(684,2,2,'Gildan Men\'s100% Cotton pique knit short sleeve polo shirt','3800',8.50,' Small','',268,NULL),(685,2,2,'Gildan Men\'s100% Cotton pique knit short sleeve polo shirt','3800',8.50,' Large','',269,NULL),(686,6,1,'Ladies Port Authority 55/45 poly/cotton woven long sleeve dr','L608',14.00,' Large','',269,NULL),(687,7,1,'Ladies Port Authority 55/45 poly/cotton woven short sleeve w','L508',12.50,' Large','',269,NULL),(688,4,1,'Men\'s Port Authority 55/45 poly/cotton woven long sleeve dre','S608',14.00,' XL','',269,NULL),(689,2,3,'Gildan Men\'s100% Cotton pique knit short sleeve polo shirt','3800',8.50,' Medium','',269,NULL),(690,3,4,'Gildan  Men\'s 100% Cotton pique knit long sleeve polo shirt','3400',12.50,' XL','',269,NULL),(691,2,1,'Gildan Men\'s100% Cotton pique knit short sleeve polo shirt','3800',8.50,' XL','',269,NULL),(692,3,1,'Gildan  Men\'s 100% Cotton pique knit long sleeve polo shirt','3400',14.50,' XXL','',269,NULL),(693,2,3,'Gildan Men\'s100% Cotton pique knit short sleeve polo shirt','3800',10.50,' XXL','',269,NULL),(694,3,2,'Gildan  Men\'s 100% Cotton pique knit long sleeve polo shirt','3400',12.50,' Small','',270,NULL),(695,3,1,'Gildan  Men\'s 100% Cotton pique knit long sleeve polo shirt','3400',14.50,' XXL','',271,NULL),(696,4,2,'Men\'s Port Authority 55/45 poly/cotton woven long sleeve dre','S608',16.00,' XXL','',272,NULL),(697,5,4,'Men\'s Port Authority 55/45 poly/cotton short sleeve woven dr','S508',15.50,' XXXL','',273,NULL),(698,4,1,'Men\'s Port Authority 55/45 poly/cotton woven long sleeve dre','S608',17.00,' XXXL','',274,NULL),(699,4,2,'Men\'s Port Authority 55/45 poly/cotton woven long sleeve dre','S608',16.00,' XXL','',275,NULL),(700,4,2,'Men\'s Port Authority 55/45 poly/cotton woven long sleeve dre','S608',18.00,'4XL','',276,NULL),(701,3,3,'Gildan  Men\'s 100% Cotton pique knit long sleeve polo shirt','3400',12.50,' Large','',277,NULL),(702,3,4,'Gildan  Men\'s 100% Cotton pique knit long sleeve polo shirt','3400',12.50,' Medium','',277,NULL),(703,3,1,'Gildan  Men\'s 100% Cotton pique knit long sleeve polo shirt','3400',14.50,' XXL','',277,NULL),(704,3,2,'Gildan  Men\'s 100% Cotton pique knit long sleeve polo shirt','3400',12.50,' Small','',277,NULL),(705,3,1,'Gildan  Men\'s 100% Cotton pique knit long sleeve polo shirt','3400',12.50,' XL','',277,NULL),(706,2,2,'Gildan Men\'s100% Cotton pique knit short sleeve polo shirt','3800',8.50,' Small','',277,NULL),(707,2,2,'Gildan Men\'s100% Cotton pique knit short sleeve polo shirt','3800',8.50,' Medium','',277,NULL),(708,2,3,'Gildan Men\'s100% Cotton pique knit short sleeve polo shirt','3800',10.50,' XXL','',277,NULL),(709,2,7,'Gildan Men\'s100% Cotton pique knit short sleeve polo shirt','3800',8.50,' XL','',277,NULL),(710,2,6,'Gildan Men\'s100% Cotton pique knit short sleeve polo shirt','3800',8.50,' Large','',277,NULL),(711,2,3,'Gildan Men\'s100% Cotton pique knit short sleeve polo shirt','3800',8.50,' XL','',278,NULL),(712,3,5,'Gildan  Men\'s 100% Cotton pique knit long sleeve polo shirt','3400',12.50,' Medium','',279,NULL),(713,6,2,'Ladies Port Authority 55/45 poly/cotton woven long sleeve dr','L608',14.00,' XL','',279,NULL),(714,3,1,'Gildan  Men\'s 100% Cotton pique knit long sleeve polo shirt','3400',12.50,' XL','',280,NULL),(715,3,2,'Gildan  Men\'s 100% Cotton pique knit long sleeve polo shirt','3400',12.50,' Large','',280,NULL),(716,2,1,'Gildan Men\'s100% Cotton pique knit short sleeve polo shirt','3800',8.50,' XL','',280,NULL),(717,2,3,'Gildan Men\'s100% Cotton pique knit short sleeve polo shirt','3800',8.50,' Large','',280,NULL),(718,7,1,'Ladies Port Authority 55/45 poly/cotton woven short sleeve w','L508',12.50,' Large','',280,NULL),(719,6,2,'Ladies Port Authority 55/45 poly/cotton woven long sleeve dr','L608',14.00,' Large','',280,NULL),(720,6,6,'Ladies Port Authority 55/45 poly/cotton woven long sleeve dr','L608',14.00,' XL','',280,NULL),(721,5,1,'Men\'s Port Authority 55/45 poly/cotton short sleeve woven dr','S508',12.50,' XL','',280,NULL),(722,4,1,'Men\'s Port Authority 55/45 poly/cotton woven long sleeve dre','S608',14.00,' XL','',280,NULL),(723,5,2,'Men\'s Port Authority 55/45 poly/cotton short sleeve woven dr','S508',12.50,' XL','',281,NULL),(724,3,4,'Gildan  Men\'s 100% Cotton pique knit long sleeve polo shirt','3400',12.50,' XL','',281,NULL),(725,2,2,'Gildan Men\'s100% Cotton pique knit short sleeve polo shirt','3800',8.50,' Large','',281,NULL),(726,7,2,'Ladies Port Authority 55/45 poly/cotton woven short sleeve w','L508',12.50,' XL','',281,NULL),(727,7,6,'Ladies Port Authority 55/45 poly/cotton woven short sleeve w','L508',12.50,' Large','',282,NULL),(728,5,2,'Men\'s Port Authority 55/45 poly/cotton short sleeve woven dr','S508',12.50,' Large','',283,NULL),(729,2,1,'Gildan Men\'s100% Cotton pique knit short sleeve polo shirt','3800',11.50,' XXXL','',284,NULL),(730,3,1,'Gildan  Men\'s 100% Cotton pique knit long sleeve polo shirt','3400',12.50,' Medium','',284,NULL),(731,2,1,'Gildan Men\'s100% Cotton pique knit short sleeve polo shirt','3800',8.50,' Large','',284,NULL),(732,2,2,'Gildan Men\'s100% Cotton pique knit short sleeve polo shirt','3800',8.50,' Medium','',284,NULL),(733,2,5,'Gildan Men\'s100% Cotton pique knit short sleeve polo shirt','3800',8.50,' Small','',284,NULL),(734,7,5,'Ladies Port Authority 55/45 poly/cotton woven short sleeve w','L508',12.50,' XL','',285,NULL),(735,5,1,'Men\'s Port Authority 55/45 poly/cotton short sleeve woven dr','S508',12.50,' Large','',285,NULL),(736,4,4,'Men\'s Port Authority 55/45 poly/cotton woven long sleeve dre','S608',17.00,' XXXL','',287,NULL),(737,5,4,'Men\'s Port Authority 55/45 poly/cotton short sleeve woven dr','S508',16.50,'4XL','',288,NULL),(738,5,1,'Men\'s Port Authority 55/45 poly/cotton short sleeve woven dr','S508',12.50,' XL','',289,NULL),(739,2,1,'Gildan Men\'s100% Cotton pique knit short sleeve polo shirt','3800',8.50,' XL','',289,NULL),(740,2,2,'Gildan Men\'s100% Cotton pique knit short sleeve polo shirt','3800',10.50,' XXL','',290,NULL),(741,2,2,'Gildan Men\'s100% Cotton pique knit short sleeve polo shirt','3800',8.50,' Large','',290,NULL),(742,2,2,'Gildan Men\'s100% Cotton pique knit short sleeve polo shirt','3800',8.50,' XL','',290,NULL),(743,2,4,'Gildan Men\'s100% Cotton pique knit short sleeve polo shirt','3800',11.50,' XXXL','',290,NULL),(744,6,1,'Ladies Port Authority 55/45 poly/cotton woven long sleeve dr','L608',14.00,' XL','',290,NULL),(745,7,1,'Ladies Port Authority 55/45 poly/cotton woven short sleeve w','L508',12.50,' XL','',290,NULL),(746,6,1,'Ladies Port Authority 55/45 poly/cotton woven long sleeve dr','L608',14.00,' Large','',290,NULL),(747,7,1,'Ladies Port Authority 55/45 poly/cotton woven short sleeve w','L508',12.50,' Large','',290,NULL),(748,6,1,'Ladies Port Authority 55/45 poly/cotton woven long sleeve dr','L608',14.00,' Medium','',290,NULL),(749,7,1,'Ladies Port Authority 55/45 poly/cotton woven short sleeve w','L508',12.50,' Medium','',290,NULL),(750,7,2,'Ladies Port Authority 55/45 poly/cotton woven short sleeve w','L508',16.00,' XXL','',290,NULL),(751,5,5,'Men\'s Port Authority 55/45 poly/cotton short sleeve woven dr','S508',15.50,' XXXL','',290,NULL),(752,2,4,'Gildan Men\'s100% Cotton pique knit short sleeve polo shirt','3800',8.50,' Large','',291,NULL),(753,2,5,'Gildan Men\'s100% Cotton pique knit short sleeve polo shirt','3800',8.50,' XL','',292,NULL),(754,5,3,'Men\'s Port Authority 55/45 poly/cotton short sleeve woven dr','S508',14.50,' XXL','',293,NULL),(755,2,2,'Gildan Men\'s100% Cotton pique knit short sleeve polo shirt','3800',11.50,' XXXL','',293,NULL),(756,7,1,'Ladies Port Authority 55/45 poly/cotton woven short sleeve w','L508',12.50,' Large','',294,NULL),(757,2,2,'Gildan Men\'s100% Cotton pique knit short sleeve polo shirt','3800',11.50,' XXXL','',294,NULL),(758,2,2,'Gildan Men\'s100% Cotton pique knit short sleeve polo shirt','3800',10.50,' XXL','',294,NULL),(759,2,3,'Gildan Men\'s100% Cotton pique knit short sleeve polo shirt','3800',8.50,' XL','',294,NULL),(760,2,6,'Gildan Men\'s100% Cotton pique knit short sleeve polo shirt','3800',8.50,' Large','',294,NULL),(761,2,3,'Gildan Men\'s100% Cotton pique knit short sleeve polo shirt','3800',8.50,' Medium','',294,NULL),(762,2,3,'Gildan Men\'s100% Cotton pique knit short sleeve polo shirt','3800',8.50,' Small','',294,NULL),(763,5,2,'Men\'s Port Authority 55/45 poly/cotton short sleeve woven dr','S508',14.50,' XXL','',295,NULL),(764,5,2,'Men\'s Port Authority 55/45 poly/cotton short sleeve woven dr','S508',14.50,' XXL','',296,NULL),(765,5,2,'Men\'s Port Authority 55/45 poly/cotton short sleeve woven dr','S508',12.50,' XL','',297,NULL),(766,3,1,'Gildan  Men\'s 100% Cotton pique knit long sleeve polo shirt','3400',12.50,' Large','',297,NULL),(767,2,2,'Gildan Men\'s100% Cotton pique knit short sleeve polo shirt','3800',8.50,' Large','',297,NULL),(768,2,8,'Gildan Men\'s100% Cotton pique knit short sleeve polo shirt','3800',8.50,' XL','',297,NULL),(769,7,3,'Ladies Port Authority 55/45 poly/cotton woven short sleeve w','L508',12.50,' Large','',298,NULL),(770,2,3,'Gildan Men\'s100% Cotton pique knit short sleeve polo shirt','3800',8.50,' XL','',299,NULL),(771,4,1,'Men\'s Port Authority 55/45 poly/cotton woven long sleeve dre','S608',16.00,' XXL','',299,NULL),(772,7,4,'Ladies Port Authority 55/45 poly/cotton woven short sleeve w','L508',16.00,' XXL','',299,NULL),(773,4,1,'Men\'s Port Authority 55/45 poly/cotton woven long sleeve dre','S608',17.00,' XXXL','',300,NULL),(774,4,2,'Men\'s Port Authority 55/45 poly/cotton woven long sleeve dre','S608',14.00,' XL','',300,NULL),(775,4,2,'Men\'s Port Authority 55/45 poly/cotton woven long sleeve dre','S608',14.00,' Large','',300,NULL),(776,2,2,'Gildan Men\'s100% Cotton pique knit short sleeve polo shirt','3800',10.50,' XXL','',301,NULL),(777,3,2,'Gildan  Men\'s 100% Cotton pique knit long sleeve polo shirt','3400',12.50,' Medium','',301,NULL),(778,3,1,'Gildan  Men\'s 100% Cotton pique knit long sleeve polo shirt','3400',12.50,' Small','',301,NULL),(779,2,3,'Gildan Men\'s100% Cotton pique knit short sleeve polo shirt','3800',8.50,' Large','',301,NULL),(780,2,3,'Gildan Men\'s100% Cotton pique knit short sleeve polo shirt','3800',8.50,' Small','',301,NULL),(781,3,5,'Gildan  Men\'s 100% Cotton pique knit long sleeve polo shirt','3400',12.50,' XL','',302,NULL),(782,2,6,'Gildan Men\'s100% Cotton pique knit short sleeve polo shirt','3800',10.50,' XXL','',303,NULL),(783,4,2,'Men\'s Port Authority 55/45 poly/cotton woven long sleeve dre','S608',18.00,'4XL','',304,NULL),(784,7,2,'Ladies Port Authority 55/45 poly/cotton woven short sleeve w','L508',12.50,' Small','',305,NULL),(785,6,2,'Ladies Port Authority 55/45 poly/cotton woven long sleeve dr','L608',14.00,'XS','',305,NULL),(786,4,3,'Men\'s Port Authority 55/45 poly/cotton woven long sleeve dre','S608',14.00,' Large','',306,NULL),(787,5,3,'Men\'s Port Authority 55/45 poly/cotton short sleeve woven dr','S508',12.50,' Large','',306,NULL);

--
-- Table structure for table `Shipping`
--

CREATE TABLE `Shipping` (
  `carrier` tinytext,
  `method` tinytext,
  `weight` double(16,2) DEFAULT NULL,
  `price` double(16,2) DEFAULT NULL,
  `record_type` tinyint(4) NOT NULL DEFAULT '0',
  `id` int(11) NOT NULL AUTO_INCREMENT,
  `code` varchar(50) DEFAULT NULL,
  `class` varchar(5) DEFAULT NULL,
  PRIMARY KEY (`id`)
) ENGINE=MyISAM AUTO_INCREMENT=8 DEFAULT CHARSET=latin1;

--
-- Dumping data for table `Shipping`
--

INSERT INTO `Shipping` VALUES (NULL,NULL,0.00,6.00,5,6,NULL,NULL),(NULL,NULL,10000.00,6.00,5,7,NULL,NULL);

--
-- Table structure for table `Shopping`
--

CREATE TABLE `Shopping` (
  `ID` int(11) NOT NULL AUTO_INCREMENT,
  `product` int(11) NOT NULL DEFAULT '0',
  `session` int(11) NOT NULL DEFAULT '0',
  `quantity` int(11) NOT NULL DEFAULT '0',
  `label1` tinytext,
  `sitename` tinytext,
  `label2` tinytext,
  PRIMARY KEY (`ID`),
  KEY `ID` (`ID`)
) ENGINE=MyISAM AUTO_INCREMENT=4 DEFAULT CHARSET=latin1;

--
-- Dumping data for table `Shopping`
--

INSERT INTO `Shopping` VALUES (3,2,1434013112,1,'XS','pamida','');

--
-- Dumping events for database 'pamida'
--

--
-- Dumping routines for database 'pamida'
--


