--
-- Host: localhost    Database: powersstainedglass
-- ------------------------------------------------------


--
-- Table structure for table `Category`
--

CREATE TABLE `Category` (
  `ID` int(11) NOT NULL AUTO_INCREMENT,
  `protected` int(11) NOT NULL DEFAULT '0',
  `display` int(11) NOT NULL DEFAULT '0',
  `next` int(11) NOT NULL DEFAULT '0',
  `child` int(11) NOT NULL DEFAULT '0',
  `description` blob,
  `name` varchar(50) DEFAULT NULL,
  `image` varchar(50) DEFAULT NULL,
  `old_id` smallint(4) NOT NULL DEFAULT '0',
  PRIMARY KEY (`ID`),
  KEY `ID` (`ID`)
) ENGINE=MyISAM AUTO_INCREMENT=30 DEFAULT CHARSET=latin1 PACK_KEYS=1;

--
-- Dumping data for table `Category`
--

INSERT INTO `Category` VALUES (1,0,0,0,16,NULL,'Top Level',NULL,1),(2,0,6,13,0,'','Southwestern','',2),(24,0,4,26,0,'Owners Tony Powers, Chris Powers and John Powers','About Us','DSC00409_(2).jpg',0),(7,0,6,9,0,'','Commercial','',7),(9,0,6,2,0,'abstact front entry','Residences','laskowski_front_entry_2.jpg',0),(16,0,6,7,0,'','Religious ','',0),(13,0,6,24,0,'','Art Glass','sailboat1.jpg',0),(26,0,4,0,0,'Specializing in restoration of old and new stained glass windows. We also can repair a broken stained glass window. More than 30 years in the stained glass business. Residential and commercial contractor license (glazing). Call us at 480-941-8272 or email us at info@powersstainedglass.com for a quote.','Repair/Restoration','creation.JPG',0);

--
-- Table structure for table `Configuration`
--

CREATE TABLE `Configuration` (
  `ID` int(11) NOT NULL DEFAULT '0',
  `bgcolor` varchar(50) DEFAULT NULL,
  `textcolor` varchar(50) DEFAULT NULL,
  `textcolor2` varchar(50) DEFAULT NULL,
  `bgcolor2` varchar(50) DEFAULT NULL,
  `alloworder` smallint(6) DEFAULT NULL,
  `button` smallint(6) DEFAULT NULL,
  `custom` smallint(6) DEFAULT NULL,
  `nextpage` varchar(50) DEFAULT NULL,
  `bgimage` varchar(50) DEFAULT NULL,
  `linkcolor` varchar(50) DEFAULT NULL,
  `font` varchar(50) DEFAULT NULL,
  `sort` smallint(6) DEFAULT NULL,
  `title` text,
  `meta_description` text,
  `meta_keywords` text,
  `payment_type` text,
  `products_per_page` smallint(6) DEFAULT NULL,
  `border` smallint(6) DEFAULT NULL,
  `fontsize` varchar(50) DEFAULT NULL,
  `layout` int(11) NOT NULL DEFAULT '0',
  `header` int(11) NOT NULL DEFAULT '0',
  `customheader` blob,
  `footer` blob,
  `companyname` varchar(50) DEFAULT NULL,
  `hours` varchar(50) DEFAULT NULL,
  `message` blob,
  `tax` varchar(50) DEFAULT NULL,
  `country` varchar(50) DEFAULT NULL,
  `phone` varchar(50) DEFAULT NULL,
  `fax` varchar(50) DEFAULT NULL,
  `orderemail` varchar(50) DEFAULT NULL,
  `contactemail` varchar(50) DEFAULT NULL,
  `address` varchar(255) DEFAULT NULL,
  `city` varchar(50) DEFAULT NULL,
  `state` varchar(50) DEFAULT NULL,
  `zip` varchar(50) DEFAULT NULL,
  `shipping_method` tinyint(4) NOT NULL DEFAULT '0',
  `wizard_state` tinyint(4) NOT NULL DEFAULT '0',
  `ship_msg` blob,
  `mail_msg` blob,
  `display_sku` tinyint(4) NOT NULL DEFAULT '0',
  `signiologin` tinytext,
  `realtime` tinyint(4) NOT NULL DEFAULT '0',
  `signiopassword` tinytext,
  `signioport` smallint(6) NOT NULL DEFAULT '443',
  `signiohost` text,
  `side_links` tinyint(4) NOT NULL DEFAULT '1',
  `use_thumbnails` tinyint(4) NOT NULL DEFAULT '0',
  `use_mailing_list` tinyint(4) NOT NULL DEFAULT '1',
  `use_email_to_friend` tinyint(4) DEFAULT '0',
  `align` text,
  `page_size` text,
  `intershipper_username` varchar(100) DEFAULT NULL,
  `intershipper_password` varchar(100) DEFAULT NULL,
  `gateway` varchar(50) DEFAULT NULL,
  `gatewayuserid` varchar(100) DEFAULT NULL,
  `gatewaypass` varchar(100) DEFAULT NULL,
  `disableimagelist` tinyint(4) DEFAULT NULL,
  `customside` blob,
  PRIMARY KEY (`ID`),
  KEY `ID` (`ID`)
) ENGINE=MyISAM DEFAULT CHARSET=latin1 PACK_KEYS=1;

--
-- Dumping data for table `Configuration`
--

INSERT INTO `Configuration` VALUES (1,'Black','GhostWhite','GhostWhite','Black',1,NULL,0,NULL,'','PaleTurquoise','Trebuchet MS',1,'Powers Stained Glass','Powers Stained Glass specializes in custom stained glass for homes, churches, and businesses. We offer services in repair and restoration. We teach classes locally.\r\n\r\n','glass,Stained Glass,powers,phoenix,restoration,powers brothers,religious,best,glass repair,arizona,classes,fused,scottsdale,stained glass classes,church,interiors','visa,mastercard,american express',0,0,'3',0,3,' ',' ','Powers Stained Glass',' Hours: Mon-Sat 8-2 and by appointment. ','Short on Time? Send us a picture with dimensions and email to info@powersstainedglass.com .  We will respond quickly to get your project started. ','0.071','US','480.941.8272','480.941.8272','info@powersstainedglass.com','info@powersstainedglass.com','7124 East Thomas Road','Scottsdale','AZ','85251',3,10,'When placing a class order please select - same as above- for shipping information. \r\nThanks!','Thank you very much for visiting Powers Stained Glass. We look forward to meeting you. If you have any questions, please contact us at 480-941-8272 or email us at powersbr@qwestoffice.net\r\nSee you soon!',0,NULL,0,NULL,443,NULL,0,0,1,0,'center','100%',NULL,NULL,'AuthorizeNet','','',0,' ');

--
-- Table structure for table `Customer`
--

CREATE TABLE `Customer` (
  `ID` int(11) NOT NULL AUTO_INCREMENT,
  `firstname` varchar(50) DEFAULT NULL,
  `lastname` varchar(50) DEFAULT NULL,
  `email` varchar(50) DEFAULT NULL,
  `address` varchar(255) DEFAULT NULL,
  `city` varchar(50) DEFAULT NULL,
  `state` varchar(50) DEFAULT NULL,
  `country` varchar(50) DEFAULT NULL,
  `zip` varchar(50) DEFAULT NULL,
  `phone` varchar(50) DEFAULT NULL,
  `fax` varchar(50) DEFAULT NULL,
  `entrydate` datetime DEFAULT NULL,
  `creditcard` varchar(50) DEFAULT NULL,
  `expiration` date DEFAULT NULL,
  `notify` smallint(6) DEFAULT NULL,
  `sex` varchar(50) DEFAULT NULL,
  `type` int(11) NOT NULL DEFAULT '0',
  `creditcardtype` varchar(50) DEFAULT NULL,
  `companyname` varchar(50) DEFAULT NULL,
  `issuingbank` varchar(50) DEFAULT NULL,
  `businessname` varchar(50) DEFAULT NULL,
  `typeofbusiness` varchar(50) DEFAULT NULL,
  `referrer` varchar(50) DEFAULT NULL,
  `password` text NOT NULL,
  `age` int(11) NOT NULL DEFAULT '0',
  `visits` int(11) NOT NULL DEFAULT '0',
  PRIMARY KEY (`ID`),
  KEY `ID` (`ID`)
) ENGINE=MyISAM AUTO_INCREMENT=677 DEFAULT CHARSET=latin1 PACK_KEYS=1;

--
-- Dumping data for table `Customer`
--

INSERT INTO `Customer` VALUES (1,'Edward','A.','red1devens@aol.com',NULL,NULL,NULL,NULL,NULL,NULL,NULL,NULL,NULL,NULL,NULL,NULL,0,NULL,NULL,NULL,NULL,NULL,NULL,'',0,0),(2,'Mar','','marjawim@euronet.nl',NULL,NULL,NULL,NULL,NULL,NULL,NULL,NULL,NULL,NULL,NULL,NULL,0,NULL,NULL,NULL,NULL,NULL,NULL,'',0,0),(3,'cheryl','sieracki','wanda_sworld@yahoo.com',NULL,NULL,NULL,NULL,NULL,NULL,NULL,NULL,NULL,NULL,NULL,NULL,0,NULL,NULL,NULL,NULL,NULL,NULL,'',0,0),(4,'Vickie','Armstrong','vickie@connico.net',NULL,NULL,NULL,NULL,NULL,NULL,NULL,NULL,NULL,NULL,NULL,NULL,0,NULL,NULL,NULL,NULL,NULL,NULL,'',0,0),(5,'JULIE','','JASi@prodigy.net',NULL,NULL,NULL,NULL,NULL,NULL,NULL,NULL,NULL,NULL,NULL,NULL,0,NULL,NULL,NULL,NULL,NULL,NULL,'',0,0),(6,'SUSAN','FAKTOR','gar3tim@aol.com',NULL,NULL,NULL,NULL,NULL,NULL,NULL,NULL,NULL,NULL,NULL,NULL,0,NULL,NULL,NULL,NULL,NULL,NULL,'',0,0),(7,'Shiela','Weehunt','sweehunt@zianet.com',NULL,NULL,NULL,NULL,NULL,NULL,NULL,NULL,NULL,NULL,NULL,NULL,0,NULL,NULL,NULL,NULL,NULL,NULL,'',0,0),(8,'Benton','Heglie','bheglie@blueguru.com',NULL,NULL,NULL,NULL,NULL,NULL,NULL,NULL,NULL,NULL,NULL,NULL,0,NULL,NULL,NULL,NULL,NULL,NULL,'',0,0),(9,'Benton','Heglie','bheglie@blueguru.com',NULL,NULL,NULL,NULL,NULL,NULL,NULL,NULL,NULL,NULL,NULL,NULL,0,NULL,NULL,NULL,NULL,NULL,NULL,'',0,0),(10,'Chris','Chatenka','Chris Chatenka@email.msn.com',NULL,NULL,NULL,NULL,NULL,NULL,NULL,NULL,NULL,NULL,NULL,NULL,0,NULL,NULL,NULL,NULL,NULL,NULL,'',0,0),(11,'Debbie','Heffron','heffrodl@bp.com',NULL,NULL,NULL,NULL,NULL,NULL,NULL,NULL,NULL,NULL,NULL,NULL,0,NULL,NULL,NULL,NULL,NULL,NULL,'',0,0),(12,'S','James','norahs711@aol.com',NULL,NULL,NULL,NULL,NULL,NULL,NULL,NULL,NULL,NULL,NULL,NULL,0,NULL,NULL,NULL,NULL,NULL,NULL,'',0,0),(13,'B.Patashnik','','Glassofc@aol.com',NULL,NULL,NULL,NULL,NULL,NULL,NULL,NULL,NULL,NULL,NULL,NULL,0,NULL,NULL,NULL,NULL,NULL,NULL,'',0,0),(14,'Dalene','Reese','dalener@cybertrails.com',NULL,NULL,NULL,NULL,NULL,NULL,NULL,NULL,NULL,NULL,NULL,NULL,0,NULL,NULL,NULL,NULL,NULL,NULL,'',0,0),(15,'Lora','L.','tpr2llr@aol.com',NULL,NULL,NULL,NULL,NULL,NULL,NULL,NULL,NULL,NULL,NULL,NULL,0,NULL,NULL,NULL,NULL,NULL,NULL,'',0,0),(16,'Sandi','Drury','NASTYCREEK@AOL.COM',NULL,NULL,NULL,NULL,NULL,NULL,NULL,NULL,NULL,NULL,NULL,NULL,0,NULL,NULL,NULL,NULL,NULL,NULL,'',0,0),(17,'Beverley','Long','blong@hurontario.net',NULL,NULL,NULL,NULL,NULL,NULL,NULL,NULL,NULL,NULL,NULL,NULL,0,NULL,NULL,NULL,NULL,NULL,NULL,'',0,0),(18,'Lisa','Burns','azureskystudio@yahoo.com',NULL,NULL,NULL,NULL,NULL,NULL,NULL,NULL,NULL,NULL,NULL,NULL,0,NULL,NULL,NULL,NULL,NULL,NULL,'',0,0),(19,'Dawn','Kizer','Tarra3@aol.com',NULL,NULL,NULL,NULL,NULL,NULL,NULL,NULL,NULL,NULL,NULL,NULL,0,NULL,NULL,NULL,NULL,NULL,NULL,'',0,0),(20,'Edward','A.','red1devens@aol.com',NULL,NULL,NULL,NULL,NULL,NULL,NULL,NULL,NULL,NULL,NULL,NULL,0,NULL,NULL,NULL,NULL,NULL,NULL,'',0,0),(21,'Audrey','Grant','mgag@gateway.net',NULL,NULL,NULL,NULL,NULL,NULL,NULL,NULL,NULL,NULL,NULL,NULL,0,NULL,NULL,NULL,NULL,NULL,NULL,'',0,0),(22,'Audrey','Grant','mgag@gateway.net',NULL,NULL,NULL,NULL,NULL,NULL,NULL,NULL,NULL,NULL,NULL,NULL,0,NULL,NULL,NULL,NULL,NULL,NULL,'',0,0),(23,'michele','cline','ryancline17@aol.com',NULL,NULL,NULL,NULL,NULL,NULL,NULL,NULL,NULL,NULL,NULL,NULL,0,NULL,NULL,NULL,NULL,NULL,NULL,'',0,0),(24,'Mike','Green','witeagle@flash.net',NULL,NULL,NULL,NULL,NULL,NULL,NULL,NULL,NULL,NULL,NULL,NULL,0,NULL,NULL,NULL,NULL,NULL,NULL,'',0,0),(25,'sue','friell','dsfriell@aol.com',NULL,NULL,NULL,NULL,NULL,NULL,NULL,NULL,NULL,NULL,NULL,NULL,0,NULL,NULL,NULL,NULL,NULL,NULL,'',0,0),(26,'Elizabeth','Powell','lizmo13@hotmail.com',NULL,NULL,NULL,NULL,NULL,NULL,NULL,NULL,NULL,NULL,NULL,NULL,0,NULL,NULL,NULL,NULL,NULL,NULL,'',0,0),(27,'Sandy','','DandSpainting@aol.com',NULL,NULL,NULL,NULL,NULL,NULL,NULL,NULL,NULL,NULL,NULL,NULL,0,NULL,NULL,NULL,NULL,NULL,NULL,'',0,0),(28,'Wanda','Stoberl','wstoberl@prairie.lakes.com',NULL,NULL,NULL,NULL,NULL,NULL,NULL,NULL,NULL,NULL,NULL,NULL,0,NULL,NULL,NULL,NULL,NULL,NULL,'',0,0),(29,'Gregg','M','gregg@mscookie.com',NULL,NULL,NULL,NULL,NULL,NULL,NULL,NULL,NULL,NULL,NULL,NULL,0,NULL,NULL,NULL,NULL,NULL,NULL,'',0,0),(30,'Monica','Williams','Monica2@OneMain.com',NULL,NULL,NULL,NULL,NULL,NULL,NULL,NULL,NULL,NULL,NULL,NULL,0,NULL,NULL,NULL,NULL,NULL,NULL,'',0,0),(31,'Mary','Lou','maryloueveland@home.com',NULL,NULL,NULL,NULL,NULL,NULL,NULL,NULL,NULL,NULL,NULL,NULL,0,NULL,NULL,NULL,NULL,NULL,NULL,'',0,0),(32,'bernadette','tonry','bttonry@aol.com',NULL,NULL,NULL,NULL,NULL,NULL,NULL,NULL,NULL,NULL,NULL,NULL,0,NULL,NULL,NULL,NULL,NULL,NULL,'',0,0),(33,'Barb','Pickering','bap6310@aol.com',NULL,NULL,NULL,NULL,NULL,NULL,NULL,NULL,NULL,NULL,NULL,NULL,0,NULL,NULL,NULL,NULL,NULL,NULL,'',0,0),(34,'Judy','Chiki','chiki@sask.usask.ca',NULL,NULL,NULL,NULL,NULL,NULL,NULL,NULL,NULL,NULL,NULL,NULL,0,NULL,NULL,NULL,NULL,NULL,NULL,'',0,0),(35,'Mike','Allen','dircom@erols.com',NULL,NULL,NULL,NULL,NULL,NULL,NULL,NULL,NULL,NULL,NULL,NULL,0,NULL,NULL,NULL,NULL,NULL,NULL,'',0,0),(36,'Debbie','Fisch','terriblyrabid@att.net',NULL,NULL,NULL,NULL,NULL,NULL,NULL,NULL,NULL,NULL,NULL,NULL,0,NULL,NULL,NULL,NULL,NULL,NULL,'',0,0),(37,'Bonnie','L.','bonnieb@accs.com',NULL,NULL,NULL,NULL,NULL,NULL,NULL,NULL,NULL,NULL,NULL,NULL,0,NULL,NULL,NULL,NULL,NULL,NULL,'',0,0),(38,'Nancy','Claman','clamandc@wyoming.com',NULL,NULL,NULL,NULL,NULL,NULL,NULL,NULL,NULL,NULL,NULL,NULL,0,NULL,NULL,NULL,NULL,NULL,NULL,'',0,0),(39,'MARC','KIRKS','MKIRKS@AOL.COM',NULL,NULL,NULL,NULL,NULL,NULL,NULL,NULL,NULL,NULL,NULL,NULL,0,NULL,NULL,NULL,NULL,NULL,NULL,'',0,0),(40,'Bob','Dietz','rydietz',NULL,NULL,NULL,NULL,NULL,NULL,NULL,NULL,NULL,NULL,NULL,NULL,0,NULL,NULL,NULL,NULL,NULL,NULL,'',0,0),(41,'Bob','Dietz','rydietz@itol.com',NULL,NULL,NULL,NULL,NULL,NULL,NULL,NULL,NULL,NULL,NULL,NULL,0,NULL,NULL,NULL,NULL,NULL,NULL,'',0,0),(42,'Linda','McLaughlin','ljmcl@home.com',NULL,NULL,NULL,NULL,NULL,NULL,NULL,NULL,NULL,NULL,NULL,NULL,0,NULL,NULL,NULL,NULL,NULL,NULL,'',0,0),(43,'Pablo','Medina','yollokalli@yahoo.com',NULL,NULL,NULL,NULL,NULL,NULL,NULL,NULL,NULL,NULL,NULL,NULL,0,NULL,NULL,NULL,NULL,NULL,NULL,'',0,0),(44,'Delphia','Grier','delphiag@home.com',NULL,NULL,NULL,NULL,NULL,NULL,NULL,NULL,NULL,NULL,NULL,NULL,0,NULL,NULL,NULL,NULL,NULL,NULL,'',0,0),(45,'Dawn','Kizer','Tarra3@aol.com',NULL,NULL,NULL,NULL,NULL,NULL,NULL,NULL,NULL,NULL,NULL,NULL,0,NULL,NULL,NULL,NULL,NULL,NULL,'',0,0),(46,'Edward','A.','red1devens@aol.com',NULL,NULL,NULL,NULL,NULL,NULL,NULL,NULL,NULL,NULL,NULL,NULL,0,NULL,NULL,NULL,NULL,NULL,NULL,'',0,0),(47,'Angela','Deem','gearheadsgohike@aol.com',NULL,NULL,NULL,NULL,NULL,NULL,NULL,NULL,NULL,NULL,NULL,NULL,0,NULL,NULL,NULL,NULL,NULL,NULL,'',0,0),(48,'Jeannie','Flechsenhar','jflaxy@yahoo.com',NULL,NULL,NULL,NULL,NULL,NULL,NULL,NULL,NULL,NULL,NULL,NULL,0,NULL,NULL,NULL,NULL,NULL,NULL,'',0,0),(49,'Edward','A.','Red1devens@aol.com',NULL,NULL,NULL,NULL,NULL,NULL,NULL,NULL,NULL,NULL,NULL,NULL,0,NULL,NULL,NULL,NULL,NULL,NULL,'',0,0),(50,'Patricia','L','pjgordon@atnet.net',NULL,NULL,NULL,NULL,NULL,NULL,NULL,NULL,NULL,NULL,NULL,NULL,0,NULL,NULL,NULL,NULL,NULL,NULL,'',0,0),(51,'Little','Buddy','homee81@home.com',NULL,NULL,NULL,NULL,NULL,NULL,NULL,NULL,NULL,NULL,NULL,NULL,0,NULL,NULL,NULL,NULL,NULL,NULL,'',0,0),(52,'tina','newton','Stuwnewton@aol.com',NULL,NULL,NULL,NULL,NULL,NULL,NULL,NULL,NULL,NULL,NULL,NULL,0,NULL,NULL,NULL,NULL,NULL,NULL,'',0,0),(53,'Debbie','Ziegler','Scotidg@aol.com',NULL,NULL,NULL,NULL,NULL,NULL,NULL,NULL,NULL,NULL,NULL,NULL,0,NULL,NULL,NULL,NULL,NULL,NULL,'',0,0),(54,'Edward','A.','red1devens@aol.com',NULL,NULL,NULL,NULL,NULL,NULL,NULL,NULL,NULL,NULL,NULL,NULL,0,NULL,NULL,NULL,NULL,NULL,NULL,'',0,0),(55,'Jan','Jordan','jan146@webtv.net',NULL,NULL,NULL,NULL,NULL,NULL,NULL,NULL,NULL,NULL,NULL,NULL,0,NULL,NULL,NULL,NULL,NULL,NULL,'',0,0),(56,'Shanwynn','McAlinden','quality@acenet.co.za',NULL,NULL,NULL,NULL,NULL,NULL,NULL,NULL,NULL,NULL,NULL,NULL,0,NULL,NULL,NULL,NULL,NULL,NULL,'',0,0),(57,'Jane','Hendershott','jhendershott1@home.com',NULL,NULL,NULL,NULL,NULL,NULL,NULL,NULL,NULL,NULL,NULL,NULL,0,NULL,NULL,NULL,NULL,NULL,NULL,'',0,0),(58,'Liz','Whisenhunt','jackliz68@hotmail.com',NULL,NULL,NULL,NULL,NULL,NULL,NULL,NULL,NULL,NULL,NULL,NULL,0,NULL,NULL,NULL,NULL,NULL,NULL,'',0,0),(59,'Ted','Wayt','wembud@aol.com',NULL,NULL,NULL,NULL,NULL,NULL,NULL,NULL,NULL,NULL,NULL,NULL,0,NULL,NULL,NULL,NULL,NULL,NULL,'',0,0),(60,'Charleston','Leaded','bbacleveland@cs.com',NULL,NULL,NULL,NULL,NULL,NULL,NULL,NULL,NULL,NULL,NULL,NULL,0,NULL,NULL,NULL,NULL,NULL,NULL,'',0,0),(61,'Susan','Engel','sooznpea@engelstrategiesgroup.com',NULL,NULL,NULL,NULL,NULL,NULL,NULL,NULL,NULL,NULL,NULL,NULL,0,NULL,NULL,NULL,NULL,NULL,NULL,'',0,0),(62,'Ken','Mundelius','tthorn611@aol.com',NULL,NULL,NULL,NULL,NULL,NULL,NULL,NULL,NULL,NULL,NULL,NULL,0,NULL,NULL,NULL,NULL,NULL,NULL,'',0,0),(63,'Lorna','Lovell','lorna@uroboros.com',NULL,NULL,NULL,NULL,NULL,NULL,NULL,NULL,NULL,NULL,NULL,NULL,0,NULL,NULL,NULL,NULL,NULL,NULL,'',0,0),(64,'Barbara','Guillot','bbguillot@msn.com',NULL,NULL,NULL,NULL,NULL,NULL,NULL,NULL,NULL,NULL,NULL,NULL,0,NULL,NULL,NULL,NULL,NULL,NULL,'',0,0),(65,'john','swadden','glassman@telus.net',NULL,NULL,NULL,NULL,NULL,NULL,NULL,NULL,NULL,NULL,NULL,NULL,0,NULL,NULL,NULL,NULL,NULL,NULL,'',0,0),(66,'Lee','Hubbard','lchubbard@aol.com',NULL,NULL,NULL,NULL,NULL,NULL,NULL,NULL,NULL,NULL,NULL,NULL,0,NULL,NULL,NULL,NULL,NULL,NULL,'',0,0),(67,'Elisa','Later','elisafaith13@yahoo.com',NULL,NULL,NULL,NULL,NULL,NULL,NULL,NULL,NULL,NULL,NULL,NULL,0,NULL,NULL,NULL,NULL,NULL,NULL,'',0,0),(68,'Trudy','','edrban@aol.com',NULL,NULL,NULL,NULL,NULL,NULL,NULL,NULL,NULL,NULL,NULL,NULL,0,NULL,NULL,NULL,NULL,NULL,NULL,'',0,0),(69,'Tina','Newton','stuwnewton@aol.com',NULL,NULL,NULL,NULL,NULL,NULL,NULL,NULL,NULL,NULL,NULL,NULL,0,NULL,NULL,NULL,NULL,NULL,NULL,'',0,0),(70,'Diane','Mathus-Nagano','mathusnagano@home.com',NULL,NULL,NULL,NULL,NULL,NULL,NULL,NULL,NULL,NULL,NULL,NULL,0,NULL,NULL,NULL,NULL,NULL,NULL,'',0,0),(71,'jim','obrien','jobrien4@twcny.rr,com',NULL,NULL,NULL,NULL,NULL,NULL,NULL,NULL,NULL,NULL,NULL,NULL,0,NULL,NULL,NULL,NULL,NULL,NULL,'',0,0),(72,'Patrick','Hinsby','Hensbee@aol.com',NULL,NULL,NULL,NULL,NULL,NULL,NULL,NULL,NULL,NULL,NULL,NULL,0,NULL,NULL,NULL,NULL,NULL,NULL,'',0,0),(73,'phillip','guettler','phildirt@bellsouth.net',NULL,NULL,NULL,NULL,NULL,NULL,NULL,NULL,NULL,NULL,NULL,NULL,0,NULL,NULL,NULL,NULL,NULL,NULL,'',0,0),(74,'Robbin','','rvallee@shaw.ca',NULL,NULL,NULL,NULL,NULL,NULL,NULL,NULL,NULL,NULL,NULL,NULL,0,NULL,NULL,NULL,NULL,NULL,NULL,'',0,0),(75,'lana','j.','CHEESEHEAD MI.AOL.com',NULL,NULL,NULL,NULL,NULL,NULL,NULL,NULL,NULL,NULL,NULL,NULL,0,NULL,NULL,NULL,NULL,NULL,NULL,'',0,0),(76,'KAREN','WEHR','spud12@ev1.net',NULL,NULL,NULL,NULL,NULL,NULL,NULL,NULL,NULL,NULL,NULL,NULL,0,NULL,NULL,NULL,NULL,NULL,NULL,'',0,0),(77,'Lorrie','','lorriewebster@hotmail.com',NULL,NULL,NULL,NULL,NULL,NULL,NULL,NULL,NULL,NULL,NULL,NULL,0,NULL,NULL,NULL,NULL,NULL,NULL,'',0,0),(78,'B.J.','Hann','bjhann@telocity.com',NULL,NULL,NULL,NULL,NULL,NULL,NULL,NULL,NULL,NULL,NULL,NULL,0,NULL,NULL,NULL,NULL,NULL,NULL,'',0,0),(79,'D','Steen','SunSrfSan@aol.com',NULL,NULL,NULL,NULL,NULL,NULL,NULL,NULL,NULL,NULL,NULL,NULL,0,NULL,NULL,NULL,NULL,NULL,NULL,'',0,0),(80,'Marie','Sims','einsight@att.net',NULL,NULL,NULL,NULL,NULL,NULL,NULL,NULL,NULL,NULL,NULL,NULL,0,NULL,NULL,NULL,NULL,NULL,NULL,'',0,0),(81,'Peggy','Langdon','senorapeggyl@yahoo.com',NULL,NULL,NULL,NULL,NULL,NULL,NULL,NULL,NULL,NULL,NULL,NULL,0,NULL,NULL,NULL,NULL,NULL,NULL,'',0,0),(82,'Teresa','Carlile','dc@theshop.net',NULL,NULL,NULL,NULL,NULL,NULL,NULL,NULL,NULL,NULL,NULL,NULL,0,NULL,NULL,NULL,NULL,NULL,NULL,'',0,0),(83,'hal','slone','hwslone@hotmail.com',NULL,NULL,NULL,NULL,NULL,NULL,NULL,NULL,NULL,NULL,NULL,NULL,0,NULL,NULL,NULL,NULL,NULL,NULL,'',0,0),(84,'Cathy','Langdale','VLL11691@aol.com',NULL,NULL,NULL,NULL,NULL,NULL,NULL,NULL,NULL,NULL,NULL,NULL,0,NULL,NULL,NULL,NULL,NULL,NULL,'',0,0),(85,'Carolyn','Butler','cjbaphar7@cs.com',NULL,NULL,NULL,NULL,NULL,NULL,NULL,NULL,NULL,NULL,NULL,NULL,0,NULL,NULL,NULL,NULL,NULL,NULL,'',0,0),(86,'Heidi','Wise','Fogbound101@AOL',NULL,NULL,NULL,NULL,NULL,NULL,NULL,NULL,NULL,NULL,NULL,NULL,0,NULL,NULL,NULL,NULL,NULL,NULL,'',0,0),(87,'Gina','Barborek','gbarborek@aol.com',NULL,NULL,NULL,NULL,NULL,NULL,NULL,NULL,NULL,NULL,NULL,NULL,0,NULL,NULL,NULL,NULL,NULL,NULL,'',0,0),(88,'Gale','Rader','Radrader@msn.com',NULL,NULL,NULL,NULL,NULL,NULL,NULL,NULL,NULL,NULL,NULL,NULL,0,NULL,NULL,NULL,NULL,NULL,NULL,'',0,0),(89,'Ed','Rico','red1devens@aol.com',NULL,NULL,NULL,NULL,NULL,NULL,NULL,NULL,NULL,NULL,NULL,NULL,0,NULL,NULL,NULL,NULL,NULL,NULL,'',0,0),(90,'Kara','','danispirit7@cs.com',NULL,NULL,NULL,NULL,NULL,NULL,NULL,NULL,NULL,NULL,NULL,NULL,0,NULL,NULL,NULL,NULL,NULL,NULL,'',0,0),(91,'Lee','Hubbard','lchubbard@aol.com',NULL,NULL,NULL,NULL,NULL,NULL,NULL,NULL,NULL,NULL,NULL,NULL,0,NULL,NULL,NULL,NULL,NULL,NULL,'',0,0),(92,'\"Billygoat\"','','nickieag@yahoo.com',NULL,NULL,NULL,NULL,NULL,NULL,NULL,NULL,NULL,NULL,NULL,NULL,0,NULL,NULL,NULL,NULL,NULL,NULL,'',0,0),(93,'Brian','Lensink','blensink@earthlink.net',NULL,NULL,NULL,NULL,NULL,NULL,NULL,NULL,NULL,NULL,NULL,NULL,0,NULL,NULL,NULL,NULL,NULL,NULL,'',0,0),(94,'Denise','Branam','Branam1420@aol.com',NULL,NULL,NULL,NULL,NULL,NULL,NULL,NULL,NULL,NULL,NULL,NULL,0,NULL,NULL,NULL,NULL,NULL,NULL,'',0,0),(95,'Char','Sanchez','char.sanchez@varianinc.com',NULL,NULL,NULL,NULL,NULL,NULL,NULL,NULL,NULL,NULL,NULL,NULL,0,NULL,NULL,NULL,NULL,NULL,NULL,'',0,0),(96,'Kathy','','wtrcolrst@aol.com',NULL,NULL,NULL,NULL,NULL,NULL,NULL,NULL,NULL,NULL,NULL,NULL,0,NULL,NULL,NULL,NULL,NULL,NULL,'',0,0),(97,'ashley','kemper','bigred_31@hotmail.com',NULL,NULL,NULL,NULL,NULL,NULL,NULL,NULL,NULL,NULL,NULL,NULL,0,NULL,NULL,NULL,NULL,NULL,NULL,'',0,0),(98,'Annie','Weckwerth','nrgman@attbi.com',NULL,NULL,NULL,NULL,NULL,NULL,NULL,NULL,NULL,NULL,NULL,NULL,0,NULL,NULL,NULL,NULL,NULL,NULL,'',0,0),(99,'Cathy','Clark','caclarkfran@msn.com',NULL,NULL,NULL,NULL,NULL,NULL,NULL,NULL,NULL,NULL,NULL,NULL,0,NULL,NULL,NULL,NULL,NULL,NULL,'',0,0),(100,'Kari','','bad.bullies@verizon.net',NULL,NULL,NULL,NULL,NULL,NULL,NULL,NULL,NULL,NULL,NULL,NULL,0,NULL,NULL,NULL,NULL,NULL,NULL,'',0,0),(101,'cathie','conzemius','wlarew@earthlink.net',NULL,NULL,NULL,NULL,NULL,NULL,NULL,NULL,NULL,NULL,NULL,NULL,0,NULL,NULL,NULL,NULL,NULL,NULL,'',0,0),(102,'Dennis','McCue','grandop@attbi.com',NULL,NULL,NULL,NULL,NULL,NULL,NULL,NULL,NULL,NULL,NULL,NULL,0,NULL,NULL,NULL,NULL,NULL,NULL,'',0,0),(103,'Connie','Reed','sonnie72638@yahoo.com',NULL,NULL,NULL,NULL,NULL,NULL,NULL,NULL,NULL,NULL,NULL,NULL,0,NULL,NULL,NULL,NULL,NULL,NULL,'',0,0),(104,'Amy','Spencer','PawneeHawk@aol.com',NULL,NULL,NULL,NULL,NULL,NULL,NULL,NULL,NULL,NULL,NULL,NULL,0,NULL,NULL,NULL,NULL,NULL,NULL,'',0,0),(105,'Chelsea','Weimer','chels_maxson@hotmail.com',NULL,NULL,NULL,NULL,NULL,NULL,NULL,NULL,NULL,NULL,NULL,NULL,0,NULL,NULL,NULL,NULL,NULL,NULL,'',0,0),(106,'cindy','steel','imsteel@cox.net',NULL,NULL,NULL,NULL,NULL,NULL,NULL,NULL,NULL,NULL,NULL,NULL,0,NULL,NULL,NULL,NULL,NULL,NULL,'',0,0),(107,'Kacy','Alexander','kalexander@safenetenvironmental.com',NULL,NULL,NULL,NULL,NULL,NULL,NULL,NULL,NULL,NULL,NULL,NULL,0,NULL,NULL,NULL,NULL,NULL,NULL,'',0,0),(108,'artur','','5935',NULL,NULL,NULL,NULL,NULL,NULL,NULL,NULL,NULL,NULL,NULL,NULL,0,NULL,NULL,NULL,NULL,NULL,NULL,'',0,0),(109,'artur','','5935',NULL,NULL,NULL,NULL,NULL,NULL,NULL,NULL,NULL,NULL,NULL,NULL,0,NULL,NULL,NULL,NULL,NULL,NULL,'',0,0),(110,'Debbie','','debskelton@mac.com',NULL,NULL,NULL,NULL,NULL,NULL,NULL,NULL,NULL,NULL,NULL,NULL,0,NULL,NULL,NULL,NULL,NULL,NULL,'',0,0),(111,'Chelsea','Weimer','chels_maxson@hotmail.com',NULL,NULL,NULL,NULL,NULL,NULL,NULL,NULL,NULL,NULL,NULL,NULL,0,NULL,NULL,NULL,NULL,NULL,NULL,'',0,0),(112,'Estela','Lankford','aandepec@earthlink.net',NULL,NULL,NULL,NULL,NULL,NULL,NULL,NULL,NULL,NULL,NULL,NULL,0,NULL,NULL,NULL,NULL,NULL,NULL,'',0,0),(113,'Denise','Branam','Branam1420@aol.com',NULL,NULL,NULL,NULL,NULL,NULL,NULL,NULL,NULL,NULL,NULL,NULL,0,NULL,NULL,NULL,NULL,NULL,NULL,'',0,0),(114,'Gina','Barborek','gbarborek@AOL.COM',NULL,NULL,NULL,NULL,NULL,NULL,NULL,NULL,NULL,NULL,NULL,NULL,0,NULL,NULL,NULL,NULL,NULL,NULL,'',0,0),(115,'','','glouisedupont@hotmail.com',NULL,NULL,NULL,NULL,NULL,NULL,NULL,NULL,NULL,NULL,NULL,NULL,0,NULL,NULL,NULL,NULL,NULL,NULL,'',0,0),(116,'Jon','','jgobetti@earthlink.net',NULL,NULL,NULL,NULL,NULL,NULL,NULL,NULL,NULL,NULL,NULL,NULL,0,NULL,NULL,NULL,NULL,NULL,NULL,'',0,0),(117,'Lora','L','llrudolph@attbi.com',NULL,NULL,NULL,NULL,NULL,NULL,NULL,NULL,NULL,NULL,NULL,NULL,0,NULL,NULL,NULL,NULL,NULL,NULL,'',0,0),(118,'jared','','jared@paulcurry .com',NULL,NULL,NULL,NULL,NULL,NULL,NULL,NULL,NULL,NULL,NULL,NULL,0,NULL,NULL,NULL,NULL,NULL,NULL,'',0,0),(119,'Estela','Lankford','aandepec@earthlink.net',NULL,NULL,NULL,NULL,NULL,NULL,NULL,NULL,NULL,NULL,NULL,NULL,0,NULL,NULL,NULL,NULL,NULL,NULL,'',0,0),(120,'Teresa','Carlile','dc@theshop.net',NULL,NULL,NULL,NULL,NULL,NULL,NULL,NULL,NULL,NULL,NULL,NULL,0,NULL,NULL,NULL,NULL,NULL,NULL,'',0,0),(121,'Mary','Partlo','maryt@positech.net',NULL,NULL,NULL,NULL,NULL,NULL,NULL,NULL,NULL,NULL,NULL,NULL,0,NULL,NULL,NULL,NULL,NULL,NULL,'',0,0),(122,'G.Scott.Hickey','','Hickey2042@aol.com',NULL,NULL,NULL,NULL,NULL,NULL,NULL,NULL,NULL,NULL,NULL,NULL,0,NULL,NULL,NULL,NULL,NULL,NULL,'',0,0),(123,'Gina','Tenorio','TenorGB@ci.denver.co.us',NULL,NULL,NULL,NULL,NULL,NULL,NULL,NULL,NULL,NULL,NULL,NULL,0,NULL,NULL,NULL,NULL,NULL,NULL,'',0,0),(124,'Brenda','A.','bbose@cox.net',NULL,NULL,NULL,NULL,NULL,NULL,NULL,NULL,NULL,NULL,NULL,NULL,0,NULL,NULL,NULL,NULL,NULL,NULL,'',0,0),(125,'Brenda','A.','bbose@cox.net',NULL,NULL,NULL,NULL,NULL,NULL,NULL,NULL,NULL,NULL,NULL,NULL,0,NULL,NULL,NULL,NULL,NULL,NULL,'',0,0),(126,'Gina','Barborek','gbarborek@cox.net',NULL,NULL,NULL,NULL,NULL,NULL,NULL,NULL,NULL,NULL,NULL,NULL,0,NULL,NULL,NULL,NULL,NULL,NULL,'',0,0),(127,'anne','bailey','ahbailey@earthlink.net',NULL,NULL,NULL,NULL,NULL,NULL,NULL,NULL,NULL,NULL,NULL,NULL,0,NULL,NULL,NULL,NULL,NULL,NULL,'',0,0),(128,'Ed','Rodriguez','edrod9@cox.net',NULL,NULL,NULL,NULL,NULL,NULL,NULL,NULL,NULL,NULL,NULL,NULL,0,NULL,NULL,NULL,NULL,NULL,NULL,'',0,0),(129,'Shiela','Weehunt','LeatherandGlass@aol.com',NULL,NULL,NULL,NULL,NULL,NULL,NULL,NULL,NULL,NULL,NULL,NULL,0,NULL,NULL,NULL,NULL,NULL,NULL,'',0,0),(130,'solange','','solange@shaw.ca',NULL,NULL,NULL,NULL,NULL,NULL,NULL,NULL,NULL,NULL,NULL,NULL,0,NULL,NULL,NULL,NULL,NULL,NULL,'',0,0),(131,'Debra','Dick','debraed@sbcglobal.net',NULL,NULL,NULL,NULL,NULL,NULL,NULL,NULL,NULL,NULL,NULL,NULL,0,NULL,NULL,NULL,NULL,NULL,NULL,'',0,0),(132,'barbara','morhet','bmorhet@cox.net',NULL,NULL,NULL,NULL,NULL,NULL,NULL,NULL,NULL,NULL,NULL,NULL,0,NULL,NULL,NULL,NULL,NULL,NULL,'',0,0),(133,'Pattie','Johnson','glassart4u@aol.com',NULL,NULL,NULL,NULL,NULL,NULL,NULL,NULL,NULL,NULL,NULL,NULL,0,NULL,NULL,NULL,NULL,NULL,NULL,'',0,0),(134,'Pam','House','bluebonnetglass@aol.com',NULL,NULL,NULL,NULL,NULL,NULL,NULL,NULL,NULL,NULL,NULL,NULL,0,NULL,NULL,NULL,NULL,NULL,NULL,'',0,0),(135,'Cristina','Hawkins','hawksong@cnonline.net',NULL,NULL,NULL,NULL,NULL,NULL,NULL,NULL,NULL,NULL,NULL,NULL,0,NULL,NULL,NULL,NULL,NULL,NULL,'',0,0),(136,'terrie','smigo','thorbee@aol.com',NULL,NULL,NULL,NULL,NULL,NULL,NULL,NULL,NULL,NULL,NULL,NULL,0,NULL,NULL,NULL,NULL,NULL,NULL,'',0,0),(137,'Tom','Moore','cantonartglass@aol.com',NULL,NULL,NULL,NULL,NULL,NULL,NULL,NULL,NULL,NULL,NULL,NULL,0,NULL,NULL,NULL,NULL,NULL,NULL,'',0,0),(138,'Joe','Martin','jmartin606@mybluelight.com',NULL,NULL,NULL,NULL,NULL,NULL,NULL,NULL,NULL,NULL,NULL,NULL,0,NULL,NULL,NULL,NULL,NULL,NULL,'',0,0),(139,'Pamela','Walters','npwalters@vallnet.com',NULL,NULL,NULL,NULL,NULL,NULL,NULL,NULL,NULL,NULL,NULL,NULL,0,NULL,NULL,NULL,NULL,NULL,NULL,'',0,0),(140,'debra','','debrajeank@yahoo.com',NULL,NULL,NULL,NULL,NULL,NULL,NULL,NULL,NULL,NULL,NULL,NULL,0,NULL,NULL,NULL,NULL,NULL,NULL,'',0,0),(141,'Marge','Morgan','nagoyoo@msn.com',NULL,NULL,NULL,NULL,NULL,NULL,NULL,NULL,NULL,NULL,NULL,NULL,0,NULL,NULL,NULL,NULL,NULL,NULL,'',0,0),(142,'Marge','Morgan','nagoyoo@msn.com',NULL,NULL,NULL,NULL,NULL,NULL,NULL,NULL,NULL,NULL,NULL,NULL,0,NULL,NULL,NULL,NULL,NULL,NULL,'',0,0),(143,'Marge','Morgan','nagoyoo@msn.com',NULL,NULL,NULL,NULL,NULL,NULL,NULL,NULL,NULL,NULL,NULL,NULL,0,NULL,NULL,NULL,NULL,NULL,NULL,'',0,0),(144,'Karmen','','kd2182@aol.com',NULL,NULL,NULL,NULL,NULL,NULL,NULL,NULL,NULL,NULL,NULL,NULL,0,NULL,NULL,NULL,NULL,NULL,NULL,'',0,0),(145,'karen','Norwood-hines','hines709@aol.com',NULL,NULL,NULL,NULL,NULL,NULL,NULL,NULL,NULL,NULL,NULL,NULL,0,NULL,NULL,NULL,NULL,NULL,NULL,'',0,0),(146,'karen','Norwood-hines','hines709@aol.com',NULL,NULL,NULL,NULL,NULL,NULL,NULL,NULL,NULL,NULL,NULL,NULL,0,NULL,NULL,NULL,NULL,NULL,NULL,'',0,0),(147,'Rob','Brown','rbrown8092@msn.com',NULL,NULL,NULL,NULL,NULL,NULL,NULL,NULL,NULL,NULL,NULL,NULL,0,NULL,NULL,NULL,NULL,NULL,NULL,'',0,0),(148,'nelda','willis','neldagw@aol.com',NULL,NULL,NULL,NULL,NULL,NULL,NULL,NULL,NULL,NULL,NULL,NULL,0,NULL,NULL,NULL,NULL,NULL,NULL,'',0,0),(149,'Edward','A.','red1devens@aol.com',NULL,NULL,NULL,NULL,NULL,NULL,NULL,NULL,NULL,NULL,NULL,NULL,0,NULL,NULL,NULL,NULL,NULL,NULL,'',0,0),(150,'S.','Zeleny','sharonzdale@yahoo.com',NULL,NULL,NULL,NULL,NULL,NULL,NULL,NULL,NULL,NULL,NULL,NULL,0,NULL,NULL,NULL,NULL,NULL,NULL,'',0,0),(151,'Darlene','Beard','dbeard@nwol.net',NULL,NULL,NULL,NULL,NULL,NULL,NULL,NULL,NULL,NULL,NULL,NULL,0,NULL,NULL,NULL,NULL,NULL,NULL,'',0,0),(152,'Lisa','Muralt','leelaroo@ubtanet.com',NULL,NULL,NULL,NULL,NULL,NULL,NULL,NULL,NULL,NULL,NULL,NULL,0,NULL,NULL,NULL,NULL,NULL,NULL,'',0,0),(153,'Joe','Willis','banjoman47@yahoo.com',NULL,NULL,NULL,NULL,NULL,NULL,NULL,NULL,NULL,NULL,NULL,NULL,0,NULL,NULL,NULL,NULL,NULL,NULL,'',0,0),(154,'Michelle','Stewart','shelstewart@earthlink.net',NULL,NULL,NULL,NULL,NULL,NULL,NULL,NULL,NULL,NULL,NULL,NULL,0,NULL,NULL,NULL,NULL,NULL,NULL,'',0,0),(155,'FRANKIE','PECK','buffalocreekstai@qwest.net',NULL,NULL,NULL,NULL,NULL,NULL,NULL,NULL,NULL,NULL,NULL,NULL,0,NULL,NULL,NULL,NULL,NULL,NULL,'',0,0),(156,'Claire','Johnson','robadey@mei.net',NULL,NULL,NULL,NULL,NULL,NULL,NULL,NULL,NULL,NULL,NULL,NULL,0,NULL,NULL,NULL,NULL,NULL,NULL,'',0,0),(157,'Lloyd','Balch','rvtec2go1@msn.com',NULL,NULL,NULL,NULL,NULL,NULL,NULL,NULL,NULL,NULL,NULL,NULL,0,NULL,NULL,NULL,NULL,NULL,NULL,'',0,0),(158,'Kathy','Dunn','kathydunn@hotmail.com',NULL,NULL,NULL,NULL,NULL,NULL,NULL,NULL,NULL,NULL,NULL,NULL,0,NULL,NULL,NULL,NULL,NULL,NULL,'',0,0),(159,'john','kapor','kapeld$sofast.net',NULL,NULL,NULL,NULL,NULL,NULL,NULL,NULL,NULL,NULL,NULL,NULL,0,NULL,NULL,NULL,NULL,NULL,NULL,'',0,0),(160,'jana','thiffeault','Jthiffeault@yahoo.com',NULL,NULL,NULL,NULL,NULL,NULL,NULL,NULL,NULL,NULL,NULL,NULL,0,NULL,NULL,NULL,NULL,NULL,NULL,'',0,0),(161,'jana','thiffeault','Jthiffeault@yahoo.com',NULL,NULL,NULL,NULL,NULL,NULL,NULL,NULL,NULL,NULL,NULL,NULL,0,NULL,NULL,NULL,NULL,NULL,NULL,'',0,0),(162,'Bobbi','Gerwens','bhpytrls@felpsis.net',NULL,NULL,NULL,NULL,NULL,NULL,NULL,NULL,NULL,NULL,NULL,NULL,0,NULL,NULL,NULL,NULL,NULL,NULL,'',0,0),(163,'Joan','Wells','diamondx@inreach.com',NULL,NULL,NULL,NULL,NULL,NULL,NULL,NULL,NULL,NULL,NULL,NULL,0,NULL,NULL,NULL,NULL,NULL,NULL,'',0,0),(164,'Joan','Wells','diamondx@inreach.com',NULL,NULL,NULL,NULL,NULL,NULL,NULL,NULL,NULL,NULL,NULL,NULL,0,NULL,NULL,NULL,NULL,NULL,NULL,'',0,0),(165,'C','Muscat','imuscat@maltanet.net',NULL,NULL,NULL,NULL,NULL,NULL,NULL,NULL,NULL,NULL,NULL,NULL,0,NULL,NULL,NULL,NULL,NULL,NULL,'',0,0),(166,'Kathy','Alexander','Kathy.mhavc@indy.net',NULL,NULL,NULL,NULL,NULL,NULL,NULL,NULL,NULL,NULL,NULL,NULL,0,NULL,NULL,NULL,NULL,NULL,NULL,'',0,0),(167,'Tom','Moore','cantonartglass@aol.com',NULL,NULL,NULL,NULL,NULL,NULL,NULL,NULL,NULL,NULL,NULL,NULL,0,NULL,NULL,NULL,NULL,NULL,NULL,'',0,0),(168,'Nicki','Albright','stglass@swbell.net',NULL,NULL,NULL,NULL,NULL,NULL,NULL,NULL,NULL,NULL,NULL,NULL,0,NULL,NULL,NULL,NULL,NULL,NULL,'',0,0),(169,'Patrick','Chan','zo22sing@singnet.com.sg',NULL,NULL,NULL,NULL,NULL,NULL,NULL,NULL,NULL,NULL,NULL,NULL,0,NULL,NULL,NULL,NULL,NULL,NULL,'',0,0),(611,'Jim','Wehrman','jwehrman3@cox.net',NULL,NULL,NULL,NULL,NULL,NULL,NULL,NULL,NULL,NULL,NULL,NULL,0,NULL,NULL,NULL,NULL,NULL,NULL,'',0,0),(610,'Lynn','Cicero','lynncicero@msn.com',NULL,NULL,NULL,NULL,NULL,NULL,NULL,NULL,NULL,NULL,NULL,NULL,0,NULL,NULL,NULL,NULL,NULL,NULL,'',0,0),(172,'Kathleen','Connors','georgiasilk@cs.com',NULL,NULL,NULL,NULL,NULL,NULL,NULL,NULL,NULL,NULL,NULL,NULL,0,NULL,NULL,NULL,NULL,NULL,NULL,'',0,0),(175,'coffee','c','jlim@itraffic.com',NULL,NULL,NULL,NULL,NULL,NULL,NULL,NULL,NULL,NULL,NULL,NULL,0,NULL,NULL,NULL,NULL,NULL,NULL,'',0,0),(173,'Holly','Powers','chkhc@aol.com','','','','','','','','2004-03-30 08:05:34',NULL,NULL,1,NULL,0,NULL,NULL,NULL,NULL,NULL,NULL,'',0,0),(174,'b','','jlim@itraffic.com',NULL,NULL,NULL,NULL,NULL,NULL,NULL,NULL,NULL,NULL,NULL,NULL,0,NULL,NULL,NULL,NULL,NULL,NULL,'',0,0),(176,'Edward  A.','Rico','red1devens@aol.com','84 Belmont Drive','Merrimack','NH','US','03054-2650','603-424-4677',NULL,'2004-04-08 20:27:31',NULL,'2004-05-28',1,NULL,1,'mastercard',NULL,'296',NULL,NULL,NULL,'iWnsds',0,0),(177,'Cathy','','ylstone@msn.com',NULL,NULL,NULL,NULL,NULL,NULL,NULL,NULL,NULL,NULL,NULL,NULL,0,NULL,NULL,NULL,NULL,NULL,NULL,'',0,0),(178,'Paula','Humphreys','paula_h123@yahoo.com',NULL,NULL,NULL,NULL,NULL,NULL,NULL,NULL,NULL,NULL,NULL,NULL,0,NULL,NULL,NULL,NULL,NULL,NULL,'',0,0),(179,'Diane','Mathus-Nagano','mathusnagano@cox.net',NULL,NULL,NULL,NULL,NULL,NULL,NULL,NULL,NULL,NULL,NULL,NULL,0,NULL,NULL,NULL,NULL,NULL,NULL,'',0,0),(180,'Freddi','Steele','Freddi_Steele@nps.gov',NULL,NULL,NULL,NULL,NULL,NULL,NULL,NULL,NULL,NULL,NULL,NULL,0,NULL,NULL,NULL,NULL,NULL,NULL,'',0,0),(181,'Judy','Mayatte','jmayatte@peoplepc.com',NULL,NULL,NULL,NULL,NULL,NULL,NULL,NULL,NULL,NULL,NULL,NULL,0,NULL,NULL,NULL,NULL,NULL,NULL,'',0,0),(182,'Jared','Sherwood','bathroomwarehouse@xtra.co.nz',NULL,NULL,NULL,NULL,NULL,NULL,NULL,NULL,NULL,NULL,NULL,NULL,0,NULL,NULL,NULL,NULL,NULL,NULL,'',0,0),(183,'David','Carlile','d.carlile1@cox.net',NULL,NULL,NULL,NULL,NULL,NULL,NULL,NULL,NULL,NULL,NULL,NULL,0,NULL,NULL,NULL,NULL,NULL,NULL,'',0,0),(184,'Nita','','nitamallya@hotmail.com',NULL,NULL,NULL,NULL,NULL,NULL,NULL,NULL,NULL,NULL,NULL,NULL,0,NULL,NULL,NULL,NULL,NULL,NULL,'',0,0),(185,'mrdempsey','','mrdempsey@cox.net',NULL,NULL,NULL,NULL,NULL,NULL,NULL,NULL,NULL,NULL,NULL,NULL,0,NULL,NULL,NULL,NULL,NULL,NULL,'',0,0),(186,'henry','fronczak','hfronczak@cox.net',NULL,NULL,NULL,NULL,NULL,NULL,NULL,NULL,NULL,NULL,NULL,NULL,0,NULL,NULL,NULL,NULL,NULL,NULL,'',0,0),(187,'Carol','Wysocki','carol@wtechlink.com',NULL,NULL,NULL,NULL,NULL,NULL,NULL,NULL,NULL,NULL,NULL,NULL,0,NULL,NULL,NULL,NULL,NULL,NULL,'',0,0),(188,'Lori','Aycock','la0711@aol.com','443 S. Barrington Ave #3','Los Angeles','CA','US','90049','310-471-0522',NULL,'2004-08-26 16:17:58',NULL,'2007-08-28',1,NULL,1,'visa',NULL,'357',NULL,NULL,NULL,'D0wW32',0,0),(189,'Ken','Roy','maytown',NULL,NULL,NULL,NULL,NULL,NULL,NULL,NULL,NULL,NULL,NULL,NULL,0,NULL,NULL,NULL,NULL,NULL,NULL,'',0,0),(190,'ken','roy','Maytown@sympatico.ca',NULL,NULL,NULL,NULL,NULL,NULL,NULL,NULL,NULL,NULL,NULL,NULL,0,NULL,NULL,NULL,NULL,NULL,NULL,'',0,0),(191,'Dr.','Robert','drrlv@ispwest.com',NULL,NULL,NULL,NULL,NULL,NULL,NULL,NULL,NULL,NULL,NULL,NULL,0,NULL,NULL,NULL,NULL,NULL,NULL,'',0,0),(192,'Deborah','Anderson','celticroses@cybrtown.com',NULL,NULL,NULL,NULL,NULL,NULL,NULL,NULL,NULL,NULL,NULL,NULL,0,NULL,NULL,NULL,NULL,NULL,NULL,'',0,0),(193,'Arasely','Chelsea','mail4chelsea@hotmail.com',NULL,NULL,NULL,NULL,NULL,NULL,NULL,NULL,NULL,NULL,NULL,NULL,0,NULL,NULL,NULL,NULL,NULL,NULL,'',0,0),(194,'david','bird','davidleslie@go.com',NULL,NULL,NULL,NULL,NULL,NULL,NULL,NULL,NULL,NULL,NULL,NULL,0,NULL,NULL,NULL,NULL,NULL,NULL,'',0,0),(195,'Anthony','Dickman','awdickman@cox.net','6156 Pocahontas Club Rd','Virginia Beach','VA','US','23457','757-348-7161',NULL,'2004-10-07 19:16:50',NULL,'2006-05-28',1,NULL,1,'visa',NULL,'143',NULL,NULL,NULL,'l2WVCz',0,0),(196,'Mike','Nance','mnd66chevtr@aol.com',NULL,NULL,NULL,NULL,NULL,NULL,NULL,NULL,NULL,NULL,NULL,NULL,0,NULL,NULL,NULL,NULL,NULL,NULL,'',0,0),(197,'Mike','Nance','mnd66chevtr@aol.com',NULL,NULL,NULL,NULL,NULL,NULL,NULL,NULL,NULL,NULL,NULL,NULL,0,NULL,NULL,NULL,NULL,NULL,NULL,'',0,0),(198,'John','Bingham','jbingham@temple.edu','20 Virginia Rd','Glassboro','NJ','US','08028','215-204-3213',NULL,'2004-10-11 10:28:48',NULL,'2005-10-28',1,NULL,1,'visa',NULL,'421',NULL,NULL,NULL,'Qz0JI3',0,0),(199,'ann','Newkold','kitnlickngood@hotmail.com',NULL,NULL,NULL,NULL,NULL,NULL,NULL,NULL,NULL,NULL,NULL,NULL,0,NULL,NULL,NULL,NULL,NULL,NULL,'',0,0),(200,'Earl','','earltak@hotmail.com',NULL,NULL,NULL,NULL,NULL,NULL,NULL,NULL,NULL,NULL,NULL,NULL,0,NULL,NULL,NULL,NULL,NULL,NULL,'',0,0),(201,'Larry','Wesmore','testywesty@webtv.net',NULL,NULL,NULL,NULL,NULL,NULL,NULL,NULL,NULL,NULL,NULL,NULL,0,NULL,NULL,NULL,NULL,NULL,NULL,'',0,0),(202,'Bryan','Martyn','martynbs@hotmail.com',NULL,NULL,NULL,NULL,NULL,NULL,NULL,NULL,NULL,NULL,NULL,NULL,0,NULL,NULL,NULL,NULL,NULL,NULL,'',0,0),(203,'elizabeth','williams','elzb9wlms@aol.com',NULL,NULL,NULL,NULL,NULL,NULL,NULL,NULL,NULL,NULL,NULL,NULL,0,NULL,NULL,NULL,NULL,NULL,NULL,'',0,0),(204,'PAT','PUSATERI','MAPZIPP@AOL.COM',NULL,NULL,NULL,NULL,NULL,NULL,NULL,NULL,NULL,NULL,NULL,NULL,0,NULL,NULL,NULL,NULL,NULL,NULL,'',0,0),(205,'Denise','Branam','Branam1420@aol.com','1420 NW 27th St','Corvallis','OR','US','97330','5417580198',NULL,'2004-11-30 22:13:35',NULL,'2007-09-28',1,NULL,1,'mastercard',NULL,'695',NULL,NULL,NULL,'7YVk7Z',0,0),(206,'david','bird','davidleslie@go.com','1114 north 140 east','orem','UT','US','84057','801-227-0198',NULL,'2004-12-01 08:23:56',NULL,'2006-10-28',1,NULL,1,'visa',NULL,'213',NULL,NULL,NULL,'HPKKgC',0,0),(207,'Mary','Partlo','maryt@positech.net','94 Denmar Lane','Long Lane','MO','US','65590-9729','417-345-8280',NULL,'2004-12-01 08:38:06',NULL,'2007-01-28',1,NULL,1,'visa',NULL,'455',NULL,NULL,NULL,'AXc80W',0,0),(208,'Julie','Thornton','tthorn611@aol.com','611 Silbury Ct.','McHenry','IL','US','60050','8153638974',NULL,'2004-12-02 16:24:41',NULL,'2007-01-28',1,NULL,1,'visa',NULL,'704',NULL,NULL,NULL,'Sh1l3T',0,0),(209,'Debra','McLemore','anne602@yahoo.com',NULL,NULL,NULL,NULL,NULL,NULL,NULL,NULL,NULL,NULL,NULL,NULL,0,NULL,NULL,NULL,NULL,NULL,NULL,'',0,0),(210,'Debra','Dick','debraed@sbcglobal.net','704 S 13th ST','Rogers','AR','US','72758','479-636-5598',NULL,'2004-12-13 07:23:52',NULL,'2005-11-28',1,NULL,1,'visa',NULL,'646',NULL,NULL,NULL,'ClBPzh',0,0),(211,'Edward A.','Rico','red1devens@aol.com','84 Belmont Drive','Merrimack','NH','US','03054','603-424-4677',NULL,'2004-12-31 00:14:03',NULL,'2007-05-28',1,NULL,1,'mastercard',NULL,'358',NULL,NULL,NULL,'tz50Jb',0,0),(212,'Eliana','Barnes','eli@jdesigngroup.com',NULL,NULL,NULL,NULL,NULL,NULL,NULL,NULL,NULL,NULL,NULL,NULL,0,NULL,NULL,NULL,NULL,NULL,NULL,'',0,0),(213,'Don','Llord','dklord@sbcglobal.net',NULL,NULL,NULL,NULL,NULL,NULL,NULL,NULL,NULL,NULL,NULL,NULL,0,NULL,NULL,NULL,NULL,NULL,NULL,'',0,0),(214,'Carol','Hoffman','choffman@rangeweb.net',NULL,NULL,NULL,NULL,NULL,NULL,NULL,NULL,NULL,NULL,NULL,NULL,0,NULL,NULL,NULL,NULL,NULL,NULL,'',0,0),(215,'Julie','Moore','bkwoods@ritternet.com',NULL,NULL,NULL,NULL,NULL,NULL,NULL,NULL,NULL,NULL,NULL,NULL,0,NULL,NULL,NULL,NULL,NULL,NULL,'',0,0),(216,'Kathy','Dunn','kathydunn@hotmail.com','1301 Westover Dr','Killeen','TX','US','76549','254-772-8434',NULL,'2005-01-10 21:16:17',NULL,'2005-06-28',1,NULL,1,'american express',NULL,'4354',NULL,NULL,NULL,'dklEP2',0,0),(217,'Carol','Wood','carola@mogollon .net',NULL,NULL,NULL,NULL,NULL,NULL,NULL,NULL,NULL,NULL,NULL,NULL,0,NULL,NULL,NULL,NULL,NULL,NULL,'',0,0),(218,'Shelly','Fraley','morningstar@acsalaska.net',NULL,NULL,NULL,NULL,NULL,NULL,NULL,NULL,NULL,NULL,NULL,NULL,0,NULL,NULL,NULL,NULL,NULL,NULL,'',0,0),(219,'Dave','Bird','davidleslie@go.com',NULL,NULL,NULL,NULL,NULL,NULL,NULL,NULL,NULL,NULL,NULL,NULL,0,NULL,NULL,NULL,NULL,NULL,NULL,'',0,0),(220,'Patsy','Harris','puryearfarms@hotmail.com','3140 Huell Matthews Hwy','So. Boston','VA','US','24592','434 575-7307',NULL,'2005-02-02 08:02:29',NULL,'2007-01-28',1,NULL,1,'mastercard',NULL,'701',NULL,NULL,NULL,'GKXsUY',0,0),(221,'Joey','Lewis','royandjoeylewis@aol.com',NULL,NULL,NULL,NULL,NULL,NULL,NULL,NULL,NULL,NULL,NULL,NULL,0,NULL,NULL,NULL,NULL,NULL,NULL,'',0,0),(222,'Anthony','Dickman','awdickman@cox.net',NULL,NULL,NULL,NULL,NULL,NULL,NULL,NULL,NULL,NULL,NULL,NULL,0,NULL,NULL,NULL,NULL,NULL,NULL,'',0,0),(223,'Stained Glass Heirlooms','Phil or Brenda Petersen','brenda@stainedglassheirlooms.net','200 Sycamore Street','Tipton','IA','US','52772','563-886-3037',NULL,'2005-02-07 18:31:23',NULL,'2006-02-28',1,NULL,1,'mastercard',NULL,'436',NULL,NULL,NULL,'1OhfGr',0,0),(224,'Tom','Moore','cantonartglass@aol.com','1729 Elliott Dr.','Canton','TX','US','75103','903 567 4008',NULL,'2005-02-18 16:53:16',NULL,'2005-03-28',1,NULL,1,'mastercard',NULL,'983',NULL,NULL,NULL,'pGrccg',0,0),(225,'Carol','Wood','carola@mogollon.net',NULL,NULL,NULL,NULL,NULL,NULL,NULL,NULL,NULL,NULL,NULL,NULL,0,NULL,NULL,NULL,NULL,NULL,NULL,'',0,0),(226,'Denise','Kurth','dbkurth@bellsouth.net','7625 nw 22 st','Margate','FL','US','33063','9547713334',NULL,'2005-03-06 10:31:28',NULL,'2006-03-28',1,NULL,1,'american express',NULL,'947',NULL,NULL,NULL,'wr5KeB',0,0),(227,'Donna','Stone','stone2525@comcast.net',NULL,NULL,NULL,NULL,NULL,NULL,NULL,NULL,NULL,NULL,NULL,NULL,0,NULL,NULL,NULL,NULL,NULL,NULL,'',0,0),(228,'CATHIE','BECK','catherine.beck@hrh.com','263 OLD HAYMAKER ROAD','MONROEVILLE','PA','US','15146','412-645-8590',NULL,'2005-03-08 05:14:05',NULL,'2005-06-28',1,NULL,1,'visa',NULL,'509',NULL,NULL,NULL,'6mY3uy',0,0),(229,'nancy','claman','clamandc@wyoming.com',NULL,NULL,NULL,NULL,NULL,NULL,NULL,NULL,NULL,NULL,NULL,NULL,0,NULL,NULL,NULL,NULL,NULL,NULL,'',0,0),(230,'Anthony','W','awdickman@cox.net',NULL,NULL,NULL,NULL,NULL,NULL,NULL,NULL,NULL,NULL,NULL,NULL,0,NULL,NULL,NULL,NULL,NULL,NULL,'',0,0),(231,'Rev.','Dr.','drrlv@ispwest.com',NULL,NULL,NULL,NULL,NULL,NULL,NULL,NULL,NULL,NULL,NULL,NULL,0,NULL,NULL,NULL,NULL,NULL,NULL,'',0,0),(232,'Terry','Brooker','TB3606@msn.com',NULL,NULL,NULL,NULL,NULL,NULL,NULL,NULL,NULL,NULL,NULL,NULL,0,NULL,NULL,NULL,NULL,NULL,NULL,'',0,0),(233,'Robin','Pearson','chud918@cox.net','104 W. Holly St.','Phoenix','AZ','US','85003-1174','602-257-4428',NULL,'2005-04-21 20:14:17',NULL,'2006-09-28',1,NULL,1,'mastercard',NULL,'056',NULL,NULL,NULL,'RI9sWn',0,0),(234,'Sue','Abbott','pcf@nts-online.net',NULL,NULL,NULL,NULL,NULL,NULL,NULL,NULL,NULL,NULL,NULL,NULL,0,NULL,NULL,NULL,NULL,NULL,NULL,'',0,0),(235,'John','Stephens','azjorocreations@cox.net',NULL,NULL,NULL,NULL,NULL,NULL,NULL,NULL,NULL,NULL,NULL,NULL,0,NULL,NULL,NULL,NULL,NULL,NULL,'',0,0),(236,'Kathryn','Vowell','khaeiou@juno.com',NULL,NULL,NULL,NULL,NULL,NULL,NULL,NULL,NULL,NULL,NULL,NULL,0,NULL,NULL,NULL,NULL,NULL,NULL,'',0,0),(237,'dian','burnett','nightsinger79065@yahoo.com','625N. Hobart','Pampa','TX','US','79065','806-665-2344',NULL,'2005-05-13 20:05:49',NULL,'2006-04-28',1,NULL,1,'visa',NULL,'419',NULL,NULL,NULL,'FK6yZL',0,0),(238,'Daniel','Cocks','newmyerbandb@zoominternet.net',NULL,NULL,NULL,NULL,NULL,NULL,NULL,NULL,NULL,NULL,NULL,NULL,0,NULL,NULL,NULL,NULL,NULL,NULL,'',0,0),(239,'Terry','McGrath','littlehands11@yahoo.com','8229 E. Rodglyn Ln','Floral City','FL','US','34436','352-726-3610',NULL,'2005-06-29 09:51:43',NULL,'2008-05-28',1,NULL,1,'visa',NULL,'850',NULL,NULL,NULL,'LaAVDI',0,0),(240,'Helen','','helen_85301@yahoo.com',NULL,NULL,NULL,NULL,NULL,NULL,NULL,NULL,NULL,NULL,NULL,NULL,0,NULL,NULL,NULL,NULL,NULL,NULL,'',0,0),(241,'Becky','Spencer','illusions@vcn.com','65 S. Main','Buffalo','WY','US','82834','306-684-8696',NULL,'2005-07-25 11:04:46',NULL,'2008-03-28',1,NULL,1,'visa',NULL,'145',NULL,NULL,NULL,'2zcmJG',0,0),(242,'janice','kirchoff','jkirc91776@aol.com','6718 nw 66th ave','parkland','FL','US','33067','954 341 6268',NULL,'2005-08-05 07:34:56',NULL,'2009-05-28',1,NULL,1,'visa',NULL,'991',NULL,NULL,NULL,'qAFNsJ',0,0),(243,'Roger','Brown','Roger.Brown@Cox.net',NULL,NULL,NULL,NULL,NULL,NULL,NULL,NULL,NULL,NULL,NULL,NULL,0,NULL,NULL,NULL,NULL,NULL,NULL,'',0,0),(244,'susan','','shelmle@charter.net',NULL,NULL,NULL,NULL,NULL,NULL,NULL,NULL,NULL,NULL,NULL,NULL,0,NULL,NULL,NULL,NULL,NULL,NULL,'',0,0),(245,'susan','helmle','shelmle@charter.net','po box 5047','blue jay','CA','US','92317-5047','909-337-2995',NULL,'2005-08-29 08:32:01',NULL,'2006-10-28',1,NULL,1,'visa',NULL,'452',NULL,NULL,NULL,'eSRyUG',0,0),(609,'hxjnxmymz','','wapolb@xrwyhn.com',NULL,NULL,NULL,NULL,NULL,NULL,NULL,NULL,NULL,NULL,NULL,NULL,0,NULL,NULL,NULL,NULL,NULL,NULL,'',0,0),(246,'susan','helmle',NULL,'27971 matterhorn drive','Lake Arowhead','CA','US','92352',NULL,NULL,'2005-08-29 08:32:01',NULL,NULL,1,NULL,2,NULL,NULL,NULL,NULL,NULL,NULL,'',0,0),(247,'Susan','Hinsby','Suzzzen@aol.com',NULL,NULL,NULL,NULL,NULL,NULL,NULL,NULL,NULL,NULL,NULL,NULL,0,NULL,NULL,NULL,NULL,NULL,NULL,'',0,0),(248,'Doc','Pierce','pamcl11@aol.com',NULL,NULL,NULL,NULL,NULL,NULL,NULL,NULL,NULL,NULL,NULL,NULL,0,NULL,NULL,NULL,NULL,NULL,NULL,'',0,0),(249,'Susan (GiGi\'s Cousin) from Michigan','Hinsby','suzzzen@aol.com','1728 Hampton Road','Grosse Pointe Woods','MI','US','48236','3138863959',NULL,'2005-08-30 22:52:16',NULL,'2009-08-28',1,NULL,1,'mastercard',NULL,'789',NULL,NULL,NULL,'OJU3QJ',0,0),(250,'Bonnie','Noyes','tusbonnie@netzero.net',NULL,NULL,NULL,NULL,NULL,NULL,NULL,NULL,NULL,NULL,NULL,NULL,0,NULL,NULL,NULL,NULL,NULL,NULL,'',0,0),(251,'Peggy','Errico','sweetooth250@aol.com',NULL,NULL,NULL,NULL,NULL,NULL,NULL,NULL,NULL,NULL,NULL,NULL,0,NULL,NULL,NULL,NULL,NULL,NULL,'',0,0),(252,'Stephanie','P','spgibbons@cox.net',NULL,NULL,NULL,NULL,NULL,NULL,NULL,NULL,NULL,NULL,NULL,NULL,0,NULL,NULL,NULL,NULL,NULL,NULL,'',0,0),(253,'Victoria','','vtamiwalsh@aol.com',NULL,NULL,NULL,NULL,NULL,NULL,NULL,NULL,NULL,NULL,NULL,NULL,0,NULL,NULL,NULL,NULL,NULL,NULL,'',0,0),(254,'Edwina','Snyder','Msappleeddy@hotmail.com',NULL,NULL,NULL,NULL,NULL,NULL,NULL,NULL,NULL,NULL,NULL,NULL,0,NULL,NULL,NULL,NULL,NULL,NULL,'',0,0),(255,'Ruben','Wolf','rwolf@bkb.com.ar',NULL,NULL,NULL,NULL,NULL,NULL,NULL,NULL,NULL,NULL,NULL,NULL,0,NULL,NULL,NULL,NULL,NULL,NULL,'',0,0),(256,'Karene','Whetten','karenewhetten@gmail.com',NULL,NULL,NULL,NULL,NULL,NULL,NULL,NULL,NULL,NULL,NULL,NULL,0,NULL,NULL,NULL,NULL,NULL,NULL,'',0,0),(257,'Bruce','Nielsen','bwnielsen@northlc.com','4738 McDonald RD','Moose Lake','MN','US','55767','218 485 5737',NULL,'2005-10-16 16:03:50',NULL,'2006-02-28',1,NULL,1,'visa',NULL,'530',NULL,NULL,NULL,'QcRPHa',0,0),(258,'e.','lunsford','evl3050@yahoo.com',NULL,NULL,NULL,NULL,NULL,NULL,NULL,NULL,NULL,NULL,NULL,NULL,0,NULL,NULL,NULL,NULL,NULL,NULL,'',0,0),(259,'Torrie Ann','Needham','torrieannj@aol.com','P.O. Box 297','Fortuna','CA','US','95540','7076169171',NULL,'2005-10-22 20:23:32',NULL,'2006-11-28',1,NULL,1,'visa',NULL,'483',NULL,NULL,NULL,'2cUUlt',0,0),(260,'Linda','Bailey','frznlzrds@centurytel.net',NULL,NULL,NULL,NULL,NULL,NULL,NULL,NULL,NULL,NULL,NULL,NULL,0,NULL,NULL,NULL,NULL,NULL,NULL,'',0,0),(261,'jill','brooks-willisko','jillbrooks50@hotmail.com',NULL,NULL,NULL,NULL,NULL,NULL,NULL,NULL,NULL,NULL,NULL,NULL,0,NULL,NULL,NULL,NULL,NULL,NULL,'',0,0),(262,'Rachel','Nelson','craig3371@cox.net',NULL,NULL,NULL,NULL,NULL,NULL,NULL,NULL,NULL,NULL,NULL,NULL,0,NULL,NULL,NULL,NULL,NULL,NULL,'',0,0),(263,'Sarah','Sullivan','michigancolas@hotmail.com','6710 Central City Parkway','Westland','MI','US','48185','623-341-3680',NULL,'2005-11-06 18:32:19',NULL,'2008-06-28',1,NULL,1,'mastercard',NULL,'258',NULL,NULL,NULL,'Sa2NuJ',0,0),(264,'Cheryl','Monts-Freeman','cfree001@bellsouth.net','2560 Monticello Rd.','Madison','GA','US','30650','404-226-6578',NULL,'2005-11-21 13:47:49',NULL,'2006-03-28',1,NULL,1,'visa',NULL,'022',NULL,NULL,NULL,'uYW542',0,0),(265,'Cynthia','Anaya','c.anaya@bresnan.net',NULL,NULL,NULL,NULL,NULL,NULL,NULL,NULL,NULL,NULL,NULL,NULL,0,NULL,NULL,NULL,NULL,NULL,NULL,'',0,0),(266,'GINA','BARBOREK','gbarborek@cox.net',NULL,NULL,NULL,NULL,NULL,NULL,NULL,NULL,NULL,NULL,NULL,NULL,0,NULL,NULL,NULL,NULL,NULL,NULL,'',0,0),(267,'Linda','Bailey','frznlzrds@centurytel.net',NULL,NULL,NULL,NULL,NULL,NULL,NULL,NULL,NULL,NULL,NULL,NULL,0,NULL,NULL,NULL,NULL,NULL,NULL,'',0,0),(268,'Diane','Rix','d.m.rix@att.net','218 N. Fulton Ave.','Bradley','IL','US','60915','815 9336936',NULL,'2006-01-04 19:12:07',NULL,'2007-09-28',1,NULL,1,'visa',NULL,'412',NULL,NULL,NULL,'SbohEr',0,0),(269,'don','lord','dklord@cox.net',NULL,NULL,NULL,NULL,NULL,NULL,NULL,NULL,NULL,NULL,NULL,NULL,0,NULL,NULL,NULL,NULL,NULL,NULL,'',0,0),(270,'Yvonne','','framed1986@hotmail.com',NULL,NULL,NULL,NULL,NULL,NULL,NULL,NULL,NULL,NULL,NULL,NULL,0,NULL,NULL,NULL,NULL,NULL,NULL,'',0,0),(271,'vicki','packer','vmpacker@cox.net',NULL,NULL,NULL,NULL,NULL,NULL,NULL,NULL,NULL,NULL,NULL,NULL,0,NULL,NULL,NULL,NULL,NULL,NULL,'',0,0),(272,'louise','mason','vbmason1@aol.com',NULL,NULL,NULL,NULL,NULL,NULL,NULL,NULL,NULL,NULL,NULL,NULL,0,NULL,NULL,NULL,NULL,NULL,NULL,'',0,0),(273,'Chelsea','Weimer','chels_maxson@hotmail.com','PO BOX 2265','Vashon','WA','US','98070','206-463-6511',NULL,'2006-01-08 22:32:31',NULL,'2006-08-28',1,NULL,1,'visa',NULL,'591',NULL,NULL,NULL,'6VpTio',0,0),(274,'John','Mastrangelo','AATwins22@MSN.com',NULL,NULL,NULL,NULL,NULL,NULL,NULL,NULL,NULL,NULL,NULL,NULL,0,NULL,NULL,NULL,NULL,NULL,NULL,'',0,0),(275,'Cynthia','Ashworth','ddacpa@aol.com',NULL,NULL,NULL,NULL,NULL,NULL,NULL,NULL,NULL,NULL,NULL,NULL,0,NULL,NULL,NULL,NULL,NULL,NULL,'',0,0),(276,'diana','prince','mdkayprince@aol.com',NULL,NULL,NULL,NULL,NULL,NULL,NULL,NULL,NULL,NULL,NULL,NULL,0,NULL,NULL,NULL,NULL,NULL,NULL,'',0,0),(277,'','Nancy','nancy.bateman@us.pwc.com',NULL,NULL,NULL,NULL,NULL,NULL,NULL,NULL,NULL,NULL,NULL,NULL,0,NULL,NULL,NULL,NULL,NULL,NULL,'',0,0),(278,'Dianne','Tokach','ditokach@aol.com','4904 Tokach Dr S','Mandan','ND','US','58554','701-663-5625',NULL,'2006-02-12 10:27:23',NULL,'2009-02-28',1,NULL,1,'american express',NULL,'4075',NULL,NULL,NULL,'FobdUh',0,0),(279,'Lin','Murdoch','dlmurdoch@comcast.net',NULL,NULL,NULL,NULL,NULL,NULL,NULL,NULL,NULL,NULL,NULL,NULL,0,NULL,NULL,NULL,NULL,NULL,NULL,'',0,0),(280,'John','Mastrangelo','aaTwins22@MSN.com',NULL,NULL,NULL,NULL,NULL,NULL,NULL,NULL,NULL,NULL,NULL,NULL,0,NULL,NULL,NULL,NULL,NULL,NULL,'',0,0),(281,'allen','mahowald','ginal@bevcomm.net',NULL,NULL,NULL,NULL,NULL,NULL,NULL,NULL,NULL,NULL,NULL,NULL,0,NULL,NULL,NULL,NULL,NULL,NULL,'',0,0),(282,'Ellen','McMath','gem747@yahoo.com',NULL,NULL,NULL,NULL,NULL,NULL,NULL,NULL,NULL,NULL,NULL,NULL,0,NULL,NULL,NULL,NULL,NULL,NULL,'',0,0),(283,'Linda','Grice','gricema@hotmail.com',NULL,NULL,NULL,NULL,NULL,NULL,NULL,NULL,NULL,NULL,NULL,NULL,0,NULL,NULL,NULL,NULL,NULL,NULL,'',0,0),(284,'John','Mastrangelo','aaTwins22@MSN.com','9 Cortland Lane','Lynnfield','MA','US','01940','781-334-6355',NULL,'2006-03-05 09:28:59',NULL,'2009-03-28',1,NULL,1,'american express',NULL,'9130',NULL,NULL,NULL,'3wyaFv',0,0),(285,'Shatan','','sbmtaylor1@netzero.com',NULL,NULL,NULL,NULL,NULL,NULL,NULL,NULL,NULL,NULL,NULL,NULL,0,NULL,NULL,NULL,NULL,NULL,NULL,'',0,0),(286,'Peggy','Christian','z3gal2001@yahoo.com','250 West Kimberly Dr.','Henderson','NV','US','89015','702-281-5768',NULL,'2006-04-04 13:34:39',NULL,'2008-04-28',1,NULL,1,'visa',NULL,'545',NULL,NULL,NULL,'mifmt9',0,0),(608,'LaWanda','Blue','lawandabl@yahoo.com',NULL,NULL,NULL,NULL,NULL,NULL,NULL,NULL,NULL,NULL,NULL,NULL,0,NULL,NULL,NULL,NULL,NULL,NULL,'',0,0),(287,'mike','schultz','mkschultz@cox.net',NULL,NULL,NULL,NULL,NULL,NULL,NULL,NULL,NULL,NULL,NULL,NULL,0,NULL,NULL,NULL,NULL,NULL,NULL,'',0,0),(288,'Lin','Murdoch','dlmurdoch@comcast.net',NULL,NULL,NULL,NULL,NULL,NULL,NULL,NULL,NULL,NULL,NULL,NULL,0,NULL,NULL,NULL,NULL,NULL,NULL,'',0,0),(289,'Chelsea','Weimer','chels_maxson@hotmail.com','PO BOX 2265','Vashon','WA','US','98070','206-463-6511',NULL,'2006-04-09 21:27:17',NULL,'2006-08-28',1,NULL,1,'visa',NULL,'591',NULL,NULL,NULL,'lPnKhI',0,0),(290,'Vashon Library Attn; Chelsea','Chelsea Weimer',NULL,'17210 Vashon Hwy SW','Vashon','WA','US','98070',NULL,NULL,'2006-04-09 21:27:17',NULL,NULL,1,NULL,2,NULL,NULL,NULL,NULL,NULL,NULL,'',0,0),(291,'Joey','Lewis','royandjoeylewis@aol.com',NULL,NULL,NULL,NULL,NULL,NULL,NULL,NULL,NULL,NULL,NULL,NULL,0,NULL,NULL,NULL,NULL,NULL,NULL,'',0,0),(292,'Dianne','Tokach','ditokach@aol.com','4904 Tokach Dr. S.','Mandan','ND','US','58554','701-663-5625',NULL,'2006-04-30 17:13:07',NULL,'2009-01-28',1,NULL,1,'visa',NULL,'677',NULL,NULL,NULL,'G5qDDK',0,0),(293,'Gary','Wauters','gwuters@po-1.w-marshall.k12.ia.us','706 2nd.St. S.W. Box 459','State Center','IA','US','50247','641 483 2288',NULL,'2006-05-01 11:45:55',NULL,'2008-04-28',1,NULL,1,'mastercard',NULL,'',NULL,NULL,NULL,'sZd5Yn',0,0),(294,'Jan','Novak','ArroyoRanch@starband.net',NULL,NULL,NULL,NULL,NULL,NULL,NULL,NULL,NULL,NULL,NULL,NULL,0,NULL,NULL,NULL,NULL,NULL,NULL,'',0,0),(295,'Jan','Novak Cramer','ArroyoRanch@starband.net','150 Rowell Rd','Walsenburg','CO','US','81089','719/989-0380',NULL,'2006-05-10 11:51:46',NULL,'2006-11-28',1,NULL,1,'mastercard',NULL,'273',NULL,NULL,NULL,'ysphnT',0,0),(296,'Marja','Claffee','Claffee1@aol.com',NULL,NULL,NULL,NULL,NULL,NULL,NULL,NULL,NULL,NULL,NULL,NULL,0,NULL,NULL,NULL,NULL,NULL,NULL,'',0,0),(297,'Jamie','Amato','jamie@lincolnglass.com',NULL,NULL,NULL,NULL,NULL,NULL,NULL,NULL,NULL,NULL,NULL,NULL,0,NULL,NULL,NULL,NULL,NULL,NULL,'',0,0),(298,'LESLIE','KRON','LKRON@SKYWERX.COM','301 GINGER CR','PAGOSA SPRINGS','CO','US','81147','970-422-4788',NULL,'2006-05-21 13:25:50',NULL,'2006-07-28',1,NULL,1,'visa',NULL,'503',NULL,NULL,NULL,'BJDy0E',0,0),(299,'','','',NULL,NULL,NULL,NULL,NULL,NULL,NULL,NULL,NULL,NULL,NULL,NULL,0,NULL,NULL,NULL,NULL,NULL,NULL,'',0,0),(300,'LESLIE','KRON','LKRON@SKYWERX.COM',NULL,NULL,NULL,NULL,NULL,NULL,NULL,NULL,NULL,NULL,NULL,NULL,0,NULL,NULL,NULL,NULL,NULL,NULL,'',0,0),(301,'Jim','Wall','jawall@ilstu.edu',NULL,NULL,NULL,NULL,NULL,NULL,NULL,NULL,NULL,NULL,NULL,NULL,0,NULL,NULL,NULL,NULL,NULL,NULL,'',0,0),(302,'Margaret','McKinnon','meg_mck@nctv.com',NULL,NULL,NULL,NULL,NULL,NULL,NULL,NULL,NULL,NULL,NULL,NULL,0,NULL,NULL,NULL,NULL,NULL,NULL,'',0,0),(303,'Robert','Racel','robracel@peoplepc.com','37 Vista Sierra','Edgewood','NM','US','87015','505-281-8913',NULL,'2006-05-25 18:32:45',NULL,'2007-10-28',1,NULL,1,'visa',NULL,'',NULL,NULL,NULL,'CeHIxF',0,0),(304,'Kathy','','kegan@hotmail.com',NULL,NULL,NULL,NULL,NULL,NULL,NULL,NULL,NULL,NULL,NULL,NULL,0,NULL,NULL,NULL,NULL,NULL,NULL,'',0,0),(305,'Lee','Augst','rocky@dakotacom.net',NULL,NULL,NULL,NULL,NULL,NULL,NULL,NULL,NULL,NULL,NULL,NULL,0,NULL,NULL,NULL,NULL,NULL,NULL,'',0,0),(306,'Anthony','Dickman','awdickman@cox.net',NULL,NULL,NULL,NULL,NULL,NULL,NULL,NULL,NULL,NULL,NULL,NULL,0,NULL,NULL,NULL,NULL,NULL,NULL,'',0,0),(307,'Tina','Newton','Tina.Newton@cox.net',NULL,NULL,NULL,NULL,NULL,NULL,NULL,NULL,NULL,NULL,NULL,NULL,0,NULL,NULL,NULL,NULL,NULL,NULL,'',0,0),(308,'Ron','Hawk','arizonaroma@yahoo.com',NULL,NULL,NULL,NULL,NULL,NULL,NULL,NULL,NULL,NULL,NULL,NULL,0,NULL,NULL,NULL,NULL,NULL,NULL,'',0,0),(309,'Magaly','Abreu','suplivitral@hotmail.com',' DAILY FREIGH INTL SERVICE, 1348 NW 78 AV','MIAMI','FL','US','33126','8095320995',NULL,'2006-06-18 13:39:47',NULL,'2006-09-28',1,NULL,1,'visa',NULL,'651',NULL,NULL,NULL,'k3QdAM',0,0),(310,'MIGUELINA','ABREU',NULL,'EPS A-4282, 7801 NW 37 ST','MIAMI','FL','US','33166',NULL,NULL,'2006-06-18 13:39:47',NULL,NULL,1,NULL,2,NULL,NULL,NULL,NULL,NULL,NULL,'',0,0),(311,'Candice','Witherspoon','CandiceCollection@msn.com',NULL,NULL,NULL,NULL,NULL,NULL,NULL,NULL,NULL,NULL,NULL,NULL,0,NULL,NULL,NULL,NULL,NULL,NULL,'',0,0),(312,'Louise','Curtis','ltc@commspeed.net',NULL,NULL,NULL,NULL,NULL,NULL,NULL,NULL,NULL,NULL,NULL,NULL,0,NULL,NULL,NULL,NULL,NULL,NULL,'',0,0),(313,'Cece','Cousins','ccousins@cox.net',NULL,NULL,NULL,NULL,NULL,NULL,NULL,NULL,NULL,NULL,NULL,NULL,0,NULL,NULL,NULL,NULL,NULL,NULL,'',0,0),(314,'Peggy','Bergquist','bergq4@msn.com','1910 N 16th Street','Boise','ID','US','83702','208-336-3040',NULL,'2006-07-09 14:33:25',NULL,'2007-01-28',1,NULL,1,'visa',NULL,'217',NULL,NULL,NULL,'vUKOl9',0,0),(315,'Beth','Dunlap','bdunlapk@hotmail.com','PO Box 185','Milligan','NE','US','68406','402-629-4324',NULL,'2006-07-15 05:24:07',NULL,'2007-01-28',1,NULL,1,'mastercard',NULL,'656',NULL,NULL,NULL,'JH4mzD',0,0),(316,'Beth','Dunlap',NULL,'2017 O Road','Ohiowa','NE','US','68416',NULL,NULL,'2006-07-15 05:24:07',NULL,NULL,1,NULL,2,NULL,NULL,NULL,NULL,NULL,NULL,'',0,0),(317,'Beth','','bdunlapk@hotmail.com',NULL,NULL,NULL,NULL,NULL,NULL,NULL,NULL,NULL,NULL,NULL,NULL,0,NULL,NULL,NULL,NULL,NULL,NULL,'',0,0),(318,'grace','','sgdtharp@msn.com',NULL,NULL,NULL,NULL,NULL,NULL,NULL,NULL,NULL,NULL,NULL,NULL,0,NULL,NULL,NULL,NULL,NULL,NULL,'',0,0),(319,'goros','','gorod@gffgfc.com',NULL,NULL,NULL,NULL,NULL,NULL,NULL,NULL,NULL,NULL,NULL,NULL,0,NULL,NULL,NULL,NULL,NULL,NULL,'',0,0),(320,'uncerta','','umberto@umbertoc.com',NULL,NULL,NULL,NULL,NULL,NULL,NULL,NULL,NULL,NULL,NULL,NULL,0,NULL,NULL,NULL,NULL,NULL,NULL,'',0,0),(321,'','','',NULL,NULL,NULL,NULL,NULL,NULL,NULL,NULL,NULL,NULL,NULL,NULL,0,NULL,NULL,NULL,NULL,NULL,NULL,'',0,0),(322,'Dan','and','wirewiz@iwon.com',NULL,NULL,NULL,NULL,NULL,NULL,NULL,NULL,NULL,NULL,NULL,NULL,0,NULL,NULL,NULL,NULL,NULL,NULL,'',0,0),(323,'derda','','derda@anda.com',NULL,NULL,NULL,NULL,NULL,NULL,NULL,NULL,NULL,NULL,NULL,NULL,0,NULL,NULL,NULL,NULL,NULL,NULL,'',0,0),(324,'telma','','telma@tekma.com',NULL,NULL,NULL,NULL,NULL,NULL,NULL,NULL,NULL,NULL,NULL,NULL,0,NULL,NULL,NULL,NULL,NULL,NULL,'',0,0),(325,'rooksd','','rookl@dlfld.com',NULL,NULL,NULL,NULL,NULL,NULL,NULL,NULL,NULL,NULL,NULL,NULL,0,NULL,NULL,NULL,NULL,NULL,NULL,'',0,0),(326,'bannur','','bunny@googl.com',NULL,NULL,NULL,NULL,NULL,NULL,NULL,NULL,NULL,NULL,NULL,NULL,0,NULL,NULL,NULL,NULL,NULL,NULL,'',0,0),(327,'nokio','','nokio@kionok.com',NULL,NULL,NULL,NULL,NULL,NULL,NULL,NULL,NULL,NULL,NULL,NULL,0,NULL,NULL,NULL,NULL,NULL,NULL,'',0,0),(328,'regad','','rehgad@regad.com',NULL,NULL,NULL,NULL,NULL,NULL,NULL,NULL,NULL,NULL,NULL,NULL,0,NULL,NULL,NULL,NULL,NULL,NULL,'',0,0),(329,'fedot','','fedot@defool.com',NULL,NULL,NULL,NULL,NULL,NULL,NULL,NULL,NULL,NULL,NULL,NULL,0,NULL,NULL,NULL,NULL,NULL,NULL,'',0,0),(330,'terrip','','terrip@trip.com',NULL,NULL,NULL,NULL,NULL,NULL,NULL,NULL,NULL,NULL,NULL,NULL,0,NULL,NULL,NULL,NULL,NULL,NULL,'',0,0),(331,'pelikan','','pelikan@pelikan.com',NULL,NULL,NULL,NULL,NULL,NULL,NULL,NULL,NULL,NULL,NULL,NULL,0,NULL,NULL,NULL,NULL,NULL,NULL,'',0,0),(332,'gera','','hjhv@hffjkk.com',NULL,NULL,NULL,NULL,NULL,NULL,NULL,NULL,NULL,NULL,NULL,NULL,0,NULL,NULL,NULL,NULL,NULL,NULL,'',0,0),(333,'murka','','murka@ddfdd.com',NULL,NULL,NULL,NULL,NULL,NULL,NULL,NULL,NULL,NULL,NULL,NULL,0,NULL,NULL,NULL,NULL,NULL,NULL,'',0,0),(334,'ferdo','','ferdo@dedd.com',NULL,NULL,NULL,NULL,NULL,NULL,NULL,NULL,NULL,NULL,NULL,NULL,0,NULL,NULL,NULL,NULL,NULL,NULL,'',0,0),(335,'gerta','','geera@gkjg.net',NULL,NULL,NULL,NULL,NULL,NULL,NULL,NULL,NULL,NULL,NULL,NULL,0,NULL,NULL,NULL,NULL,NULL,NULL,'',0,0),(336,'fedot','','fedot@defool.com',NULL,NULL,NULL,NULL,NULL,NULL,NULL,NULL,NULL,NULL,NULL,NULL,0,NULL,NULL,NULL,NULL,NULL,NULL,'',0,0),(337,'brit','','barto@fdlkjflkf.com',NULL,NULL,NULL,NULL,NULL,NULL,NULL,NULL,NULL,NULL,NULL,NULL,0,NULL,NULL,NULL,NULL,NULL,NULL,'',0,0),(338,'ghfg','','hfg@agfdfd.net',NULL,NULL,NULL,NULL,NULL,NULL,NULL,NULL,NULL,NULL,NULL,NULL,0,NULL,NULL,NULL,NULL,NULL,NULL,'',0,0),(339,'Tina','Newton','Tina.Newton@cox.net',NULL,NULL,NULL,NULL,NULL,NULL,NULL,NULL,NULL,NULL,NULL,NULL,0,NULL,NULL,NULL,NULL,NULL,NULL,'',0,0),(340,'Sandy','Spranger','vvfllc@cox.net',NULL,NULL,NULL,NULL,NULL,NULL,NULL,NULL,NULL,NULL,NULL,NULL,0,NULL,NULL,NULL,NULL,NULL,NULL,'',0,0),(341,'Maria','Jordan','mariajordan@cox.net',NULL,NULL,NULL,NULL,NULL,NULL,NULL,NULL,NULL,NULL,NULL,NULL,0,NULL,NULL,NULL,NULL,NULL,NULL,'',0,0),(342,'ELLEN','WIDEMANN','goddessofglass2003@yahoo.com',NULL,NULL,NULL,NULL,NULL,NULL,NULL,NULL,NULL,NULL,NULL,NULL,0,NULL,NULL,NULL,NULL,NULL,NULL,'',0,0),(343,'Willis','','wvw40@cox.net',NULL,NULL,NULL,NULL,NULL,NULL,NULL,NULL,NULL,NULL,NULL,NULL,0,NULL,NULL,NULL,NULL,NULL,NULL,'',0,0),(344,'leeAnn','Honeyman','leeannnay@comcast.net',NULL,NULL,NULL,NULL,NULL,NULL,NULL,NULL,NULL,NULL,NULL,NULL,0,NULL,NULL,NULL,NULL,NULL,NULL,'',0,0),(345,'Lee Ann','Nay','leeannnay@comcast.net','2209 North 200 East','Provo','UT','US','84604-5810','801-372-2047',NULL,'2006-10-24 09:41:29',NULL,'2008-10-28',1,NULL,1,'mastercard',NULL,'715',NULL,NULL,NULL,'HVuFCD',0,0),(346,'jim','','',NULL,NULL,NULL,NULL,NULL,NULL,NULL,NULL,NULL,NULL,NULL,NULL,0,NULL,NULL,NULL,NULL,NULL,NULL,'',0,0),(347,'jim','Mackowiak','jcfreedom@cox.net',NULL,NULL,NULL,NULL,NULL,NULL,NULL,NULL,NULL,NULL,NULL,NULL,0,NULL,NULL,NULL,NULL,NULL,NULL,'',0,0),(348,'Deni','Foley','ocean_worshipper@yahoo.com','13847 Eylewood Drive','Winter Garden','FL','US','34787-4662','407-578-1748',NULL,'2006-11-02 10:19:32',NULL,'2009-12-28',1,NULL,1,'visa',NULL,'678',NULL,NULL,NULL,'c55Z3M',0,0),(349,'Janna','Hengy','jhengy@joimail.com',NULL,NULL,NULL,NULL,NULL,NULL,NULL,NULL,NULL,NULL,NULL,NULL,0,NULL,NULL,NULL,NULL,NULL,NULL,'',0,0),(350,'Anthony','Dickman','awdickman@cox.net',NULL,NULL,NULL,NULL,NULL,NULL,NULL,NULL,NULL,NULL,NULL,NULL,0,NULL,NULL,NULL,NULL,NULL,NULL,'',0,0),(351,'david','smith','redsmth@gmail.com',NULL,NULL,NULL,NULL,NULL,NULL,NULL,NULL,NULL,NULL,NULL,NULL,0,NULL,NULL,NULL,NULL,NULL,NULL,'',0,0),(352,'Jennifer','Wease','JenniferWease@earthlink.net',NULL,NULL,NULL,NULL,NULL,NULL,NULL,NULL,NULL,NULL,NULL,NULL,0,NULL,NULL,NULL,NULL,NULL,NULL,'',0,0),(353,'Dave','Calvert','indcal@sbcglobal.net',NULL,NULL,NULL,NULL,NULL,NULL,NULL,NULL,NULL,NULL,NULL,NULL,0,NULL,NULL,NULL,NULL,NULL,NULL,'',0,0),(354,'David','Calvert','indcal@sbcglobal.net','6851 Riverside Way','Fishers','IN','US','46038','317-507-9021',NULL,'2006-12-17 08:29:45',NULL,'2010-06-28',1,NULL,1,'mastercard',NULL,'207',NULL,NULL,NULL,'saSeQN',0,0),(355,'Ava','Schweitzer','ava_l2002@yahoo.com',NULL,NULL,NULL,NULL,NULL,NULL,NULL,NULL,NULL,NULL,NULL,NULL,0,NULL,NULL,NULL,NULL,NULL,NULL,'',0,0),(356,'Jackie','Favish','jrfavish@yahoo.com',NULL,NULL,NULL,NULL,NULL,NULL,NULL,NULL,NULL,NULL,NULL,NULL,0,NULL,NULL,NULL,NULL,NULL,NULL,'',0,0),(357,'Debbi','Lambert','dlambert123@cox.net',NULL,NULL,NULL,NULL,NULL,NULL,NULL,NULL,NULL,NULL,NULL,NULL,0,NULL,NULL,NULL,NULL,NULL,NULL,'',0,0),(358,'Mary','Tassi','MTassi@aol.com',NULL,NULL,NULL,NULL,NULL,NULL,NULL,NULL,NULL,NULL,NULL,NULL,0,NULL,NULL,NULL,NULL,NULL,NULL,'',0,0),(359,'phyllis','wherry','pwherry9@msn.com',NULL,NULL,NULL,NULL,NULL,NULL,NULL,NULL,NULL,NULL,NULL,NULL,0,NULL,NULL,NULL,NULL,NULL,NULL,'',0,0),(360,'Paul','F','pdougher@cox.net',NULL,NULL,NULL,NULL,NULL,NULL,NULL,NULL,NULL,NULL,NULL,NULL,0,NULL,NULL,NULL,NULL,NULL,NULL,'',0,0),(361,'Kathy','Cashin','kcashin4@cox.net',NULL,NULL,NULL,NULL,NULL,NULL,NULL,NULL,NULL,NULL,NULL,NULL,0,NULL,NULL,NULL,NULL,NULL,NULL,'',0,0),(362,'barbara','morhet','bmorhet@cox.net',NULL,NULL,NULL,NULL,NULL,NULL,NULL,NULL,NULL,NULL,NULL,NULL,0,NULL,NULL,NULL,NULL,NULL,NULL,'',0,0),(363,'Leigh','Beaty','leigh@vistaworks.net','65265 E. Canyon Drive','Tucson','AZ','US','85739','520-825-4500',NULL,'2007-02-20 19:31:50',NULL,'2009-08-28',1,NULL,1,'visa',NULL,'125',NULL,NULL,NULL,'xQtDxU',0,0),(364,'Leigh','','leigh@vistaworks.net',NULL,NULL,NULL,NULL,NULL,NULL,NULL,NULL,NULL,NULL,NULL,NULL,0,NULL,NULL,NULL,NULL,NULL,NULL,'',0,0),(365,'Maria','Jordan','rosabellamj@gmail.com',NULL,NULL,NULL,NULL,NULL,NULL,NULL,NULL,NULL,NULL,NULL,NULL,0,NULL,NULL,NULL,NULL,NULL,NULL,'',0,0),(366,'Kathy','Powers','kathy@golfcentral.ns.ca',NULL,NULL,NULL,NULL,NULL,NULL,NULL,NULL,NULL,NULL,NULL,NULL,0,NULL,NULL,NULL,NULL,NULL,NULL,'',0,0),(367,'Kitty','Whisler-Salsberry','kits@mchsi.com',NULL,NULL,NULL,NULL,NULL,NULL,NULL,NULL,NULL,NULL,NULL,NULL,0,NULL,NULL,NULL,NULL,NULL,NULL,'',0,0),(368,'Kitty','Whisler-Salsberry','kits@mchsi.com','1025 Squaw Creek Rd. SE','Cedar Rapids','IA','US','52403','319-366-0397',NULL,'2007-03-08 11:15:46',NULL,'2007-03-28',1,NULL,1,'mastercard',NULL,'221',NULL,NULL,NULL,'8AXmja',0,0),(607,'Bryan','Jackson','sirreynoldstucson@yahoo.com.sg',NULL,NULL,NULL,NULL,NULL,NULL,NULL,NULL,NULL,NULL,NULL,NULL,0,NULL,NULL,NULL,NULL,NULL,NULL,'',0,0),(369,'robbin','','rvallee@shaw.ca',NULL,NULL,NULL,NULL,NULL,NULL,NULL,NULL,NULL,NULL,NULL,NULL,0,NULL,NULL,NULL,NULL,NULL,NULL,'',0,0),(370,'Lisa','Lyons','LmgemLyons@yahoo.com',NULL,NULL,NULL,NULL,NULL,NULL,NULL,NULL,NULL,NULL,NULL,NULL,0,NULL,NULL,NULL,NULL,NULL,NULL,'',0,0),(371,'Jamie','','jamie92626@yahoo.com',NULL,NULL,NULL,NULL,NULL,NULL,NULL,NULL,NULL,NULL,NULL,NULL,0,NULL,NULL,NULL,NULL,NULL,NULL,'',0,0),(372,'David','Smith','redsmth@gmail.com',NULL,NULL,NULL,NULL,NULL,NULL,NULL,NULL,NULL,NULL,NULL,NULL,0,NULL,NULL,NULL,NULL,NULL,NULL,'',0,0),(373,'robin','','glayenglass@gmail.com',NULL,NULL,NULL,NULL,NULL,NULL,NULL,NULL,NULL,NULL,NULL,NULL,0,NULL,NULL,NULL,NULL,NULL,NULL,'',0,0),(374,'coral','simplicio','simplicio@earthlink.net',NULL,NULL,NULL,NULL,NULL,NULL,NULL,NULL,NULL,NULL,NULL,NULL,0,NULL,NULL,NULL,NULL,NULL,NULL,'',0,0),(375,'coral','simplicio','simplicio@earthlink.net',NULL,NULL,NULL,NULL,NULL,NULL,NULL,NULL,NULL,NULL,NULL,NULL,0,NULL,NULL,NULL,NULL,NULL,NULL,'',0,0),(376,'Donna','Anderson','GlassArtis@aol.com',NULL,NULL,NULL,NULL,NULL,NULL,NULL,NULL,NULL,NULL,NULL,NULL,0,NULL,NULL,NULL,NULL,NULL,NULL,'',0,0),(377,'tony','medlock','themft2go@yahoo.com',NULL,NULL,NULL,NULL,NULL,NULL,NULL,NULL,NULL,NULL,NULL,NULL,0,NULL,NULL,NULL,NULL,NULL,NULL,'',0,0),(378,'courtney','meisinger','courtmeisinger@hotmail.com',NULL,NULL,NULL,NULL,NULL,NULL,NULL,NULL,NULL,NULL,NULL,NULL,0,NULL,NULL,NULL,NULL,NULL,NULL,'',0,0),(379,'pollie','','psilikeu2@aol.com',NULL,NULL,NULL,NULL,NULL,NULL,NULL,NULL,NULL,NULL,NULL,NULL,0,NULL,NULL,NULL,NULL,NULL,NULL,'',0,0),(380,'sheldon','tillman','sheltillman@bellsouth.net','514#2 centre st','charlotte','NC','US','28216','704 3913268',NULL,'2007-06-05 10:47:56',NULL,'2009-01-28',1,NULL,1,'visa',NULL,'131',NULL,NULL,NULL,'Hcf5Zs',0,0),(381,'sheldon','tillman','sheltillman@37.com',NULL,NULL,NULL,NULL,NULL,NULL,NULL,NULL,NULL,NULL,NULL,NULL,0,NULL,NULL,NULL,NULL,NULL,NULL,'',0,0),(382,'shel','tillman','sheltillman@bellsouth.net','514#2 centre st','charlotte','NC','US','28216','704 3913268',NULL,'2007-06-18 11:32:19',NULL,'2009-01-28',1,NULL,1,'visa',NULL,'131',NULL,NULL,NULL,'LohXoY',0,0),(383,'Norma','Rosario-Carde','ncarde@cox.net',NULL,NULL,NULL,NULL,NULL,NULL,NULL,NULL,NULL,NULL,NULL,NULL,0,NULL,NULL,NULL,NULL,NULL,NULL,'',0,0),(384,'vicky','mkiller','laxmomx3@aol.com',NULL,NULL,NULL,NULL,NULL,NULL,NULL,NULL,NULL,NULL,NULL,NULL,0,NULL,NULL,NULL,NULL,NULL,NULL,'',0,0),(385,'vicky','miller','laxmomx3@aol.com',NULL,NULL,NULL,NULL,NULL,NULL,NULL,NULL,NULL,NULL,NULL,NULL,0,NULL,NULL,NULL,NULL,NULL,NULL,'',0,0),(386,'Glenda','','glenda55176@aol.com',NULL,NULL,NULL,NULL,NULL,NULL,NULL,NULL,NULL,NULL,NULL,NULL,0,NULL,NULL,NULL,NULL,NULL,NULL,'',0,0),(387,'tonya','Jacobs','tonyahjacobs@bellsouth.net',NULL,NULL,NULL,NULL,NULL,NULL,NULL,NULL,NULL,NULL,NULL,NULL,0,NULL,NULL,NULL,NULL,NULL,NULL,'',0,0),(388,'Victoria','Martin','vjmartin1@yahoo.com','2080 Coyote Spur','Golden','CO','US','80403','3032794357',NULL,'2007-08-21 09:58:34',NULL,'2009-01-28',1,NULL,1,'visa',NULL,'873',NULL,NULL,NULL,'49dFge',0,0),(389,'Denise','','deewade76@hotmail.com',NULL,NULL,NULL,NULL,NULL,NULL,NULL,NULL,NULL,NULL,NULL,NULL,0,NULL,NULL,NULL,NULL,NULL,NULL,'',0,0),(390,'anita','tate bruce','tatesstainglass@yahoo.com','9122  n mc arthur blvd','oklahoma city','OK','US','73132','405-722-1312',NULL,'2007-08-28 12:24:48',NULL,'2008-12-28',1,NULL,1,'visa',NULL,'917',NULL,NULL,NULL,'ZkuF5w',0,0),(391,'Joy','DeVercelly','wynnjoy@yahoo.com',NULL,NULL,NULL,NULL,NULL,NULL,NULL,NULL,NULL,NULL,NULL,NULL,0,NULL,NULL,NULL,NULL,NULL,NULL,'',0,0),(392,'Brigid','Lakin','brigidinaz6208@aol.com',NULL,NULL,NULL,NULL,NULL,NULL,NULL,NULL,NULL,NULL,NULL,NULL,0,NULL,NULL,NULL,NULL,NULL,NULL,'',0,0),(393,'Camille','Carreon','Camille0812@aol.com',NULL,NULL,NULL,NULL,NULL,NULL,NULL,NULL,NULL,NULL,NULL,NULL,0,NULL,NULL,NULL,NULL,NULL,NULL,'',0,0),(394,'Jen','Hermes','jeanettehermes@yahoo.com',NULL,NULL,NULL,NULL,NULL,NULL,NULL,NULL,NULL,NULL,NULL,NULL,0,NULL,NULL,NULL,NULL,NULL,NULL,'',0,0),(395,'Larry','L.','legweakbl@hotmail.com',NULL,NULL,NULL,NULL,NULL,NULL,NULL,NULL,NULL,NULL,NULL,NULL,0,NULL,NULL,NULL,NULL,NULL,NULL,'',0,0),(396,'Dori','Leekley','dleekley@aol.com',NULL,NULL,NULL,NULL,NULL,NULL,NULL,NULL,NULL,NULL,NULL,NULL,0,NULL,NULL,NULL,NULL,NULL,NULL,'',0,0),(397,'Julie','','donjuls95@hotmail.com',NULL,NULL,NULL,NULL,NULL,NULL,NULL,NULL,NULL,NULL,NULL,NULL,0,NULL,NULL,NULL,NULL,NULL,NULL,'',0,0),(398,'Lori','Dalton','daltonmlra@aol.com','P.O. Box 1649','Fraser','CO','US','80442','321-403-1261',NULL,'2007-10-14 11:03:59',NULL,'2009-03-28',1,NULL,1,'mastercard',NULL,'320',NULL,NULL,NULL,'AsBo0d',0,0),(399,'Jen','Hermes','jeanettehermes@yahoo.com',NULL,NULL,NULL,NULL,NULL,NULL,NULL,NULL,NULL,NULL,NULL,NULL,0,NULL,NULL,NULL,NULL,NULL,NULL,'',0,0),(400,'Peggy','Dover','qtrbug@cox.net',NULL,NULL,NULL,NULL,NULL,NULL,NULL,NULL,NULL,NULL,NULL,NULL,0,NULL,NULL,NULL,NULL,NULL,NULL,'',0,0),(401,'Linda','Semke','lsemke23@hotmail.com','30 Buckskin Lane','Sedona','AZ','US','86336','928-203-4464',NULL,'2008-01-12 08:36:32',NULL,'2010-11-28',1,NULL,1,'visa',NULL,'552',NULL,NULL,NULL,'t1yTAV',0,0),(402,'Joan','Trabucco','jtrabucco@sisqtel.net','Po box 35','Scott Bar','CA','US','96085','530-496-3318',NULL,'2008-01-21 18:19:32',NULL,'2010-03-28',1,NULL,1,'visa',NULL,'427',NULL,NULL,NULL,'Fz3gnj',0,0),(403,'Dolores','Miller','northernlights@sasktel.net','Box 1116','La Ronge','SK','CA','S0J 1L0','306-425-2725',NULL,'2008-01-31 11:09:45',NULL,'2010-05-28',1,NULL,1,'visa',NULL,'716',NULL,NULL,NULL,'5DoOJK',0,0),(404,'Ava','','ava_l2002@yahoo.com',NULL,NULL,NULL,NULL,NULL,NULL,NULL,NULL,NULL,NULL,NULL,NULL,0,NULL,NULL,NULL,NULL,NULL,NULL,'',0,0),(405,'Sheila','Brant','takeyourword@hotmail.com',NULL,NULL,NULL,NULL,NULL,NULL,NULL,NULL,NULL,NULL,NULL,NULL,0,NULL,NULL,NULL,NULL,NULL,NULL,'',0,0),(406,'kapil','','vermaglass_11@yahoo.co.in',NULL,NULL,NULL,NULL,NULL,NULL,NULL,NULL,NULL,NULL,NULL,NULL,0,NULL,NULL,NULL,NULL,NULL,NULL,'',0,0),(407,'gary','mann','garyimann@comcast.net','2722 bright star pl','las cruces','NM','US','88011','575 521 7793',NULL,'2008-02-05 09:16:25',NULL,'2010-10-28',1,NULL,1,'visa',NULL,'678',NULL,NULL,NULL,'hv7ekz',0,0),(606,'ron','peckham','fronpeckham@yahoo.com',NULL,NULL,NULL,NULL,NULL,NULL,NULL,NULL,NULL,NULL,NULL,NULL,0,NULL,NULL,NULL,NULL,NULL,NULL,'',0,0),(408,'sabone54','','sabone54@yahoo.com',NULL,NULL,NULL,NULL,NULL,NULL,NULL,NULL,NULL,NULL,NULL,NULL,0,NULL,NULL,NULL,NULL,NULL,NULL,'',0,0),(409,'Doreen','Day','dday@hvc.rr.com','PO Box 360','Hurley','NY','US','12443','845-626-2384',NULL,'2008-02-08 18:37:15',NULL,'2010-05-28',1,NULL,1,'visa',NULL,'951',NULL,NULL,NULL,'3Rmw3Q',0,0),(410,'david','bird','davidleslie@go.com',NULL,NULL,NULL,NULL,NULL,NULL,NULL,NULL,NULL,NULL,NULL,NULL,0,NULL,NULL,NULL,NULL,NULL,NULL,'',0,0),(411,'Annette','Grover','belartdecor@msn.com',NULL,NULL,NULL,NULL,NULL,NULL,NULL,NULL,NULL,NULL,NULL,NULL,0,NULL,NULL,NULL,NULL,NULL,NULL,'',0,0),(412,'Roy56','','Alex20@newmsn.com',NULL,NULL,NULL,NULL,NULL,NULL,NULL,NULL,NULL,NULL,NULL,NULL,0,NULL,NULL,NULL,NULL,NULL,NULL,'',0,0),(413,'Sheryl','Kamacho','clk4slk@msn.com',NULL,NULL,NULL,NULL,NULL,NULL,NULL,NULL,NULL,NULL,NULL,NULL,0,NULL,NULL,NULL,NULL,NULL,NULL,'',0,0),(414,'Mike','Hardgrove','mdhardgrove@peoplepc.com',NULL,NULL,NULL,NULL,NULL,NULL,NULL,NULL,NULL,NULL,NULL,NULL,0,NULL,NULL,NULL,NULL,NULL,NULL,'',0,0),(415,'denis','rolston','richard.denis7@gmail.com',NULL,NULL,NULL,NULL,NULL,NULL,NULL,NULL,NULL,NULL,NULL,NULL,0,NULL,NULL,NULL,NULL,NULL,NULL,'',0,0),(416,'Sheri','Elisco','keepintouch2day@gmail.com',NULL,NULL,NULL,NULL,NULL,NULL,NULL,NULL,NULL,NULL,NULL,NULL,0,NULL,NULL,NULL,NULL,NULL,NULL,'',0,0),(417,'Kathleen','Drey','kdrey@arizona.aaa.com',NULL,NULL,NULL,NULL,NULL,NULL,NULL,NULL,NULL,NULL,NULL,NULL,0,NULL,NULL,NULL,NULL,NULL,NULL,'',0,0),(418,'Rebecca E.','Weatherford','rweatherford@ctesc.net','10212 Ranch Road 965','Fredericksburg','TX','US','78624-6861','830-685-3063',NULL,'2008-05-29 14:08:12',NULL,'2010-01-28',1,NULL,1,'visa',NULL,'733',NULL,NULL,NULL,'RkM3eP',0,0),(419,'Pol4654','','Alex93@newmsn.com',NULL,NULL,NULL,NULL,NULL,NULL,NULL,NULL,NULL,NULL,NULL,NULL,0,NULL,NULL,NULL,NULL,NULL,NULL,'',0,0),(420,'Ron','Martin','chromehair@gmail.com',NULL,NULL,NULL,NULL,NULL,NULL,NULL,NULL,NULL,NULL,NULL,NULL,0,NULL,NULL,NULL,NULL,NULL,NULL,'',0,0),(421,'Kathleen','Connors','kathaconnors@msn.com',NULL,NULL,NULL,NULL,NULL,NULL,NULL,NULL,NULL,NULL,NULL,NULL,0,NULL,NULL,NULL,NULL,NULL,NULL,'',0,0),(422,'Lara','Muir','l.a.muir@cox.net',NULL,NULL,NULL,NULL,NULL,NULL,NULL,NULL,NULL,NULL,NULL,NULL,0,NULL,NULL,NULL,NULL,NULL,NULL,'',0,0),(423,'Donna','Collamer','Events4me@aol.com',NULL,NULL,NULL,NULL,NULL,NULL,NULL,NULL,NULL,NULL,NULL,NULL,0,NULL,NULL,NULL,NULL,NULL,NULL,'',0,0),(424,'Melodie','','Melodiebirch@hotmail.com',NULL,NULL,NULL,NULL,NULL,NULL,NULL,NULL,NULL,NULL,NULL,NULL,0,NULL,NULL,NULL,NULL,NULL,NULL,'',0,0),(425,'flower1800','','flower@aol.com',NULL,NULL,NULL,NULL,NULL,NULL,NULL,NULL,NULL,NULL,NULL,NULL,0,NULL,NULL,NULL,NULL,NULL,NULL,'',0,0),(426,'Paul','','borisfromphx@aol.com',NULL,NULL,NULL,NULL,NULL,NULL,NULL,NULL,NULL,NULL,NULL,NULL,0,NULL,NULL,NULL,NULL,NULL,NULL,'',0,0),(427,'jeane','hays','jeane_hays@qwest.net',NULL,NULL,NULL,NULL,NULL,NULL,NULL,NULL,NULL,NULL,NULL,NULL,0,NULL,NULL,NULL,NULL,NULL,NULL,'',0,0),(428,'Rebecca','Heil','rebecca_heil_53@yahoo.com',NULL,NULL,NULL,NULL,NULL,NULL,NULL,NULL,NULL,NULL,NULL,NULL,0,NULL,NULL,NULL,NULL,NULL,NULL,'',0,0),(429,'Tony','Redmond','blufella1@dodo.com.au',NULL,NULL,NULL,NULL,NULL,NULL,NULL,NULL,NULL,NULL,NULL,NULL,0,NULL,NULL,NULL,NULL,NULL,NULL,'',0,0),(430,'Robert','Redmond','blufella1@dodo.com.au','125 McDonalds Road','CLUNES','Not Applicable','AU','3370','61 3 53453915',NULL,'2008-08-18 01:17:57',NULL,'2009-05-28',1,NULL,1,'mastercard',NULL,'981',NULL,NULL,NULL,'YhR5Ph',0,0),(431,'Sherry','Ellis','artworks1003@aol.com',NULL,NULL,NULL,NULL,NULL,NULL,NULL,NULL,NULL,NULL,NULL,NULL,0,NULL,NULL,NULL,NULL,NULL,NULL,'',0,0),(432,'Ava','','ava_l2002@yahoo.com',NULL,NULL,NULL,NULL,NULL,NULL,NULL,NULL,NULL,NULL,NULL,NULL,0,NULL,NULL,NULL,NULL,NULL,NULL,'',0,0),(433,'Ellen','Bitson','mykiva@msn.com','3340 Whiting Ave #31','Stevens Point','WI','US','54481','715-697-9009',NULL,'2008-09-09 20:41:42',NULL,'2009-01-28',1,NULL,1,'mastercard',NULL,'5556',NULL,NULL,NULL,'kndth1',0,0),(434,'Lynn','Cicero','lynncicero@msn.com',NULL,NULL,NULL,NULL,NULL,NULL,NULL,NULL,NULL,NULL,NULL,NULL,0,NULL,NULL,NULL,NULL,NULL,NULL,'',0,0),(435,'ava','Schweitzer','ava_l2002@yahoo.com','5530 west c.r. 900s.','Madison','IN','US','47250','000-000-0000',NULL,'2008-09-23 07:06:52',NULL,'2010-10-28',1,NULL,1,'visa',NULL,'273',NULL,NULL,NULL,'QHIRKF',0,0),(436,'Lynn','Ganz','lganz@rcn.com',NULL,NULL,NULL,NULL,NULL,NULL,NULL,NULL,NULL,NULL,NULL,NULL,0,NULL,NULL,NULL,NULL,NULL,NULL,'',0,0),(437,'AL','','altonpotter@verizon.net',NULL,NULL,NULL,NULL,NULL,NULL,NULL,NULL,NULL,NULL,NULL,NULL,0,NULL,NULL,NULL,NULL,NULL,NULL,'',0,0),(438,'Jane','Lucien-Scholle','putneyjane@aol.com',NULL,NULL,NULL,NULL,NULL,NULL,NULL,NULL,NULL,NULL,NULL,NULL,0,NULL,NULL,NULL,NULL,NULL,NULL,'',0,0),(439,'Annette','Grover','belartdecor@msn.com',NULL,NULL,NULL,NULL,NULL,NULL,NULL,NULL,NULL,NULL,NULL,NULL,0,NULL,NULL,NULL,NULL,NULL,NULL,'',0,0),(440,'Cindy','','cpup@conwaycorp.net',NULL,NULL,NULL,NULL,NULL,NULL,NULL,NULL,NULL,NULL,NULL,NULL,0,NULL,NULL,NULL,NULL,NULL,NULL,'',0,0),(441,'Cindy','','cpup@conwaycorp.net',NULL,NULL,NULL,NULL,NULL,NULL,NULL,NULL,NULL,NULL,NULL,NULL,0,NULL,NULL,NULL,NULL,NULL,NULL,'',0,0),(442,'Tom','Moore','tom@cantonartglass.com',NULL,NULL,NULL,NULL,NULL,NULL,NULL,NULL,NULL,NULL,NULL,NULL,0,NULL,NULL,NULL,NULL,NULL,NULL,'',0,0),(443,'acjcufdbdr','','vtzdkm@txhval.com',NULL,NULL,NULL,NULL,NULL,NULL,NULL,NULL,NULL,NULL,NULL,NULL,0,NULL,NULL,NULL,NULL,NULL,NULL,'',0,0),(444,'bgrote','','bgrote90@aol.com',NULL,NULL,NULL,NULL,NULL,NULL,NULL,NULL,NULL,NULL,NULL,NULL,0,NULL,NULL,NULL,NULL,NULL,NULL,'',0,0),(445,'hcxxsbn','','ugomwb@hazhyh.com',NULL,NULL,NULL,NULL,NULL,NULL,NULL,NULL,NULL,NULL,NULL,NULL,0,NULL,NULL,NULL,NULL,NULL,NULL,'',0,0),(446,'L','GUSTIN','llgustin@juno.com',NULL,NULL,NULL,NULL,NULL,NULL,NULL,NULL,NULL,NULL,NULL,NULL,0,NULL,NULL,NULL,NULL,NULL,NULL,'',0,0),(447,'roger','Tacey','rogertacey@yahoo,com',NULL,NULL,NULL,NULL,NULL,NULL,NULL,NULL,NULL,NULL,NULL,NULL,0,NULL,NULL,NULL,NULL,NULL,NULL,'',0,0),(448,'jdliwnyge','','tnyodw@wtjluy.com',NULL,NULL,NULL,NULL,NULL,NULL,NULL,NULL,NULL,NULL,NULL,NULL,0,NULL,NULL,NULL,NULL,NULL,NULL,'',0,0),(449,'pzwuix','','evsjem@jzplrk.com',NULL,NULL,NULL,NULL,NULL,NULL,NULL,NULL,NULL,NULL,NULL,NULL,0,NULL,NULL,NULL,NULL,NULL,NULL,'',0,0),(450,'uasofm','','vbjonx@jlqjsi.com',NULL,NULL,NULL,NULL,NULL,NULL,NULL,NULL,NULL,NULL,NULL,NULL,0,NULL,NULL,NULL,NULL,NULL,NULL,'',0,0),(451,'David','Bird','davidleslie@go.com',NULL,NULL,NULL,NULL,NULL,NULL,NULL,NULL,NULL,NULL,NULL,NULL,0,NULL,NULL,NULL,NULL,NULL,NULL,'',0,0),(452,'Sheri','L.','reliablegeneral@qwest.net',NULL,NULL,NULL,NULL,NULL,NULL,NULL,NULL,NULL,NULL,NULL,NULL,0,NULL,NULL,NULL,NULL,NULL,NULL,'',0,0),(453,'Stan','Reidenbach','shreidenbach@yahoo.com',NULL,NULL,NULL,NULL,NULL,NULL,NULL,NULL,NULL,NULL,NULL,NULL,0,NULL,NULL,NULL,NULL,NULL,NULL,'',0,0),(454,'Kathryn','Thomas','ozkat@bigpond.com','37 Leslie St.','Woodford. QUEENSLAND','Not Applicable','AU','4514','07.54961120',NULL,'2009-02-11 17:09:09',NULL,'2012-11-28',1,NULL,1,'visa',NULL,'638',NULL,NULL,NULL,'GSbqvI',0,0),(455,'sgakqozj','','dlbpgq@vjthaw.com',NULL,NULL,NULL,NULL,NULL,NULL,NULL,NULL,NULL,NULL,NULL,NULL,0,NULL,NULL,NULL,NULL,NULL,NULL,'',0,0),(456,'Carolyn','Poole','carolynpoole@verizon.net',NULL,NULL,NULL,NULL,NULL,NULL,NULL,NULL,NULL,NULL,NULL,NULL,0,NULL,NULL,NULL,NULL,NULL,NULL,'',0,0),(457,'ypwopbdxmpf','','vlhaiz@paxlhy.com',NULL,NULL,NULL,NULL,NULL,NULL,NULL,NULL,NULL,NULL,NULL,NULL,0,NULL,NULL,NULL,NULL,NULL,NULL,'',0,0),(458,'susana','beatriz','susanabertoldi@yahoo.com.ar',NULL,NULL,NULL,NULL,NULL,NULL,NULL,NULL,NULL,NULL,NULL,NULL,0,NULL,NULL,NULL,NULL,NULL,NULL,'',0,0),(459,'marian','warner','mfwarner@hotmail.com',NULL,NULL,NULL,NULL,NULL,NULL,NULL,NULL,NULL,NULL,NULL,NULL,0,NULL,NULL,NULL,NULL,NULL,NULL,'',0,0),(460,'nancy','','njlitz@hotmail.com',NULL,NULL,NULL,NULL,NULL,NULL,NULL,NULL,NULL,NULL,NULL,NULL,0,NULL,NULL,NULL,NULL,NULL,NULL,'',0,0),(461,'qkybawkst','','jdligz@enkwys.com',NULL,NULL,NULL,NULL,NULL,NULL,NULL,NULL,NULL,NULL,NULL,NULL,0,NULL,NULL,NULL,NULL,NULL,NULL,'',0,0),(462,'Catherine','Hurla','ccatchuck@aol.com',NULL,NULL,NULL,NULL,NULL,NULL,NULL,NULL,NULL,NULL,NULL,NULL,0,NULL,NULL,NULL,NULL,NULL,NULL,'',0,0),(463,'yqmmdikmi','','wxxqep@drucyy.com',NULL,NULL,NULL,NULL,NULL,NULL,NULL,NULL,NULL,NULL,NULL,NULL,0,NULL,NULL,NULL,NULL,NULL,NULL,'',0,0),(464,'kkiyuwogqzv','','ndnhrq@esjcwf.com',NULL,NULL,NULL,NULL,NULL,NULL,NULL,NULL,NULL,NULL,NULL,NULL,0,NULL,NULL,NULL,NULL,NULL,NULL,'',0,0),(465,'ejikutgfvs','','tfijof@rwhetz.com',NULL,NULL,NULL,NULL,NULL,NULL,NULL,NULL,NULL,NULL,NULL,NULL,0,NULL,NULL,NULL,NULL,NULL,NULL,'',0,0),(466,'Kim','Caballero','kcaballero2@cox.net',NULL,NULL,NULL,NULL,NULL,NULL,NULL,NULL,NULL,NULL,NULL,NULL,0,NULL,NULL,NULL,NULL,NULL,NULL,'',0,0),(467,'Lori','Williams','saddleup-now@hotmail.com',NULL,NULL,NULL,NULL,NULL,NULL,NULL,NULL,NULL,NULL,NULL,NULL,0,NULL,NULL,NULL,NULL,NULL,NULL,'',0,0),(468,'betty','d','dialunderlock@peoplepc.com',NULL,NULL,NULL,NULL,NULL,NULL,NULL,NULL,NULL,NULL,NULL,NULL,0,NULL,NULL,NULL,NULL,NULL,NULL,'',0,0),(469,'betty','d','dialunderlock@peoplepc.com',NULL,NULL,NULL,NULL,NULL,NULL,NULL,NULL,NULL,NULL,NULL,NULL,0,NULL,NULL,NULL,NULL,NULL,NULL,'',0,0),(470,'kenneth','berman','kberman2@verizon.net','1318 northglen ln','lakeland','FL','US','33813','8636988390',NULL,'2009-06-05 22:29:41',NULL,'2009-08-28',1,NULL,1,'visa',NULL,'765',NULL,NULL,NULL,'Qb0eK9',0,0),(471,'Ken','Berman',NULL,'120 W. Main St','Lakeland','FL','US','33815',NULL,NULL,'2009-06-05 22:29:41',NULL,NULL,1,NULL,2,NULL,NULL,NULL,NULL,NULL,NULL,'',0,0),(472,'Cindy','Graves','graves8941@comcast.net','PO Box 3995','Wilsonville','OR','US','97070','503 936-7161',NULL,'2009-06-13 12:49:42',NULL,'2010-08-28',1,NULL,1,'visa',NULL,'550',NULL,NULL,NULL,'P2vJGu',0,0),(473,'Marie','Yohre','mariesranch@aol.com',NULL,NULL,NULL,NULL,NULL,NULL,NULL,NULL,NULL,NULL,NULL,NULL,0,NULL,NULL,NULL,NULL,NULL,NULL,'',0,0),(474,'zflcbnqck','','gssfom@zffmnp.com',NULL,NULL,NULL,NULL,NULL,NULL,NULL,NULL,NULL,NULL,NULL,NULL,0,NULL,NULL,NULL,NULL,NULL,NULL,'',0,0),(475,'WILEY','SCHEXNEIDER','latexrubber256@bellsouth.net','12 LITTLE DRIVE','LAKE CHARLES','LA','US','70605','337-436-0955',NULL,'2009-06-18 10:26:41',NULL,'2011-08-28',1,NULL,1,'visa',NULL,'025',NULL,NULL,NULL,'LSJcEk',0,0),(476,'WILEY','SCHEXNEIDER',NULL,'828 4TH AVENUE','LAKE CHARLES','LA','US','70601',NULL,NULL,'2009-06-18 10:26:41',NULL,NULL,1,NULL,2,NULL,NULL,NULL,NULL,NULL,NULL,'',0,0),(477,'Beverly','','beverlys@siselinternational.com',NULL,NULL,NULL,NULL,NULL,NULL,NULL,NULL,NULL,NULL,NULL,NULL,0,NULL,NULL,NULL,NULL,NULL,NULL,'',0,0),(478,'David','Louth','sdlldl@sbcglobal.net',NULL,NULL,NULL,NULL,NULL,NULL,NULL,NULL,NULL,NULL,NULL,NULL,0,NULL,NULL,NULL,NULL,NULL,NULL,'',0,0),(479,'hyxkwutm','','tnynkv@muekfg.com',NULL,NULL,NULL,NULL,NULL,NULL,NULL,NULL,NULL,NULL,NULL,NULL,0,NULL,NULL,NULL,NULL,NULL,NULL,'',0,0),(480,'lrakvpmdarm','','axlric@kqagnt.com',NULL,NULL,NULL,NULL,NULL,NULL,NULL,NULL,NULL,NULL,NULL,NULL,0,NULL,NULL,NULL,NULL,NULL,NULL,'',0,0),(481,'peggy','Leslie','pleslie8@cox.net',NULL,NULL,NULL,NULL,NULL,NULL,NULL,NULL,NULL,NULL,NULL,NULL,0,NULL,NULL,NULL,NULL,NULL,NULL,'',0,0),(482,'rod','anderson','nmvcdf@hotmail.com','1215 waterford way','roswell','GA','US','30075','7707555360',NULL,'2009-08-02 10:36:54',NULL,'2008-02-28',1,NULL,1,'visa',NULL,'431',NULL,NULL,NULL,'J7zy1e',0,0),(605,'john','','barny182@hotmail.com',NULL,NULL,NULL,NULL,NULL,NULL,NULL,NULL,NULL,NULL,NULL,NULL,0,NULL,NULL,NULL,NULL,NULL,NULL,'',0,0),(483,'Lori','FAWLEY','LADYBUGLORI@GMAIL.COM',NULL,NULL,NULL,NULL,NULL,NULL,NULL,NULL,NULL,NULL,NULL,NULL,0,NULL,NULL,NULL,NULL,NULL,NULL,'',0,0),(484,'Virginia','Brackins','Cairodesert_rose@hotmail.com','5540 Exeter Street','Churchton','MD','US','20733','4436078574',NULL,'2009-08-12 10:16:07',NULL,'2011-02-28',1,NULL,1,'visa',NULL,'135',NULL,NULL,NULL,'xXdcMD',0,0),(485,'Jacky','chen','decoratedglass@gmail.com',NULL,NULL,NULL,NULL,NULL,NULL,NULL,NULL,NULL,NULL,NULL,NULL,0,NULL,NULL,NULL,NULL,NULL,NULL,'',0,0),(486,'zffmnq','','prmnlp@ucmzxg.com',NULL,NULL,NULL,NULL,NULL,NULL,NULL,NULL,NULL,NULL,NULL,NULL,0,NULL,NULL,NULL,NULL,NULL,NULL,'',0,0),(487,'Lynn','Baker','sunsetinaz@gmail.com',NULL,NULL,NULL,NULL,NULL,NULL,NULL,NULL,NULL,NULL,NULL,NULL,0,NULL,NULL,NULL,NULL,NULL,NULL,'',0,0),(488,'Bruce','Russell','brussell10@cox.net',NULL,NULL,NULL,NULL,NULL,NULL,NULL,NULL,NULL,NULL,NULL,NULL,0,NULL,NULL,NULL,NULL,NULL,NULL,'',0,0),(489,'Jeffrey','Arbogast','jfarbo66@live.com',NULL,NULL,NULL,NULL,NULL,NULL,NULL,NULL,NULL,NULL,NULL,NULL,0,NULL,NULL,NULL,NULL,NULL,NULL,'',0,0),(490,'Barbara A.','Card','bcard@rushmore.com','6911 Spyglass Ct.','Rapid City','SD','US','57702','605-716-5161',NULL,'2009-10-16 13:45:33',NULL,'2010-04-28',1,NULL,1,'mastercard',NULL,'703',NULL,NULL,NULL,'JxTlv7',0,0),(491,'Barbara','Card','bcard@rushmore.com',NULL,NULL,NULL,NULL,NULL,NULL,NULL,NULL,NULL,NULL,NULL,NULL,0,NULL,NULL,NULL,NULL,NULL,NULL,'',0,0),(492,'Bubbins','','nagoyoo@gmail.com',NULL,NULL,NULL,NULL,NULL,NULL,NULL,NULL,NULL,NULL,NULL,NULL,0,NULL,NULL,NULL,NULL,NULL,NULL,'',0,0),(493,'Fran','Piper','tntsierra@cox.net',NULL,NULL,NULL,NULL,NULL,NULL,NULL,NULL,NULL,NULL,NULL,NULL,0,NULL,NULL,NULL,NULL,NULL,NULL,'',0,0),(494,'Pam','Seipp','psseipp@cox.net',NULL,NULL,NULL,NULL,NULL,NULL,NULL,NULL,NULL,NULL,NULL,NULL,0,NULL,NULL,NULL,NULL,NULL,NULL,'',0,0),(495,'liuggma','','apippf@nsgrcr.com',NULL,NULL,NULL,NULL,NULL,NULL,NULL,NULL,NULL,NULL,NULL,NULL,0,NULL,NULL,NULL,NULL,NULL,NULL,'',0,0),(496,'Gene','LHeureux','medical_insurance@mac.com',NULL,NULL,NULL,NULL,NULL,NULL,NULL,NULL,NULL,NULL,NULL,NULL,0,NULL,NULL,NULL,NULL,NULL,NULL,'',0,0),(497,'linda','coover','coovthe@msn.com',NULL,NULL,NULL,NULL,NULL,NULL,NULL,NULL,NULL,NULL,NULL,NULL,0,NULL,NULL,NULL,NULL,NULL,NULL,'',0,0),(498,'Ronnie','','ronnie.costa@cox.net',NULL,NULL,NULL,NULL,NULL,NULL,NULL,NULL,NULL,NULL,NULL,NULL,0,NULL,NULL,NULL,NULL,NULL,NULL,'',0,0),(499,'Jack','Feliciano','slojack@sbcglobal.net',NULL,NULL,NULL,NULL,NULL,NULL,NULL,NULL,NULL,NULL,NULL,NULL,0,NULL,NULL,NULL,NULL,NULL,NULL,'',0,0),(500,'xgmgqs','','qfnbtv@jsbwoo.com',NULL,NULL,NULL,NULL,NULL,NULL,NULL,NULL,NULL,NULL,NULL,NULL,0,NULL,NULL,NULL,NULL,NULL,NULL,'',0,0),(501,'sotobefpm','','tnyzhf@csdpvv.com',NULL,NULL,NULL,NULL,NULL,NULL,NULL,NULL,NULL,NULL,NULL,NULL,0,NULL,NULL,NULL,NULL,NULL,NULL,'',0,0),(502,'Kelly','Roberts','kdroberts@cox.net',NULL,NULL,NULL,NULL,NULL,NULL,NULL,NULL,NULL,NULL,NULL,NULL,0,NULL,NULL,NULL,NULL,NULL,NULL,'',0,0),(503,'Allen','Karson','akarson@q.com',NULL,NULL,NULL,NULL,NULL,NULL,NULL,NULL,NULL,NULL,NULL,NULL,0,NULL,NULL,NULL,NULL,NULL,NULL,'',0,0),(504,'joanie','','jcm171@zoominternet.net',NULL,NULL,NULL,NULL,NULL,NULL,NULL,NULL,NULL,NULL,NULL,NULL,0,NULL,NULL,NULL,NULL,NULL,NULL,'',0,0),(505,'dsatinpreca','','dsatinpreca@gmail.com',NULL,NULL,NULL,NULL,NULL,NULL,NULL,NULL,NULL,NULL,NULL,NULL,0,NULL,NULL,NULL,NULL,NULL,NULL,'',0,0),(506,'ranololstud','','ranololstud@gmail.com',NULL,NULL,NULL,NULL,NULL,NULL,NULL,NULL,NULL,NULL,NULL,NULL,0,NULL,NULL,NULL,NULL,NULL,NULL,'',0,0),(507,'egfvrvtgkypj','','egfvrvtgkypj@gmail.com',NULL,NULL,NULL,NULL,NULL,NULL,NULL,NULL,NULL,NULL,NULL,NULL,0,NULL,NULL,NULL,NULL,NULL,NULL,'',0,0),(508,'ricljrppzknf','','ricljrppzknf@gmail.com',NULL,NULL,NULL,NULL,NULL,NULL,NULL,NULL,NULL,NULL,NULL,NULL,0,NULL,NULL,NULL,NULL,NULL,NULL,'',0,0),(509,'zgfkieukwsak','','zgfkieukwsak@gmail.com',NULL,NULL,NULL,NULL,NULL,NULL,NULL,NULL,NULL,NULL,NULL,NULL,0,NULL,NULL,NULL,NULL,NULL,NULL,'',0,0),(510,'maraprosad','','maraprossa@gmail.com',NULL,NULL,NULL,NULL,NULL,NULL,NULL,NULL,NULL,NULL,NULL,NULL,0,NULL,NULL,NULL,NULL,NULL,NULL,'',0,0),(511,'derflomax','','derflomax@gmail.com',NULL,NULL,NULL,NULL,NULL,NULL,NULL,NULL,NULL,NULL,NULL,NULL,0,NULL,NULL,NULL,NULL,NULL,NULL,'',0,0),(512,'xinandceft','','xinandceft@gmail.com',NULL,NULL,NULL,NULL,NULL,NULL,NULL,NULL,NULL,NULL,NULL,NULL,0,NULL,NULL,NULL,NULL,NULL,NULL,'',0,0),(513,'depakoteer','','depakoteer@gmail.com',NULL,NULL,NULL,NULL,NULL,NULL,NULL,NULL,NULL,NULL,NULL,NULL,0,NULL,NULL,NULL,NULL,NULL,NULL,'',0,0),(514,'laskaairlin','','laskairlin@gmail.com',NULL,NULL,NULL,NULL,NULL,NULL,NULL,NULL,NULL,NULL,NULL,NULL,0,NULL,NULL,NULL,NULL,NULL,NULL,'',0,0),(515,'hotrexateabor','','hotrexateabor@gmail.com',NULL,NULL,NULL,NULL,NULL,NULL,NULL,NULL,NULL,NULL,NULL,NULL,0,NULL,NULL,NULL,NULL,NULL,NULL,'',0,0),(516,'ifyingnaltrex','','ifyingnaltrex@gmail.com',NULL,NULL,NULL,NULL,NULL,NULL,NULL,NULL,NULL,NULL,NULL,NULL,0,NULL,NULL,NULL,NULL,NULL,NULL,'',0,0),(517,'ycontindru','','ycontindru@gmail.com',NULL,NULL,NULL,NULL,NULL,NULL,NULL,NULL,NULL,NULL,NULL,NULL,0,NULL,NULL,NULL,NULL,NULL,NULL,'',0,0),(518,'toclopramidehy','','toclopramide@gmail.com',NULL,NULL,NULL,NULL,NULL,NULL,NULL,NULL,NULL,NULL,NULL,NULL,0,NULL,NULL,NULL,NULL,NULL,NULL,'',0,0),(519,'Jack','Crockett','vermillionvice@cox.net',NULL,NULL,NULL,NULL,NULL,NULL,NULL,NULL,NULL,NULL,NULL,NULL,0,NULL,NULL,NULL,NULL,NULL,NULL,'',0,0),(520,'matt','muralt','mattmuralt@cox.net',NULL,NULL,NULL,NULL,NULL,NULL,NULL,NULL,NULL,NULL,NULL,NULL,0,NULL,NULL,NULL,NULL,NULL,NULL,'',0,0),(521,'Darleen','Zantolas','darleenzantolas@hotmail.com',NULL,NULL,NULL,NULL,NULL,NULL,NULL,NULL,NULL,NULL,NULL,NULL,0,NULL,NULL,NULL,NULL,NULL,NULL,'',0,0),(522,'heidi','koerner','drheidikoerner@aol.com',NULL,NULL,NULL,NULL,NULL,NULL,NULL,NULL,NULL,NULL,NULL,NULL,0,NULL,NULL,NULL,NULL,NULL,NULL,'',0,0),(523,'David','Louth','sdlldl@sbcglobal.net','11604 Meredith Dr.','Belton','TX','US','76513','254-771-7500',NULL,'2010-02-28 18:08:18',NULL,'2011-03-28',1,NULL,1,'visa',NULL,'879',NULL,NULL,NULL,'8MT7Xz',0,0),(524,'Susan','De','desimonesusan@yahoo.com',NULL,NULL,NULL,NULL,NULL,NULL,NULL,NULL,NULL,NULL,NULL,NULL,0,NULL,NULL,NULL,NULL,NULL,NULL,'',0,0),(525,'Terri','Salado','tsalado@oppd.com','3636 U Street','Omaha','NE','US','68107','402 636-2601',NULL,'2010-03-15 07:51:46',NULL,'2011-01-28',1,NULL,1,'visa',NULL,'754',NULL,NULL,NULL,'PBGAhP',0,0),(526,'Terri','Salado',NULL,'OPPD/North Omaha Sta. 7475 Pershing Dr.','Omaha','NE','US','68112',NULL,NULL,'2010-03-15 07:51:46',NULL,NULL,1,NULL,2,NULL,NULL,NULL,NULL,NULL,NULL,'',0,0),(527,'rod','anderson','nmvcdf@hotmail.com',NULL,NULL,NULL,NULL,NULL,NULL,NULL,NULL,NULL,NULL,NULL,NULL,0,NULL,NULL,NULL,NULL,NULL,NULL,'',0,0),(528,'Marlene','Hansen','marlenehansen@cox.net',NULL,NULL,NULL,NULL,NULL,NULL,NULL,NULL,NULL,NULL,NULL,NULL,0,NULL,NULL,NULL,NULL,NULL,NULL,'',0,0),(529,'james','eddins','james.eddins@yahoo.com',NULL,NULL,NULL,NULL,NULL,NULL,NULL,NULL,NULL,NULL,NULL,NULL,0,NULL,NULL,NULL,NULL,NULL,NULL,'',0,0),(530,'GARY','DODRILL','garydodrill@q.com',NULL,NULL,NULL,NULL,NULL,NULL,NULL,NULL,NULL,NULL,NULL,NULL,0,NULL,NULL,NULL,NULL,NULL,NULL,'',0,0),(531,'Carolyn','Poole','carolynpoole@verizon.net',NULL,NULL,NULL,NULL,NULL,NULL,NULL,NULL,NULL,NULL,NULL,NULL,0,NULL,NULL,NULL,NULL,NULL,NULL,'',0,0),(532,'Holly','','Hollywoodhair@gmail.com',NULL,NULL,NULL,NULL,NULL,NULL,NULL,NULL,NULL,NULL,NULL,NULL,0,NULL,NULL,NULL,NULL,NULL,NULL,'',0,0),(533,'ojwbztrtuf','','ptjnll@mphhjh.com',NULL,NULL,NULL,NULL,NULL,NULL,NULL,NULL,NULL,NULL,NULL,NULL,0,NULL,NULL,NULL,NULL,NULL,NULL,'',0,0),(534,'Doug','Thompson','dthompson@yumaed.org','11660 Alpha Way','Yuma','AZ','US','85367','(928) 210-7295',NULL,'2010-08-21 11:05:04',NULL,'2013-02-28',1,NULL,1,'mastercard',NULL,'568',NULL,NULL,NULL,'Yt0iuP',0,0),(535,'ibkeqcrogbm','','yphxra@hozjdm.com',NULL,NULL,NULL,NULL,NULL,NULL,NULL,NULL,NULL,NULL,NULL,NULL,0,NULL,NULL,NULL,NULL,NULL,NULL,'',0,0),(536,'Larry','wahweotten','larrywah1@yahoo.com',NULL,NULL,NULL,NULL,NULL,NULL,NULL,NULL,NULL,NULL,NULL,NULL,0,NULL,NULL,NULL,NULL,NULL,NULL,'',0,0),(537,'Tom','Brannan','tebrannan@gmail.com',NULL,NULL,NULL,NULL,NULL,NULL,NULL,NULL,NULL,NULL,NULL,NULL,0,NULL,NULL,NULL,NULL,NULL,NULL,'',0,0),(538,'Elenor','Graff','glassmystic9@wispwest.net',NULL,NULL,NULL,NULL,NULL,NULL,NULL,NULL,NULL,NULL,NULL,NULL,0,NULL,NULL,NULL,NULL,NULL,NULL,'',0,0),(539,'Susan','','susansol4life@yahoo.com',NULL,NULL,NULL,NULL,NULL,NULL,NULL,NULL,NULL,NULL,NULL,NULL,0,NULL,NULL,NULL,NULL,NULL,NULL,'',0,0),(540,'Linda','McLaughlin','antee_q@yahoo.com',NULL,NULL,NULL,NULL,NULL,NULL,NULL,NULL,NULL,NULL,NULL,NULL,0,NULL,NULL,NULL,NULL,NULL,NULL,'',0,0),(541,'David','Bird','davidbird42@gmail.com',NULL,NULL,NULL,NULL,NULL,NULL,NULL,NULL,NULL,NULL,NULL,NULL,0,NULL,NULL,NULL,NULL,NULL,NULL,'',0,0),(542,'Cindy','Sayler','csayler@fclaw.com',NULL,NULL,NULL,NULL,NULL,NULL,NULL,NULL,NULL,NULL,NULL,NULL,0,NULL,NULL,NULL,NULL,NULL,NULL,'',0,0),(543,'April','Norman','aprnorman@yahoo.com',NULL,NULL,NULL,NULL,NULL,NULL,NULL,NULL,NULL,NULL,NULL,NULL,0,NULL,NULL,NULL,NULL,NULL,NULL,'',0,0),(544,'Peggy','Brant','dbsbpb3@aol.com',NULL,NULL,NULL,NULL,NULL,NULL,NULL,NULL,NULL,NULL,NULL,NULL,0,NULL,NULL,NULL,NULL,NULL,NULL,'',0,0),(545,'Judi','Hartman','hartmanglassart@gmaiL.com',NULL,NULL,NULL,NULL,NULL,NULL,NULL,NULL,NULL,NULL,NULL,NULL,0,NULL,NULL,NULL,NULL,NULL,NULL,'',0,0),(546,'Mary Ann','Talavage','talava@msn.com','12903 W. Caraway Drive','Sun City West','AZ','US','85375-3816','6239751134',NULL,'2011-01-21 14:22:34',NULL,'2014-09-28',1,NULL,1,'mastercard',NULL,'509',NULL,NULL,NULL,'gUoXtE',0,0),(547,'Jim','Wehrman','jwehrman3@cox.net',NULL,NULL,NULL,NULL,NULL,NULL,NULL,NULL,NULL,NULL,NULL,NULL,0,NULL,NULL,NULL,NULL,NULL,NULL,'',0,0),(548,'PJ','Angelini','orchid611@gmail.com',NULL,NULL,NULL,NULL,NULL,NULL,NULL,NULL,NULL,NULL,NULL,NULL,0,NULL,NULL,NULL,NULL,NULL,NULL,'',0,0),(549,'krbqffgzi','','dyaegw@hpmnxu.com',NULL,NULL,NULL,NULL,NULL,NULL,NULL,NULL,NULL,NULL,NULL,NULL,0,NULL,NULL,NULL,NULL,NULL,NULL,'',0,0),(550,'Laura','Fox','Lsteamboat@yahoo.com',NULL,NULL,NULL,NULL,NULL,NULL,NULL,NULL,NULL,NULL,NULL,NULL,0,NULL,NULL,NULL,NULL,NULL,NULL,'',0,0),(551,'Joan','Slezak','jslezfr@yahoo.com',NULL,NULL,NULL,NULL,NULL,NULL,NULL,NULL,NULL,NULL,NULL,NULL,0,NULL,NULL,NULL,NULL,NULL,NULL,'',0,0),(552,'Joanne','Maiden','jmaiden527@gmail.com',NULL,NULL,NULL,NULL,NULL,NULL,NULL,NULL,NULL,NULL,NULL,NULL,0,NULL,NULL,NULL,NULL,NULL,NULL,'',0,0),(553,'jim','mackowiak','jim@citrinainc.net',NULL,NULL,NULL,NULL,NULL,NULL,NULL,NULL,NULL,NULL,NULL,NULL,0,NULL,NULL,NULL,NULL,NULL,NULL,'',0,0),(554,'Kathryn','Tonnessen','shepardess_us@yahoo.com','30814 SWEDE HEAVEN RD','ARLINGTON','WA','US','98223-9263','5122934428',NULL,'2011-06-23 17:23:57',NULL,'2013-05-28',1,NULL,1,'visa',NULL,'257',NULL,NULL,NULL,'k506Ef',0,0),(555,'','',NULL,'','','','US','',NULL,NULL,'2011-06-23 17:23:57',NULL,NULL,1,NULL,2,NULL,NULL,NULL,NULL,NULL,NULL,'',0,0),(556,'John','ralph','Jbrianralph@yahoo.com',NULL,NULL,NULL,NULL,NULL,NULL,NULL,NULL,NULL,NULL,NULL,NULL,0,NULL,NULL,NULL,NULL,NULL,NULL,'',0,0),(557,'Lisa','Stansbury','les.selavie@gmail.com','682 Norraine Lane','Huachuca City','AZ','US','85616','520-255-5614',NULL,'2011-07-14 08:55:48',NULL,'2013-12-28',1,NULL,1,'visa',NULL,'847',NULL,NULL,NULL,'f8Xvxv',0,0),(558,'LESLIE','KRON','LESLIEKRON@YAHOO.COM',NULL,NULL,NULL,NULL,NULL,NULL,NULL,NULL,NULL,NULL,NULL,NULL,0,NULL,NULL,NULL,NULL,NULL,NULL,'',0,0),(559,'leslie','kron','LESLIEKRON@YAHOO.COM',NULL,NULL,NULL,NULL,NULL,NULL,NULL,NULL,NULL,NULL,NULL,NULL,0,NULL,NULL,NULL,NULL,NULL,NULL,'',0,0),(560,'Tamera','Bates','tamerabates@aol.com',NULL,NULL,NULL,NULL,NULL,NULL,NULL,NULL,NULL,NULL,NULL,NULL,0,NULL,NULL,NULL,NULL,NULL,NULL,'',0,0),(561,'John','Ralph','jbrianralph@yahoo.com',NULL,NULL,NULL,NULL,NULL,NULL,NULL,NULL,NULL,NULL,NULL,NULL,0,NULL,NULL,NULL,NULL,NULL,NULL,'',0,0),(562,'Linda','McLaughlin','antee_q@yahoo.com',NULL,NULL,NULL,NULL,NULL,NULL,NULL,NULL,NULL,NULL,NULL,NULL,0,NULL,NULL,NULL,NULL,NULL,NULL,'',0,0),(563,'Lauren','','Laurenshome@msn.com',NULL,NULL,NULL,NULL,NULL,NULL,NULL,NULL,NULL,NULL,NULL,NULL,0,NULL,NULL,NULL,NULL,NULL,NULL,'',0,0),(564,'Chris','','cto_75@yahoo.ca',NULL,NULL,NULL,NULL,NULL,NULL,NULL,NULL,NULL,NULL,NULL,NULL,0,NULL,NULL,NULL,NULL,NULL,NULL,'',0,0),(565,'wrwharydp','','lypqgo@ktvecp.com',NULL,NULL,NULL,NULL,NULL,NULL,NULL,NULL,NULL,NULL,NULL,NULL,0,NULL,NULL,NULL,NULL,NULL,NULL,'',0,0),(566,'C','Reifschneider','tigercar@msn.com',NULL,NULL,NULL,NULL,NULL,NULL,NULL,NULL,NULL,NULL,NULL,NULL,0,NULL,NULL,NULL,NULL,NULL,NULL,'',0,0),(567,'Tonney','Mugo','tonneymugo@yahoo.com',NULL,NULL,NULL,NULL,NULL,NULL,NULL,NULL,NULL,NULL,NULL,NULL,0,NULL,NULL,NULL,NULL,NULL,NULL,'',0,0),(568,'vicki','heinecke','vickiheinecke@yahoo.com',NULL,NULL,NULL,NULL,NULL,NULL,NULL,NULL,NULL,NULL,NULL,NULL,0,NULL,NULL,NULL,NULL,NULL,NULL,'',0,0),(569,'Roy','Kanode','rkanode@heavener.com',NULL,NULL,NULL,NULL,NULL,NULL,NULL,NULL,NULL,NULL,NULL,NULL,0,NULL,NULL,NULL,NULL,NULL,NULL,'',0,0),(570,'Mary','Brown','mcmm1@comcast.net',NULL,NULL,NULL,NULL,NULL,NULL,NULL,NULL,NULL,NULL,NULL,NULL,0,NULL,NULL,NULL,NULL,NULL,NULL,'',0,0),(571,'Marie','Toth','mtothone37@live.com',NULL,NULL,NULL,NULL,NULL,NULL,NULL,NULL,NULL,NULL,NULL,NULL,0,NULL,NULL,NULL,NULL,NULL,NULL,'',0,0),(572,'Gail','Boone','b_gail@live.com',NULL,NULL,NULL,NULL,NULL,NULL,NULL,NULL,NULL,NULL,NULL,NULL,0,NULL,NULL,NULL,NULL,NULL,NULL,'',0,0),(573,'mbytcjwli','','fkvfqz@rwjdmm.com',NULL,NULL,NULL,NULL,NULL,NULL,NULL,NULL,NULL,NULL,NULL,NULL,0,NULL,NULL,NULL,NULL,NULL,NULL,'',0,0),(574,'Greg','DePinto','greg.depinto@yahoo.com',NULL,NULL,NULL,NULL,NULL,NULL,NULL,NULL,NULL,NULL,NULL,NULL,0,NULL,NULL,NULL,NULL,NULL,NULL,'',0,0),(575,'btztdpqc','','mvejbs@yicvar.com',NULL,NULL,NULL,NULL,NULL,NULL,NULL,NULL,NULL,NULL,NULL,NULL,0,NULL,NULL,NULL,NULL,NULL,NULL,'',0,0),(576,'fxyyuhpbw','','hzxrrt@kivtyx.com',NULL,NULL,NULL,NULL,NULL,NULL,NULL,NULL,NULL,NULL,NULL,NULL,0,NULL,NULL,NULL,NULL,NULL,NULL,'',0,0),(577,'ylpnnxnpwu','','opjwmu@srmhnr.com',NULL,NULL,NULL,NULL,NULL,NULL,NULL,NULL,NULL,NULL,NULL,NULL,0,NULL,NULL,NULL,NULL,NULL,NULL,'',0,0),(578,'kiteoeoai','','brvdnt@cxqviu.com',NULL,NULL,NULL,NULL,NULL,NULL,NULL,NULL,NULL,NULL,NULL,NULL,0,NULL,NULL,NULL,NULL,NULL,NULL,'',0,0),(579,'jvkwfoq','','hahugn@hhgkwg.com',NULL,NULL,NULL,NULL,NULL,NULL,NULL,NULL,NULL,NULL,NULL,NULL,0,NULL,NULL,NULL,NULL,NULL,NULL,'',0,0),(580,'umlxsychlm','','erdamz@knqout.com',NULL,NULL,NULL,NULL,NULL,NULL,NULL,NULL,NULL,NULL,NULL,NULL,0,NULL,NULL,NULL,NULL,NULL,NULL,'',0,0),(581,'PJ','Angelini','orchid611@gmail.com',NULL,NULL,NULL,NULL,NULL,NULL,NULL,NULL,NULL,NULL,NULL,NULL,0,NULL,NULL,NULL,NULL,NULL,NULL,'',0,0),(582,'Lea','Wimmer','lea.wimmer@cox.net',NULL,NULL,NULL,NULL,NULL,NULL,NULL,NULL,NULL,NULL,NULL,NULL,0,NULL,NULL,NULL,NULL,NULL,NULL,'',0,0),(583,'leslie','kron','lesliekron@yahoo.com',NULL,NULL,NULL,NULL,NULL,NULL,NULL,NULL,NULL,NULL,NULL,NULL,0,NULL,NULL,NULL,NULL,NULL,NULL,'',0,0),(584,'John','Mc','johnmckean1066@comcast.net',NULL,NULL,NULL,NULL,NULL,NULL,NULL,NULL,NULL,NULL,NULL,NULL,0,NULL,NULL,NULL,NULL,NULL,NULL,'',0,0),(585,'Sharon','Crager','Sharon Crager260@aol.com',NULL,NULL,NULL,NULL,NULL,NULL,NULL,NULL,NULL,NULL,NULL,NULL,0,NULL,NULL,NULL,NULL,NULL,NULL,'',0,0),(586,'Ruth','Kaspat','Rkaspar1@ cox.net',NULL,NULL,NULL,NULL,NULL,NULL,NULL,NULL,NULL,NULL,NULL,NULL,0,NULL,NULL,NULL,NULL,NULL,NULL,'',0,0),(587,'Gayle','Bouskos','gaylebouskos@aol.com',NULL,NULL,NULL,NULL,NULL,NULL,NULL,NULL,NULL,NULL,NULL,NULL,0,NULL,NULL,NULL,NULL,NULL,NULL,'',0,0),(588,'Lyn','','lemay1839@q.com',NULL,NULL,NULL,NULL,NULL,NULL,NULL,NULL,NULL,NULL,NULL,NULL,0,NULL,NULL,NULL,NULL,NULL,NULL,'',0,0),(589,'Lyn','','lemay1839@q.com',NULL,NULL,NULL,NULL,NULL,NULL,NULL,NULL,NULL,NULL,NULL,NULL,0,NULL,NULL,NULL,NULL,NULL,NULL,'',0,0),(590,'Helios','','helios@mybcdc.ca',NULL,NULL,NULL,NULL,NULL,NULL,NULL,NULL,NULL,NULL,NULL,NULL,0,NULL,NULL,NULL,NULL,NULL,NULL,'',0,0),(591,'Deborah','Sprague','deb@cowgirlbootsranch.com',NULL,NULL,NULL,NULL,NULL,NULL,NULL,NULL,NULL,NULL,NULL,NULL,0,NULL,NULL,NULL,NULL,NULL,NULL,'',0,0),(592,'Patricia','Jo','orchid611@gmail.com',NULL,NULL,NULL,NULL,NULL,NULL,NULL,NULL,NULL,NULL,NULL,NULL,0,NULL,NULL,NULL,NULL,NULL,NULL,'',0,0),(593,'Sherrie','and','mohler98@aol.com',NULL,NULL,NULL,NULL,NULL,NULL,NULL,NULL,NULL,NULL,NULL,NULL,0,NULL,NULL,NULL,NULL,NULL,NULL,'',0,0),(594,'Hal','Carey','careyhf@aol.com',NULL,NULL,NULL,NULL,NULL,NULL,NULL,NULL,NULL,NULL,NULL,NULL,0,NULL,NULL,NULL,NULL,NULL,NULL,'',0,0),(595,'Chris','Powers','Chkhc@aol.com','7124 E. Thomas Rd.','Scottsdale','AZ','US','85251','602-9969591',NULL,'2013-06-11 18:42:22',NULL,'2015-01-28',1,NULL,1,'visa',NULL,'263',NULL,NULL,NULL,'k2HB91',0,0),(596,'','',NULL,'','','','US','',NULL,NULL,'2013-06-11 18:42:22',NULL,NULL,1,NULL,2,NULL,NULL,NULL,NULL,NULL,NULL,'',0,0),(597,'SUSAN','HINSBY','653SUSAN@GMAIL.COM',NULL,NULL,NULL,NULL,NULL,NULL,NULL,NULL,NULL,NULL,NULL,NULL,0,NULL,NULL,NULL,NULL,NULL,NULL,'',0,0),(598,'Deb','Furlong','deb_furlong@yahoo.com',NULL,NULL,NULL,NULL,NULL,NULL,NULL,NULL,NULL,NULL,NULL,NULL,0,NULL,NULL,NULL,NULL,NULL,NULL,'',0,0),(599,'ncifgksv','','ldlqdu@ivgqcd.com',NULL,NULL,NULL,NULL,NULL,NULL,NULL,NULL,NULL,NULL,NULL,NULL,0,NULL,NULL,NULL,NULL,NULL,NULL,'',0,0),(600,'Kathi','Sandweiss','kms@jaburgwilk.com','9514 N. 49th Pl.','Paradise Valley','AZ','US','85253','602-391-7198',NULL,'2013-09-16 11:13:00',NULL,'2015-11-28',1,NULL,1,'visa',NULL,'828',NULL,NULL,NULL,'M180mA',0,0),(601,'Margaret','Cashatt','cybercashatt@hotmail.com','4734 Rochelle St SE','Lacey','WA','US','98503','4257530536',NULL,'2013-09-29 20:27:43',NULL,'2016-07-28',1,NULL,1,'visa',NULL,'',NULL,NULL,NULL,'QScwuu',0,0),(602,'Peggy','Cashatt','cybercashatt@hotmail.com',NULL,NULL,NULL,NULL,NULL,NULL,NULL,NULL,NULL,NULL,NULL,NULL,0,NULL,NULL,NULL,NULL,NULL,NULL,'',0,0),(603,'Joe','Willis','confederatejoe@gmail.com','P. O. Box 144','Varnville','SC','US','29944','803-943-3653',NULL,'2013-11-12 14:35:56',NULL,'2014-05-28',1,NULL,1,'visa',NULL,'112',NULL,NULL,NULL,'rfaQ7E',0,0),(604,'Peggy','Baker','bakerselectric@msn.com',NULL,NULL,NULL,NULL,NULL,NULL,NULL,NULL,NULL,NULL,NULL,NULL,0,NULL,NULL,NULL,NULL,NULL,NULL,'',0,0),(612,'W.','J.','wjf0511@aol.com',NULL,NULL,NULL,NULL,NULL,NULL,NULL,NULL,NULL,NULL,NULL,NULL,0,NULL,NULL,NULL,NULL,NULL,NULL,'',0,0),(613,'Bezalel','Art','info@bezalelartgallery.com',NULL,NULL,NULL,NULL,NULL,NULL,NULL,NULL,NULL,NULL,NULL,NULL,0,NULL,NULL,NULL,NULL,NULL,NULL,'',0,0),(614,'greg','','grjohn60@hotmail.com',NULL,NULL,NULL,NULL,NULL,NULL,NULL,NULL,NULL,NULL,NULL,NULL,0,NULL,NULL,NULL,NULL,NULL,NULL,'',0,0),(615,'Thad','Murdoch','tmurdoch@murdochmarine.com',NULL,NULL,NULL,NULL,NULL,NULL,NULL,NULL,NULL,NULL,NULL,NULL,0,NULL,NULL,NULL,NULL,NULL,NULL,'',0,0),(616,'Jean','','sjsch@q.com',NULL,NULL,NULL,NULL,NULL,NULL,NULL,NULL,NULL,NULL,NULL,NULL,0,NULL,NULL,NULL,NULL,NULL,NULL,'',0,0),(617,'fgdcowlpsm','','prowal@ufsvmg.com',NULL,NULL,NULL,NULL,NULL,NULL,NULL,NULL,NULL,NULL,NULL,NULL,0,NULL,NULL,NULL,NULL,NULL,NULL,'',0,0),(618,'lfslzarzp','','qzgdec@fseoum.com',NULL,NULL,NULL,NULL,NULL,NULL,NULL,NULL,NULL,NULL,NULL,NULL,0,NULL,NULL,NULL,NULL,NULL,NULL,'',0,0),(619,'David','','david@charisstudiotx.com',NULL,NULL,NULL,NULL,NULL,NULL,NULL,NULL,NULL,NULL,NULL,NULL,0,NULL,NULL,NULL,NULL,NULL,NULL,'',0,0),(620,'Kay','Raber','Kayraberaz@gmail.com',NULL,NULL,NULL,NULL,NULL,NULL,NULL,NULL,NULL,NULL,NULL,NULL,0,NULL,NULL,NULL,NULL,NULL,NULL,'',0,0),(621,'Marie','','madcityree@gmail.com',NULL,NULL,NULL,NULL,NULL,NULL,NULL,NULL,NULL,NULL,NULL,NULL,0,NULL,NULL,NULL,NULL,NULL,NULL,'',0,0),(622,'Vicki','','vickiheinecke@yahoo.com',NULL,NULL,NULL,NULL,NULL,NULL,NULL,NULL,NULL,NULL,NULL,NULL,0,NULL,NULL,NULL,NULL,NULL,NULL,'',0,0),(623,'Priscilla','','pklyden@gmail.com',NULL,NULL,NULL,NULL,NULL,NULL,NULL,NULL,NULL,NULL,NULL,NULL,0,NULL,NULL,NULL,NULL,NULL,NULL,'',0,0),(624,'nwqktyhsev','','ncfybw@zkqiaw.com',NULL,NULL,NULL,NULL,NULL,NULL,NULL,NULL,NULL,NULL,NULL,NULL,0,NULL,NULL,NULL,NULL,NULL,NULL,'',0,0),(625,'ozrtqdbwct','','efvwfl@gfvuoe.com',NULL,NULL,NULL,NULL,NULL,NULL,NULL,NULL,NULL,NULL,NULL,NULL,0,NULL,NULL,NULL,NULL,NULL,NULL,'',0,0),(626,'BillyMack','','BillyMack@centurylink.net',NULL,NULL,NULL,NULL,NULL,NULL,NULL,NULL,NULL,NULL,NULL,NULL,0,NULL,NULL,NULL,NULL,NULL,NULL,'',0,0),(627,'Jill','Meath','Jcmeath@gmail.com',NULL,NULL,NULL,NULL,NULL,NULL,NULL,NULL,NULL,NULL,NULL,NULL,0,NULL,NULL,NULL,NULL,NULL,NULL,'',0,0),(628,'xlyvwtnb','','sample@email.tst',NULL,NULL,NULL,NULL,NULL,NULL,NULL,NULL,NULL,NULL,NULL,NULL,0,NULL,NULL,NULL,NULL,NULL,NULL,'',0,0),(629,'jnksarsl','','sample%40email.tst',NULL,NULL,NULL,NULL,NULL,NULL,NULL,NULL,NULL,NULL,NULL,NULL,0,NULL,NULL,NULL,NULL,NULL,NULL,'',0,0),(630,'jnksarsl','','sample%40email.tst',NULL,NULL,NULL,NULL,NULL,NULL,NULL,NULL,NULL,NULL,NULL,NULL,0,NULL,NULL,NULL,NULL,NULL,NULL,'',0,0),(631,'jnksarsl','','smCw1CZM',NULL,NULL,NULL,NULL,NULL,NULL,NULL,NULL,NULL,NULL,NULL,NULL,0,NULL,NULL,NULL,NULL,NULL,NULL,'',0,0),(632,'jnksarsl','','-1 OR 2+155-155-1=0+0+0+1 -- ',NULL,NULL,NULL,NULL,NULL,NULL,NULL,NULL,NULL,NULL,NULL,NULL,0,NULL,NULL,NULL,NULL,NULL,NULL,'',0,0),(633,'jnksarsl','','-1 OR 2+684-684-1=0+0+0+1',NULL,NULL,NULL,NULL,NULL,NULL,NULL,NULL,NULL,NULL,NULL,NULL,0,NULL,NULL,NULL,NULL,NULL,NULL,'',0,0),(634,'lxhasmsq','','sample%40email.tst',NULL,NULL,NULL,NULL,NULL,NULL,NULL,NULL,NULL,NULL,NULL,NULL,0,NULL,NULL,NULL,NULL,NULL,NULL,'',0,0),(635,'lxhasmsq','','and(select 1 from(select count(*),concat((select c',NULL,NULL,NULL,NULL,NULL,NULL,NULL,NULL,NULL,NULL,NULL,NULL,0,NULL,NULL,NULL,NULL,NULL,NULL,'',0,0),(636,'jnksarsl','','-1\" OR 2+964-964-1=0+0+0+1 -- ',NULL,NULL,NULL,NULL,NULL,NULL,NULL,NULL,NULL,NULL,NULL,NULL,0,NULL,NULL,NULL,NULL,NULL,NULL,'',0,0),(637,'lxhasmsq','','(select 1 and row(1,1)>(select count(*),concat(con',NULL,NULL,NULL,NULL,NULL,NULL,NULL,NULL,NULL,NULL,NULL,NULL,0,NULL,NULL,NULL,NULL,NULL,NULL,'',0,0),(638,'jnksarsl','','0',NULL,NULL,NULL,NULL,NULL,NULL,NULL,NULL,NULL,NULL,NULL,NULL,0,NULL,NULL,NULL,NULL,NULL,NULL,'',0,0),(639,'lxhasmsq','','(select convert(int,CHAR(52)+CHAR(67)+CHAR(117)+CH',NULL,NULL,NULL,NULL,NULL,NULL,NULL,NULL,NULL,NULL,NULL,NULL,0,NULL,NULL,NULL,NULL,NULL,NULL,'',0,0),(640,'jnksarsl','','0',NULL,NULL,NULL,NULL,NULL,NULL,NULL,NULL,NULL,NULL,NULL,NULL,0,NULL,NULL,NULL,NULL,NULL,NULL,'',0,0),(641,'lxhasmsq','','convert(int,CHAR(52)+CHAR(67)+CHAR(117)+CHAR(77)+C',NULL,NULL,NULL,NULL,NULL,NULL,NULL,NULL,NULL,NULL,NULL,NULL,0,NULL,NULL,NULL,NULL,NULL,NULL,'',0,0),(642,'jnksarsl','','0',NULL,NULL,NULL,NULL,NULL,NULL,NULL,NULL,NULL,NULL,NULL,NULL,0,NULL,NULL,NULL,NULL,NULL,NULL,'',0,0),(643,'jnksarsl','','0',NULL,NULL,NULL,NULL,NULL,NULL,NULL,NULL,NULL,NULL,NULL,NULL,0,NULL,NULL,NULL,NULL,NULL,NULL,'',0,0),(644,'lxhasmsq','','sample@email.tst',NULL,NULL,NULL,NULL,NULL,NULL,NULL,NULL,NULL,NULL,NULL,NULL,0,NULL,NULL,NULL,NULL,NULL,NULL,'',0,0),(645,'lxhasmsq','','sample@email.tst',NULL,NULL,NULL,NULL,NULL,NULL,NULL,NULL,NULL,NULL,NULL,NULL,0,NULL,NULL,NULL,NULL,NULL,NULL,'',0,0),(646,'jnksarsl','','sample@email.tst',NULL,NULL,NULL,NULL,NULL,NULL,NULL,NULL,NULL,NULL,NULL,NULL,0,NULL,NULL,NULL,NULL,NULL,NULL,'',0,0),(647,'jnksarsl','','sample@email.tst',NULL,NULL,NULL,NULL,NULL,NULL,NULL,NULL,NULL,NULL,NULL,NULL,0,NULL,NULL,NULL,NULL,NULL,NULL,'',0,0),(648,'jnksarsl','','sample@email.tst',NULL,NULL,NULL,NULL,NULL,NULL,NULL,NULL,NULL,NULL,NULL,NULL,0,NULL,NULL,NULL,NULL,NULL,NULL,'',0,0),(649,'and(select','1','sample@email.tst',NULL,NULL,NULL,NULL,NULL,NULL,NULL,NULL,NULL,NULL,NULL,NULL,0,NULL,NULL,NULL,NULL,NULL,NULL,'',0,0),(650,'jnksarsl','','sample@email.tst',NULL,NULL,NULL,NULL,NULL,NULL,NULL,NULL,NULL,NULL,NULL,NULL,0,NULL,NULL,NULL,NULL,NULL,NULL,'',0,0),(651,'(select','1','sample@email.tst',NULL,NULL,NULL,NULL,NULL,NULL,NULL,NULL,NULL,NULL,NULL,NULL,0,NULL,NULL,NULL,NULL,NULL,NULL,'',0,0),(652,'(select','convert(int,CHAR(52)+CHAR(67)+CHAR(117)+CHAR(81)+C','sample@email.tst',NULL,NULL,NULL,NULL,NULL,NULL,NULL,NULL,NULL,NULL,NULL,NULL,0,NULL,NULL,NULL,NULL,NULL,NULL,'',0,0),(653,'convert(int,CHAR(52)+CHAR(67)+CHAR(117)+CHAR(81)+C','','sample@email.tst',NULL,NULL,NULL,NULL,NULL,NULL,NULL,NULL,NULL,NULL,NULL,NULL,0,NULL,NULL,NULL,NULL,NULL,NULL,'',0,0),(654,'jnksarsl','','sample@email.tst',NULL,NULL,NULL,NULL,NULL,NULL,NULL,NULL,NULL,NULL,NULL,NULL,0,NULL,NULL,NULL,NULL,NULL,NULL,'',0,0),(655,'jnksarsl','','sample@email.tst',NULL,NULL,NULL,NULL,NULL,NULL,NULL,NULL,NULL,NULL,NULL,NULL,0,NULL,NULL,NULL,NULL,NULL,NULL,'',0,0),(656,'jnksarsl','','sample@email.tst',NULL,NULL,NULL,NULL,NULL,NULL,NULL,NULL,NULL,NULL,NULL,NULL,0,NULL,NULL,NULL,NULL,NULL,NULL,'',0,0),(657,'\"and(select','1','sample@email.tst',NULL,NULL,NULL,NULL,NULL,NULL,NULL,NULL,NULL,NULL,NULL,NULL,0,NULL,NULL,NULL,NULL,NULL,NULL,'',0,0),(658,'\"(select','1','sample@email.tst',NULL,NULL,NULL,NULL,NULL,NULL,NULL,NULL,NULL,NULL,NULL,NULL,0,NULL,NULL,NULL,NULL,NULL,NULL,'',0,0),(659,'jnksarsl','','sample@email.tst',NULL,NULL,NULL,NULL,NULL,NULL,NULL,NULL,NULL,NULL,NULL,NULL,0,NULL,NULL,NULL,NULL,NULL,NULL,'',0,0),(660,'\"+(select','convert(int,CHAR(52)+CHAR(67)+CHAR(117)+CHAR(87)+C','sample@email.tst',NULL,NULL,NULL,NULL,NULL,NULL,NULL,NULL,NULL,NULL,NULL,NULL,0,NULL,NULL,NULL,NULL,NULL,NULL,'',0,0),(661,'jnksarsl','','sample@email.tst',NULL,NULL,NULL,NULL,NULL,NULL,NULL,NULL,NULL,NULL,NULL,NULL,0,NULL,NULL,NULL,NULL,NULL,NULL,'',0,0),(662,'\"+convert(int,CHAR(52)+CHAR(67)+CHAR(117)+CHAR(87)','','sample@email.tst',NULL,NULL,NULL,NULL,NULL,NULL,NULL,NULL,NULL,NULL,NULL,NULL,0,NULL,NULL,NULL,NULL,NULL,NULL,'',0,0),(663,'qeHudbdp','','sample@email.tst',NULL,NULL,NULL,NULL,NULL,NULL,NULL,NULL,NULL,NULL,NULL,NULL,0,NULL,NULL,NULL,NULL,NULL,NULL,'',0,0),(664,'-1','OR','sample@email.tst',NULL,NULL,NULL,NULL,NULL,NULL,NULL,NULL,NULL,NULL,NULL,NULL,0,NULL,NULL,NULL,NULL,NULL,NULL,'',0,0),(665,'-1','OR','sample@email.tst',NULL,NULL,NULL,NULL,NULL,NULL,NULL,NULL,NULL,NULL,NULL,NULL,0,NULL,NULL,NULL,NULL,NULL,NULL,'',0,0),(666,'-1\"','OR','sample@email.tst',NULL,NULL,NULL,NULL,NULL,NULL,NULL,NULL,NULL,NULL,NULL,NULL,0,NULL,NULL,NULL,NULL,NULL,NULL,'',0,0),(667,'0','','sample@email.tst',NULL,NULL,NULL,NULL,NULL,NULL,NULL,NULL,NULL,NULL,NULL,NULL,0,NULL,NULL,NULL,NULL,NULL,NULL,'',0,0),(668,'0','','sample@email.tst',NULL,NULL,NULL,NULL,NULL,NULL,NULL,NULL,NULL,NULL,NULL,NULL,0,NULL,NULL,NULL,NULL,NULL,NULL,'',0,0),(669,'Laurel','Delaney','mail@laureldelaney.net',NULL,NULL,NULL,NULL,NULL,NULL,NULL,NULL,NULL,NULL,NULL,NULL,0,NULL,NULL,NULL,NULL,NULL,NULL,'',0,0),(670,'dxoqdtzbu','','rrgwvr@yqllqu.com',NULL,NULL,NULL,NULL,NULL,NULL,NULL,NULL,NULL,NULL,NULL,NULL,0,NULL,NULL,NULL,NULL,NULL,NULL,'',0,0),(671,'Laurel','Delaney','laurdelaney@gmail.com',NULL,NULL,NULL,NULL,NULL,NULL,NULL,NULL,NULL,NULL,NULL,NULL,0,NULL,NULL,NULL,NULL,NULL,NULL,'',0,0),(672,'Christopher','Finuf','cbfinuf@gmail.com',NULL,NULL,NULL,NULL,NULL,NULL,NULL,NULL,NULL,NULL,NULL,NULL,0,NULL,NULL,NULL,NULL,NULL,NULL,'',0,0),(673,'Ann','','Dewey1an@live.ca',NULL,NULL,NULL,NULL,NULL,NULL,NULL,NULL,NULL,NULL,NULL,NULL,0,NULL,NULL,NULL,NULL,NULL,NULL,'',0,0),(674,'Cindy','Sayler','csayler@centurylink.net',NULL,NULL,NULL,NULL,NULL,NULL,NULL,NULL,NULL,NULL,NULL,NULL,0,NULL,NULL,NULL,NULL,NULL,NULL,'',0,0),(675,'Bea','Marsh','beamarsh1@gmail.com',NULL,NULL,NULL,NULL,NULL,NULL,NULL,NULL,NULL,NULL,NULL,NULL,0,NULL,NULL,NULL,NULL,NULL,NULL,'',0,0),(676,'Jill','Green','ursr@mor19.uu.gl','78 Chancery Lane','London','Not Applicable','GB','W1K 8YT','02081115235',NULL,'2016-01-15 08:47:11','6ef71ac87aeef83265dcac5bfdb0712c','2017-01-28',1,NULL,1,'visa',NULL,'129',NULL,NULL,NULL,'olXpQC',0,0);

--
-- Table structure for table `Inventory`
--

CREATE TABLE `Inventory` (
  `ID` int(11) NOT NULL AUTO_INCREMENT,
  `productID` int(11) NOT NULL DEFAULT '0',
  `categoryID` int(11) NOT NULL DEFAULT '0',
  PRIMARY KEY (`ID`),
  KEY `categoryID` (`categoryID`),
  KEY `ID` (`ID`)
) ENGINE=MyISAM AUTO_INCREMENT=657 DEFAULT CHARSET=latin1 PACK_KEYS=1;

--
-- Dumping data for table `Inventory`
--

INSERT INTO `Inventory` VALUES (436,298,13),(655,2,2),(221,3,2),(445,299,7),(98,95,3),(172,137,12),(352,282,9),(169,134,12),(89,86,12),(60,60,3),(125,102,3),(326,256,16),(407,314,16),(430,14,2),(387,15,2),(388,16,2),(647,419,13),(39,37,9),(19,19,6),(20,20,6),(21,21,6),(425,292,2),(115,23,7),(331,261,13),(117,25,7),(396,35,7),(480,291,16),(361,290,13),(40,38,9),(543,365,2),(545,367,13),(43,42,9),(128,104,3),(106,45,3),(546,368,13),(47,47,9),(631,105,9),(510,343,23),(456,258,7),(171,136,12),(159,128,15),(524,352,23),(170,135,12),(145,107,3),(505,338,21),(61,61,3),(107,58,3),(59,59,3),(167,132,15),(102,99,3),(64,64,3),(91,88,12),(421,259,9),(654,97,13),(433,179,13),(157,125,14),(85,72,11),(86,73,11),(74,74,11),(75,75,11),(76,76,11),(77,77,11),(78,78,11),(79,79,11),(80,80,11),(81,81,11),(82,82,11),(83,83,11),(160,127,14),(283,226,16),(556,377,16),(277,228,16),(168,133,13),(478,263,16),(166,131,15),(143,118,12),(423,302,2),(552,373,16),(394,150,19),(395,151,19),(544,366,2),(367,297,9),(519,339,23),(656,406,26),(490,330,7),(446,296,13),(489,329,7),(488,328,9),(487,327,7),(577,398,7),(617,400,25),(550,369,7),(571,392,7),(473,165,16),(474,166,16),(424,295,2),(513,346,23),(330,260,7),(458,246,7),(553,374,13),(518,342,23),(549,371,7),(435,242,13),(450,281,7),(278,178,16),(229,181,9),(476,255,16),(475,253,16),(273,224,13),(279,185,16),(234,186,16),(235,187,16),(477,257,16),(629,402,25),(554,375,13),(452,277,7),(540,362,9),(453,275,7),(344,274,9),(428,232,2),(280,196,16),(434,197,13),(460,268,9),(429,200,2),(461,269,7),(282,203,16),(517,348,23),(286,230,16),(528,355,23),(254,207,16),(653,208,16),(427,273,2),(257,210,16),(258,211,16),(287,231,16),(285,229,16),(261,214,16),(457,248,7),(548,370,7),(399,266,7),(512,345,23),(266,219,16),(529,356,23),(494,270,7),(368,222,16),(578,399,7),(479,284,16),(448,285,7),(542,364,2),(514,347,23),(447,288,7),(638,412,16),(437,303,13),(404,304,2),(633,350,24),(551,372,16),(634,351,24),(525,353,23),(408,315,16),(575,396,16),(541,363,2),(411,318,16),(412,319,16),(555,376,2),(534,358,2),(535,357,2),(536,359,2),(537,360,2),(538,361,2),(618,401,25),(559,380,16),(560,381,7),(561,382,7),(574,395,7),(573,394,7),(572,393,2),(565,386,16),(566,387,16),(567,388,16),(568,389,16),(569,390,13),(570,391,2),(619,403,25),(616,404,25),(620,405,25),(609,407,27),(621,409,25),(622,410,25),(639,413,16),(644,416,7),(651,418,13),(645,417,16),(648,420,16),(649,421,2),(650,422,2);

--
-- Table structure for table `Invoice`
--

CREATE TABLE `Invoice` (
  `ID` int(11) NOT NULL AUTO_INCREMENT,
  `date` datetime DEFAULT NULL,
  `purchasedby` int(11) NOT NULL DEFAULT '0',
  `deliverto` int(11) NOT NULL DEFAULT '0',
  `processed` int(11) NOT NULL DEFAULT '0',
  `shiptype` varchar(50) DEFAULT NULL,
  `shipcost` double(8,2) NOT NULL DEFAULT '0.00',
  `comment` tinyblob,
  `cart_total` double(8,2) DEFAULT NULL,
  `tax` double(8,2) DEFAULT NULL,
  PRIMARY KEY (`ID`),
  KEY `ID` (`ID`)
) ENGINE=MyISAM AUTO_INCREMENT=79 DEFAULT CHARSET=latin1 PACK_KEYS=1;

--
-- Dumping data for table `Invoice`
--

INSERT INTO `Invoice` VALUES (78,'2016-01-15 08:47:11',676,676,1,'Shipping',0.00,'',0.00,0.00);

--
-- Table structure for table `Page`
--

CREATE TABLE `Page` (
  `ID` int(11) NOT NULL AUTO_INCREMENT,
  `body` blob,
  `template` int(11) NOT NULL DEFAULT '0',
  `type` int(11) NOT NULL DEFAULT '0',
  `image` varchar(255) DEFAULT NULL,
  `label` varchar(50) DEFAULT NULL,
  `featured` varchar(255) DEFAULT NULL,
  `title` varchar(255) DEFAULT NULL,
  `linkname` varchar(50) DEFAULT NULL,
  `link` varchar(255) DEFAULT NULL,
  PRIMARY KEY (`ID`),
  KEY `ID` (`ID`)
) ENGINE=MyISAM AUTO_INCREMENT=38 DEFAULT CHARSET=latin1 PACK_KEYS=1;

--
-- Dumping data for table `Page`
--

INSERT INTO `Page` VALUES (1,'<P>Powers Stained Glass<BR>7124 E. Thomas Rd.<BR>Scottsdale, AZ 85251<P>480-941-8272<BR>info@powersstainedglass.com <HR>www.powersstainedglass.com',4,1,'data=Ay5GWBeob_WIPLDYoIWcfVXxvZu9XwJ55OX7Ag,3ra06Z-qBqSR1_55IFpLshvG7qA0GOGGLQEKUF2082lCm2VHZUM2QndtO5kyk6wB8dMokZSl5F0HU6j1G28EHkuXF-Fg3gaDIDtGBz-w.gif',NULL,NULL,'Location','Location',NULL),(13,NULL,0,2,NULL,NULL,NULL,NULL,'',''),(14,NULL,0,2,NULL,NULL,NULL,NULL,'',''),(15,NULL,0,2,NULL,NULL,NULL,NULL,'',''),(16,NULL,0,2,NULL,NULL,NULL,NULL,'',''),(17,NULL,0,2,NULL,NULL,NULL,NULL,'',''),(18,NULL,0,2,NULL,NULL,NULL,NULL,'',''),(19,NULL,0,2,NULL,NULL,NULL,NULL,'',''),(20,NULL,0,2,NULL,NULL,NULL,NULL,'',''),(21,NULL,0,2,NULL,NULL,NULL,NULL,'',''),(22,NULL,0,2,NULL,NULL,NULL,NULL,'',''),(34,'<p> \r\n<h2>Brophy  College Preparatory Fashion Show Luminaries</h2>Phoenix,AZ\r\n\r\n<h2>Xavier College Preparatory  Chapel</h2> Phoenix, AZ\r\n\r\n\r\n<h2>Our Lady of the Blessed Sacrament</h2>Miami, AZ\r\n\r\n<h2>Immaculate Heart Church</h2> Phoenix, AZ\r\n\r\n\r\n<h2>Scottsdale Presbyterian Church </h2>Scottsdale, AZ\r\n\r\n<h2>Ascension Lutheran Church</h2> Paradise Valley, AZ\r\n\r\n<h2>Nazarene Chandler First Church</h2>Chandler, AZ\r\n\r\n<h2>Redeemer Lutheran Church</h2> Phoenix,AZ\r\n\r\n<h2>The Fountains A United Methodist Church</h2>Fountain Hills, AZ\r\n \r\n<h2>Living Water Lutheran Church</h2>Scottsdale, AZ\r\n \r\n<h2>Desert Cross Lutheran Church </h2>Tempe, AZ\r\n\r\n<h2>Saint George\'s Catholic Church</h2>Apache Junction, AZ\r\n\r\n<h2>Sacred Heart Parish</h2> \r\nClifton, AZ \r\n<h2>Dayspring United Methodist Church</h2> \r\nTempe, AZ\r\n<h2>Gethsemane Lutheran Church</h2>\r\nTempe, AZ\r\n<h2>Camelback Seventh Day Adventist Church</h2>\r\nPhoenix, AZ\r\n<h2>Christ Episcopal Church </h2>\r\nCarefree, AZ \r\n<h2>Crown of Life Lutheran Church </h2>\r\nSun City West, AZ\r\n<h2>St. Isabella Church </h2>\r\nSan Rafael, CA \r\n<h2>XavierBVM Convent</h2>\r\nPhoenix, AZ \r\n<h2>Saints Simon and Jude Church</h2> \r\nPhoenix, AZ\r\n<h2>St. Charles Borromeo </h2>\r\nPeoria, AZ \r\n<h2>Immaculate Conception Parish and Chapel </h2>\r\nYuma, AZ\r\n<h2>Franciscan Renewal Center</h2> \r\nScottsdale, AZ\r\n<h2>Bourgade Catholic High School </h2>\r\nPhoenix, AZ</p>\r\n<p><h2>Musical Instrument Museum (MIM)</h2>Scottsdale, AZ \r\n<h2>Omni Hotel</h2> Kansas City, MO\r\n<h2>Scottsdale Shea Plaza</h2>Scottsdale, AZ\r\n<h2>Planet Hollywood</h2>Las Vegas, NV\r\n<h2>The Forum</h2>Scottsdale, AZ\r\n<h2>Macayo\'s Restaurant</h2> Scottsdale, AZ\r\n<h2>Molly Gibson Lodge</h2> Aspen, CO\r\n<h2>Scottsdale Galleri</h2>Scottsdale, AZ\r\n<h2>Westward Ho</h2> Phoenix, AZ\r\n<h2>Anthem Clubhouse</h2> Anthem, AZ\r\n<h2>Tomaso\'s Restaurant</h2> Phoenix, AZ\r\n<h2>Christopher Creek Lodge</h2> Christopher Creek, AZ\r\n<h2>Arroyo Robles Resort</h3> Sedona, AZ\r\n<h2>Red Robin Restaurant </h2>Scottsdale, AZ\r\n<h2>Good Egg Restaurant </h2>AZ/CA\r\n<h2>Crystal Palace </h2>Prescott, AZ\r\n<h2>Cine Capri Original Theater </h2>Phoenix, AZ\r\n<h2>Paul Harvey </h2>Radio Host\r\n<h2>Dan Majerle</h2> Phoenix Suns\r\n<h2>Mark Grace </h2>Diamondbacks\r\n<h2>Hale Irwin</h2> Golfer\r\n<h2>Joe Beeler</h2> Western Artist\r\n<h2>Cotton Fitzsimmons </h2>Phoenix Suns\r\n<h2>Harmon Killebrew </h2>MLB\r\n<h2>Paul Konerko </h2>MLB </p>\r\n',2,1,'DBM_DeMark_PignPantry_aa.jpg',NULL,NULL,'Projects','Projects',NULL),(10,'',1,1,'lake_res_bathroom.jpg',NULL,NULL,'','',NULL),(5,'DALLE DE VERE Entry to a residential home',1,1,'DalleEntry.JPG',NULL,NULL,'HomeFrontEntry','',NULL),(6,'<img src=\"http://www.powersstainedglass.com/Images/powerslogo24.jpg\" style=\"max-width:100%\"\r\n<center><br>7124 E Thomas Rd Scottsdale, AZ 85251  </br>info@powersstainedglass.com    480-941-8272</center><p>For the past 30 years we have been designing custom glass for religious, commercial, and residential projects in Arizona and the U.S. We are also masters in restoration and repair.</p>   <p>Chris Powers -John Powers -Tony Powers </p>\r\n\r\n<a href=\"https://www.facebook.com/pages/Powers-Stained-Glass/465606606865825?ref=ts&fref=ts\" target=\"_blank\"><img title=\"Like us on Facebook (by niftybuttons.com)\" src=\"http://www.niftybuttons.com/facebook/like-us-on-facebook-button.png\"></a> \r\n<p>  Chris Powers was chosen as 2013 Phoenix Home & Garden Master Artist of the Southwest.   <A href=\"http://www.phgmag.com/resources/southwest/201303/2013-master-of-the-southwest-chris-powers---staine/\">Phoenix Home & Garden.</A>\r\n   <img src=\"http://www.powersstainedglass.com/Images/grand_canyon_1.png\" style=\"max-width:100%\"\r\n              ',4,0,'gethsemeni_our_lady_of_the_blessed_sacrament.jpg','Beautiful Creations- More on Facebook','97,105,270,208,2','',NULL,NULL),(9,'',1,1,'bisgrove-1.jpg',NULL,NULL,'','',NULL),(11,' carefree arizona front entryway constructed\r\nwith 1\" thick melted glass',1,1,'Rusticentryway.JPG',NULL,NULL,'front entry','',NULL),(31,'',1,1,'100_0251.JPG',NULL,NULL,'Jesus on the cross(fused glass','',NULL),(32,'',1,1,'',NULL,NULL,'','',NULL),(33,'',1,1,'',NULL,NULL,'','',NULL);

--
-- Table structure for table `Product`
--

CREATE TABLE `Product` (
  `ID` int(11) NOT NULL AUTO_INCREMENT,
  `name` varchar(60) DEFAULT NULL,
  `sku` varchar(30) DEFAULT NULL,
  `short_description` blob,
  `linkname` varchar(50) DEFAULT NULL,
  `link` blob,
  `alloworder` smallint(6) DEFAULT NULL,
  `instock` smallint(6) DEFAULT NULL,
  `label1` varchar(50) DEFAULT NULL,
  `label2` varchar(50) DEFAULT NULL,
  `price` double(8,2) NOT NULL DEFAULT '0.00',
  `list1` varchar(255) DEFAULT NULL,
  `list2` varchar(255) DEFAULT NULL,
  `image` varchar(255) DEFAULT NULL,
  `prices` varchar(255) DEFAULT NULL,
  `weight` double(8,4) NOT NULL DEFAULT '0.0000',
  `display` int(11) NOT NULL DEFAULT '0',
  `quantity` int(11) NOT NULL DEFAULT '0',
  `long_description` blob,
  `shipcost` float(10,2) NOT NULL DEFAULT '0.00',
  `number` smallint(6) NOT NULL DEFAULT '0',
  `notax` smallint(6) DEFAULT NULL,
  `inactive` smallint(6) DEFAULT NULL,
  PRIMARY KEY (`ID`),
  KEY `ID` (`ID`)
) ENGINE=MyISAM AUTO_INCREMENT=423 DEFAULT CHARSET=latin1 PACK_KEYS=1;

--
-- Dumping data for table `Product`
--

INSERT INTO `Product` VALUES (298,'shark','0','',NULL,NULL,0,0,'','',0.00,'','','100_1180.JPG','',0.0000,1,1,'',0.00,298,0,NULL),(299,'Business Horse','0','',NULL,NULL,0,0,'','',0.00,'','','100_1093.JPG','',0.0000,1,1,'',0.00,299,0,NULL),(375,'1065','0','',NULL,NULL,0,1,'','',0.00,'','','101_0065.JPG','',0.0000,1,1,'',0.00,375,0,NULL),(2,'Southwestern','0','1004 Shoot Out',NULL,NULL,0,1,'','',0.00,'','','picshootout.jpg','',0.0000,1,1,'\"The Shootout\" ',0.00,2,0,0),(295,'Boys with Joe Beeler','0','Joe Beeler worked side by side with the Powers on several projects',NULL,NULL,0,0,'','',0.00,'','','joe_beeler_and_the_powers_brothers.jpg','',0.0000,1,1,'Joe Beeler designed several stained glass art pieces that the Powers produced. \"The Seat with a View\" and \"The  Cowboy\" are the two remaining pieces left. We will remember Joe fondly and his love of the arts.',0.00,295,0,NULL),(150,'','0','',NULL,NULL,0,1,'','',0.00,'','','Miami_church_pictures_doug_007.JPG','',0.0000,1,1,'',0.00,150,0,NULL),(3,'John Wayne','0','The \"John Wayne\" stained glass window is approximately 4\' by 5\'.  ',NULL,NULL,0,1,'','',0.00,'','','picjohnwayne.jpg','',0.0000,1,1,'The \"John Wayne\" stained glass window is approximately 4\' by 5\'.  ',0.00,3,NULL,NULL),(136,'','0','',NULL,NULL,0,1,'','',0.00,'','','pope_adjusted.jpg','',0.0000,1,1,'',0.00,136,NULL,NULL),(137,'pope bright','0','',NULL,NULL,1,0,'','',0.00,'','','pope_bright.jpg','',0.0000,1,1,'',0.00,139,NULL,NULL),(102,'','0','Living Waters Lutheran Church\r\nScottsdale, AZ',NULL,NULL,0,1,'','',0.00,'','','full_view_outlined.JPG','',0.0000,1,1,'',0.00,102,NULL,NULL),(104,'','0','The Last Supper ',NULL,NULL,0,1,'','',0.00,'','','last_supper_web.jpg','',0.0000,1,1,'',0.00,105,NULL,NULL),(105,'Front Entry ','0','',NULL,NULL,0,0,'','',0.00,'','','bevel_door.JPG','',0.0000,1,1,'',0.00,106,0,NULL),(95,'The Fountains','0','The Fountains- A United Methodist Church, Fountain Hills, AZ',NULL,NULL,0,1,'','',0.00,'','','0F::tains_wind.jpg','',0.0000,1,1,'',0.00,90,NULL,NULL),(255,'charles barromeo windows','0','',NULL,NULL,0,1,'','',0.00,'','','HPIM1029.JPG','',0.0000,1,1,'',0.00,255,0,NULL),(97,'Art Glass','0','1003 Van Gogh Chair 1',NULL,NULL,0,1,'','',0.00,'','','Van_Gogh_1.jpg','',0.0000,1,1,'',0.00,96,0,0),(135,'The Pope 2005','0','',NULL,NULL,0,1,'','',0.00,'','','the_pope_perfect.jpg','',0.0000,1,1,'',0.00,135,NULL,NULL),(260,'planet hollwood lampshades las vegas','0','fused lampshades for planet hollywood las vegas suites',NULL,NULL,0,1,'','',0.00,'','','Panorama_3801_planet_hollywood.JPG','',0.0000,1,1,'',0.00,260,NULL,NULL),(263,'our lady of guadalupe mosaic','0','',NULL,NULL,0,1,'','',0.00,'','','HPIM0032.JPG','',0.0000,1,1,'',0.00,263,0,NULL),(258,'Golden window','0','',NULL,NULL,0,1,'','',0.00,'','','HPIM1057.JPG','',0.0000,1,1,'',0.00,258,0,NULL),(128,'Dog','0','',NULL,NULL,0,1,'','',0.00,'','','web.jpg','',0.0000,1,1,'',0.00,128,NULL,NULL),(107,'Living Waters Lutheran Church, Scottsdale','0','',NULL,NULL,0,1,'','',0.00,'','','Living_Waters_scan_photo.JPG','',0.0000,1,1,'',0.00,107,NULL,NULL),(228,'Living Water','0','',NULL,NULL,0,0,'','',0.00,'','','Living_Waters_scan_photo.JPG','',0.0000,1,1,'',0.00,186,NULL,NULL),(224,'Large Santa','0','',NULL,NULL,0,1,'','',0.00,'','','patterson_santa_claus.jpg','',0.0000,1,1,'',0.00,226,NULL,NULL),(232,'Geronimo','0','',NULL,NULL,0,0,'','',0.00,'','','geronimo.jpg','',0.0000,1,1,'',0.00,231,0,NULL),(196,'Our Lady of the Blessed Sacrament','0','',NULL,NULL,0,0,'','',0.00,'','','Miami_church_pictures_doug_022.JPG','',0.0000,1,1,'',0.00,199,NULL,NULL),(151,'','0','',NULL,NULL,0,1,'','',0.00,'','','Miami_church_pictures_doug_008.JPG','',0.0000,1,1,'',0.00,151,0,NULL),(338,'Chris Powers Paintings','0','',NULL,NULL,0,1,'','',0.00,'','','cmp.1.JPG','',0.0000,1,1,'',0.00,338,0,NULL),(88,'','0','',NULL,NULL,0,1,'','',0.00,'','','WINDOW_SECTION_14-WEB.jpg','',0.0000,1,1,'',0.00,88,NULL,NULL),(60,'Divine Mercy','NONE','Divine Mercy',NULL,NULL,0,0,'','',0.00,'','','divine_mercy.jpg','',5.0000,1,1,'Divine Mercy can be viewed in Miami Arizona, at OUR LADY OF THE BLESSED SACRAMENT Catholic Church.',0.00,62,NULL,NULL),(330,'','0','',NULL,NULL,0,0,'','',0.00,'','','DSCN1889.JPG','',0.0000,1,1,'',0.00,330,0,NULL),(72,'','0','',NULL,NULL,0,1,'','',0.00,'','','PSG_001.jpg','',0.0000,1,1,'',0.00,70,NULL,NULL),(73,'','0','',NULL,NULL,0,1,'','',0.00,'','','PSG_002.jpg','',0.0000,1,1,'',0.00,72,NULL,NULL),(313,'Cowboy fused','0','',NULL,NULL,0,1,'','',0.00,'','','DSCN1238.JPG','',0.0000,1,1,'',0.00,314,0,NULL),(256,'living water window panels','0','',NULL,NULL,0,1,'','',0.00,'','','HPIM0530.JPG','',0.0000,1,1,'',0.00,257,NULL,NULL),(14,'Geronimo Complete','0','\"Geronimo\"  This piece is approximately 3\' by 5\'.',NULL,NULL,0,1,'','',0.00,'','','picgeronimo.jpg','',0.0000,1,1,'',0.00,14,0,NULL),(254,'xavior window with sisters','0','',NULL,NULL,0,1,'','',0.00,'','','HPIM1172.JPG','',0.0000,1,1,'',0.00,254,NULL,NULL),(15,'Manyhorns','0','\"Manyhorns\" has been a popular window since the time we finished creating this piece in 1989. ',NULL,NULL,0,1,'','',0.00,'','','picmanyhorns.jpg','',0.0000,1,1,'',0.00,12,0,NULL),(185,'Our Lady of the Blessed Sacrament','0','',NULL,NULL,0,0,'','',0.00,'','','Miami_church_pictures_doug_001.JPG','',0.0000,1,1,'',0.00,187,NULL,NULL),(186,'','0','',NULL,NULL,0,0,'','',0.00,'','','Miami_church_pictures_doug_006.JPG','',0.0000,1,1,'',0.00,188,NULL,NULL),(187,'','0','',NULL,NULL,0,0,'','',0.00,'','','Miami_church_pictures_doug_010.JPG','',0.0000,1,1,'',0.00,195,NULL,NULL),(16,'Phoenixbird','0','\"Phoenixbird\"  The window is approximately 4\' by 5\'.',NULL,NULL,0,1,'','',0.00,'','','picphoenixbird.jpg','',0.0000,1,1,'',0.00,17,0,NULL),(178,'The Fountains','0','',NULL,NULL,0,0,'','',0.00,'','','0F::tains_wind.jpg','',0.0000,1,1,'',0.00,181,NULL,NULL),(181,'','0','',NULL,NULL,0,0,'','',0.00,'','','IM000141.JPG','',0.0000,1,1,'',0.00,182,NULL,NULL),(420,'crucified','0','',NULL,NULL,0,0,'','',0.00,'','','crucified.jpg','',0.0000,1,1,'',0.00,420,0,0),(421,'','0','',NULL,NULL,0,0,'','',0.00,'','','monon_train.jpg','',0.0000,1,1,'',0.00,421,0,0),(422,'1001  Grand Canyon','0','',NULL,NULL,1,1,'','',0.00,'','','grand_canyon_1.png','',0.0000,1,1,'',0.00,422,0,0),(364,'110','110','',NULL,NULL,0,1,'','',0.00,'','','110.jpg','',0.0000,1,1,'',0.00,364,0,NULL),(290,'fused glass flower panel','0','fused glass flower panel',NULL,NULL,0,0,'','',0.00,'','','DSC00085.JPG','',0.0000,1,1,'',0.00,290,0,NULL),(37,'rustic entry','0','rustic entry',NULL,NULL,0,0,'','',0.00,'','','Rusticentryway.JPG','',0.0000,1,1,'1\" thick melted glass in front entry of Boulders residence',0.00,34,NULL,NULL),(19,'Rustic Entry','0','<CENTER>Rustic home entry at the Boulders in Carefree, AZ<BR><I>Front door size: 4\' x 8\'</I><BR><I>Click on image to enlarge.</I>',NULL,NULL,1,1,'','',0.00,'','','Rusticentryway.JPG','',0.0000,1,1,'<CENTER>Rustic home entry at the Boulders in Carefree, AZ<BR><I>Front door size: 4\' x 8\'</I><BR><I>Click on image to enlarge.</I>',0.00,15,NULL,NULL),(20,'Dalle De Verre Entry','0','<CENTER>Dalle De Verre entry in Scottsdale, AZ, home<BR><I>Door panels size: 4\' x 8\'</I><BR><I>Inner panels size: 3\' x 10\'</I><BR><I>Click on image to enlarge.</I>',NULL,NULL,1,1,'','',0.00,'','','DalleEntry.JPG','',0.0000,1,1,'<CENTER>Dalle De Verre entry in Scottsdale, AZ, home<BR><I>Door panels size: 4\' x 8\'</I><BR><I>Inner panels size: 3\' x 10\'</I><BR><I>Click on image to enlarge.</I>',0.00,16,NULL,NULL),(21,'Beveled Entry','0','<CENTER>Beveled home entry in Rio Verde, AZ<BR><I>Overall size: 10\' x 12\'</I><BR><I>Click on image to enlarge.</I>',NULL,NULL,1,1,'','',0.00,'','','Beveledentry.JPG','',0.0000,1,1,'<CENTER>Beveled home entry in Rio Verde, AZ<BR><I>Overall size: 10\' x 12\'</I><BR><I>Click on image to enlarge.</I>',0.00,20,NULL,NULL),(22,'Front Entry','0','<CENTER><I>Complete Glass Entry approx. 15\'by 15\'</I>',NULL,NULL,1,1,'','',0.00,'','','leesentry.JPG','',0.0000,1,1,'<CENTER><I>Complete Glass Entry approx. 15\'by 15\'</I>',0.00,21,0,NULL),(23,'Restaurant Interior','0','<CENTER>Copper geometric contemporary design<BR>Restaurant interior in Kansas City, KS<BR><I>Overall size: 6\' x 6\'</I><BR><I>Click on image to enlarge.</I>',NULL,NULL,0,1,'','',0.00,'','','Omniinterior.JPG','',0.0000,1,1,'<CENTER>Copper geometric contemporary design<BR>Restaurant interior in Kansas City, KS<BR><I>Overall size: 6\' x 6\'</I><BR><I>Click on image to enlarge.</I>',0.00,28,NULL,NULL),(368,'mim','0','',NULL,NULL,0,1,'','',0.00,'','','mim_close_up.jpg','',0.0000,1,1,'',0.00,369,0,NULL),(266,'melted glass and leaded bathroom window','0','',NULL,NULL,0,1,'','',0.00,'','','DSC00033.JPG','',0.0000,1,1,'',0.00,266,0,NULL),(25,'Golf Resort','0','<CENTER><I>FireSreen  3\' by 4\'</I><BR><I>Table Lamp&Lampshade approx.30\"tall</I><BR><I>Floor Lamp& Lampshade 5\' tall</I><BR><I>Small Lamp&Lampshade approx.20\" tall<BR><I>Solder &Melted Glass Sculpture of Elk approx. 27\" tall</I>',NULL,NULL,0,1,'','',0.00,'','','golfresort2.JPG','',0.0000,1,1,'<CENTER><I>FireSreen  3\' by 4\'</I><BR><I>Table Lamp&Lampshade approx.30\"tall</I><BR><I>Floor Lamp& Lampshade 5\' tall</I><BR><I>Small Lamp&Lampshade approx.20\" tall<BR><I>Solder &Melted Glass Sculpture of Elk approx. 27\" tall</I>',0.00,23,NULL,NULL),(35,'etched mirror','0','etched mirror ',NULL,NULL,0,0,'','',0.00,'','','etchedbath.JPG','',0.0000,1,1,'etched mirror floating in middle of \r\nbathroom with both sides usable.',0.00,33,0,NULL),(291,'','0','jesus taken down from cross',NULL,NULL,0,0,'','',0.00,'','','PSG_013.jpg','',0.0000,1,1,'',0.00,291,0,NULL),(38,'dalle glass entry','0','1\" thick glass set in epoxy',NULL,NULL,0,0,'','',0.00,'','','DalleEntry.JPG','',0.0000,1,1,'Dalle glass entry at Scottsdale Ranch.\r\nDouble entry',0.00,35,NULL,NULL),(27,'bathroom windows','0','approx. size 7\'x8\'',NULL,NULL,1,1,'','',0.00,'','','bisgrove-1.jpg','',0.0000,1,1,'melted glass 3/8\" thick combined\r\nwith copper',0.00,25,NULL,NULL),(28,'bathroom windows','0','',NULL,NULL,1,1,'','',0.00,'','','','',0.0000,1,1,'',0.00,27,NULL,NULL),(32,'bathroom windows','0','bevel design',NULL,NULL,0,0,'','',0.00,'','','lake_res_bathroom.jpg','',0.0000,1,1,'',0.00,32,NULL,NULL),(39,'bevel entry','0','Gluechip bevel entry',NULL,NULL,0,0,'','',0.00,'','','Beveledentry.JPG','',0.0000,1,1,'Rio Verde bevel entry ',0.00,38,NULL,NULL),(366,'113','113','',NULL,NULL,0,1,'','',0.00,'','','113.jpg','',0.0000,1,1,'',0.00,366,0,NULL),(127,'','0','Pattern from Western Design Book 1984. Click on Books and Merchandise for more infomation.',NULL,NULL,0,1,'','',0.00,'','','cowboy_n118.JPG','',0.0000,1,1,'',0.00,127,NULL,NULL),(42,'abstract design Desert mtn.','0','abstract design',NULL,NULL,0,0,'','',0.00,'','','Desert_Mountain_Scottsdale,_AZ.JPG','',0.0000,1,1,'An extra large panel in the entry of \r\na Desert mtn. home.',0.00,45,NULL,NULL),(58,'Gabriel the ArcAngel','none','Gabriel the ArcAngel',NULL,NULL,0,1,'','',0.00,'','','gabriel_the_arcangel.jpg','',5.0000,1,1,'Gabriel the ArcAngel',0.00,60,NULL,NULL),(125,'','0','Pattern from original Western Design Book.  If you would like to purchase 8x11 copies of the original 23 patterns from this book, click on Books and Merchandise.',NULL,NULL,0,1,'','',0.00,'','','desert_fox_n106.JPG','',0.0000,1,1,'',0.00,126,NULL,NULL),(45,'michael the Arcangel','0','Michael The Arcangel',NULL,NULL,0,0,'','',0.00,'','','micheal_the_arcangel.jpg','',0.0000,1,1,'Michael The Arcangel',0.00,39,NULL,NULL),(370,'Photography by David B. Moore','0','',NULL,NULL,0,1,'','',0.00,'','','DBM_Power__nfl_nba_door_aa.jpg','',0.0000,1,1,'',0.00,370,0,NULL),(47,'','0','12\' entry panels',NULL,NULL,0,0,'','',0.00,'','','hambicki_front_door.jpg','',0.0000,1,1,'12\' tall entry panels with melted 1/2\"\r\nglass',0.00,51,NULL,NULL),(179,'Bob Marley','0','',NULL,NULL,0,0,'','',0.00,'','','Bob_Marley.jpg','',0.0000,1,1,'',0.00,165,0,NULL),(134,'The Pope','0','',NULL,NULL,0,1,'','',0.00,'','','the_pope.JPG','',0.0000,1,1,'',0.00,134,NULL,NULL),(132,'Rainbow Bridge','0','',NULL,NULL,0,1,'','',0.00,'','','Rainbow_Bridge.jpg','',0.0000,1,1,'',0.00,132,NULL,NULL),(131,'Bob Marley','0','',NULL,NULL,0,1,'','',0.00,'','','Bob_Marley.jpg','',0.0000,1,1,'',0.00,131,NULL,NULL),(118,'','0','',NULL,NULL,0,1,'','',0.00,'','','LAST_SUPPER_TABLEAU.JPG','',0.0000,1,1,'',0.00,108,NULL,NULL),(133,'Grand Canyon','0','',NULL,NULL,0,1,'','',0.00,'','','Grand_CanyonWeb.jpg','',0.0000,1,1,'',0.00,133,NULL,NULL),(86,'','0','',NULL,NULL,0,1,'','',0.00,'','','WINDOW_SECTION_11-WEB.jpg','',0.0000,1,1,'',0.00,86,NULL,NULL),(339,'Chris Powers Paintings','101','101',NULL,NULL,0,1,'','',0.00,'','','cmp.1.JPG','',0.0000,1,1,'',0.00,339,0,NULL),(376,'1001','0','',NULL,NULL,0,1,'','',0.00,'','','Coors_Cowboy2.JPG','',0.0000,1,1,'',0.00,376,0,NULL),(377,'Fountains','0','',NULL,NULL,0,1,'','',0.00,'','','The_fountains_scan_photo.JPG','',0.0000,1,1,'',0.00,377,0,NULL),(417,'','0','',NULL,NULL,0,1,'','',0.00,'','','john_the_baptist.jpg','',0.0000,1,1,'',0.00,417,0,NULL),(418,'1002 Sailboat','0','',NULL,NULL,0,1,'','',0.00,'','','sailboat1.jpg','',0.0000,1,1,'',0.00,418,0,0),(419,'monon train','0','',NULL,NULL,0,0,'','',0.00,'','','monon_train.jpg','',0.0000,1,1,'',0.00,419,0,0),(257,'charles barrameo windows','0','',NULL,NULL,0,1,'','',0.00,'','','HPIM1028.JPG','',0.0000,1,1,'',0.00,256,0,NULL),(259,'front entry','0','',NULL,NULL,0,1,'','',0.00,'','','HPIM1000.JPG','',0.0000,1,1,'',0.00,259,0,NULL),(226,'Dayspring','0','',NULL,NULL,0,0,'','',0.00,'','','dayspring.JPG','',0.0000,1,1,'',0.00,228,NULL,NULL),(61,'Divine mercy','none','Divine Mercy',NULL,NULL,0,0,'','',0.00,'','','divine_mercy(duncan).jpg','',5.0000,1,1,'Divine Mercy made in the likeness of \r\nthe old time frescos that were found\r\nin New Mexico. This window can be viewed in Duncan ,Arizona.The size of the window is approx. 50\"x72\".',0.00,64,NULL,NULL),(59,'Juan Diego','none','Juan Diego',NULL,NULL,0,0,'','',0.00,'','','juan_diego.jpg','',5.0000,1,1,'Juan Diego can be viewed in Miami, Arizona at OUR LADY OF THE BLESSED SACRAMENT.',0.00,61,NULL,NULL),(329,'','0','',NULL,NULL,0,0,'','',0.00,'','','HPIM1264.JPG','',0.0000,1,1,'',0.00,329,0,NULL),(327,'','0','',NULL,NULL,1,1,'','',0.00,'','','HPIM1066.JPG','',0.0000,1,1,'',0.00,327,0,NULL),(328,'','0','',NULL,NULL,0,0,'','',0.00,'','','HPIM1253.JPG','',0.0000,1,1,'',0.00,328,0,NULL),(64,'ST.George Slaying the Dragon','0','St. George Slaying the Dragon',NULL,NULL,0,0,'','',0.00,'','','st_._george.jpg','',0.0000,1,1,'St. George Slaying the Dragon approx.\r\nsize 6\'x12\'. Located at St. George\r\nCatholic Church in Apache Junction Arizona',0.00,47,NULL,NULL),(392,'Photography by David B. Moore','0','',NULL,NULL,0,1,'','',0.00,'','','_MG_2993.jpg','',0.0000,1,1,'',0.00,392,0,NULL),(99,'Gethsemeni','0','',NULL,NULL,0,1,'','',0.00,'','','gethsemeni_our_lady_of_the_blessed_sacrament.jpg','',0.0000,1,1,'',0.00,99,NULL,NULL),(248,'Grapes','0','',NULL,NULL,0,0,'','',0.00,'','','MG_Grapes_web.jpg','',0.0000,1,1,'',0.00,248,0,NULL),(369,'Photography by David B. Moore','0','',NULL,NULL,0,1,'','',0.00,'','','DBM_DeMarkBar_aa.jpg','',0.0000,1,1,'',0.00,368,0,NULL),(74,'','0','',NULL,NULL,1,1,'','',0.00,'','','PSG_003.jpg','',0.0000,1,1,'',0.00,73,NULL,NULL),(75,'','0','',NULL,NULL,1,1,'','',0.00,'','','test_1.jpg','',0.0000,1,1,'',0.00,75,NULL,NULL),(76,'','0','',NULL,NULL,1,1,'','',0.00,'','','PSG_005.jpg','',0.0000,1,1,'',0.00,76,NULL,NULL),(77,'','0','',NULL,NULL,1,1,'','',0.00,'','','PSG_006.jpg','',0.0000,1,1,'',0.00,77,NULL,NULL),(78,'','0','',NULL,NULL,1,1,'','',0.00,'','','PSG_007.jpg','',0.0000,1,1,'',0.00,78,NULL,NULL),(79,'','0','',NULL,NULL,1,1,'','',0.00,'','','PSG_008.jpg','',0.0000,1,1,'',0.00,79,NULL,NULL),(80,'','0','',NULL,NULL,1,1,'','',0.00,'','','PSG_009.jpg','',0.0000,1,1,'',0.00,80,NULL,NULL),(81,'','0','',NULL,NULL,1,1,'','',0.00,'','','PSG_010.jpg','',0.0000,1,1,'',0.00,81,NULL,NULL),(82,'','0','',NULL,NULL,1,1,'','',0.00,'','','PSG_011.jpg','',0.0000,1,1,'',0.00,82,NULL,NULL),(83,'','0','',NULL,NULL,1,1,'','',0.00,'','','PSG_012.jpg','',0.0000,1,1,'',0.00,83,NULL,NULL),(165,'','0','',NULL,NULL,0,1,'','',0.00,'','','Miami_church_pictures_doug_021.JPG','',0.0000,1,1,'',0.00,178,0,NULL),(166,'','0','',NULL,NULL,0,1,'','',0.00,'','','Miami_church_pictures_doug_023.JPG','',0.0000,1,1,'',0.00,180,0,NULL),(293,'','0','Joe Beeler signed window  produced by the Powers Bros',NULL,NULL,1,1,'','',0.00,'','','HPIM1853.JPG','',0.0000,1,1,'',0.00,293,0,NULL),(373,'251','0','',NULL,NULL,0,1,'','',0.00,'','','100_0251.JPG','',0.0000,1,1,'',0.00,373,0,NULL),(374,'1064','0','',NULL,NULL,0,1,'','',0.00,'','','101_0064.JPG','',0.0000,1,1,'',0.00,374,0,NULL),(246,'arabesque','0','',NULL,NULL,0,0,'','',0.00,'','','MG_Arabesque_web.jpg','',0.0000,1,1,'',0.00,246,0,NULL),(253,'xavior convent window','0','',NULL,NULL,0,1,'','',0.00,'','','HPIM1164.JPG','',0.0000,1,1,'',0.00,250,0,NULL),(367,'mim museum','0','',NULL,NULL,0,1,'','',0.00,'','','mim_museum.jpg','',0.0000,1,1,'',0.00,367,0,NULL),(261,'mexican market scene','0','mexican market scene',NULL,NULL,0,1,'','',0.00,'mexican market scene','','mexican_market_scene.jpg','',0.0000,1,1,'',0.00,261,NULL,NULL),(242,'Dog','0','',NULL,NULL,0,0,'','',0.00,'','','web.jpg','',0.0000,1,1,'',0.00,235,0,NULL),(197,'Rainbow Bridge','0','',NULL,NULL,0,0,'','',0.00,'','','Rainbow_Bridge.jpg','',0.0000,1,1,'',0.00,200,0,NULL),(199,'','0','',NULL,NULL,0,0,'','',0.00,'','','fishermen_at_st_isabella.jpg','',0.0000,1,1,'',0.00,205,NULL,NULL),(200,'White Buffalo','0','',NULL,NULL,0,0,'','',0.00,'','','full_scene_of_white_buffalo.JPG','',0.0000,1,1,'',0.00,206,0,NULL),(203,'St. Mary\'s Mission','0','',NULL,NULL,0,1,'','',0.00,'','','Lady_morenci.JPG','',0.0000,1,1,'',0.00,225,NULL,NULL),(230,'','0','',NULL,NULL,0,0,'','',0.00,'','','gethsemeni_our_lady_of_the_blessed_sacrament.jpg','',0.0000,1,1,'',0.00,222,NULL,NULL),(207,'','0','',NULL,NULL,0,1,'','',0.00,'','','cactus_lamb_church.JPG','',0.0000,1,1,'',0.00,224,NULL,NULL),(208,'Religious','0','1005 Religious',NULL,NULL,0,1,'','',0.00,'','','st_._george.jpg','',0.0000,1,1,'',0.00,196,0,0),(210,'','0','',NULL,NULL,0,1,'','',0.00,'','','PSG_003.jpg','',0.0000,1,1,'',0.00,210,NULL,NULL),(211,'','0','',NULL,NULL,0,1,'','',0.00,'','','PSG_001.jpg','',0.0000,1,1,'',0.00,211,NULL,NULL),(231,'','0','',NULL,NULL,0,0,'','',0.00,'','','picguardianangel.jpg','',0.0000,1,1,'',0.00,232,NULL,NULL),(229,'Sun City West Christian Church','0','',NULL,NULL,0,0,'','',0.00,'','','Sun_City_West_Christian_Church_Web.jpg','',0.0000,1,1,'',0.00,230,NULL,NULL),(214,'','0','',NULL,NULL,0,1,'','',0.00,'','','PSG_007.jpg','',0.0000,1,1,'',0.00,212,NULL,NULL),(219,'','0','',NULL,NULL,0,1,'','',0.00,'','','PSG_012.jpg','',0.0000,1,1,'',0.00,219,NULL,NULL),(222,'St. Isabella (scroll right to view entire window)','0','',NULL,NULL,0,1,'','',0.00,'','','LAST_SUPPER_TABLEAU.JPG','',0.0000,1,1,'',0.00,166,0,NULL),(268,'mexican entry','0','',NULL,NULL,0,1,'','',0.00,'','','100_0022.JPG','',0.0000,1,1,'',0.00,268,0,NULL),(269,'','0','',NULL,NULL,0,1,'','',0.00,'','','6-14-2007-10.jpg','',0.0000,1,1,'',0.00,269,0,NULL),(270,'Interiors','0','',NULL,NULL,0,1,'','',0.00,'','','6-14-2007-15.jpg','',0.0000,1,1,'',0.00,270,0,NULL),(333,'Powerslogox','0','',NULL,NULL,1,1,'','',0.00,'','','powerslogo24.jpg','',0.0000,1,1,'',0.00,333,0,NULL),(273,'Southwest Collage','0','',NULL,NULL,0,1,'','',0.00,'','','Arizona_Highways_Rec_(2_of_2).JPG','',0.0000,1,1,'',0.00,273,0,NULL),(274,'','0','',NULL,NULL,0,1,'','',0.00,'','','Beveledentry.JPG','',0.0000,1,1,'',0.00,274,0,NULL),(275,'Clear and Metal','0','',NULL,NULL,0,1,'','',0.00,'','','DSC00033.JPG','',0.0000,1,1,'',0.00,275,0,NULL),(362,'Front Entry','0','',NULL,NULL,0,1,'','',0.00,'','','leesentry.JPG','',0.0000,1,1,'',0.00,362,0,NULL),(277,'Kitchen windows','0','',NULL,NULL,0,1,'','',0.00,'','','DSC00117.JPG','',0.0000,1,1,'',0.00,278,0,NULL),(292,'Brown fused Cowboy','0','Joe Beeler cowboy',NULL,NULL,0,0,'','',0.00,'','','101_0187.JPG','',0.0000,1,1,'',0.00,292,0,NULL),(334,'Front Entry','0','',NULL,NULL,1,1,'','',0.00,'','','leesentry.JPG','',0.0000,1,1,'',0.00,334,0,NULL),(281,'Antique Window','0','',NULL,NULL,0,1,'','',0.00,'','','HPIM1064.JPG','',0.0000,1,1,'',0.00,281,0,NULL),(282,'','0','',NULL,NULL,0,1,'','',0.00,'','','MG_door.jpg','',0.0000,1,1,'',0.00,283,0,NULL),(398,'Parrot','0','',NULL,NULL,0,1,'','',0.00,'','','mexico_parrot1.jpg','',0.0000,1,1,'',0.00,398,0,NULL),(284,'','0','',NULL,NULL,0,1,'','',0.00,'','','dinner.jpg','',0.0000,1,1,'',0.00,282,0,NULL),(285,'Staircase windows','0','',NULL,NULL,0,1,'','',0.00,'','','irwin.JPG','',0.0000,1,1,'',0.00,285,0,NULL),(288,'Small Bevel','0','',NULL,NULL,0,1,'','',0.00,'','','small_bevel.JPG','',0.0000,1,1,'',0.00,288,0,NULL),(296,'Fish','0','these windows were made to feel like you are in an aquarium',NULL,NULL,0,0,'','',0.00,'','','HPIM2006.JPG','',0.0000,1,1,'',0.00,296,0,NULL),(297,'','0','',NULL,NULL,0,0,'','',0.00,'','','101_0268.JPG','',0.0000,1,1,'',0.00,297,0,NULL),(302,'yellow cowboy fused','0','',NULL,NULL,0,0,'','',0.00,'','','100_1136.JPG','',0.0000,1,1,'',0.00,303,0,NULL),(303,'blue fused flowers','0','',NULL,NULL,0,0,'','',0.00,'','','100_1128.JPG','',0.0000,1,1,'',0.00,302,0,NULL),(304,'red indian head','0','',NULL,NULL,0,0,'','',0.00,'','','100_1369.JPG','',0.0000,1,1,'',0.00,306,0,NULL),(372,'1000','0','',NULL,NULL,0,1,'','',0.00,'','','0F__tains_wind.jpg','',0.0000,1,1,'',0.00,372,0,NULL),(314,'','0','',NULL,NULL,0,1,'','',0.00,'','','DSCN1266.JPG','',0.0000,1,1,'',0.00,315,0,NULL),(315,'shroud','0','',NULL,NULL,0,1,'','',0.00,'','','DSCN1321_(2).jpg','',0.0000,1,1,'',0.00,316,0,NULL),(365,'111','111','',NULL,NULL,0,1,'','',0.00,'','','111.jpg','',0.0000,1,1,'',0.00,365,0,NULL),(318,'','0','',NULL,NULL,0,0,'','',0.00,'','','xavier4_(2).jpg','',0.0000,1,1,'',0.00,323,0,NULL),(319,'','0','',NULL,NULL,0,0,'','',0.00,'','','xavier5_(2).jpg','',0.0000,1,1,'',0.00,319,0,NULL),(396,'Xavier','0','',NULL,NULL,0,1,'','',0.00,'','','Xavier2013.jpg','',0.0000,1,1,'',0.00,396,0,NULL),(371,'Photography by David B. Moore','0','',NULL,NULL,0,1,'','',0.00,'','','DBM_DeMark_PignPantry_aa.jpg','',0.0000,1,1,'',0.00,371,0,NULL),(355,'205 Photography by David B. Moore','205','Photography by David B. Moore',NULL,NULL,0,1,'','',0.00,'','','DBM_Chris_cowboy93_aa.jpg','',0.0000,1,1,'',0.00,356,0,NULL),(342,'204','204','',NULL,NULL,0,1,'','',0.00,'','','104.JPG','',0.0000,1,1,'',0.00,342,0,NULL),(343,'105','105','',NULL,NULL,0,1,'','',0.00,'','','105.JPG','',0.0000,1,1,'',0.00,343,0,NULL),(345,'201','201','',NULL,NULL,0,1,'','',0.00,'','','201.JPG','',0.0000,1,1,'',0.00,345,0,NULL),(346,'202','202','',NULL,NULL,0,1,'','',0.00,'','','202.JPG','',0.0000,1,1,'',0.00,346,0,NULL),(347,'203','203','',NULL,NULL,0,1,'','',0.00,'','','203.JPG','',0.0000,1,1,'',0.00,347,0,NULL),(348,'103','103','',NULL,NULL,0,1,'','',0.00,'','','204.JPG','',0.0000,1,1,'',0.00,348,0,NULL),(363,'111','0','',NULL,NULL,0,1,'','',0.00,'','','','',0.0000,1,1,'',0.00,363,0,NULL),(350,'','0','Owners Tony Powers, Chris Powers and John Powers at their shop in Scottsdale, Arizona.<P>We have been at this location for over 30 years and we thank all of our customers who we call friends. We believe in customer service, being on time, and making creative and quality products.<BR> We make stained glass windows, repair windows that have been damaged, use clear glass or bevels, work with metals, lamps, create large public  art, church windows, and fused glass.     <BR> We work with designers, architects, builders, church congregations,schools, business owners  and homeowners. <BR>We teach stained glass classes at our shop during the year and have taught through local colleges in the past.<P> Residential and Commercial License (Glazing)  ',NULL,NULL,0,0,'','',0.00,'','','','',0.0000,1,1,'',0.00,350,0,NULL),(351,'About Us','0','',NULL,NULL,0,0,'','',0.00,'','','boys_shop_psg.jpg','',0.0000,1,1,'',0.00,352,0,NULL),(353,'106a','106a','',NULL,NULL,0,1,'','',0.00,'','','DSC00437.JPG','',0.0000,1,1,'',0.00,355,0,NULL),(352,'102a','102a','',NULL,NULL,0,1,'','',0.00,'','','DSC00433.JPG','',0.0000,1,1,'',0.00,353,0,NULL),(356,'206 Photography by David B. Moore','206','',NULL,NULL,0,1,'','',0.00,'','','DBM_Chris_TomMix_aa.jpg','',0.0000,1,1,'',0.00,357,0,NULL),(357,'Apache Moon  Photography by David B. Moore','0','Painted by Joe Beeler and recreated in stained glass by Powers. Featured in Phoenix Home & Garden Magazine March 2013.',NULL,NULL,0,1,'','',0.00,'','','DBM_ChrisPower_Indian_aa.jpg','',0.0000,1,1,'',0.00,358,0,NULL),(358,'Seat with a View Photography by David B. Moore','0','Painted by Joe Beeler and recreated in stained glass by Powers. Featured in Phoenix Home & Garden Magazine March 2013.',NULL,NULL,0,1,'','',0.00,'','','DBM_Chris_JoeS_aa.jpg','',0.0000,1,1,'',0.00,351,0,NULL),(359,'Gunfighter  Photography by David B. Moore','0','Featured in Phoenix Home & Garden online March 2013.',NULL,NULL,0,1,'','',0.00,'','','DBM_ChrisPower_gunfighter_aa.jpg','',0.0000,1,1,'',0.00,359,0,NULL),(360,'Wildbunch Photography by David B. Moore','0','Featured in Phoenix Home & Garden online March 2013.',NULL,NULL,0,1,'','',0.00,'','','DBM_ChrisPower_Wildbunch_aa.jpg','',0.0000,1,1,'',0.00,360,0,NULL),(361,'Leaning Cowboy Photography by David B. Moore','0','Featured in Phoenix Home & Garden Magazine March 2013.',NULL,NULL,0,1,'','',0.00,'','','DBM_ChrisPower_12_aa.jpg','',0.0000,1,1,'',0.00,361,0,NULL),(400,'Beginning Stained Glass Class 101','101','Wednesday 9:00AM-12 noon\r\n<BR>4 weeks<BR>September 4,11,18.25<BR>Cost $100- place a $20 non refundable deposit to hold spot. Balance due at class start.',NULL,NULL,1,1,'','',20.00,'','','','',0.0000,1,1,'',0.00,400,1,NULL),(395,'lampshade','0','',NULL,NULL,0,1,'','',0.00,'','','mexico_lampshade_21.jpg','',0.0000,1,1,'',0.00,395,0,NULL),(380,'church','0','',NULL,NULL,0,1,'','',0.00,'','','full_view_outlined.JPG','',0.0000,1,1,'',0.00,380,0,NULL),(381,'Tomaso\'s','0','',NULL,NULL,0,1,'','',0.00,'','','god.JPG','',0.0000,1,1,'',0.00,381,0,NULL),(382,'golf','0','',NULL,NULL,0,1,'','',0.00,'','','golfresort.JPG','',0.0000,1,1,'',0.00,382,0,NULL),(394,'bathroom','0','',NULL,NULL,0,1,'','',0.00,'','','lake_res_bathroom1.jpg','',0.0000,1,1,'',0.00,394,0,NULL),(393,'kachina','0','',NULL,NULL,0,1,'','',0.00,'','','bisgrove-12.jpg','',0.0000,1,1,'',0.00,393,0,NULL),(386,'miami','0','',NULL,NULL,0,1,'','',0.00,'','','miami_church_west_wall.jpg','',0.0000,1,1,'',0.00,386,0,NULL),(387,'Our Lady','0','',NULL,NULL,0,1,'','',0.00,'','','ourlady.JPG','',0.0000,1,1,'',0.00,387,0,NULL),(388,'church1','0','',NULL,NULL,0,1,'','',0.00,'','','room_view_composite-res.jpg','',0.0000,1,1,'',0.00,388,0,NULL),(389,'church view','0','',NULL,NULL,0,1,'','',0.00,'','','scan0007.jpg','',0.0000,1,1,'',0.00,389,0,NULL),(390,'Duke','0','',NULL,NULL,0,1,'','',0.00,'','','warren_powers_res.The__Duke.jpg','',0.0000,1,1,'',0.00,390,0,NULL),(391,'Hart','0','',NULL,NULL,0,1,'','',0.00,'','','william_s._hart.JPG','',0.0000,1,1,'',0.00,391,0,NULL),(399,'Mexico bathroom','0','',NULL,NULL,0,1,'','',0.00,'','','mexico_bathroom_window1.jpg','',0.0000,1,1,'',0.00,399,0,NULL),(401,'Beginning Stained Glass Class 102','102','Saturday 9:00AM-12 noon\r\n<BR>4 weeks<BR>September 7,14,21.28<BR>Cost $100- place a $20 non refundable deposit to hold spot. Balance due at class start.',NULL,NULL,1,1,'','',20.00,'','','','',0.0000,1,1,'',0.00,401,1,NULL),(402,'Beginning Stained Glass Class 103','103','Wednesday 9:00AM-12 noon\r\n<BR>4 weeks<BR>October 2,9,16,23<BR>Cost $100- place a $20 non refundable deposit to hold spot. Balance due at class start.',NULL,NULL,1,1,'','',20.00,'','','','',0.0000,1,1,'Each student will take home a project.\r\nNo experience necessary.\r\nSupplies will be provided to create class project.',0.00,402,1,NULL),(403,'Beginning Stained Glass Class 104','104','Saturday 9:00AM-12 noon\r\n<BR>4 weeks<BR>October 5,12,19,26<BR>Cost $100- place a $20 non refundable deposit to hold spot. Balance due at class start.',NULL,NULL,1,1,'','',20.00,'','','','',0.0000,1,1,'',0.00,403,1,NULL),(416,'','0','',NULL,NULL,0,1,'','',0.00,'','','bisgrove-1.jpg','',0.0000,1,1,'',0.00,416,0,NULL),(404,'Beginning Stained Glass Class 105','105','Wednesday 9:00AM-12 noon\r\n<BR>4 weeks<BR>October 30. November 6,13,20<BR>Cost $100- place a $20 non refundable deposit to hold spot. Balance due at class start.',NULL,NULL,1,1,'','',20.00,'','','','',0.0000,1,1,'',0.00,404,1,NULL),(405,'Beginning Stained Glass Class 106','106','Saturday 9:00AM-12 noon\r\n<BR>4 weeks<BR>November 2,9,16,23<BR>Cost $100- place a $20 non refundable deposit to hold spot. Balance due at class start.',NULL,NULL,1,1,'','',20.00,'','','','',0.0000,1,1,'',0.00,405,1,NULL),(412,'','0','',NULL,NULL,0,1,'','',0.00,'','','xavier3_(2).jpg','',0.0000,1,1,'',0.00,412,0,NULL),(413,'','0','',NULL,NULL,0,1,'','',0.00,'','','adam.JPG','',0.0000,1,1,'',0.00,413,0,NULL),(406,'','0','Specializing in repair of old and new stained glass windows. More than 30 years in the stained glass business. Residential and commercial contractor license (glazing). Call us at 480-941-8272 or email us at info@powersstainedglass.com for a quote.\r\n',NULL,NULL,0,0,'','',0.00,'','','2windows_at_st_isabella.jpg','',0.0000,1,1,'',0.00,406,0,0),(407,'Like us on Facebook!','0','',NULL,NULL,0,0,'','',0.00,'','','facebook-logo.jpg','',0.0000,1,1,'',0.00,407,0,NULL),(408,'logopsg1','0','',NULL,NULL,1,1,'','',0.00,'','','logopsg1.jpg','',0.0000,1,1,'',0.00,408,0,NULL),(409,'December Holiday Class 201','201','Wednesday 9:00AM-12 noon\r\n<BR>3 weeks<BR>December 4,11,18<BR>Cost $100- place a $20 non refundable deposit to hold spot. Balance due at class start.',NULL,NULL,1,1,'','',20.00,'','','','',0.0000,1,1,'',0.00,409,1,NULL),(410,'December Holiday Class 202','202','Saturday 9:00AM-12 noon\r\n<BR>3 weeks<BR>December 7,14,21<BR>Cost $100- place a $20 non refundable deposit to hold spot. Balance due at class start.',NULL,NULL,1,1,'','',20.00,'','','','',0.0000,1,1,'',0.00,410,1,NULL);

--
-- Table structure for table `Sale`
--

CREATE TABLE `Sale` (
  `ID` int(11) NOT NULL AUTO_INCREMENT,
  `productID` int(11) NOT NULL DEFAULT '0',
  `quantity` int(11) NOT NULL DEFAULT '0',
  `price` double(8,2) NOT NULL DEFAULT '0.00',
  `label1` varchar(50) DEFAULT NULL,
  `label2` varchar(50) DEFAULT NULL,
  `invoiceID` int(11) NOT NULL DEFAULT '0',
  `name` varchar(60) DEFAULT NULL,
  `sku` varchar(30) DEFAULT NULL,
  `notax` smallint(6) DEFAULT NULL,
  PRIMARY KEY (`ID`),
  KEY `ID` (`ID`)
) ENGINE=MyISAM AUTO_INCREMENT=81 DEFAULT CHARSET=latin1 PACK_KEYS=1;

--
-- Dumping data for table `Sale`
--


--
-- Table structure for table `Shipping`
--

CREATE TABLE `Shipping` (
  `carrier` tinytext,
  `method` tinytext,
  `weight` double(16,2) DEFAULT NULL,
  `price` double(16,2) DEFAULT NULL,
  `record_type` tinyint(4) NOT NULL DEFAULT '0',
  `id` int(11) NOT NULL AUTO_INCREMENT,
  `code` varchar(5) DEFAULT NULL,
  `class` varchar(5) DEFAULT NULL,
  PRIMARY KEY (`id`)
) ENGINE=MyISAM DEFAULT CHARSET=latin1 PACK_KEYS=1;

--
-- Dumping data for table `Shipping`
--


--
-- Table structure for table `Shopping`
--

CREATE TABLE `Shopping` (
  `ID` int(11) NOT NULL AUTO_INCREMENT,
  `product` int(11) NOT NULL DEFAULT '0',
  `session` int(11) NOT NULL DEFAULT '0',
  `quantity` int(11) NOT NULL DEFAULT '0',
  `label1` tinytext,
  `sitename` tinytext,
  `label2` tinytext,
  PRIMARY KEY (`ID`),
  KEY `ID` (`ID`)
) ENGINE=MyISAM AUTO_INCREMENT=40 DEFAULT CHARSET=latin1 PACK_KEYS=1;

--
-- Dumping data for table `Shopping`
--


--
-- Dumping events for database 'powersstainedglass'
--

--
-- Dumping routines for database 'powersstainedglass'
--


