--
-- Host: localhost    Database: road2recovery
-- ------------------------------------------------------


--
-- Table structure for table `Category`
--

CREATE TABLE `Category` (
  `ID` int(11) NOT NULL AUTO_INCREMENT,
  `protected` int(11) NOT NULL DEFAULT '0',
  `display` int(11) NOT NULL DEFAULT '0',
  `next` int(11) NOT NULL DEFAULT '0',
  `child` int(11) NOT NULL DEFAULT '0',
  `description` blob,
  `short_description` blob,
  `name` varchar(255) DEFAULT NULL,
  `image` varchar(255) DEFAULT NULL,
  `old_id` smallint(4) NOT NULL DEFAULT '0',
  PRIMARY KEY (`ID`),
  KEY `ID` (`ID`)
) ENGINE=MyISAM AUTO_INCREMENT=16 DEFAULT CHARSET=latin1;

--
-- Dumping data for table `Category`
--

INSERT INTO `Category` VALUES (1,0,0,0,2,NULL,NULL,'Top Level',NULL,0),(2,0,1,5,3,'',NULL,'Show Support','',0),(3,0,1,4,0,'',NULL,'Bracelets','bracelet.jpg',0),(4,0,1,0,0,'',NULL,'T-Shirts','road2recovery_T-Shirt.jpg',0),(5,0,8,6,0,'Back in 2005 Dunlop Motorcycle Tires decided to offer a series of high-quality collector-edition Legends posters, with the net proceeds benefiting injured riders. Printed in black and white on heavy 19 x 26 inch art paper, these limited edition suitable-for-framing posters immortalizes legendary motorcycle racing champions: David Bailey, Yvon Duhamel, Broc Glover, Bob Hannah, Kent Howerton, Rick Johnson, Wayne Rainey, Kenny Roberts, Bubba Shobert, Jeff Ward, Bruce Ogilvie, Malcolm Smith, Doug Henry and Jeremy McGrath.\r\n\r\nProduced by Dunlop\'s advertising agency, Vreeke & Associates, these historic black-and-white posters feature images-captured by photographers Paul Buckley, Bill Delaney, Gold & Goose, Dave Hawkins, and Ken Vreeke-that pay tribute to some of the greatest racers in our sport.\r\n\r\n“Dunlop has supported some of the most legendary racers in history, and this is a great opportunity to give back to the sport through the Road 2 Recovery Foundation” said Dunlop Vice President Mike Buckley.\r\n\r\nThese high-quality, collectible posters are available for $29.95 for a single poster or $24.95 each for multiple posters.  We have a few personally autographed poster of Doug Henry and Jeremy McGrath available for $39.95 for a single poster or 34.95 each for multiple posters.\r\n',NULL,'Posters','08_HenryLegend_Poster.jpg',0),(6,0,1,8,0,'',NULL,'Other','',0),(8,0,1,9,0,'',NULL,'Miles For Miracles','m4m_izumi_set-shirt.jpg',0),(9,0,1,0,0,'',NULL,'Marco Simoncelli Memorial Ride','',0);

--
-- Table structure for table `Inventory`
--

CREATE TABLE `Inventory` (
  `ID` int(11) NOT NULL AUTO_INCREMENT,
  `productID` int(11) NOT NULL DEFAULT '0',
  `categoryID` int(11) NOT NULL DEFAULT '0',
  PRIMARY KEY (`ID`),
  KEY `categoryID` (`categoryID`),
  KEY `ID` (`ID`)
) ENGINE=MyISAM AUTO_INCREMENT=108 DEFAULT CHARSET=latin1;

--
-- Dumping data for table `Inventory`
--

INSERT INTO `Inventory` VALUES (15,1,3),(5,2,3),(9,4,3),(10,5,3),(107,7,5),(87,29,9),(96,9,6),(66,10,5),(31,11,5),(32,12,5),(33,13,5),(103,14,5),(35,15,5),(36,16,5),(37,17,5),(38,18,5),(39,19,5),(40,20,5),(41,21,5),(42,22,5),(48,23,8),(64,27,3),(73,28,5),(88,30,9),(86,31,9),(94,32,4);

--
-- Table structure for table `Invoice`
--

CREATE TABLE `Invoice` (
  `ID` int(11) NOT NULL AUTO_INCREMENT,
  `date` datetime DEFAULT NULL,
  `purchasedby` int(11) NOT NULL DEFAULT '0',
  `deliverto` int(11) NOT NULL DEFAULT '0',
  `processed` int(11) NOT NULL DEFAULT '0',
  `shiptype` varchar(50) DEFAULT NULL,
  `shipcost` double(8,2) NOT NULL DEFAULT '0.00',
  `comment` blob,
  `cart_total` double(8,2) DEFAULT NULL,
  `tax` double(8,2) DEFAULT NULL,
  PRIMARY KEY (`ID`),
  KEY `ID` (`ID`)
) ENGINE=MyISAM AUTO_INCREMENT=577 DEFAULT CHARSET=latin1;

--
-- Dumping data for table `Invoice`
--

INSERT INTO `Invoice` VALUES (1,'2007-03-15 15:12:57',1,1,1,'Shipping',1.00,'please adjust postage to $2 as agreed with Anita.',NULL,NULL),(2,'2007-03-24 13:31:06',2,2,1,'Shipping',1.00,'',NULL,NULL),(3,'2007-04-18 03:55:26',3,3,1,'Shipping',1.00,'',NULL,NULL),(4,'2007-05-13 13:03:50',4,4,1,'Shipping',1.00,'',NULL,NULL),(5,'2007-06-01 05:55:14',5,6,1,'Shipping',1.00,'',NULL,NULL),(6,'2007-06-07 15:12:00',7,7,1,'Shipping',0.00,'',NULL,NULL),(7,'2007-06-23 14:42:53',8,9,1,'Shipping',0.00,'buisness adress is diferent from billing adress',NULL,NULL),(8,'2007-07-02 17:53:30',10,10,1,'Shipping',5.00,'',NULL,NULL),(9,'2007-07-04 17:54:55',11,12,1,'Shipping',3.00,'',NULL,NULL),(10,'2007-07-05 16:57:21',13,13,1,'Shipping',1.00,'thanks to everyone for your time and devotion at road2recovery.',NULL,NULL),(11,'2007-07-15 05:52:27',14,15,1,'Shipping',1.00,'',NULL,NULL),(12,'2007-07-15 07:52:40',16,16,1,'Shipping',3.00,'',NULL,NULL),(13,'2007-07-16 04:49:14',17,17,1,'Shipping',1.00,'',NULL,NULL),(14,'2007-07-17 14:33:44',18,18,1,'Shipping',5.00,'',NULL,NULL),(15,'2007-07-18 11:04:05',19,19,1,'Shipping',1.00,'',NULL,NULL),(16,'2007-07-22 16:56:17',20,21,1,'Shipping',1.00,'',NULL,NULL),(17,'2007-07-24 11:47:11',22,22,1,'Shipping',5.00,'',NULL,NULL),(18,'2007-07-25 14:45:03',23,23,1,'Shipping',1.00,'',NULL,NULL),(19,'2007-07-26 11:01:09',24,24,1,'Shipping',3.00,'',NULL,NULL),(20,'2007-07-27 11:25:43',25,26,1,'Shipping',1.00,'',NULL,NULL),(21,'2007-08-03 07:32:17',27,27,1,'Shipping',1.00,'',NULL,NULL),(22,'2007-08-03 08:32:40',28,28,1,'Shipping',1.00,'',NULL,NULL),(23,'2007-08-03 08:39:36',29,29,1,'Shipping',1.00,'',NULL,NULL),(24,'2007-08-03 12:05:06',30,31,1,'Shipping',3.00,'',NULL,NULL),(25,'2007-08-03 13:15:52',32,32,1,'Shipping',1.00,'',NULL,NULL),(26,'2007-08-04 09:23:25',33,34,1,'Shipping',3.00,'',NULL,NULL),(27,'2007-08-04 09:23:54',35,35,1,'Shipping',3.00,'',NULL,NULL),(28,'2007-08-04 20:35:30',36,36,1,'Shipping',1.00,'',NULL,NULL),(29,'2007-08-04 21:20:00',37,37,1,'Shipping',1.00,'',NULL,NULL),(30,'2007-08-07 23:22:59',38,38,1,'Shipping',1.00,'',NULL,NULL),(31,'2007-08-08 12:53:28',39,39,1,'Shipping',3.00,'Thanks',NULL,NULL),(32,'2007-08-09 06:27:06',40,40,1,'Shipping',1.00,'',NULL,NULL),(33,'2007-08-09 08:15:14',41,41,1,'Shipping',1.00,'',NULL,NULL),(34,'2007-08-09 17:40:28',42,42,1,'Shipping',1.00,'Thanks for all you are doing!!!',NULL,NULL),(35,'2007-08-09 18:37:54',43,44,1,'Shipping',1.00,'',NULL,NULL),(36,'2007-08-09 18:44:33',45,45,1,'Shipping',5.00,'Love to Doug and his family.  The NE Supermoto world loves and supports you.',NULL,NULL),(37,'2007-08-10 05:52:50',46,46,1,'Shipping',1.00,'',NULL,NULL),(38,'2007-08-10 11:54:09',47,47,1,'Shipping',1.00,'',NULL,NULL),(39,'2007-08-10 16:29:24',48,48,1,'Shipping',1.00,'',NULL,NULL),(40,'2007-08-10 21:12:10',49,49,1,'Shipping',3.00,'',NULL,NULL),(41,'2007-08-14 12:40:16',50,50,1,'Shipping',3.00,'',NULL,NULL),(42,'2007-08-14 15:17:40',51,52,1,'Shipping',1.00,'',NULL,NULL),(43,'2007-08-19 22:12:57',53,53,1,'Shipping',1.00,'Thank you.',NULL,NULL),(44,'2007-08-24 13:34:41',54,54,1,'Shipping',5.00,'',NULL,NULL),(45,'2007-08-28 18:47:13',55,56,1,'Shipping',1.00,'',NULL,NULL),(46,'2007-08-28 19:03:10',57,57,1,'Shipping',1.00,'',NULL,NULL),(47,'2007-08-29 08:06:28',58,58,1,'Shipping',1.00,'',NULL,NULL),(48,'2007-09-04 07:18:08',59,59,1,'Shipping',1.00,'',NULL,NULL),(49,'2007-09-05 20:49:53',60,60,1,'Shipping',3.00,'',NULL,NULL),(50,'2007-09-09 12:36:13',61,61,1,'Shipping',1.00,'',NULL,NULL),(51,'2007-09-10 21:12:23',62,62,1,'Shipping',3.00,'',NULL,NULL),(52,'2007-09-12 11:36:42',63,63,1,'Shipping',1.00,'',NULL,NULL),(56,'2007-10-11 10:27:49',67,67,1,'Shipping',1.00,'',NULL,NULL),(54,'2007-09-23 17:53:53',65,65,1,'Shipping',1.00,'',NULL,NULL),(55,'2007-10-08 08:20:25',66,66,1,'Shipping',1.00,'',NULL,NULL),(57,'2007-10-16 16:16:52',68,69,1,'Shipping',3.00,'',NULL,NULL),(58,'2007-10-17 20:15:37',70,70,1,'Shipping',1.00,'',NULL,NULL),(59,'2007-10-26 09:19:36',71,71,1,'Shipping',5.00,'',NULL,NULL),(60,'2007-11-06 19:10:44',72,73,1,'Shipping',3.00,'If being shipped by ups or fed ex please ship to shipping address if ship by us postal service ship to billing address. thanks.',NULL,NULL),(61,'2007-11-14 19:41:31',74,75,1,'Shipping',1.00,'Thank you for supporting injured motocrossers.',NULL,NULL),(62,'2007-11-14 21:20:18',76,76,1,'Shipping',1.00,'',NULL,NULL),(63,'2007-11-15 23:45:47',77,77,1,'Shipping',3.00,'',NULL,NULL),(64,'2007-11-19 09:28:21',78,78,1,'Shipping',1.00,'',NULL,NULL),(67,'2007-12-04 19:59:10',81,81,1,'Shipping',1.00,'',NULL,NULL),(66,'2007-11-27 01:36:09',80,80,1,'Shipping',3.00,'',NULL,NULL),(68,'2007-12-07 09:36:27',82,82,1,'Shipping',1.00,'',NULL,NULL),(69,'2007-12-10 16:42:34',83,83,1,'Shipping',3.00,'',NULL,NULL),(70,'2007-12-12 10:52:41',84,84,1,'Shipping',3.00,'',NULL,NULL),(71,'2007-12-12 11:02:48',85,85,1,'Shipping',2.00,'',NULL,NULL),(72,'2007-12-13 09:28:01',86,86,1,'Shipping',2.00,'',NULL,NULL),(73,'2007-12-13 10:43:12',87,87,1,'Shipping',2.00,'',NULL,NULL),(74,'2007-12-14 16:53:10',88,88,1,'Shipping',2.00,'',NULL,NULL),(75,'2007-12-22 11:06:01',89,89,1,'Shipping',2.00,'',NULL,NULL),(76,'2007-12-27 07:26:58',90,90,1,'Shipping',3.00,'',NULL,NULL),(77,'2007-12-28 09:40:02',91,91,1,'Shipping',2.00,'',NULL,NULL),(78,'2008-01-21 13:37:11',92,92,1,'Shipping',2.00,'',NULL,NULL),(79,'2008-01-26 11:52:47',93,93,1,'Shipping',2.00,'',NULL,NULL),(80,'2008-02-03 12:19:40',94,94,1,'Shipping',2.00,'',NULL,NULL),(81,'2008-02-22 15:18:31',95,95,1,'Shipping',2.00,'',NULL,NULL),(83,'2008-03-05 16:28:43',97,97,1,'Shipping',2.00,'',NULL,NULL),(84,'2008-03-11 17:12:58',98,98,1,'Shipping',3.00,'',NULL,NULL),(85,'2008-03-22 08:57:57',99,100,1,'Shipping',2.00,'',NULL,NULL),(86,'2008-03-30 14:56:32',101,101,1,'Shipping',2.00,'',NULL,NULL),(87,'2008-04-08 09:12:41',102,103,1,'Shipping',2.00,'',NULL,NULL),(88,'2008-04-26 14:14:57',104,105,1,'Shipping',2.00,'',NULL,NULL),(89,'2008-05-03 08:07:09',106,107,1,'Shipping',3.00,'thanks!',NULL,NULL),(90,'2008-05-06 18:32:22',108,108,1,'Shipping',2.00,'',NULL,NULL),(91,'2008-06-05 11:21:06',109,109,1,'Shipping',2.00,'',2.00,0.00),(92,'2008-06-16 08:31:48',110,110,1,'Shipping',2.00,'Inspired!  I am a 47 year old MX fan. I too have been through many hard times in my life. This morning I was reminded of Doug Henry’s story on one of the MX websites. Perfect timing because this week is going to be a very intense week for me and my family as we wait for a long awaited judgment in a patent infringement case. We are legally in the right - however we are being attacked by greedy lawyers who are trying to get something for nothing (how sad for the greedy lawyers to live the way they do).  After reading Doug’s story and seeing the words on the bracelet I was inspired.  The simple words - Doug Henry, “What’s Stopping You” are truly words to live by. Thanks for helping me thorough my hard times this week and best wishes to Doug and his family.  \r\nMichael Marrin\r\nInventor of the Etch-it Cups',5.00,0.00),(93,'2008-06-16 11:03:08',111,111,1,'Shipping',2.00,'',5.00,0.00),(94,'2008-06-16 14:00:43',112,112,1,'Shipping',2.00,'Thank you for all of your efforts.  Doug Henry has always been a hero of mine and the Road 2 Recovery foundation is a true blessing for our sport.  Thanks again.',5.00,0.00),(95,'2008-06-17 07:02:09',113,113,1,'Shipping',5.00,'',50.00,0.00),(96,'2008-06-23 21:14:49',114,114,1,'Shipping',2.00,'',5.00,0.00),(97,'2008-06-26 11:13:48',115,115,1,'Shipping',2.00,'',5.00,0.00),(98,'2008-07-04 16:51:42',116,116,1,'Shipping',3.00,'',15.00,0.00),(99,'2008-07-05 08:44:37',117,117,1,'Shipping',2.00,'',5.00,0.00),(100,'2008-07-10 18:52:13',118,118,1,'Shipping',2.00,'',10.00,0.00),(101,'2008-07-16 18:28:07',119,119,1,'Shipping',2.00,'',5.00,0.00),(102,'2008-08-03 08:02:29',120,120,1,'Shipping',5.00,'',34.95,0.00),(103,'2008-08-12 18:06:19',121,121,1,'Shipping',3.00,'',20.00,0.00),(104,'2008-08-13 20:51:12',122,122,1,'Shipping',2.00,'',10.00,0.00),(105,'2008-08-16 11:37:03',123,123,1,'Shipping',3.00,'',29.95,0.00),(106,'2008-08-26 11:09:31',124,124,1,'Shipping',2.00,'',5.00,0.00),(107,'2008-08-28 20:46:03',125,125,1,'Shipping',3.00,'',29.95,0.00),(108,'2008-09-01 19:45:28',126,126,1,'Shipping',2.00,'',10.00,0.00),(109,'2008-09-02 08:46:04',127,127,1,'Shipping',10.00,'',99.80,0.00),(110,'2008-09-04 06:31:14',128,128,1,'Shipping',3.00,'',29.95,0.00),(111,'2008-09-04 06:33:28',129,129,1,'Shipping',5.00,'',31.95,0.00),(112,'2008-09-04 06:46:59',130,131,1,'Shipping',3.00,'',29.95,0.00),(113,'2008-09-04 06:47:51',132,133,1,'Shipping',3.00,'',29.95,0.00),(114,'2008-09-04 06:51:02',134,134,1,'Shipping',3.00,'',29.95,0.00),(115,'2008-09-04 06:55:53',135,135,1,'Shipping',5.00,'',49.90,0.00),(116,'2008-09-04 07:04:46',136,136,1,'Shipping',3.00,'',29.95,0.00),(117,'2008-09-04 07:11:11',137,137,1,'Shipping',3.00,'',29.95,0.00),(118,'2008-09-04 07:34:07',138,139,1,'Shipping',3.00,'',29.95,0.00),(119,'2008-09-04 07:42:03',140,141,1,'Shipping',3.00,'THIS IS MY WORK- THE NAME OF THE CO. IS FORWARD NATIONAL COMPANY',29.95,0.00),(120,'2008-09-04 07:55:00',142,142,1,'Shipping',7.00,'',59.90,0.00),(121,'2008-09-04 08:36:54',143,144,1,'Shipping',3.00,'',29.95,0.00),(122,'2008-09-04 08:39:58',145,145,1,'Shipping',3.00,'',29.95,0.00),(123,'2008-09-04 08:45:17',146,147,1,'Shipping',3.00,'',29.95,0.00),(124,'2008-09-04 08:54:55',148,149,1,'Shipping',3.00,'',29.95,0.00),(125,'2008-09-04 09:26:15',150,150,1,'Shipping',3.00,'',29.95,0.00),(126,'2008-09-04 09:27:52',151,151,1,'Shipping',5.00,'',49.90,0.00),(127,'2008-09-04 09:33:18',152,152,1,'Shipping',3.00,'',29.95,0.00),(128,'2008-09-04 09:48:24',153,154,1,'Shipping',3.00,'',29.95,0.00),(129,'2008-09-04 09:49:12',155,155,1,'Shipping',3.00,'',29.95,0.00),(130,'2008-09-04 10:26:02',156,156,1,'Shipping',3.00,'',29.95,0.00),(131,'2008-09-04 10:33:20',157,157,1,'Shipping',3.00,'',29.95,0.00),(132,'2008-09-04 10:43:05',158,158,1,'Shipping',5.00,'',49.90,0.00),(133,'2008-09-04 11:11:32',159,159,1,'Shipping',3.00,'',29.95,0.00),(134,'2008-09-04 11:35:05',160,160,1,'Shipping',5.00,'',49.90,0.00),(135,'2008-09-04 11:52:45',161,161,1,'Shipping',3.00,'',29.95,0.00),(136,'2008-09-04 12:17:04',162,162,1,'Shipping',3.00,'',29.95,0.00),(137,'2008-09-04 12:32:32',163,163,1,'Shipping',3.00,'',29.95,0.00),(138,'2008-09-04 12:34:48',164,164,1,'Shipping',3.00,'',24.95,0.00),(139,'2008-09-04 12:44:12',165,165,1,'Shipping',3.00,'',29.95,0.00),(140,'2008-09-04 12:51:40',166,166,1,'Shipping',3.00,'',24.95,0.00),(141,'2008-09-04 13:03:51',167,167,1,'Shipping',3.00,'',29.95,0.00),(142,'2008-09-04 13:22:44',168,168,1,'Shipping',3.00,'',29.95,0.00),(143,'2008-09-04 14:42:03',169,169,1,'Shipping',3.00,'',29.95,0.00),(144,'2008-09-04 16:14:37',170,170,1,'Shipping',3.00,'',29.95,0.00),(145,'2008-09-04 16:22:19',171,171,1,'Shipping',3.00,'',29.95,0.00),(146,'2008-09-04 17:10:38',172,173,1,'Shipping',7.00,'',74.85,0.00),(147,'2008-09-04 17:45:53',174,174,1,'Shipping',3.00,'',29.95,0.00),(148,'2008-09-04 18:10:23',175,175,1,'Shipping',3.00,'',29.95,0.00),(215,'2009-02-13 14:34:42',254,254,1,'Shipping',2.00,'',5.00,0.00),(150,'2008-09-04 20:12:25',178,178,1,'Shipping',7.00,'',59.90,0.00),(151,'2008-09-04 20:55:19',179,179,1,'Shipping',5.00,'',49.90,0.00),(152,'2008-09-04 20:57:42',180,181,1,'Shipping',3.00,'',29.95,0.00),(153,'2008-09-04 21:02:03',182,182,1,'Shipping',3.00,'',29.95,0.00),(154,'2008-09-04 21:07:00',183,183,1,'Shipping',3.00,'',29.95,0.00),(155,'2008-09-05 00:43:15',184,184,1,'Shipping',3.00,'',29.95,0.00),(156,'2008-09-05 01:46:47',185,185,1,'Shipping',3.00,'',29.95,0.00),(157,'2008-09-05 03:00:52',186,186,1,'Shipping',3.00,'',29.95,0.00),(158,'2008-09-05 04:48:01',187,188,1,'Shipping',7.00,'Thank you for doing this for Doug.  He truly is a great guy!',74.85,0.00),(159,'2008-09-05 05:21:42',189,189,1,'Shipping',5.00,'',44.95,0.00),(160,'2008-09-05 05:26:08',190,190,1,'Shipping',3.00,'',29.95,0.00),(161,'2008-09-05 05:45:14',191,191,1,'Shipping',3.00,'',29.95,0.00),(162,'2008-09-05 05:53:36',192,192,1,'Shipping',5.00,'',49.90,0.00),(163,'2008-09-05 06:15:17',193,193,1,'Shipping',3.00,'',29.95,0.00),(164,'2008-09-05 06:31:59',194,194,1,'Shipping',5.00,'',46.95,0.00),(165,'2008-09-05 06:35:14',195,195,1,'Shipping',3.00,'',29.95,0.00),(166,'2008-09-05 07:36:30',196,197,1,'Shipping',3.00,'',29.95,0.00),(167,'2008-09-05 07:48:46',198,199,1,'Shipping',3.00,'',29.95,0.00),(168,'2008-09-05 08:12:34',200,200,1,'Shipping',3.00,'',29.95,0.00),(169,'2008-09-05 08:31:19',201,201,1,'Shipping',3.00,'',29.95,0.00),(170,'2008-09-05 08:40:56',202,202,1,'Shipping',5.00,'',49.90,0.00),(171,'2008-09-05 08:43:25',203,203,1,'Shipping',5.00,'',49.90,0.00),(172,'2008-09-05 09:59:52',204,204,1,'Shipping',3.00,'',29.95,0.00),(173,'2008-09-05 10:58:26',205,205,1,'Shipping',3.00,'',29.95,0.00),(174,'2008-09-05 12:11:20',206,207,1,'Shipping',3.00,'',29.95,0.00),(175,'2008-09-05 12:19:08',208,208,1,'Shipping',3.00,'',29.95,0.00),(176,'2008-09-05 13:20:43',209,209,1,'Shipping',3.00,'',29.95,0.00),(177,'2008-09-05 17:28:29',210,211,1,'Shipping',3.00,'',29.95,0.00),(178,'2008-09-05 17:29:27',212,212,1,'Shipping',5.00,'',49.90,0.00),(214,'2009-02-11 09:08:17',253,253,1,'Shipping',2.00,'',5.00,0.00),(180,'2008-09-06 07:11:32',214,215,1,'Shipping',3.00,'',29.95,0.00),(181,'2008-09-06 07:13:26',216,216,1,'Shipping',3.00,'',29.95,0.00),(182,'2008-09-06 09:41:42',217,217,1,'Shipping',2.00,'',10.00,0.00),(183,'2008-09-06 17:35:26',218,218,1,'Shipping',3.00,'',29.95,0.00),(184,'2008-09-06 21:44:18',219,219,1,'Shipping',5.00,'',49.90,0.00),(185,'2008-09-07 22:43:09',220,220,1,'Shipping',3.00,'',29.95,0.00),(186,'2008-09-08 05:40:48',221,222,1,'Shipping',3.00,'work address\r\nimage south shelby',29.95,0.00),(187,'2008-09-08 11:29:02',223,223,1,'Shipping',3.00,'',29.95,0.00),(188,'2008-09-08 14:39:23',224,224,1,'Shipping',3.00,'',29.95,0.00),(189,'2008-09-09 19:50:59',225,225,1,'Shipping',5.00,'',49.90,0.00),(190,'2008-09-09 19:50:59',226,226,1,'Shipping',5.00,'',49.90,0.00),(191,'2008-09-11 06:03:20',227,227,1,'Shipping',5.00,'',34.95,0.00),(192,'2008-09-11 14:30:49',228,229,1,'Shipping',3.00,'',29.95,0.00),(193,'2008-09-11 17:55:01',230,230,1,'Shipping',5.00,'',49.90,0.00),(194,'2008-09-14 15:38:43',231,231,1,'Shipping',3.00,'',29.95,0.00),(195,'2008-09-17 09:23:10',232,232,1,'Shipping',2.00,'',5.00,0.00),(196,'2008-09-17 19:07:11',233,233,1,'Shipping',3.00,'',29.95,0.00),(197,'2008-09-18 07:35:39',234,234,1,'Shipping',5.00,'',39.95,0.00),(198,'2008-09-21 22:15:02',235,235,1,'Shipping',3.00,'',29.95,0.00),(199,'2008-09-22 09:36:21',236,236,1,'Shipping',3.00,'',27.00,0.00),(200,'2008-09-22 18:57:52',237,237,1,'Shipping',7.00,'',64.90,0.00),(201,'2008-09-29 14:32:51',238,238,1,'Shipping',2.00,'',5.00,0.00),(202,'2008-09-30 06:29:46',239,239,1,'Shipping',3.00,'',29.95,0.00),(203,'2008-09-30 10:51:04',240,240,1,'Shipping',3.00,'',29.95,0.00),(204,'2008-10-31 10:43:52',241,241,1,'Shipping',2.00,'',5.00,0.00),(205,'2008-11-21 00:44:07',242,243,1,'Shipping',2.00,'',2.00,0.00),(206,'2008-11-29 18:55:58',244,244,1,'Shipping',2.00,'',10.00,0.00),(207,'2008-12-01 21:01:48',245,245,1,'Shipping',5.00,'',39.95,0.00),(208,'2008-12-03 13:09:00',246,246,1,'Shipping',2.00,'',8.00,0.00),(209,'2008-12-04 16:12:49',247,248,1,'Shipping',3.00,'',29.95,0.00),(210,'2008-12-08 10:17:05',249,249,1,'Shipping',3.00,'',29.95,0.00),(211,'2008-12-10 21:06:33',250,250,1,'Shipping',10.00,'',84.85,0.00),(212,'2008-12-14 09:24:30',251,251,1,'Shipping',3.00,'',25.00,0.00),(213,'2009-02-10 12:47:04',252,252,1,'Shipping',3.00,'',29.95,0.00),(216,'2009-02-19 15:47:39',255,255,1,'Shipping',2.00,'',5.00,0.00),(217,'2009-03-23 20:43:13',256,256,1,'Shipping',2.00,'',10.00,0.00),(218,'2009-04-08 10:10:44',257,257,1,'Shipping',2.00,'',2.00,0.00),(219,'2009-04-08 10:16:47',258,258,1,'Shipping',2.00,'',5.00,0.00),(220,'2009-05-18 06:14:33',259,259,1,'Shipping',3.00,'',29.95,0.00),(221,'2009-05-29 09:04:08',260,260,1,'Shipping',2.00,'',5.00,0.00),(222,'2009-06-05 20:23:22',261,261,1,'Shipping',2.00,'',2.00,0.00),(223,'2009-06-25 13:03:56',262,262,1,'Shipping',5.00,'',49.90,0.00),(224,'2009-07-11 17:26:12',263,264,1,'Shipping',2.00,'',5.00,0.00),(225,'2009-07-22 04:25:53',265,265,1,'Shipping',2.00,'',10.00,0.00),(226,'2009-08-03 18:22:20',266,266,1,'Shipping',2.00,'',4.00,0.00),(227,'2009-08-13 02:31:55',267,267,1,'Shipping',2.00,'',10.00,0.00),(228,'2009-08-26 09:15:56',268,269,1,'Shipping',2.00,'Is there any way you could ship this overnight?  Ill pay the cost. Please contact me if at all possible.',5.00,0.00),(229,'2009-09-11 18:55:24',270,270,1,'Shipping',2.00,'',10.00,0.00),(230,'2009-09-12 12:08:48',271,271,1,'Shipping',2.00,'',5.00,0.00),(231,'2009-09-13 11:32:26',272,272,1,'Shipping',3.00,'',29.95,0.00),(232,'2009-09-13 11:46:41',273,273,1,'Shipping',2.00,'',7.00,0.00),(233,'2009-11-06 08:48:00',274,274,1,'Shipping',2.00,'',10.00,0.00),(234,'2009-11-19 19:38:32',275,275,1,'Shipping',3.00,'',20.00,0.00),(235,'2009-11-21 11:28:32',276,277,1,'Shipping',5.00,'Shea\'s Electrical Inc.',49.90,0.00),(236,'2009-11-28 22:55:13',278,278,1,'Shipping',3.00,'',20.00,0.00),(237,'2009-12-14 21:42:09',279,279,1,'Shipping',3.00,'',29.95,0.00),(238,'2010-02-04 18:34:27',280,280,1,'Shipping',5.00,'',49.90,0.00),(239,'2010-02-08 11:33:02',281,281,1,'Shipping',3.00,'',29.95,0.00),(240,'2010-02-19 18:37:49',282,282,1,'Shipping',2.00,'',2.00,0.00),(241,'2010-02-27 19:49:18',283,283,1,'Shipping',2.00,'',10.00,0.00),(242,'2010-03-07 11:13:34',284,284,1,'Shipping',3.00,'',29.95,0.00),(243,'2010-03-09 19:46:11',285,285,1,'Shipping',2.00,'',2.00,0.00),(245,'2010-04-21 18:53:43',287,287,1,'Shipping',2.00,'',5.00,0.00),(246,'2010-04-22 13:47:48',288,288,1,'Shipping',3.00,'',19.00,0.00),(247,'2010-05-06 10:20:39',289,289,1,'Shipping',2.00,'',10.00,0.00),(248,'2010-05-06 21:28:06',290,290,1,'Shipping',3.00,'',29.95,0.00),(249,'2010-05-07 14:46:53',291,291,1,'Shipping',3.00,'',29.95,0.00),(250,'2010-05-08 05:48:21',292,292,1,'Shipping',5.00,'',44.95,0.00),(251,'2010-05-08 07:36:50',293,293,1,'Shipping',5.00,'',44.95,0.00),(252,'2010-05-09 00:42:04',294,294,1,'Shipping',5.00,'',44.95,0.00),(253,'2010-05-09 20:09:31',295,295,1,'Shipping',5.00,'',44.95,0.00),(267,'2010-05-12 16:30:43',312,312,1,'Shipping',5.00,'',49.95,0.00),(266,'2010-05-12 09:34:18',310,311,1,'Shipping',10.00,'',79.90,0.00),(265,'2010-05-11 17:07:35',309,309,1,'Shipping',10.00,'',89.90,0.00),(258,'2010-05-10 18:12:10',301,301,1,'Shipping',10.00,'',89.90,0.00),(259,'2010-05-10 19:58:32',302,302,1,'Shipping',5.00,'',49.95,0.00),(260,'2010-05-11 04:49:27',303,303,1,'Shipping',5.00,'',44.95,0.00),(261,'2010-05-11 06:54:44',304,304,1,'Shipping',5.00,'',44.95,0.00),(262,'2010-05-11 09:24:18',305,305,1,'Shipping',5.00,'',44.95,0.00),(263,'2010-05-11 09:44:32',306,307,1,'Shipping',0.00,'',179.80,0.00),(264,'2010-05-11 10:38:43',308,308,1,'Shipping',5.00,'',44.95,0.00),(268,'2010-05-12 18:16:33',313,313,1,'Shipping',5.00,'',49.95,0.00),(269,'2010-05-13 07:26:12',314,314,1,'Shipping',5.00,'',49.95,0.00),(270,'2010-05-13 16:32:56',315,316,1,'Shipping',10.00,'',79.90,0.00),(272,'2010-05-14 18:13:57',319,319,1,'Shipping',5.00,'',49.95,0.00),(273,'2010-05-15 05:08:19',320,320,1,'Shipping',5.00,'',49.95,0.00),(274,'2010-05-15 10:23:03',321,321,1,'Shipping',5.00,'',49.95,0.00),(275,'2010-05-17 19:06:02',322,322,1,'Shipping',5.00,'',49.95,0.00),(276,'2010-05-18 17:42:26',323,323,1,'Shipping',10.00,'',79.90,0.00),(277,'2010-05-20 06:15:55',324,324,1,'Shipping',7.00,'',64.95,0.00),(278,'2010-05-22 10:05:14',325,325,1,'Shipping',5.00,'',49.95,0.00),(279,'2010-05-22 10:25:43',326,326,1,'Shipping',5.00,'',49.95,0.00),(280,'2010-05-25 05:20:36',327,327,1,'Shipping',5.00,'',49.95,0.00),(281,'2010-05-26 13:50:17',328,328,1,'Shipping',0.00,'',179.80,0.00),(282,'2010-05-29 15:54:30',329,329,1,'Shipping',3.00,'',29.95,0.00),(283,'2010-06-01 14:07:23',330,331,1,'Shipping',5.00,'ATTN: Jeff',49.95,0.00),(284,'2010-06-01 15:35:12',332,332,1,'Shipping',10.00,'',79.90,0.00),(285,'2010-06-06 08:51:52',333,333,1,'Shipping',0.00,'',0.00,0.00),(286,'2010-06-10 14:56:35',334,334,1,'Shipping',5.00,'',49.95,0.00),(287,'2010-06-12 21:57:37',335,335,1,'Shipping',10.00,'',94.90,0.00),(288,'2010-06-15 07:43:34',336,336,1,'Shipping',5.00,'',49.95,0.00),(289,'2010-06-22 07:30:51',337,337,1,'Shipping',5.00,'Please do not require signature for delivery~ thanks',49.95,0.00),(290,'2010-07-12 18:33:03',338,338,1,'Shipping',3.00,'',12.00,0.00),(291,'2010-07-16 12:09:30',339,340,1,'Shipping',5.00,'',49.95,0.00),(292,'2010-07-17 10:13:42',341,341,1,'Shipping',5.00,'',49.95,0.00),(293,'2010-07-27 16:08:26',342,343,1,'Shipping',5.00,'',49.95,0.00),(294,'2010-08-01 14:17:02',344,344,1,'Shipping',5.00,'',49.95,0.00),(295,'2010-08-11 04:35:59',345,345,1,'Shipping',5.00,'',49.95,0.00),(296,'2010-08-12 17:40:03',346,347,1,'Shipping',7.00,'',54.95,0.00),(297,'2010-08-15 04:27:26',348,348,1,'Shipping',10.00,'',89.90,0.00),(298,'2010-08-19 08:45:18',349,349,1,'Shipping',5.00,'',49.95,0.00),(299,'2010-08-23 11:29:32',350,350,1,'Shipping',5.00,'',49.95,0.00),(300,'2010-08-30 12:32:53',351,351,1,'Shipping',5.00,'',49.95,0.00),(301,'2010-09-08 13:54:43',352,352,1,'Shipping',5.00,'',49.95,0.00),(302,'2010-09-22 21:54:34',353,353,1,'Shipping',5.00,'',49.95,0.00),(303,'2010-09-26 13:15:16',354,354,1,'Shipping',2.00,'',5.00,0.00),(304,'2010-09-26 18:49:07',355,355,1,'Shipping',5.00,'',49.95,0.00),(305,'2010-11-12 19:58:10',356,356,1,'Shipping',5.00,'',49.95,0.00),(306,'2010-11-16 17:05:27',357,357,1,'Shipping',5.00,'',39.95,0.00),(307,'2010-11-20 17:45:21',358,358,1,'Shipping',3.00,'',29.95,0.00),(308,'2010-11-20 20:28:57',359,359,1,'Shipping',3.00,'',29.95,0.00),(309,'2010-11-26 18:47:43',360,360,1,'Shipping',5.00,'',39.95,0.00),(310,'2010-11-27 10:53:50',361,362,1,'Shipping',5.00,'',39.95,0.00),(311,'2010-11-30 21:12:44',363,363,1,'Shipping',2.00,'',10.00,0.00),(312,'2010-12-01 09:07:36',364,364,1,'Shipping',3.00,'Trying to purchase tee shirt and hoodie as well but can\'t bring them up on computer.',15.00,0.00),(313,'2010-12-01 11:57:56',365,365,1,'Shipping',5.00,'',39.95,0.00),(314,'2010-12-01 14:48:49',366,367,1,'Shipping',3.00,'',20.00,0.00),(315,'2010-12-02 15:06:57',368,368,1,'Shipping',3.00,'',20.00,0.00),(316,'2010-12-03 08:13:25',369,369,1,'Shipping',2.00,'',5.00,0.00),(317,'2010-12-03 18:43:26',370,371,1,'Shipping',3.00,'',20.00,0.00),(318,'2010-12-03 19:12:42',372,372,1,'Shipping',3.00,'',29.95,0.00),(319,'2010-12-04 07:19:00',373,373,1,'Shipping',5.00,'',40.00,0.00),(320,'2010-12-04 07:37:31',374,374,1,'Shipping',3.00,'',14.00,0.00),(321,'2010-12-04 07:43:44',375,375,1,'Shipping',3.00,'',29.95,0.00),(322,'2010-12-04 11:02:26',376,376,1,'Shipping',0.00,'',350.00,0.00),(323,'2010-12-04 11:47:26',377,378,1,'Shipping',2.00,'',10.00,0.00),(324,'2010-12-04 12:25:25',379,379,1,'Shipping',7.00,'',64.90,0.00),(325,'2010-12-05 09:40:52',380,380,1,'Shipping',3.00,'',29.95,0.00),(326,'2010-12-05 14:35:52',381,381,1,'Shipping',3.00,'',20.00,0.00),(327,'2010-12-06 02:30:52',382,382,1,'Shipping',2.00,'',10.00,0.00),(328,'2010-12-06 11:11:30',383,383,1,'Shipping',2.00,'',2.00,0.00),(329,'2010-12-06 12:19:16',384,384,1,'Shipping',5.00,'',34.95,0.00),(330,'2010-12-06 19:08:12',385,385,1,'Shipping',3.00,'',15.00,0.00),(331,'2010-12-07 08:55:34',386,386,1,'Shipping',5.00,'',39.95,0.00),(389,'2011-04-03 14:46:33',460,461,1,'Shipping',3.00,'',29.95,0.00),(334,'2010-12-07 17:33:02',390,390,1,'Shipping',2.00,'',5.00,0.00),(335,'2010-12-09 12:27:39',391,391,1,'Shipping',2.00,'',2.00,0.00),(336,'2010-12-09 14:11:44',392,392,1,'Shipping',5.00,'',44.95,0.00),(337,'2010-12-09 20:31:58',393,394,1,'Shipping',5.00,'',34.95,0.00),(338,'2010-12-10 08:33:54',395,396,1,'Shipping',2.00,'',5.00,0.00),(339,'2010-12-11 12:38:24',397,398,1,'Shipping',10.00,'add d henry t',99.80,0.00),(340,'2010-12-13 16:04:52',399,399,1,'Shipping',5.00,'',40.00,0.00),(341,'2010-12-14 21:44:36',400,400,1,'Shipping',3.00,'',29.95,0.00),(342,'2010-12-15 16:28:26',401,401,1,'Shipping',3.00,'',29.95,0.00),(343,'2010-12-15 17:14:52',402,402,1,'Shipping',2.00,'',10.00,0.00),(344,'2010-12-21 03:02:52',403,403,1,'Shipping',2.00,'',5.00,0.00),(345,'2010-12-23 10:14:58',404,404,1,'Shipping',0.00,'Can you give me a discount Anita? ',119.80,0.00),(346,'2010-12-27 17:14:11',405,405,1,'Shipping',5.00,'',39.95,0.00),(347,'2010-12-30 12:39:16',406,407,1,'Shipping',0.00,'',159.75,0.00),(348,'2011-01-05 19:26:42',408,409,1,'Shipping',3.00,'Malcom is a cool dude',29.95,0.00),(349,'2011-01-14 12:54:52',410,410,1,'Shipping',0.00,'',350.00,0.00),(350,'2011-01-25 10:40:15',411,412,1,'Shipping',5.00,'',39.95,0.00),(351,'2011-01-25 12:55:54',413,414,1,'Shipping',7.00,'',64.90,0.00),(352,'2011-01-25 22:55:13',415,415,1,'Shipping',3.00,'',29.95,0.00),(353,'2011-01-26 15:09:53',416,416,1,'Shipping',5.00,'',39.95,0.00),(354,'2011-02-01 06:54:56',417,417,1,'Shipping',0.00,'',350.00,0.00),(355,'2011-02-04 04:36:39',418,419,1,'Shipping',5.00,'',39.95,0.00),(356,'2011-02-14 12:15:05',420,420,1,'Shipping',0.00,'',159.75,0.00),(357,'2011-02-21 19:20:52',421,421,1,'Shipping',3.00,'just wondering if you have stickers  for my car  little ones/big ones let me know please, thank you',25.00,0.00),(358,'2011-02-21 21:34:33',422,423,1,'Shipping',3.00,'',25.00,0.00),(359,'2011-02-23 06:00:03',424,425,1,'Shipping',3.00,'Stickers, need stickers',25.00,0.00),(360,'2011-02-24 14:57:56',426,427,1,'Shipping',7.00,'',59.90,0.00),(361,'2011-02-25 10:56:22',428,428,1,'Shipping',3.00,'',25.00,0.00),(362,'2011-02-25 15:51:48',429,429,1,'Shipping',7.00,'',75.00,0.00),(363,'2011-02-27 14:42:34',430,430,1,'Shipping',3.00,'',25.00,0.00),(364,'2011-03-01 07:46:53',431,431,1,'Shipping',5.00,'',50.00,0.00),(365,'2011-03-01 11:06:43',432,432,1,'Shipping',0.00,'Hi Nita, just spoke to you on the phone, pls process the 20% R2R discount on this.\r\nThanks, Lee',350.00,0.00),(366,'2011-03-02 12:14:48',433,433,1,'Shipping',0.00,'',400.00,0.00),(367,'2011-03-02 19:21:40',434,434,1,'Shipping',0.00,'',350.00,0.00),(369,'2011-03-04 19:53:07',436,436,1,'Shipping',5.00,'',50.00,0.00),(370,'2011-03-05 12:15:59',437,437,1,'Shipping',3.00,'',25.00,0.00),(371,'2011-03-07 00:43:12',438,438,1,'Shipping',7.00,'',64.95,0.00),(372,'2011-03-07 02:52:02',439,439,1,'Shipping',3.00,'',25.00,0.00),(373,'2011-03-07 05:26:07',440,440,1,'Shipping',3.00,'',25.00,0.00),(374,'2011-03-15 09:23:38',441,442,1,'Shipping',3.00,'',25.00,0.00),(375,'2011-03-16 09:58:04',443,443,1,'Shipping',3.00,'',20.00,0.00),(376,'2011-03-17 15:53:57',444,444,1,'Shipping',0.00,'',104.85,0.00),(378,'2011-03-18 11:11:02',446,447,1,'Shipping',3.00,'Leave at door step, no signature required',25.00,0.00),(379,'2011-03-18 13:11:47',448,448,1,'Shipping',3.00,'',25.00,0.00),(380,'2011-03-18 17:37:15',449,449,1,'Shipping',3.00,'',25.00,0.00),(381,'2011-03-19 16:00:28',450,451,1,'Shipping',3.00,'',25.00,0.00),(382,'2011-03-19 20:50:24',452,452,1,'Shipping',3.00,'',25.00,0.00),(383,'2011-03-21 11:25:19',453,453,1,'Shipping',3.00,'',25.00,0.00),(384,'2011-03-22 23:04:53',454,454,1,'Shipping',3.00,'',20.00,0.00),(385,'2011-03-23 16:50:52',455,455,1,'Shipping',0.00,'',350.00,0.00),(386,'2011-03-24 01:36:20',456,456,1,'Shipping',3.00,'Thanks Doug for the inspiration in supermoto and life! You\'re a hero in many ways...',15.00,0.00),(387,'2011-03-27 17:30:51',457,458,1,'Shipping',7.00,'',55.00,0.00),(388,'2011-03-30 07:13:38',459,459,1,'Shipping',3.00,'',25.00,0.00),(390,'2011-04-04 12:52:27',462,462,1,'Shipping',3.00,'',25.00,0.00),(391,'2011-04-06 15:01:24',463,463,1,'Shipping',3.00,'',15.00,0.00),(392,'2011-04-09 20:09:08',464,464,1,'Shipping',3.00,'',25.00,0.00),(393,'2011-04-10 00:56:49',465,465,1,'Shipping',5.00,'',39.95,0.00),(394,'2011-04-13 03:39:19',466,466,1,'Shipping',2.00,'',5.00,0.00),(395,'2011-04-13 19:27:42',467,467,1,'Shipping',0.00,'',350.00,0.00),(396,'2011-04-23 13:15:07',468,469,1,'Shipping',3.00,'',25.00,0.00),(397,'2011-04-27 12:34:02',470,470,1,'Shipping',3.00,'',25.00,0.00),(398,'2011-05-01 14:34:05',471,471,1,'Shipping',7.00,'',75.00,0.00),(456,'2012-04-03 20:17:35',541,541,1,'Shipping',0.00,'',149.75,0.00),(400,'2011-05-07 21:23:19',473,473,1,'Shipping',0.00,'',119.80,0.00),(401,'2011-05-07 21:37:27',474,474,1,'Shipping',3.00,'',29.95,0.00),(402,'2011-05-09 11:42:10',475,475,1,'Shipping',3.00,'',29.95,0.00),(403,'2011-05-09 19:20:57',476,476,1,'Shipping',3.00,'',29.95,0.00),(404,'2011-05-10 18:56:19',477,478,1,'Shipping',10.00,'',89.85,0.00),(405,'2011-05-14 19:48:42',479,479,1,'Shipping',7.00,'',59.90,0.00),(406,'2011-05-19 22:31:05',480,481,1,'Shipping',3.00,'',20.00,0.00),(407,'2011-05-20 07:05:19',482,482,1,'Shipping',3.00,'',29.95,0.00),(408,'2011-05-20 14:14:35',483,483,1,'Shipping',3.00,'Hi Anita :)',29.95,0.00),(409,'2011-05-20 14:16:35',484,484,1,'Shipping',3.00,'I just ordered Stanton poster.  Can you combine orders please?',25.00,0.00),(410,'2011-05-22 07:01:37',485,486,1,'Shipping',3.00,'',29.95,0.00),(411,'2011-05-22 19:35:16',487,487,1,'Shipping',7.00,'',59.90,0.00),(412,'2011-05-26 20:32:23',488,488,1,'Shipping',3.00,'',29.95,0.00),(413,'2011-05-27 14:22:33',489,489,1,'Shipping',3.00,'',29.95,0.00),(414,'2011-06-05 04:26:35',490,491,1,'Shipping',3.00,'',29.95,0.00),(415,'2011-06-06 18:40:43',492,492,1,'Shipping',7.00,'',75.00,0.00),(416,'2011-06-07 10:32:21',493,493,1,'Shipping',7.00,'',59.90,0.00),(417,'2011-06-14 10:47:18',494,495,1,'Shipping',3.00,'Happy Fathers Day!',29.95,0.00),(418,'2011-06-16 04:57:41',496,496,1,'Shipping',3.00,'',29.95,0.00),(419,'2011-06-22 14:57:46',497,497,1,'Shipping',3.00,'',15.00,0.00),(420,'2011-06-23 13:28:36',498,498,1,'Shipping',3.00,'',29.95,0.00),(421,'2011-06-27 00:31:33',499,499,1,'Shipping',3.00,'',29.95,0.00),(422,'2011-07-08 22:30:39',500,500,1,'Shipping',3.00,'',29.95,0.00),(423,'2011-07-13 14:33:46',501,501,1,'Shipping',2.00,'',10.00,0.00),(424,'2011-07-23 18:20:10',502,502,1,'Shipping',3.00,'',29.95,0.00),(425,'2011-08-05 17:38:24',503,504,1,'Shipping',3.00,'',15.00,0.00),(426,'2011-08-06 20:19:58',505,505,1,'Shipping',3.00,'',29.95,0.00),(427,'2011-08-09 19:16:19',506,506,1,'Shipping',3.00,'',29.95,0.00),(428,'2011-08-11 18:26:52',507,507,1,'Shipping',2.00,'To my CT Native Doug, I Had not taken this bracelet off for two years, finally broke last night. Thoughts and prayers Doug, you\'re a hell of a guy.',5.00,0.00),(429,'2011-08-12 12:53:57',508,508,1,'Shipping',3.00,'',29.95,0.00),(430,'2011-08-15 19:29:35',509,509,1,'Shipping',2.00,'',5.00,0.00),(431,'2011-08-22 21:26:59',510,510,1,'Shipping',3.00,'',29.95,0.00),(432,'2011-08-24 17:50:50',511,511,1,'Shipping',2.00,'',10.00,0.00),(433,'2011-08-26 11:47:39',512,512,1,'Shipping',7.00,'',59.90,0.00),(434,'2011-08-28 09:14:57',513,513,1,'Shipping',3.00,'',29.95,0.00),(435,'2011-08-29 10:23:10',514,514,1,'Shipping',3.00,'',29.95,0.00),(436,'2011-09-05 10:10:23',515,515,1,'Shipping',7.00,'',59.90,0.00),(438,'2011-10-07 08:54:37',518,519,1,'Shipping',3.00,'',29.95,0.00),(439,'2011-10-10 17:35:52',520,520,1,'Shipping',3.00,'',29.95,0.00),(441,'2011-10-13 06:18:28',522,522,1,'Shipping',2.00,'035200900100',2.00,0.00),(442,'2011-10-15 10:10:54',523,524,1,'Shipping',7.00,'',59.90,0.00),(443,'2011-10-16 18:16:38',525,525,1,'Shipping',3.00,'',29.95,0.00),(444,'2011-11-07 15:04:11',526,526,1,'Shipping',2.00,'',5.00,0.00),(445,'2011-11-08 15:57:04',527,528,1,'Shipping',3.00,'',29.95,0.00),(446,'2011-11-10 17:23:06',529,529,1,'Shipping',2.00,'',5.00,0.00),(447,'2011-11-11 12:16:50',530,530,1,'Shipping',3.00,'',29.95,0.00),(448,'2011-11-14 19:35:59',531,531,1,'Shipping',2.00,'',10.00,0.00),(449,'2011-11-18 10:39:45',532,533,1,'Shipping',0.00,'',0.00,0.00),(450,'2011-11-28 13:37:40',534,534,1,'Shipping',3.00,'',20.00,0.00),(452,'2012-01-21 09:39:34',536,536,1,'Shipping',10.00,'',89.85,0.00),(453,'2012-02-11 09:58:50',537,537,1,'Shipping',0.00,'',119.80,0.00),(506,'2012-11-25 08:33:29',599,599,1,'Shipping',2.00,'',5.00,0.00),(455,'2012-02-28 10:36:59',539,540,1,'Shipping',0.00,'',319.40,0.00),(462,'2012-07-15 11:08:02',547,547,1,'Shipping',10.00,'',89.85,0.00),(458,'2012-05-10 15:32:41',543,543,1,'Shipping',7.00,'',59.90,0.00),(459,'2012-05-31 13:11:41',544,544,1,'Shipping',3.00,'',29.95,0.00),(460,'2012-06-12 15:19:07',545,545,1,'Shipping',5.00,'',49.90,0.00),(461,'2012-06-16 21:02:56',546,546,1,'Shipping',7.00,'',59.90,0.00),(465,'2012-09-22 09:40:54',550,550,1,'Shipping',0.00,'',300.00,0.00),(466,'2012-09-22 13:13:29',551,551,1,'Shipping',0.00,'',300.00,0.00),(467,'2012-09-23 07:10:56',552,553,1,'Shipping',0.00,'',300.00,0.00),(468,'2012-09-23 09:26:19',554,554,1,'Shipping',0.00,'',150.00,0.00),(469,'2012-09-23 10:27:15',555,555,1,'Shipping',0.00,'',150.00,0.00),(470,'2012-09-24 05:29:52',556,556,1,'Shipping',0.00,'Hi. Please can you confirm what the postage and packing charge is please. Happy to be associated with such a good cause.',300.00,0.00),(471,'2012-09-24 11:30:31',557,557,1,'Shipping',0.00,'',150.00,0.00),(472,'2012-09-24 17:15:52',558,558,1,'Shipping',0.00,'',150.00,0.00),(473,'2012-09-25 01:39:09',559,560,1,'Shipping',0.00,'',150.00,0.00),(474,'2012-09-25 02:51:04',561,561,1,'Shipping',0.00,'',150.00,0.00),(475,'2012-09-25 06:26:33',562,562,1,'Shipping',0.00,'',300.00,0.00),(476,'2012-09-25 07:08:28',563,564,1,'Shipping',0.00,'',150.00,0.00),(520,'2013-07-11 15:51:20',617,617,1,'Shipping',10.00,'',89.85,0.00),(480,'2012-09-25 07:55:05',569,569,1,'Shipping',0.00,'Thank You',300.00,0.00),(481,'2012-09-25 11:32:04',570,571,1,'Shipping',0.00,'Europe',300.00,0.00),(482,'2012-09-25 12:25:45',572,572,1,'Shipping',0.00,'',300.00,0.00),(483,'2012-09-25 17:50:09',573,573,1,'Shipping',0.00,'',150.00,0.00),(484,'2012-09-25 20:10:55',574,574,1,'Shipping',0.00,'',300.00,0.00),(485,'2012-09-26 00:18:30',575,575,1,'Shipping',0.00,'',150.00,0.00),(486,'2012-09-26 02:17:58',576,576,1,'Shipping',0.00,'',150.00,0.00),(487,'2012-09-26 05:15:14',577,577,1,'Shipping',0.00,'Hello,\r\nPlease could you also charge the $20 for postage to the UK. Cheers, Richard',150.00,0.00),(488,'2012-09-26 09:13:50',578,578,1,'Shipping',2.00,'',2.00,0.00),(489,'2012-09-26 13:13:24',579,580,1,'Shipping',0.00,'My email is jimmy.c.46@hotmail.com , my telephone number is +447729930730',300.00,0.00),(490,'2012-09-28 19:34:21',581,582,1,'Shipping',0.00,'This is Maxim Honda',300.00,0.00),(491,'2012-10-02 12:25:13',583,583,1,'Shipping',0.00,'',150.00,0.00),(500,'2012-10-24 00:17:14',593,593,1,'Shipping',0.00,'I understand the shipping charge to the UK is $20.',150.00,0.00),(493,'2012-10-02 13:25:03',585,585,1,'Shipping',0.00,'',300.00,0.00),(494,'2012-10-03 15:51:29',586,586,1,'Shipping',0.00,'',300.00,0.00),(495,'2012-10-06 12:20:00',587,587,1,'Shipping',0.00,'Thanks.',150.00,0.00),(496,'2012-10-09 09:15:52',588,588,1,'Shipping',0.00,'',300.00,0.00),(497,'2012-10-13 13:38:13',589,590,1,'Shipping',0.00,'',150.00,0.00),(498,'2012-10-17 06:26:21',591,591,1,'Shipping',0.00,'',150.00,0.00),(499,'2012-10-21 14:54:16',592,592,1,'Shipping',0.00,'',150.00,0.00),(502,'2012-10-27 21:24:19',595,595,1,'Shipping',0.00,'',300.00,0.00),(503,'2012-11-06 14:14:01',596,596,1,'Shipping',0.00,'',184.70,0.00),(504,'2012-11-18 18:30:47',597,597,1,'Shipping',2.00,'',5.00,0.00),(505,'2012-11-21 06:27:58',598,598,1,'Shipping',10.00,'',89.85,0.00),(549,'2014-02-21 13:51:53',650,651,1,'Shipping',3.00,'',15.00,0.00),(507,'2012-12-28 23:10:02',600,600,1,'Shipping',3.00,'',29.95,0.00),(508,'2013-01-03 13:12:00',601,601,1,'Shipping',3.00,'',29.95,0.00),(509,'2013-01-11 21:11:31',602,603,1,'Shipping',7.00,'',59.90,0.00),(510,'2013-01-25 14:24:04',604,604,1,'Shipping',0.00,'',119.80,0.00),(511,'2013-02-17 15:52:32',605,605,1,'Shipping',2.00,'',10.00,0.00),(512,'2013-03-05 07:17:13',606,606,1,'Shipping',3.00,'',20.00,0.00),(513,'2013-03-24 18:39:00',607,608,1,'Shipping',2.00,'',5.00,0.00),(514,'2013-04-06 16:09:45',609,610,1,'Shipping',3.00,'',20.00,0.00),(515,'2013-04-12 17:28:56',611,611,1,'Shipping',3.00,'',29.95,0.00),(516,'2013-04-19 09:32:04',612,612,1,'Shipping',2.00,'',5.00,0.00),(517,'2013-04-19 12:13:30',613,613,1,'Shipping',3.00,'',20.00,0.00),(518,'2013-04-24 16:26:40',614,614,1,'Shipping',2.00,'',10.00,0.00),(519,'2013-04-27 08:32:30',615,616,1,'Shipping',3.00,'THANKS FOR DOING GREAT THINGS',17.00,0.00),(523,'2013-09-12 12:09:05',620,620,1,'Shipping',3.00,'',29.95,0.00),(524,'2013-09-17 17:02:49',621,621,1,'Shipping',3.00,'',29.95,0.00),(525,'2013-09-20 10:15:13',622,622,1,'Shipping',7.00,'',59.90,0.00),(526,'2013-09-25 07:52:23',623,623,1,'Shipping',3.00,'',29.95,0.00),(527,'2013-10-09 12:18:49',624,625,1,'Shipping',7.00,'',59.90,0.00),(528,'2013-10-10 20:27:33',626,626,1,'Shipping',10.00,'',89.85,0.00),(529,'2013-10-13 09:47:11',627,627,1,'Shipping',3.00,'',29.95,0.00),(530,'2013-10-14 07:09:12',628,628,1,'Shipping',3.00,'',29.95,0.00),(531,'2013-10-25 07:35:57',629,629,1,'Shipping',3.00,'',29.95,0.00),(532,'2013-11-16 11:26:37',630,631,1,'Shipping',3.00,'',29.95,0.00),(533,'2013-11-16 18:00:40',632,632,1,'Shipping',0.00,'',189.65,0.00),(534,'2013-11-17 00:09:49',633,633,1,'Shipping',3.00,'',29.95,0.00),(535,'2013-11-17 09:08:12',634,634,1,'Shipping',3.00,'',29.95,0.00),(536,'2013-11-17 12:24:31',635,635,1,'Shipping',2.00,'',2.00,0.00),(537,'2013-11-21 23:17:31',636,636,1,'Shipping',7.00,'',74.85,0.00),(538,'2013-12-02 08:53:08',637,637,1,'Shipping',3.00,'',29.95,0.00),(550,'2014-03-24 18:56:40',652,652,1,'Shipping',3.00,'',29.95,0.00),(548,'2014-02-06 00:16:50',648,649,1,'Shipping',2.00,'',5.00,0.00),(542,'2013-12-16 19:07:55',641,641,1,'Shipping',3.00,'',29.95,0.00),(551,'2014-04-05 05:23:41',653,653,0,'Shipping',3.00,'',25.00,0.00),(554,'2014-04-25 14:44:11',656,656,0,'Shipping',2.00,'',10.00,0.00),(555,'2014-04-30 09:41:35',657,657,0,'Shipping',7.00,'',59.90,0.00),(556,'2014-07-08 17:41:11',658,658,0,'Shipping',2.00,'',10.00,0.00),(557,'2014-07-17 19:16:02',659,659,0,'Shipping',3.00,'',29.95,0.00),(558,'2014-09-28 09:38:51',660,661,0,'Shipping',0.00,'c/o Mc Connell Chevrolet',179.70,0.00),(559,'2014-10-17 18:50:39',662,662,0,'Shipping',3.00,'',15.00,0.00),(560,'2014-11-06 13:15:36',663,663,0,'Shipping',2.00,'',2.00,0.00),(561,'2014-11-20 10:16:47',664,664,0,'Shipping',2.00,'',5.00,0.00),(562,'2014-12-08 20:02:37',665,665,0,'Shipping',3.00,'',29.95,0.00),(563,'2014-12-10 20:31:12',666,666,0,'Shipping',3.00,'',29.95,0.00),(564,'2015-01-04 15:00:53',667,667,0,'Shipping',3.00,'',29.95,0.00),(565,'2015-02-01 18:14:30',668,668,0,'Shipping',3.00,'',29.95,0.00),(566,'2015-04-09 19:39:28',669,669,0,'Shipping',2.00,'',10.00,0.00),(567,'2015-04-10 21:11:08',670,671,0,'Shipping',3.00,'',15.00,0.00),(568,'2015-05-03 16:50:01',672,672,0,'Shipping',2.00,'',10.00,0.00),(569,'2015-06-05 09:47:11',673,673,0,'Shipping',3.00,'',29.95,0.00),(570,'2015-06-06 06:03:22',674,674,0,'Shipping',5.00,'',39.95,0.00),(571,'2015-06-26 06:11:37',675,675,0,'Shipping',3.00,'',29.95,0.00),(572,'2015-10-05 17:50:47',676,677,0,'Shipping',3.00,'',29.95,0.00),(573,'2015-10-21 05:40:52',678,678,0,'Shipping',3.00,'',29.95,0.00),(574,'2015-11-26 20:15:26',679,679,0,'Shipping',10.00,'',79.85,0.00),(575,'2015-12-05 08:47:21',680,680,0,'Shipping',10.00,'',89.85,0.00),(576,'2016-07-05 15:05:05',681,681,0,'Shipping',3.00,'',29.95,0.00);

--
-- Table structure for table `Page`
--

CREATE TABLE `Page` (
  `ID` int(11) NOT NULL AUTO_INCREMENT,
  `body` blob,
  `template` int(11) NOT NULL DEFAULT '0',
  `type` int(11) NOT NULL DEFAULT '0',
  `image` varchar(255) DEFAULT NULL,
  `label` varchar(50) DEFAULT NULL,
  `featured` varchar(255) DEFAULT NULL,
  `title` varchar(255) DEFAULT NULL,
  `linkname` varchar(50) DEFAULT NULL,
  `link` varchar(255) DEFAULT NULL,
  PRIMARY KEY (`ID`),
  KEY `ID` (`ID`)
) ENGINE=MyISAM AUTO_INCREMENT=3 DEFAULT CHARSET=latin1;

--
-- Dumping data for table `Page`
--

INSERT INTO `Page` VALUES (1,'<table width=\"500\" border=\"0\" cellspacing=\"0\" cellpadding=\"0\">\r\n  <tr>\r\n    <td>\r\n      <h2 align=\"center\"><b>Injured Rider Wristbands</b></h2>\r\n        <center>\r\n        <a href=\"http://store.road2recovery.com/pk4/store.pl?section=3\"><img border=\"0\" width=\"200\" height=\"95\" src=\"http://store.road2recovery.com/Images/thumbnails/doughenryband.jpg\"></a><u></u><br>\r\n        <b><i>Bands Available</i></b><br>\r\n  Doug Henry<br>\r\n  Ernesto Fonseca<br>\r\n  James Marshall\r\n  </h2>\r\n        </center>\r\n      <h2 align=\"center\"><b>Legends Posters</b></h2>\r\n      <p align=\"center\"><a href=\"http://store.road2recovery.com/pk4/store.pl?section=5\"><img border=\"0\" width=\"405\" height=\"270\" src=\"http://store.road2recovery.com/Images/jeremy_mcgrath_legend.jpg\" alt=\"Jeremy McGrath Legend Poster - Autographed\"></a></p>\r\n      <p align=\"center\"><b><i>Posters Available</i></b><br>\r\n  Jeremy McGrath <br>\r\n  Doug Henry <br>\r\n  Broc Glover <br>\r\n  Rick Johnson <br>\r\n  Bob Hannah <br>\r\n  Bruce Ogilvie<br>\r\n  David Bailey <br>\r\n  Wayne Rainey <br>\r\n  Kent Howerton <br>\r\n  Malcolm Smith <br>\r\n  Kenny Roberts <br>\r\n  Jeff Ward <br>\r\n  Bubba Shobert <br>\r\n  Yvon Duhamel <b></b></p>\r\n      <h2 align=\"center\"><b>Deuce Brand Watches</b></h2>\r\n      <p align=\"center\">\r\n        <a href=\"/pk4/store.pl?view_product=24\"><img border=\"0\" width=\"459\" height=\"355\" src=\"http://store.road2recovery.com/Images/deuce_brand_R2R.jpg\"></a></p>\r\n      <p align=\"center\"><b><i>Watches Available</i></b><br>\r\n  Yamaha Blue<br>\r\n  Honda Red<br>\r\n  Suzuki Yellow<br>\r\n  Kawasaki Green<br>\r\n  KTM Orange</p>\r\n      <h2 align=\"center\">  <b>Miles For Miracles Watches</b></h2>\r\n      <p align=\"center\"><img border=\"0\" width=\"455\" height=\"352\" src=\"http://store.road2recovery.com/Images/deuce_brand_M4M.jpg\"></p>\r\n      <p align=\"center\"><b><i>Watches Available</i></b><br>\r\n  Orange<br>\r\n  White</p>\r\n\r\n<h2 align=\"center\"><b>Rockwell Breast Cancer  Awareness Watch</b></h2>\r\n<p align=\"center\"><a href=\"http://store.road2recovery.com/pk4/store.pl?view_product=9\"><img border=\"0\" width=\"192\" height=\"261\" src=\"http://store.road2recovery.com/Images/Breast-Cancer-Warrant.jpg\" alt=\"click image for more info\"></a></p>\r\n	</td>\r\n  </tr>\r\n</table>',2,0,'','','','',NULL,NULL);

--
-- Table structure for table `Product`
--

CREATE TABLE `Product` (
  `ID` int(11) NOT NULL AUTO_INCREMENT,
  `name` varchar(100) DEFAULT NULL,
  `sku` varchar(30) DEFAULT NULL,
  `short_description` blob,
  `linkname` varchar(50) DEFAULT NULL,
  `link` blob,
  `alloworder` smallint(6) DEFAULT NULL,
  `instock` smallint(6) DEFAULT NULL,
  `label1` varchar(50) DEFAULT NULL,
  `label2` varchar(50) DEFAULT NULL,
  `price` double(8,2) NOT NULL DEFAULT '0.00',
  `list1` longblob,
  `list2` longblob,
  `image` varchar(255) DEFAULT NULL,
  `prices` longblob,
  `weight` double(8,4) NOT NULL DEFAULT '0.0000',
  `display` int(11) NOT NULL DEFAULT '0',
  `quantity` int(11) NOT NULL DEFAULT '0',
  `long_description` blob,
  `shipcost` float(10,2) NOT NULL DEFAULT '0.00',
  `number` smallint(6) NOT NULL DEFAULT '0',
  `notax` smallint(6) DEFAULT NULL,
  `inactive` smallint(6) DEFAULT NULL,
  PRIMARY KEY (`ID`),
  KEY `ID` (`ID`)
) ENGINE=MyISAM AUTO_INCREMENT=34 DEFAULT CHARSET=latin1;

--
-- Dumping data for table `Product`
--

INSERT INTO `Product` VALUES (1,'Road 2 Recovery Bracelets','0','The Road 2 Recovery Foundation announces the production of Red “R2R” cause bracelets. These bracelets are only $1 and all of the proceeds will go directly to the Road 2 Recovery Foundation. By purchasing and wearing these bracelets, fans and industry associates alike show their support of the AMA licensed motocross members and of our foundation’s cause which is dedicated to helping AMA licensed motocross members with financial assistance if they sustain career-ending injuries as well as providing motivational, emotional, and spiritual support to these individuals and their families. The Road 2 Recovery is out there to make our sport a better safer place.\r\n<br><br>\r\nBracelets are $1 for bracelet, $1 for shipping and handling',NULL,NULL,1,1,'','',2.00,'','','bracelet.jpg','',0.0000,1,1,'The Road 2 Recovery Foundation announces the production of Red “R2R” cause bracelets. These bracelets are only $1 and all of the proceeds will go directly to the Road 2 Recovery Foundation. By purchasing and wearing these bracelets, fans and industry associates alike show their support of the AMA licensed motocross members and of our foundation’s cause which is dedicated to helping AMA licensed motocross members with financial assistance if they sustain career-ending injuries as well as providing motivational, emotional, and spiritual support to these individuals and their families. The Road 2 Recovery is out there to make our sport a better safer place.\r\n<br><br>\r\n<img src=\"Images/bracelet_hand.jpg\" align=\"right\">Bracelets are $1 for bracelet, $1 for shipping and handling ',1.00,1,NULL,NULL),(2,'Ernesto Fonseca Recovery Bracelets','0','Show your support for Ernesto Fonseca by purchasing a Fonseca Wrist Band. All donations go toward the recovery of Ernesto. <br><br>\r\nBracelets are $5 donation for bracelet, $1 for shipping and handling',NULL,NULL,1,1,'','',5.00,'','','fonseca_band.jpg','',0.0000,1,1,'Show your support for Ernesto Fonseca by purchasing a Fonseca Wrist Band. All donations go toward the recovery of Ernesto. <br><br>\r\nBracelets are $5 donation for bracelet, $1 for shipping and handling',1.00,2,NULL,NULL),(4,'Doug Henry Support Bracelet','0','Show you support for Doug Henry by wearing the Doug Henry 19 - What\'s Stopping You arm band.  Donations go to support the recovery of Doug Henry',NULL,NULL,1,1,'','',5.00,'','','doughenryband.jpg','',0.0000,1,1,'Show you support for Doug Henry by wearing the Doug Henry 19 - What\'s Stopping You arm band.  Donations go to support the recovery of Doug Henry',0.00,4,NULL,NULL),(5,'James Marshall Support Bracelet','0','Show your support by wearing the James Marshall 452 - The Outlaw bracelet.',NULL,NULL,1,1,'','',5.00,'','','jamesMarshall-band.jpg','',0.0000,1,1,'Show your support by wearing the James Marshall 452 - The Outlaw bracelet.',0.00,5,NULL,NULL),(7,'Doug Henry Legends Poster','DHP','Dunlop Motorcycle Tires is pleased to announce the creation of the latest addition to the Legends Poster Collection, in honor of racing great Doug Henry. A multi-time national motocross champion, Henry suffered an injury during a Supermoto race in 2007, and is now fighting back to overcome partial paralysis from the waist down. As a true hero as well as a legend of the sport, it is an honor for Dunlop to include Doug Henry to the Legends Poster series.\r\n<br><br>\r\nIntroduced in 2005, the Legends Poster Collection is a series of high-quality collector-edition posters developed to benefit injured riders. This high-quality, collectible poster is available for $29.95 for one poster or $24.95 each for 2 or more posters. 100% of the proceeds benefit Doug Henry, so don’t miss this opportunity to own a part of history while helping out a genuine hero and racing legend. Supplies are limited so order today.',NULL,NULL,1,1,'Select','',0.00,'Buy 1 ($29.95), Buy 2 ($24.95 ea),Buy  3 ($24.95 ea),Buy  4 ($24.95 ea),Buy  5 ($24.95 ea)','','08_HenryLegend_Poster.jpg','29.95, 49.90, 74.85, 99.80, 124.75',0.0000,1,1,'Dunlop Motorcycle Tires is pleased to announce the creation of the latest addition to the Legends Poster Collection, in honor of racing great Doug Henry. A multi-time national motocross champion, Henry suffered an injury during a Supermoto race in 2007, and is now fighting back to overcome partial paralysis from the waist down. As a true hero as well as a legend of the sport, it is an honor for Dunlop to include Doug Henry to the Legends Poster series.\r\n<br><br>\r\nIntroduced in 2005, the Legends Poster Collection is a series of high-quality collector-edition posters developed to benefit injured riders. This high-quality, collectible poster is available for $29.95 for one poster or $24.95 each for 2 or more posters.  100% of the proceeds benefit Doug Henry, so don’t miss this opportunity to own a part of history while helping out a genuine hero and racing legend. Supplies are limited so order today.',0.00,7,0,0),(29,'Marco Simoncelli Memorial Ride Gear - Jersey','SRG-JER','Squadra Custom Marco Simoncelli Memorial Ride Gear - Jersey\r\n',NULL,NULL,0,0,'','Size',150.00,'','Small,Medium,Large,X-Large,XX-Large','SuperSic_jersey.jpg','',0.0000,1,1,'Squadra Custom Marco Simoncelli Memorial Ride Gear - Jersey\r\n<p><font color=\"red\"><b>Orders have closed for the Cycle of Wishes Marco Simoncelli Memorial Ride Gear. All orders that have been placed are scheduled to ship around November 19th.</b></font></P>\r\n<a href=\"http://www.squadra.us/sqstore/PDF/SIZINGCHART-08.pdf\" target=\"_blank\">Click Here</a> for information about sizing',0.00,29,0,NULL),(30,'Marco Simoncelli Memorial Ride Gear - Shorts/Bib ','SRG-BIB','This is the Squadra Custom Marco Simoncelli Memorial Ride Gear  - Shorts/Bib \r\n<p><font color=\"red\"><b>Orders have closed for the Cycle of Wishes Marco Simoncelli Memorial Ride Gear. All orders that have been placed are scheduled to ship around November 19th.</b></font></P>',NULL,NULL,0,0,'','Size',180.00,'','Small,Medium,Large,X-Large,XX-Large','SuperSic_shorts.jpg','',0.0000,1,1,'This is the Squadra Custom Marco Simoncelli Memorial Ride Gear  - Shorts/Bib \r\n<br><br>\r\n<p><font color=\"red\"><b>Orders have closed for the Cycle of Wishes Marco Simoncelli Memorial Ride Gear. All orders that have been placed are scheduled to ship around November 19th.</b></font></P>\r\n<a href=\"http://www.squadra.us/sqstore/PDF/SIZINGCHART-08.pdf\" target=\"_blank\">Click Here</a> for information about sizing</p>',0.00,30,0,NULL),(31,'Marco Simoncelli Memorial Ride Gear - Set','SRG-SET','This is the Squadra Custom Marco Simoncelli Memorial Ride Gear.\r\n<br<br>\r\nPurchase the complete set for $300.00 and save $30.00\r\n\r\n',NULL,NULL,0,0,'Jersey Size','Shorts/Bib Size',300.00,'Small,Medium,Large,X-Large,XX-Large','Small,Medium,Large,X-Large,XX-Large','SuperSic_Set.jpg','',0.0000,1,1,'This is the Squadra Custom Marco Simoncelli Memorial Ride Gear full set including short/bib and jersey.\r\n<br<br>\r\nPurchase the complete set for $300.00 and save $30.00\r\n\r\n\r\n<p><font color=\"red\"><b>Orders have closed for the Cycle of Wishes Marco Simoncelli Memorial Ride Gear. All orders that have been placed are scheduled to ship around November 19th.</b></font></P>\r\n<a href=\"http://www.squadra.us/sqstore/PDF/SIZINGCHART-08.pdf\" target=\"_blank\">Click Here</a> for information about sizing</p>\r\n',0.00,31,0,NULL),(9,'Rockwell - Breast Cancer Awareness Watch','RCK1','Rockwell Breast Cancer Awareness Watch.\r\n50% of the proceeds go to the Susan G Komen Foundation for Breast Cancer Research.',NULL,NULL,1,1,'','',149.00,'','','Breast-Cancer-Warrant.jpg','',0.0000,1,1,'Rockwell Breast Cancer Awareness Watch.\r\n50% of the proceeds go to the Susan G Komen Foundation for Breast Cancer Research.',0.00,9,0,NULL),(10,'Jeremy McGrath Legend Poster','0','The Road 2 Recovery is proud to announce the availability of the 2010 Jeremy McGrath Legends Poster. This limited-edition collectible 19 x 26-inch poster is available for 39.95 or $34.95 if you purchase 2 or more. ',NULL,NULL,1,1,'Select','',0.00,'Buy 1 ($29.95), Buy 2 ($24.95 ea),Buy  3 ($24.95 ea),Buy  4 ($24.95 ea),Buy  5 ($24.95 ea)','','jeremy_mcgrath_legend.jpg','29.95, 49.90, 74.85, 99.80, 124.75',0.0000,1,1,'The Road 2 Recovery is proud to announce the availability of the 2010 Jeremy McGrath Legends Poster. This limited-edition collectible 19 x 26-inch poster is available for 39.95 or $34.95 if you purchase 2 or more. \r\n',0.00,10,0,NULL),(27,'Ian Trettel Support Band','ITBAND','On Saturday, March 5th, Rockstar Energy Suzuki rider Ian Trettel sustained a head injury during practice at the AMA Supercross event in Daytona, Florida. He was quickly taken to Halifax Medical Center, where he was placed in a medically-induced coma. The accident caused bleeding as well as swelling in his brain and both have been stabilized with medical and surgical interventions. At this time, Ian remains in critical condition, but he is now stable and we expect his condition to improve from this point forward.<br>\r\n\r\n<a href=\"http://store.vurbmoto.com/product/ian-trettel-bracelet\" target=\"_blank\">Click Here to Purchase</a>',NULL,NULL,0,1,'','',5.00,'','','trettel_black_2_.jpg','',0.0000,1,1,'On Saturday, March 5th, Rockstar Energy Suzuki rider Ian Trettel sustained a head injury during practice at the AMA Supercross event in Daytona, Florida. He was quickly taken to Halifax Medical Center, where he was placed in a medically-induced coma. The accident caused bleeding as well as swelling in his brain and both have been stabilized with medical and surgical interventions. At this time, Ian remains in critical condition, but he is now stable and we expect his condition to improve from this point forward.<br>\r\n\r\n\r\n<a href=\"http://store.vurbmoto.com/product/ian-trettel-bracelet\" target=\"_blank\">Click Here to Purchase</a>',0.00,27,0,NULL),(11,'David Bailey Poster','DB-Post','Back in 2005 Dunlop Motorcycle Tires decided to offer a series of high-quality collector-edition Legends posters, with the net proceeds benefiting injured riders. Printed in black and white on heavy 19 x 26 inch art paper, these limited edition suitable-for-framing posters immortalizes legendary motorcycle racing champions: David Bailey, Yvon Duhamel, Broc Glover, Bob Hannah, Kent Howerton, Rick Johnson, Wayne Rainey, Kenny Roberts, Bubba Shobert, Jeff Ward, Bruce Ogilvie, Malcolm Smith, Doug Henry and Jeremy McGrath.\r\n\r\nProduced by Dunlop\'s advertising agency, Vreeke & Associates, these historic black-and-white posters feature images-captured by photographers Paul Buckley, Bill Delaney, Gold & Goose, Dave Hawkins, and Ken Vreeke-that pay tribute to some of the greatest racers in our sport.\r\n\r\n“Dunlop has supported some of the most legendary racers in history, and this is a great opportunity to give back to the sport through the Road 2 Recovery Foundation” said Dunlop Vice President Mike Buckley. 19 x 26-inch\r\n',NULL,NULL,1,1,'Select','',0.00,'Buy 1 ($29.95), Buy 2 ($24.95 ea),Buy  3 ($24.95 ea),Buy  4 ($24.95 ea),Buy  5 ($24.95 ea)','','poster-bailey.jpg','29.95, 49.90, 74.85, 99.80, 124.75',0.0000,1,1,'Back in 2005 Dunlop Motorcycle Tires decided to offer a series of high-quality collector-edition Legends posters, with the net proceeds benefiting injured riders. Printed in black and white on heavy 19 x 26 inch art paper, these limited edition suitable-for-framing posters immortalizes legendary motorcycle racing champions: David Bailey, Yvon Duhamel, Broc Glover, Bob Hannah, Kent Howerton, Rick Johnson, Wayne Rainey, Kenny Roberts, Bubba Shobert, Jeff Ward, Bruce Ogilvie, Malcolm Smith, Doug Henry and Jeremy McGrath.\r\n\r\nProduced by Dunlop\'s advertising agency, Vreeke & Associates, these historic black-and-white posters feature images-captured by photographers Paul Buckley, Bill Delaney, Gold & Goose, Dave Hawkins, and Ken Vreeke-that pay tribute to some of the greatest racers in our sport.\r\n\r\n“Dunlop has supported some of the most legendary racers in history, and this is a great opportunity to give back to the sport through the Road 2 Recovery Foundation” said Dunlop Vice President Mike Buckley.\r\n\r\n19 x 26-inch\r\n',0.00,11,0,NULL),(12,'Yvon Duhamel Poster','YD-Post','Back in 2005 Dunlop Motorcycle Tires decided to offer a series of high-quality collector-edition Legends posters, with the net proceeds benefiting injured riders. Printed in black and white on heavy 19 x 26 inch art paper, these limited edition suitable-for-framing posters immortalizes legendary motorcycle racing champions: David Bailey, Yvon Duhamel, Broc Glover, Bob Hannah, Kent Howerton, Rick Johnson, Wayne Rainey, Kenny Roberts, Bubba Shobert, Jeff Ward, Bruce Ogilvie, Malcolm Smith, Doug Henry and Jeremy McGrath.\r\n\r\nProduced by Dunlop\'s advertising agency, Vreeke & Associates, these historic black-and-white posters feature images-captured by photographers Paul Buckley, Bill Delaney, Gold & Goose, Dave Hawkins, and Ken Vreeke-that pay tribute to some of the greatest racers in our sport.\r\n\r\n“Dunlop has supported some of the most legendary racers in history, and this is a great opportunity to give back to the sport through the Road 2 Recovery Foundation” said Dunlop Vice President Mike Buckley. 19 x 26-inch',NULL,NULL,1,1,'Select','',0.00,'Buy 1 ($29.95), Buy 2 ($24.95 ea),Buy  3 ($24.95 ea),Buy  4 ($24.95 ea),Buy  5 ($24.95 ea)','','poster-duhamel.jpg','29.95, 49.90, 74.85, 99.80, 124.75',0.0000,1,1,'Back in 2005 Dunlop Motorcycle Tires decided to offer a series of high-quality collector-edition Legends posters, with the net proceeds benefiting injured riders. Printed in black and white on heavy 19 x 26 inch art paper, these limited edition suitable-for-framing posters immortalizes legendary motorcycle racing champions: David Bailey, Yvon Duhamel, Broc Glover, Bob Hannah, Kent Howerton, Rick Johnson, Wayne Rainey, Kenny Roberts, Bubba Shobert, Jeff Ward, Bruce Ogilvie, Malcolm Smith, Doug Henry and Jeremy McGrath.\r\n\r\nProduced by Dunlop\'s advertising agency, Vreeke & Associates, these historic black-and-white posters feature images-captured by photographers Paul Buckley, Bill Delaney, Gold & Goose, Dave Hawkins, and Ken Vreeke-that pay tribute to some of the greatest racers in our sport.\r\n\r\n“Dunlop has supported some of the most legendary racers in history, and this is a great opportunity to give back to the sport through the Road 2 Recovery Foundation” said Dunlop Vice President Mike Buckley. 19 x 26-inch',0.00,12,0,NULL),(13,'Broc Glover Poster','BG-Post','Back in 2005 Dunlop Motorcycle Tires decided to offer a series of high-quality collector-edition Legends posters, with the net proceeds benefiting injured riders. Printed in black and white on heavy 19 x 26 inch art paper, these limited edition suitable-for-framing posters immortalizes legendary motorcycle racing champions: David Bailey, Yvon Duhamel, Broc Glover, Bob Hannah, Kent Howerton, Rick Johnson, Wayne Rainey, Kenny Roberts, Bubba Shobert, Jeff Ward, Bruce Ogilvie, Malcolm Smith, Doug Henry and Jeremy McGrath.\r\n\r\nProduced by Dunlop\'s advertising agency, Vreeke & Associates, these historic black-and-white posters feature images-captured by photographers Paul Buckley, Bill Delaney, Gold & Goose, Dave Hawkins, and Ken Vreeke-that pay tribute to some of the greatest racers in our sport.\r\n\r\n“Dunlop has supported some of the most legendary racers in history, and this is a great opportunity to give back to the sport through the Road 2 Recovery Foundation” said Dunlop Vice President Mike Buckley. 19 x 26-inch',NULL,NULL,1,1,'Select','',0.00,'Buy 1 ($29.95), Buy 2 ($24.95 ea),Buy  3 ($24.95 ea),Buy  4 ($24.95 ea),Buy  5 ($24.95 ea)','','poster-glover.jpg','29.95, 49.90, 74.85, 99.80, 124.75',0.0000,1,1,'Back in 2005 Dunlop Motorcycle Tires decided to offer a series of high-quality collector-edition Legends posters, with the net proceeds benefiting injured riders. Printed in black and white on heavy 19 x 26 inch art paper, these limited edition suitable-for-framing posters immortalizes legendary motorcycle racing champions: David Bailey, Yvon Duhamel, Broc Glover, Bob Hannah, Kent Howerton, Rick Johnson, Wayne Rainey, Kenny Roberts, Bubba Shobert, Jeff Ward, Bruce Ogilvie, Malcolm Smith, Doug Henry and Jeremy McGrath.\r\n\r\nProduced by Dunlop\'s advertising agency, Vreeke & Associates, these historic black-and-white posters feature images-captured by photographers Paul Buckley, Bill Delaney, Gold & Goose, Dave Hawkins, and Ken Vreeke-that pay tribute to some of the greatest racers in our sport.\r\n\r\n“Dunlop has supported some of the most legendary racers in history, and this is a great opportunity to give back to the sport through the Road 2 Recovery Foundation” said Dunlop Vice President Mike Buckley. 19 x 26-inch',0.00,13,0,NULL),(14,'Bob Hannah Poster','BH-POST','Back in 2005 Dunlop Motorcycle Tires decided to offer a series of high-quality collector-edition Legends posters, with the net proceeds benefiting injured riders. Printed in black and white on heavy 19 x 26 inch art paper, these limited edition suitable-for-framing posters immortalizes legendary motorcycle racing champions: David Bailey, Yvon Duhamel, Broc Glover, Bob Hannah, Kent Howerton, Rick Johnson, Wayne Rainey, Kenny Roberts, Bubba Shobert, Jeff Ward, Bruce Ogilvie, Malcolm Smith, Doug Henry and Jeremy McGrath.\r\n\r\nProduced by Dunlop\'s advertising agency, Vreeke & Associates, these historic black-and-white posters feature images-captured by photographers Paul Buckley, Bill Delaney, Gold & Goose, Dave Hawkins, and Ken Vreeke-that pay tribute to some of the greatest racers in our sport.\r\n\r\n“Dunlop has supported some of the most legendary racers in history, and this is a great opportunity to give back to the sport through the Road 2 Recovery Foundation” said Dunlop Vice President Mike Buckley. 19 x 26-inch',NULL,NULL,1,1,'Select','',0.00,'Buy 1 ($29.95), Buy 2 ($24.95 ea),Buy  3 ($24.95 ea),Buy  4 ($24.95 ea),Buy  5 ($24.95 ea)','','poster-hannah.jpg','29.95, 49.90, 74.85, 99.80, 124.75',0.0000,1,1,'Back in 2005 Dunlop Motorcycle Tires decided to offer a series of high-quality collector-edition Legends posters, with the net proceeds benefiting injured riders. Printed in black and white on heavy 19 x 26 inch art paper, these limited edition suitable-for-framing posters immortalizes legendary motorcycle racing champions: David Bailey, Yvon Duhamel, Broc Glover, Bob Hannah, Kent Howerton, Rick Johnson, Wayne Rainey, Kenny Roberts, Bubba Shobert, Jeff Ward, Bruce Ogilvie, Malcolm Smith, Doug Henry and Jeremy McGrath.\r\n\r\nProduced by Dunlop\'s advertising agency, Vreeke & Associates, these historic black-and-white posters feature images-captured by photographers Paul Buckley, Bill Delaney, Gold & Goose, Dave Hawkins, and Ken Vreeke-that pay tribute to some of the greatest racers in our sport.\r\n\r\n“Dunlop has supported some of the most legendary racers in history, and this is a great opportunity to give back to the sport through the Road 2 Recovery Foundation” said Dunlop Vice President Mike Buckley. 19 x 26-inch',0.00,14,0,0),(15,'Kent Howerton','KH-POST','Back in 2005 Dunlop Motorcycle Tires decided to offer a series of high-quality collector-edition Legends posters, with the net proceeds benefiting injured riders. Printed in black and white on heavy 19 x 26 inch art paper, these limited edition suitable-for-framing posters immortalizes legendary motorcycle racing champions: David Bailey, Yvon Duhamel, Broc Glover, Bob Hannah, Kent Howerton, Rick Johnson, Wayne Rainey, Kenny Roberts, Bubba Shobert, Jeff Ward, Bruce Ogilvie, Malcolm Smith, Doug Henry and Jeremy McGrath.\r\n\r\nProduced by Dunlop\'s advertising agency, Vreeke & Associates, these historic black-and-white posters feature images-captured by photographers Paul Buckley, Bill Delaney, Gold & Goose, Dave Hawkins, and Ken Vreeke-that pay tribute to some of the greatest racers in our sport.\r\n\r\n“Dunlop has supported some of the most legendary racers in history, and this is a great opportunity to give back to the sport through the Road 2 Recovery Foundation” said Dunlop Vice President Mike Buckley. 19 x 26-inch',NULL,NULL,1,1,'Select','',0.00,'Buy 1 ($29.95), Buy 2 ($24.95 ea),Buy  3 ($24.95 ea),Buy  4 ($24.95 ea),Buy  5 ($24.95 ea)','','poster-howerton.jpg','29.95, 49.90, 74.85, 99.80, 124.75',0.0000,1,1,'Back in 2005 Dunlop Motorcycle Tires decided to offer a series of high-quality collector-edition Legends posters, with the net proceeds benefiting injured riders. Printed in black and white on heavy 19 x 26 inch art paper, these limited edition suitable-for-framing posters immortalizes legendary motorcycle racing champions: David Bailey, Yvon Duhamel, Broc Glover, Bob Hannah, Kent Howerton, Rick Johnson, Wayne Rainey, Kenny Roberts, Bubba Shobert, Jeff Ward, Bruce Ogilvie, Malcolm Smith, Doug Henry and Jeremy McGrath.\r\n\r\nProduced by Dunlop\'s advertising agency, Vreeke & Associates, these historic black-and-white posters feature images-captured by photographers Paul Buckley, Bill Delaney, Gold & Goose, Dave Hawkins, and Ken Vreeke-that pay tribute to some of the greatest racers in our sport.\r\n\r\n“Dunlop has supported some of the most legendary racers in history, and this is a great opportunity to give back to the sport through the Road 2 Recovery Foundation” said Dunlop Vice President Mike Buckley. 19 x 26-inch',0.00,15,0,NULL),(16,'Rick Johnson','RJ-POST','Back in 2005 Dunlop Motorcycle Tires decided to offer a series of high-quality collector-edition Legends posters, with the net proceeds benefiting injured riders. Printed in black and white on heavy 19 x 26 inch art paper, these limited edition suitable-for-framing posters immortalizes legendary motorcycle racing champions: David Bailey, Yvon Duhamel, Broc Glover, Bob Hannah, Kent Howerton, Rick Johnson, Wayne Rainey, Kenny Roberts, Bubba Shobert, Jeff Ward, Bruce Ogilvie, Malcolm Smith, Doug Henry and Jeremy McGrath.\r\n\r\nProduced by Dunlop\'s advertising agency, Vreeke & Associates, these historic black-and-white posters feature images-captured by photographers Paul Buckley, Bill Delaney, Gold & Goose, Dave Hawkins, and Ken Vreeke-that pay tribute to some of the greatest racers in our sport.\r\n\r\n“Dunlop has supported some of the most legendary racers in history, and this is a great opportunity to give back to the sport through the Road 2 Recovery Foundation” said Dunlop Vice President Mike Buckley. 19 x 26-inch',NULL,NULL,1,1,'Select','',0.00,'Buy 1 ($29.95), Buy 2 ($24.95 ea),Buy  3 ($24.95 ea),Buy  4 ($24.95 ea),Buy  5 ($24.95 ea)','','poster-johnson.jpg','29.95, 49.90, 74.85, 99.80, 124.75',0.0000,1,1,'Back in 2005 Dunlop Motorcycle Tires decided to offer a series of high-quality collector-edition Legends posters, with the net proceeds benefiting injured riders. Printed in black and white on heavy 19 x 26 inch art paper, these limited edition suitable-for-framing posters immortalizes legendary motorcycle racing champions: David Bailey, Yvon Duhamel, Broc Glover, Bob Hannah, Kent Howerton, Rick Johnson, Wayne Rainey, Kenny Roberts, Bubba Shobert, Jeff Ward, Bruce Ogilvie, Malcolm Smith, Doug Henry and Jeremy McGrath.\r\n\r\nProduced by Dunlop\'s advertising agency, Vreeke & Associates, these historic black-and-white posters feature images-captured by photographers Paul Buckley, Bill Delaney, Gold & Goose, Dave Hawkins, and Ken Vreeke-that pay tribute to some of the greatest racers in our sport.\r\n\r\n“Dunlop has supported some of the most legendary racers in history, and this is a great opportunity to give back to the sport through the Road 2 Recovery Foundation” said Dunlop Vice President Mike Buckley. 19 x 26-inch',0.00,16,0,NULL),(17,'Bruce Ogilvie','BO-POST','Back in 2005 Dunlop Motorcycle Tires decided to offer a series of high-quality collector-edition Legends posters, with the net proceeds benefiting injured riders. Printed in black and white on heavy 19 x 26 inch art paper, these limited edition suitable-for-framing posters immortalizes legendary motorcycle racing champions: David Bailey, Yvon Duhamel, Broc Glover, Bob Hannah, Kent Howerton, Rick Johnson, Wayne Rainey, Kenny Roberts, Bubba Shobert, Jeff Ward, Bruce Ogilvie, Malcolm Smith, Doug Henry and Jeremy McGrath.\r\n\r\nProduced by Dunlop\'s advertising agency, Vreeke & Associates, these historic black-and-white posters feature images-captured by photographers Paul Buckley, Bill Delaney, Gold & Goose, Dave Hawkins, and Ken Vreeke-that pay tribute to some of the greatest racers in our sport.\r\n\r\n“Dunlop has supported some of the most legendary racers in history, and this is a great opportunity to give back to the sport through the Road 2 Recovery Foundation” said Dunlop Vice President Mike Buckley. 19 x 26-inch',NULL,NULL,1,1,'Select','',0.00,'Buy 1 ($29.95), Buy 2 ($24.95 ea),Buy  3 ($24.95 ea),Buy  4 ($24.95 ea),Buy  5 ($24.95 ea)','','poster-Ogilvie.jpg','29.95, 49.90, 74.85, 99.80, 124.75',0.0000,1,1,'Back in 2005 Dunlop Motorcycle Tires decided to offer a series of high-quality collector-edition Legends posters, with the net proceeds benefiting injured riders. Printed in black and white on heavy 19 x 26 inch art paper, these limited edition suitable-for-framing posters immortalizes legendary motorcycle racing champions: David Bailey, Yvon Duhamel, Broc Glover, Bob Hannah, Kent Howerton, Rick Johnson, Wayne Rainey, Kenny Roberts, Bubba Shobert, Jeff Ward, Bruce Ogilvie, Malcolm Smith, Doug Henry and Jeremy McGrath.\r\n\r\nProduced by Dunlop\'s advertising agency, Vreeke & Associates, these historic black-and-white posters feature images-captured by photographers Paul Buckley, Bill Delaney, Gold & Goose, Dave Hawkins, and Ken Vreeke-that pay tribute to some of the greatest racers in our sport.\r\n\r\n“Dunlop has supported some of the most legendary racers in history, and this is a great opportunity to give back to the sport through the Road 2 Recovery Foundation” said Dunlop Vice President Mike Buckley. 19 x 26-inch',0.00,17,0,NULL),(18,'Wayne Rainey','WR-POST','Back in 2005 Dunlop Motorcycle Tires decided to offer a series of high-quality collector-edition Legends posters, with the net proceeds benefiting injured riders. Printed in black and white on heavy 19 x 26 inch art paper, these limited edition suitable-for-framing posters immortalizes legendary motorcycle racing champions: David Bailey, Yvon Duhamel, Broc Glover, Bob Hannah, Kent Howerton, Rick Johnson, Wayne Rainey, Kenny Roberts, Bubba Shobert, Jeff Ward, Bruce Ogilvie, Malcolm Smith, Doug Henry and Jeremy McGrath.\r\n\r\nProduced by Dunlop\'s advertising agency, Vreeke & Associates, these historic black-and-white posters feature images-captured by photographers Paul Buckley, Bill Delaney, Gold & Goose, Dave Hawkins, and Ken Vreeke-that pay tribute to some of the greatest racers in our sport.\r\n\r\n“Dunlop has supported some of the most legendary racers in history, and this is a great opportunity to give back to the sport through the Road 2 Recovery Foundation” said Dunlop Vice President Mike Buckley. 19 x 26-inch',NULL,NULL,1,1,'Select','',0.00,'Buy 1 ($29.95), Buy 2 ($24.95 ea),Buy  3 ($24.95 ea),Buy  4 ($24.95 ea),Buy  5 ($24.95 ea)','','poster-rainey.jpg','29.95, 49.90, 74.85, 99.80, 124.75',0.0000,1,1,'Back in 2005 Dunlop Motorcycle Tires decided to offer a series of high-quality collector-edition Legends posters, with the net proceeds benefiting injured riders. Printed in black and white on heavy 19 x 26 inch art paper, these limited edition suitable-for-framing posters immortalizes legendary motorcycle racing champions: David Bailey, Yvon Duhamel, Broc Glover, Bob Hannah, Kent Howerton, Rick Johnson, Wayne Rainey, Kenny Roberts, Bubba Shobert, Jeff Ward, Bruce Ogilvie, Malcolm Smith, Doug Henry and Jeremy McGrath.\r\n\r\nProduced by Dunlop\'s advertising agency, Vreeke & Associates, these historic black-and-white posters feature images-captured by photographers Paul Buckley, Bill Delaney, Gold & Goose, Dave Hawkins, and Ken Vreeke-that pay tribute to some of the greatest racers in our sport.\r\n\r\n“Dunlop has supported some of the most legendary racers in history, and this is a great opportunity to give back to the sport through the Road 2 Recovery Foundation” said Dunlop Vice President Mike Buckley. 19 x 26-inch',0.00,18,0,NULL),(19,'Kenny Roberts','KR-POST','Back in 2005 Dunlop Motorcycle Tires decided to offer a series of high-quality collector-edition Legends posters, with the net proceeds benefiting injured riders. Printed in black and white on heavy 19 x 26 inch art paper, these limited edition suitable-for-framing posters immortalizes legendary motorcycle racing champions: David Bailey, Yvon Duhamel, Broc Glover, Bob Hannah, Kent Howerton, Rick Johnson, Wayne Rainey, Kenny Roberts, Bubba Shobert, Jeff Ward, Bruce Ogilvie, Malcolm Smith, Doug Henry and Jeremy McGrath.\r\n\r\nProduced by Dunlop\'s advertising agency, Vreeke & Associates, these historic black-and-white posters feature images-captured by photographers Paul Buckley, Bill Delaney, Gold & Goose, Dave Hawkins, and Ken Vreeke-that pay tribute to some of the greatest racers in our sport.\r\n\r\n“Dunlop has supported some of the most legendary racers in history, and this is a great opportunity to give back to the sport through the Road 2 Recovery Foundation” said Dunlop Vice President Mike Buckley. 19 x 26-inch',NULL,NULL,1,1,'Select','',0.00,'Buy 1 ($29.95), Buy 2 ($24.95 ea),Buy  3 ($24.95 ea),Buy  4 ($24.95 ea),Buy  5 ($24.95 ea)','','poster-roberts.jpg','29.95, 49.90, 74.85, 99.80, 124.75',0.0000,1,1,'Back in 2005 Dunlop Motorcycle Tires decided to offer a series of high-quality collector-edition Legends posters, with the net proceeds benefiting injured riders. Printed in black and white on heavy 19 x 26 inch art paper, these limited edition suitable-for-framing posters immortalizes legendary motorcycle racing champions: David Bailey, Yvon Duhamel, Broc Glover, Bob Hannah, Kent Howerton, Rick Johnson, Wayne Rainey, Kenny Roberts, Bubba Shobert, Jeff Ward, Bruce Ogilvie, Malcolm Smith, Doug Henry and Jeremy McGrath.\r\n\r\nProduced by Dunlop\'s advertising agency, Vreeke & Associates, these historic black-and-white posters feature images-captured by photographers Paul Buckley, Bill Delaney, Gold & Goose, Dave Hawkins, and Ken Vreeke-that pay tribute to some of the greatest racers in our sport.\r\n\r\n“Dunlop has supported some of the most legendary racers in history, and this is a great opportunity to give back to the sport through the Road 2 Recovery Foundation” said Dunlop Vice President Mike Buckley. 19 x 26-inch',0.00,19,0,NULL),(20,'Bubba Shobert','BS-POST','Back in 2005 Dunlop Motorcycle Tires decided to offer a series of high-quality collector-edition Legends posters, with the net proceeds benefiting injured riders. Printed in black and white on heavy 19 x 26 inch art paper, these limited edition suitable-for-framing posters immortalizes legendary motorcycle racing champions: David Bailey, Yvon Duhamel, Broc Glover, Bob Hannah, Kent Howerton, Rick Johnson, Wayne Rainey, Kenny Roberts, Bubba Shobert, Jeff Ward, Bruce Ogilvie, Malcolm Smith, Doug Henry and Jeremy McGrath.\r\n\r\nProduced by Dunlop\'s advertising agency, Vreeke & Associates, these historic black-and-white posters feature images-captured by photographers Paul Buckley, Bill Delaney, Gold & Goose, Dave Hawkins, and Ken Vreeke-that pay tribute to some of the greatest racers in our sport.\r\n\r\n“Dunlop has supported some of the most legendary racers in history, and this is a great opportunity to give back to the sport through the Road 2 Recovery Foundation” said Dunlop Vice President Mike Buckley. 19 x 26-inch',NULL,NULL,1,1,'Select','',0.00,'Buy 1 ($29.95), Buy 2 ($24.95 ea),Buy  3 ($24.95 ea),Buy  4 ($24.95 ea),Buy  5 ($24.95 ea)','','poster-shobert.jpg','29.95, 49.90, 74.85, 99.80, 124.75',0.0000,1,1,'Back in 2005 Dunlop Motorcycle Tires decided to offer a series of high-quality collector-edition Legends posters, with the net proceeds benefiting injured riders. Printed in black and white on heavy 19 x 26 inch art paper, these limited edition suitable-for-framing posters immortalizes legendary motorcycle racing champions: David Bailey, Yvon Duhamel, Broc Glover, Bob Hannah, Kent Howerton, Rick Johnson, Wayne Rainey, Kenny Roberts, Bubba Shobert, Jeff Ward, Bruce Ogilvie, Malcolm Smith, Doug Henry and Jeremy McGrath.\r\n\r\nProduced by Dunlop\'s advertising agency, Vreeke & Associates, these historic black-and-white posters feature images-captured by photographers Paul Buckley, Bill Delaney, Gold & Goose, Dave Hawkins, and Ken Vreeke-that pay tribute to some of the greatest racers in our sport.\r\n\r\n“Dunlop has supported some of the most legendary racers in history, and this is a great opportunity to give back to the sport through the Road 2 Recovery Foundation” said Dunlop Vice President Mike Buckley. 19 x 26-inch',0.00,20,0,NULL),(21,'Malcolm Smith','MS-POST','Back in 2005 Dunlop Motorcycle Tires decided to offer a series of high-quality collector-edition Legends posters, with the net proceeds benefiting injured riders. Printed in black and white on heavy 19 x 26 inch art paper, these limited edition suitable-for-framing posters immortalizes legendary motorcycle racing champions: David Bailey, Yvon Duhamel, Broc Glover, Bob Hannah, Kent Howerton, Rick Johnson, Wayne Rainey, Kenny Roberts, Bubba Shobert, Jeff Ward, Bruce Ogilvie, Malcolm Smith, Doug Henry and Jeremy McGrath.\r\n\r\nProduced by Dunlop\'s advertising agency, Vreeke & Associates, these historic black-and-white posters feature images-captured by photographers Paul Buckley, Bill Delaney, Gold & Goose, Dave Hawkins, and Ken Vreeke-that pay tribute to some of the greatest racers in our sport.\r\n\r\n“Dunlop has supported some of the most legendary racers in history, and this is a great opportunity to give back to the sport through the Road 2 Recovery Foundation” said Dunlop Vice President Mike Buckley. 19 x 26-inch',NULL,NULL,1,1,'Select','',0.00,'Buy 1 ($29.95), Buy 2 ($24.95 ea),Buy  3 ($24.95 ea),Buy  4 ($24.95 ea),Buy  5 ($24.95 ea)','','poster-smith.jpg','29.95, 49.90, 74.85, 99.80, 124.75',0.0000,1,1,'Back in 2005 Dunlop Motorcycle Tires decided to offer a series of high-quality collector-edition Legends posters, with the net proceeds benefiting injured riders. Printed in black and white on heavy 19 x 26 inch art paper, these limited edition suitable-for-framing posters immortalizes legendary motorcycle racing champions: David Bailey, Yvon Duhamel, Broc Glover, Bob Hannah, Kent Howerton, Rick Johnson, Wayne Rainey, Kenny Roberts, Bubba Shobert, Jeff Ward, Bruce Ogilvie, Malcolm Smith, Doug Henry and Jeremy McGrath.\r\n\r\nProduced by Dunlop\'s advertising agency, Vreeke & Associates, these historic black-and-white posters feature images-captured by photographers Paul Buckley, Bill Delaney, Gold & Goose, Dave Hawkins, and Ken Vreeke-that pay tribute to some of the greatest racers in our sport.\r\n\r\n“Dunlop has supported some of the most legendary racers in history, and this is a great opportunity to give back to the sport through the Road 2 Recovery Foundation” said Dunlop Vice President Mike Buckley. 19 x 26-inch',0.00,21,0,NULL),(22,'Jeff Ward Poster','JW-POST','Back in 2005 Dunlop Motorcycle Tires decided to offer a series of high-quality collector-edition Legends posters, with the net proceeds benefiting injured riders. Printed in black and white on heavy 19 x 26 inch art paper, these limited edition suitable-for-framing posters immortalizes legendary motorcycle racing champions: David Bailey, Yvon Duhamel, Broc Glover, Bob Hannah, Kent Howerton, Rick Johnson, Wayne Rainey, Kenny Roberts, Bubba Shobert, Jeff Ward, Bruce Ogilvie, Malcolm Smith, Doug Henry and Jeremy McGrath.\r\n\r\nProduced by Dunlop\'s advertising agency, Vreeke & Associates, these historic black-and-white posters feature images-captured by photographers Paul Buckley, Bill Delaney, Gold & Goose, Dave Hawkins, and Ken Vreeke-that pay tribute to some of the greatest racers in our sport.\r\n\r\n“Dunlop has supported some of the most legendary racers in history, and this is a great opportunity to give back to the sport through the Road 2 Recovery Foundation” said Dunlop Vice President Mike Buckley. 19 x 26-inch',NULL,NULL,1,1,'Select','',0.00,'Buy 1 ($29.95), Buy 2 ($24.95 ea),Buy  3 ($24.95 ea),Buy  4 ($24.95 ea),Buy  5 ($24.95 ea)','','poster-ward.jpg','29.95, 49.90, 74.85, 99.80, 124.75',0.0000,1,1,'Back in 2005 Dunlop Motorcycle Tires decided to offer a series of high-quality collector-edition Legends posters, with the net proceeds benefiting injured riders. Printed in black and white on heavy 19 x 26 inch art paper, these limited edition suitable-for-framing posters immortalizes legendary motorcycle racing champions: David Bailey, Yvon Duhamel, Broc Glover, Bob Hannah, Kent Howerton, Rick Johnson, Wayne Rainey, Kenny Roberts, Bubba Shobert, Jeff Ward, Bruce Ogilvie, Malcolm Smith, Doug Henry and Jeremy McGrath.\r\n\r\nProduced by Dunlop\'s advertising agency, Vreeke & Associates, these historic black-and-white posters feature images-captured by photographers Paul Buckley, Bill Delaney, Gold & Goose, Dave Hawkins, and Ken Vreeke-that pay tribute to some of the greatest racers in our sport.\r\n\r\n“Dunlop has supported some of the most legendary racers in history, and this is a great opportunity to give back to the sport through the Road 2 Recovery Foundation” said Dunlop Vice President Mike Buckley. 19 x 26-inch',0.00,22,0,NULL),(23,'Miles for Miracles Official Riding Gear','M4MGEAR','Miles for Miracles Official PEARL iZUMi Pro Series Cycling Gear. Set includes 1 Custom Jersey and  1 Bib Shorts. $350 each ',NULL,NULL,1,1,'','Size',350.00,'','Small, Medium, Large, X-Large','m4m_izumi_set-shirt.jpg','',0.0000,1,1,'Miles for Miracles Official PEARL iZUMi Pro Series Cycling Gear. Set includes 1 Custom Jersey and  1 Bib Shorts. $350 each \r\n<br><br>\r\n<img src=\"Images/m4m_izumi_set-bib.jpg\">',0.00,23,0,NULL),(28,'Jeff Stanton Poster','JS-POST','Back in 2005 Dunlop Motorcycle Tires decided to offer a series of high-quality collector-edition Legends posters, with the net proceeds benefiting injured riders. Printed in black and white on heavy 19 x 26 inch art paper, these limited edition suitable-for-framing posters immortalizes legendary motorcycle racing champions: David Bailey, Yvon Duhamel, Broc Glover, Bob Hannah, Kent Howerton, Rick Johnson, Wayne Rainey, Kenny Roberts, Bubba Shobert, Jeff Ward, Bruce Ogilvie, Malcolm Smith, Doug Henry and Jeremy McGrath. Produced by Dunlop\'s advertising agency, Vreeke & Associates, these historic black-and-white posters feature images—captured by photographers Paul Buckley, Bill Delaney, Gold & Goose, Dave Hawkins, and Ken Vreeke—that pay tribute to some of the greatest racers in our sport. \"Dunlop has supported some of the most legendary racers in history, and this is a great opportunity to give back to the sport through the Road 2 Recovery Foundation\" said Dunlop Vice President Mike Buckley.',NULL,NULL,1,1,'Select','',0.00,'Buy 1 ($29.95), Buy 2 ($24.95 ea),Buy  3 ($24.95 ea),Buy  4 ($24.95 ea),Buy  5 ($24.95 ea)','','poster-jeff_stanton.jpg','29.95, 49.90, 74.85, 99.80, 124.75',0.0000,1,1,'Back in 2005 Dunlop Motorcycle Tires decided to offer a series of high-quality collector-edition Legends posters, with the net proceeds benefiting injured riders. Printed in black and white on heavy 19 x 26 inch art paper, these limited edition suitable-for-framing posters immortalizes legendary motorcycle racing champions: David Bailey, Yvon Duhamel, Broc Glover, Bob Hannah, Kent Howerton, Rick Johnson, Wayne Rainey, Kenny Roberts, Bubba Shobert, Jeff Ward, Bruce Ogilvie, Malcolm Smith, Doug Henry and Jeremy McGrath. Produced by Dunlop\'s advertising agency, Vreeke & Associates, these historic black-and-white posters feature images—captured by photographers Paul Buckley, Bill Delaney, Gold & Goose, Dave Hawkins, and Ken Vreeke—that pay tribute to some of the greatest racers in our sport. \"Dunlop has supported some of the most legendary racers in history, and this is a great opportunity to give back to the sport through the Road 2 Recovery Foundation\" said Dunlop Vice President Mike Buckley. <br><br>\r\n\r\nFor 2011, Dunlop as added the legendary Jeff Stanton to the Legends collection of posters. Photographed by Paul Buckley at Daytona in 1989—the first of Stanton’s four consecutive Daytona wins—this poster recognizes Stanton as one of the greatest motocross racers of all time. \r\n',0.00,28,0,NULL),(32,'Toyota Escondido Supercross R2R Tee','TER2R','Toyota Escondido Supercross Tee with Road 2 Recovery Logo',NULL,NULL,1,1,'','Select Size',10.00,'','S, M, L, XL','ToyotaEscondidoR2R.jpg','',0.0000,1,1,'<center>Toyota Escondido Supercross Tee with Road 2 Recovery Logo</center>\r\n\r\n<p><center><img src=\"/Images/ToyotaEscondidoR2R-front.jpg\">\r\n</center></p>',0.00,32,0,NULL);

--
-- Table structure for table `Sale`
--

CREATE TABLE `Sale` (
  `ID` int(11) NOT NULL AUTO_INCREMENT,
  `productID` int(11) NOT NULL DEFAULT '0',
  `quantity` int(11) NOT NULL DEFAULT '0',
  `name` varchar(60) DEFAULT NULL,
  `sku` varchar(30) DEFAULT NULL,
  `price` double(8,2) NOT NULL DEFAULT '0.00',
  `label1` varchar(50) DEFAULT NULL,
  `label2` varchar(50) DEFAULT NULL,
  `invoiceID` int(11) NOT NULL DEFAULT '0',
  `notax` smallint(6) DEFAULT NULL,
  PRIMARY KEY (`ID`),
  KEY `ID` (`ID`)
) ENGINE=MyISAM AUTO_INCREMENT=765 DEFAULT CHARSET=latin1;

--
-- Dumping data for table `Sale`
--

INSERT INTO `Sale` VALUES (1,2,1,'Ernesto Fonseca Recovery Bracelets','0',5.00,'','',1,NULL),(2,2,1,'Ernesto Fonseca Recovery Bracelets','0',5.00,'','',2,NULL),(3,2,1,'Ernesto Fonseca Recovery Bracelets','0',5.00,'','',3,NULL),(4,3,1,'Road 2 Recovery T-Shirt','0',15.00,'',' XL',4,NULL),(5,2,1,'Ernesto Fonseca Recovery Bracelets','0',5.00,'','',5,NULL),(6,1,1,'Road 2 Recovery Bracelets','0',1.00,'','',5,NULL),(7,1,1,'Road 2 Recovery Bracelets','0',1.00,'','',6,NULL),(8,1,1,'Road 2 Recovery Bracelets','0',1.00,'','',7,NULL),(9,2,2,'Ernesto Fonseca Recovery Bracelets','0',5.00,'','',8,NULL),(10,4,4,'Doug Henry Support Bracelet','0',5.00,'','',8,NULL),(11,1,1,'Road 2 Recovery Bracelets','0',1.00,'','',8,NULL),(12,1,3,'Road 2 Recovery Bracelets','0',1.00,'','',9,NULL),(13,4,3,'Doug Henry Support Bracelet','0',5.00,'','',9,NULL),(14,4,2,'Doug Henry Support Bracelet','0',5.00,'','',10,NULL),(15,4,1,'Doug Henry Support Bracelet','0',5.00,'','',11,NULL),(16,4,4,'Doug Henry Support Bracelet','0',5.00,'','',12,NULL),(17,4,2,'Doug Henry Support Bracelet','0',5.00,'','',13,NULL),(18,4,3,'Doug Henry Support Bracelet','0',5.00,'','',14,NULL),(19,2,3,'Ernesto Fonseca Recovery Bracelets','0',5.00,'','',14,NULL),(20,1,4,'Road 2 Recovery Bracelets','0',1.00,'','',14,NULL),(21,4,1,'Doug Henry Support Bracelet','0',5.00,'','',15,NULL),(22,4,2,'Doug Henry Support Bracelet','0',5.00,'','',16,NULL),(23,3,1,'Road 2 Recovery T-Shirt','0',15.00,'',' L',17,NULL),(24,3,1,'Road 2 Recovery T-Shirt','0',15.00,'',' M',17,NULL),(25,4,1,'Doug Henry Support Bracelet','0',5.00,'','',17,NULL),(26,4,2,'Doug Henry Support Bracelet','0',5.00,'','',18,NULL),(27,4,4,'Doug Henry Support Bracelet','0',5.00,'','',19,NULL),(28,4,3,'Doug Henry Support Bracelet','0',5.00,'','',20,NULL),(29,4,1,'Doug Henry Support Bracelet','0',5.00,'','',21,NULL),(30,4,1,'Doug Henry Support Bracelet','0',5.00,'','',22,NULL),(31,4,3,'Doug Henry Support Bracelet','0',5.00,'','',23,NULL),(32,4,4,'Doug Henry Support Bracelet','0',5.00,'','',24,NULL),(33,4,2,'Doug Henry Support Bracelet','0',5.00,'','',25,NULL),(34,4,4,'Doug Henry Support Bracelet','0',5.00,'','',26,NULL),(35,4,1,'Doug Henry Support Bracelet','0',5.00,'','',28,NULL),(36,4,1,'Doug Henry Support Bracelet','0',5.00,'','',29,NULL),(37,1,1,'Road 2 Recovery Bracelets','0',1.00,'','',29,NULL),(38,4,1,'Doug Henry Support Bracelet','0',5.00,'','',30,NULL),(39,3,1,'Road 2 Recovery T-Shirt','0',15.00,'',' XL',31,NULL),(40,4,1,'Doug Henry Support Bracelet','0',5.00,'','',31,NULL),(41,2,1,'Ernesto Fonseca Recovery Bracelets','0',5.00,'','',31,NULL),(42,4,1,'Doug Henry Support Bracelet','0',5.00,'','',32,NULL),(43,4,1,'Doug Henry Support Bracelet','0',5.00,'','',33,NULL),(44,4,1,'Doug Henry Support Bracelet','0',5.00,'','',34,NULL),(45,2,1,'Ernesto Fonseca Recovery Bracelets','0',5.00,'','',34,NULL),(46,1,1,'Road 2 Recovery Bracelets','0',1.00,'','',34,NULL),(47,4,1,'Doug Henry Support Bracelet','0',5.00,'','',35,NULL),(48,4,10,'Doug Henry Support Bracelet','0',5.00,'','',36,NULL),(49,4,1,'Doug Henry Support Bracelet','0',5.00,'','',37,NULL),(50,4,1,'Doug Henry Support Bracelet','0',5.00,'','',38,NULL),(51,4,2,'Doug Henry Support Bracelet','0',5.00,'','',39,NULL),(52,4,4,'Doug Henry Support Bracelet','0',5.00,'','',40,NULL),(53,4,4,'Doug Henry Support Bracelet','0',5.00,'','',41,NULL),(54,2,1,'Ernesto Fonseca Recovery Bracelets','0',5.00,'','',42,NULL),(55,4,2,'Doug Henry Support Bracelet','0',5.00,'','',42,NULL),(56,4,1,'Doug Henry Support Bracelet','0',5.00,'','',43,NULL),(57,2,1,'Ernesto Fonseca Recovery Bracelets','0',5.00,'','',43,NULL),(58,1,1,'Road 2 Recovery Bracelets','0',1.00,'','',43,NULL),(59,3,1,'Road 2 Recovery T-Shirt','0',15.00,'','YM',44,NULL),(60,3,1,'Road 2 Recovery T-Shirt','0',15.00,'',' XXL',44,NULL),(61,3,1,'Road 2 Recovery T-Shirt','0',15.00,'',' L',44,NULL),(62,2,2,'Ernesto Fonseca Recovery Bracelets','0',5.00,'','',45,NULL),(63,4,1,'Doug Henry Support Bracelet','0',5.00,'','',46,NULL),(64,4,1,'Doug Henry Support Bracelet','0',5.00,'','',47,NULL),(65,4,1,'Doug Henry Support Bracelet','0',5.00,'','',48,NULL),(66,4,5,'Doug Henry Support Bracelet','0',5.00,'','',49,NULL),(67,1,5,'Road 2 Recovery Bracelets','0',1.00,'','',49,NULL),(68,2,2,'Ernesto Fonseca Recovery Bracelets','0',5.00,'','',50,NULL),(69,2,1,'Ernesto Fonseca Recovery Bracelets','0',5.00,'','',51,NULL),(70,4,3,'Doug Henry Support Bracelet','0',5.00,'','',51,NULL),(71,4,1,'Doug Henry Support Bracelet','0',5.00,'','',52,NULL),(75,4,1,'Doug Henry Support Bracelet','0',5.00,'','',56,NULL),(73,4,1,'Doug Henry Support Bracelet','0',5.00,'','',54,NULL),(74,4,2,'Doug Henry Support Bracelet','0',5.00,'','',55,NULL),(76,4,2,'Doug Henry Support Bracelet','0',5.00,'','',57,NULL),(77,2,2,'Ernesto Fonseca Recovery Bracelets','0',5.00,'','',57,NULL),(78,1,2,'Road 2 Recovery Bracelets','0',1.00,'','',57,NULL),(79,4,1,'Doug Henry Support Bracelet','0',5.00,'','',58,NULL),(80,1,1,'Road 2 Recovery Bracelets','0',1.00,'','',58,NULL),(81,4,3,'Doug Henry Support Bracelet','0',5.00,'','',59,NULL),(82,2,3,'Ernesto Fonseca Recovery Bracelets','0',5.00,'','',59,NULL),(83,5,3,'James Marshall Support Bracelet','0',5.00,'','',59,NULL),(84,4,1,'Doug Henry Support Bracelet','0',5.00,'','',60,NULL),(85,2,1,'Ernesto Fonseca Recovery Bracelets','0',5.00,'','',60,NULL),(86,1,1,'Road 2 Recovery Bracelets','0',1.00,'','',60,NULL),(87,5,1,'James Marshall Support Bracelet','0',5.00,'','',60,NULL),(88,4,2,'Doug Henry Support Bracelet','0',5.00,'','',61,NULL),(89,1,5,'Road 2 Recovery Bracelets','0',1.00,'','',62,NULL),(90,3,1,'Road 2 Recovery T-Shirt','0',15.00,' XL',' Black',63,NULL),(91,4,2,'Doug Henry Support Bracelet','0',5.00,'','',63,NULL),(92,4,1,'Doug Henry Support Bracelet','0',5.00,'','',64,NULL),(98,4,1,'Doug Henry Support Bracelet','0',5.00,'','',68,NULL),(97,2,2,'Ernesto Fonseca Recovery Bracelets','0',5.00,'','',67,NULL),(95,4,2,'Doug Henry Support Bracelet','0',5.00,'','',66,NULL),(96,2,2,'Ernesto Fonseca Recovery Bracelets','0',5.00,'','',66,NULL),(99,4,3,'Doug Henry Support Bracelet','0',5.00,'','',69,NULL),(100,4,4,'Doug Henry Support Bracelet','0',5.00,'','',70,NULL),(101,4,2,'Doug Henry Support Bracelet','0',5.00,'','',71,NULL),(102,2,2,'Ernesto Fonseca Recovery Bracelets','0',5.00,'','',72,NULL),(103,2,1,'Ernesto Fonseca Recovery Bracelets','0',5.00,'','',73,NULL),(104,1,1,'Road 2 Recovery Bracelets','0',2.00,'','',73,NULL),(105,5,1,'James Marshall Support Bracelet','0',5.00,'','',74,NULL),(106,4,1,'Doug Henry Support Bracelet','0',5.00,'','',74,NULL),(107,5,1,'James Marshall Support Bracelet','0',5.00,'','',75,NULL),(108,4,2,'Doug Henry Support Bracelet','0',5.00,'','',76,NULL),(109,2,2,'Ernesto Fonseca Recovery Bracelets','0',5.00,'','',76,NULL),(110,5,1,'James Marshall Support Bracelet','0',5.00,'','',77,NULL),(111,4,1,'Doug Henry Support Bracelet','0',5.00,'','',78,NULL),(112,4,1,'Doug Henry Support Bracelet','0',5.00,'','',79,NULL),(113,2,1,'Ernesto Fonseca Recovery Bracelets','0',5.00,'','',80,NULL),(114,4,1,'Doug Henry Support Bracelet','0',5.00,'','',81,NULL),(260,4,2,'Doug Henry Support Bracelet','0',5.00,'','',206,NULL),(259,1,1,'Road 2 Recovery Bracelets','0',2.00,'','',205,NULL),(258,5,1,'James Marshall Support Bracelet','0',5.00,'','',204,NULL),(118,4,1,'Doug Henry Support Bracelet','0',5.00,'','',83,NULL),(119,2,1,'Ernesto Fonseca Recovery Bracelets','0',5.00,'','',83,NULL),(120,4,2,'Doug Henry Support Bracelet','0',5.00,'','',84,NULL),(121,2,1,'Ernesto Fonseca Recovery Bracelets','0',5.00,'','',84,NULL),(122,4,1,'Doug Henry Support Bracelet','0',5.00,'','',85,NULL),(123,2,1,'Ernesto Fonseca Recovery Bracelets','0',5.00,'','',85,NULL),(124,2,1,'Ernesto Fonseca Recovery Bracelets','0',5.00,'','',86,NULL),(125,4,1,'Doug Henry Support Bracelet','0',5.00,'','',87,NULL),(126,2,1,'Ernesto Fonseca Recovery Bracelets','0',5.00,'','',88,NULL),(127,5,1,'James Marshall Support Bracelet','0',5.00,'','',89,NULL),(128,4,1,'Doug Henry Support Bracelet','0',5.00,'','',89,NULL),(129,2,1,'Ernesto Fonseca Recovery Bracelets','0',5.00,'','',89,NULL),(130,1,1,'Road 2 Recovery Bracelets','0',2.00,'','',89,NULL),(131,4,1,'Doug Henry Support Bracelet','0',5.00,'','',90,NULL),(132,1,1,'Road 2 Recovery Bracelets','0',2.00,'','',91,NULL),(133,4,1,'Doug Henry Support Bracelet','0',5.00,'','',92,NULL),(134,4,1,'Doug Henry Support Bracelet','0',5.00,'','',93,NULL),(135,4,1,'Doug Henry Support Bracelet','0',5.00,'','',94,NULL),(136,4,10,'Doug Henry Support Bracelet','0',5.00,'','',95,NULL),(137,2,1,'Ernesto Fonseca Recovery Bracelets','0',5.00,'','',96,NULL),(138,4,1,'Doug Henry Support Bracelet','0',5.00,'','',97,NULL),(139,4,3,'Doug Henry Support Bracelet','0',5.00,'','',98,NULL),(140,4,1,'Doug Henry Support Bracelet','0',5.00,'','',99,NULL),(141,4,2,'Doug Henry Support Bracelet','0',5.00,'','',100,NULL),(142,4,1,'Doug Henry Support Bracelet','0',5.00,'','',101,NULL),(143,7,1,'Doug Henry Legends Poster','DHP1',29.95,'Just 1','',102,NULL),(144,4,1,'Doug Henry Support Bracelet','0',5.00,'','',102,NULL),(145,4,4,'Doug Henry Support Bracelet','0',5.00,'','',103,NULL),(146,5,2,'James Marshall Support Bracelet','0',5.00,'','',104,NULL),(147,7,1,'Doug Henry Legends Poster','DHP1',29.95,'Just 1','',105,NULL),(148,4,1,'Doug Henry Support Bracelet','0',5.00,'','',106,NULL),(149,7,1,'Doug Henry Legends Poster','DHP1',29.95,'Just 1','',107,NULL),(150,4,2,'Doug Henry Support Bracelet','0',5.00,'','',108,NULL),(151,7,4,' Personally Autographed Doug Henry Legends Poster','DHP1',24.95,' More than 1','',109,NULL),(152,7,1,' Personally Autographed Doug Henry Legends Poster','DHP1',29.95,'Just 1','',110,NULL),(153,7,1,' Personally Autographed Doug Henry Legends Poster','DHP1',29.95,'Just 1','',111,NULL),(154,1,1,'Road 2 Recovery Bracelets','0',2.00,'','',111,NULL),(155,7,1,' Personally Autographed Doug Henry Legends Poster','DHP1',29.95,'Just 1','',112,NULL),(156,7,1,' Personally Autographed Doug Henry Legends Poster','DHP1',29.95,'Just 1','',113,NULL),(157,7,1,' Personally Autographed Doug Henry Legends Poster','DHP1',29.95,'Just 1','',114,NULL),(158,7,2,' Personally Autographed Doug Henry Legends Poster','DHP1',24.95,' More than 1','',115,NULL),(159,7,1,' Personally Autographed Doug Henry Legends Poster','DHP1',29.95,'Just 1','',116,NULL),(160,7,1,' Personally Autographed Doug Henry Legends Poster','DHP1',29.95,'Just 1','',117,NULL),(161,7,1,' Personally Autographed Doug Henry Legends Poster','DHP1',29.95,'Just 1','',118,NULL),(162,7,1,' Personally Autographed Doug Henry Legends Poster','DHP1',29.95,'Just 1','',119,NULL),(163,7,2,' Personally Autographed Doug Henry Legends Poster','DHP1',29.95,'Just 1','',120,NULL),(164,7,1,' Personally Autographed Doug Henry Legends Poster','DHP1',29.95,'Just 1','',121,NULL),(165,7,1,' Personally Autographed Doug Henry Legends Poster','DHP1',29.95,'Just 1','',122,NULL),(166,7,1,' Personally Autographed Doug Henry Legends Poster','DHP1',29.95,'Just 1','',123,NULL),(167,7,1,' Personally Autographed Doug Henry Legends Poster','DHP1',29.95,'Just 1','',124,NULL),(168,7,1,' Personally Autographed Doug Henry Legends Poster','DHP1',29.95,'Just 1','',125,NULL),(169,7,2,' Personally Autographed Doug Henry Legends Poster','DHP1',24.95,' More than 1','',126,NULL),(170,7,1,' Personally Autographed Doug Henry Legends Poster','DHP1',29.95,'Just 1','',127,NULL),(171,7,1,' Personally Autographed Doug Henry Legends Poster','DHP1',29.95,'Just 1','',128,NULL),(172,7,1,' Personally Autographed Doug Henry Legends Poster','DHP1',29.95,'Just 1','',129,NULL),(173,7,1,' Personally Autographed Doug Henry Legends Poster','DHP1',29.95,'Just 1','',130,NULL),(174,7,1,' Personally Autographed Doug Henry Legends Poster','DHP1',29.95,'Just 1','',131,NULL),(175,7,2,' Personally Autographed Doug Henry Legends Poster','DHP1',24.95,' More than 1','',132,NULL),(176,7,1,' Personally Autographed Doug Henry Legends Poster','DHP1',29.95,'Just 1','',133,NULL),(177,7,2,' Personally Autographed Doug Henry Legends Poster','DHP1',24.95,' More than 1','',134,NULL),(178,7,1,' Personally Autographed Doug Henry Legends Poster','DHP1',29.95,'Just 1','',135,NULL),(179,7,1,' Personally Autographed Doug Henry Legends Poster','DHP1',29.95,'Just 1','',136,NULL),(180,7,1,' Personally Autographed Doug Henry Legends Poster','DHP1',29.95,'Just 1','',137,NULL),(181,7,1,' Personally Autographed Doug Henry Legends Poster','DHP1',24.95,' More than 1','',138,NULL),(182,7,1,' Personally Autographed Doug Henry Legends Poster','DHP1',29.95,'Just 1','',139,NULL),(183,7,1,' Personally Autographed Doug Henry Legends Poster','DHP1',24.95,' More than 1','',140,NULL),(184,7,1,' Personally Autographed Doug Henry Legends Poster','DHP1',29.95,'Just 1','',141,NULL),(185,7,1,' Personally Autographed Doug Henry Legends Poster','DHP1',29.95,'Just 1','',142,NULL),(186,7,1,' Personally Autographed Doug Henry Legends Poster','DHP1',29.95,'Just 1','',143,NULL),(187,7,1,' Personally Autographed Doug Henry Legends Poster','DHP1',29.95,'Just 1','',144,NULL),(188,7,1,' Personally Autographed Doug Henry Legends Poster','DHP1',29.95,'Just 1','',145,NULL),(189,7,3,' Personally Autographed Doug Henry Legends Poster','DHP1',24.95,' More than 1','',146,NULL),(190,7,1,' Personally Autographed Doug Henry Legends Poster','DHP1',29.95,'Just 1','',147,NULL),(191,7,1,' Personally Autographed Doug Henry Legends Poster','DHP1',29.95,'Just 1','',148,NULL),(273,4,1,'Doug Henry Support Bracelet','0',5.00,'','',215,NULL),(193,4,2,'Doug Henry Support Bracelet','0',5.00,'','',150,NULL),(194,7,2,' Personally Autographed Doug Henry Legends Poster','DHP1',24.95,' More than 1','',150,NULL),(195,7,2,' Personally Autographed Doug Henry Legends Poster','DHP1',24.95,' More than 1','',151,NULL),(196,7,1,' Personally Autographed Doug Henry Legends Poster','DHP1',29.95,'Just 1','',152,NULL),(197,7,1,' Personally Autographed Doug Henry Legends Poster','DHP1',29.95,'Just 1','',153,NULL),(198,7,1,' Personally Autographed Doug Henry Legends Poster','DHP1',29.95,'Just 1','',154,NULL),(199,7,1,' Personally Autographed Doug Henry Legends Poster','DHP1',29.95,'Just 1','',155,NULL),(200,7,1,' Personally Autographed Doug Henry Legends Poster','DHP1',29.95,'Just 1','',156,NULL),(201,7,1,' Personally Autographed Doug Henry Legends Poster','DHP1',29.95,'Just 1','',157,NULL),(202,7,3,' Personally Autographed Doug Henry Legends Poster','DHP1',24.95,' More than 1','',158,NULL),(203,6,1,'Road 2 Recovery T-Shirt  - Black','T-Shirtblk',15.00,' L','',159,NULL),(204,7,1,' Personally Autographed Doug Henry Legends Poster','DHP1',29.95,'Just 1','',159,NULL),(205,7,1,' Personally Autographed Doug Henry Legends Poster','DHP1',29.95,'Just 1','',160,NULL),(206,7,1,' Personally Autographed Doug Henry Legends Poster','DHP1',29.95,'Just 1','',161,NULL),(207,7,2,' Personally Autographed Doug Henry Legends Poster','DHP1',24.95,' More than 1','',162,NULL),(208,7,1,' Personally Autographed Doug Henry Legends Poster','DHP1',29.95,'Just 1','',163,NULL),(209,3,1,'Road 2 Recovery T-Shirt - White','T-Shirtwht',15.00,' XL','White',164,NULL),(210,1,1,'Road 2 Recovery Bracelets','0',2.00,'','',164,NULL),(211,7,1,' Personally Autographed Doug Henry Legends Poster','DHP1',29.95,'Just 1','',164,NULL),(212,7,1,' Personally Autographed Doug Henry Legends Poster','DHP1',29.95,'Just 1','',165,NULL),(213,7,1,' Personally Autographed Doug Henry Legends Poster','DHP1',29.95,'Just 1','',166,NULL),(214,7,1,' Personally Autographed Doug Henry Legends Poster','DHP1',29.95,'Just 1','',167,NULL),(215,7,1,' Personally Autographed Doug Henry Legends Poster','DHP1',29.95,'Just 1','',168,NULL),(216,7,1,' Personally Autographed Doug Henry Legends Poster','DHP1',29.95,'Just 1','',169,NULL),(217,7,2,' Personally Autographed Doug Henry Legends Poster','DHP1',24.95,' More than 1','',170,NULL),(218,7,2,' Personally Autographed Doug Henry Legends Poster','DHP1',24.95,' More than 1','',171,NULL),(219,7,1,' Personally Autographed Doug Henry Legends Poster','DHP1',29.95,'Just 1','',172,NULL),(220,7,1,' Personally Autographed Doug Henry Legends Poster','DHP1',29.95,'Just 1','',173,NULL),(221,7,1,' Personally Autographed Doug Henry Legends Poster','DHP1',29.95,'Just 1','',174,NULL),(222,7,1,' Personally Autographed Doug Henry Legends Poster','DHP1',29.95,'Just 1','',175,NULL),(223,7,1,' Personally Autographed Doug Henry Legends Poster','DHP1',29.95,'Just 1','',176,NULL),(224,7,1,' Personally Autographed Doug Henry Legends Poster','DHP1',29.95,'Just 1','',177,NULL),(225,7,2,' Personally Autographed Doug Henry Legends Poster','DHP1',24.95,' More than 1','',178,NULL),(272,4,1,'Doug Henry Support Bracelet','0',5.00,'','',214,NULL),(227,7,1,' Personally Autographed Doug Henry Legends Poster','DHP1',29.95,'Just 1','',180,NULL),(228,7,1,' Personally Autographed Doug Henry Legends Poster','DHP1',29.95,'Just 1','',181,NULL),(229,2,1,'Ernesto Fonseca Recovery Bracelets','0',5.00,'','',182,NULL),(230,4,1,'Doug Henry Support Bracelet','0',5.00,'','',182,NULL),(231,7,1,' Personally Autographed Doug Henry Legends Poster','DHP1',29.95,'Just 1','',183,NULL),(232,7,2,' Personally Autographed Doug Henry Legends Poster','DHP1',24.95,' More than 1','',184,NULL),(233,7,1,' Personally Autographed Doug Henry Legends Poster','DHP1',29.95,'Just 1','',185,NULL),(234,7,1,' Personally Autographed Doug Henry Legends Poster','DHP1',29.95,'Just 1','',186,NULL),(235,7,1,' Personally Autographed Doug Henry Legends Poster','DHP1',29.95,'Just 1','',187,NULL),(236,7,1,' Personally Autographed Doug Henry Legends Poster','DHP1',29.95,'Just 1','',188,NULL),(237,7,2,' Personally Autographed Doug Henry Legends Poster','DHP1',24.95,' More than 1','',189,NULL),(238,7,2,' Personally Autographed Doug Henry Legends Poster','DHP1',24.95,' More than 1','',190,NULL),(239,7,1,' Personally Autographed Doug Henry Legends Poster','DHP1',29.95,'Just 1','',191,NULL),(240,4,1,'Doug Henry Support Bracelet','0',5.00,'','',191,NULL),(241,7,1,' Personally Autographed Doug Henry Legends Poster','DHP1',29.95,'Just 1','',192,NULL),(242,7,2,' Personally Autographed Doug Henry Legends Poster','DHP1',24.95,' More than 1','',193,NULL),(243,7,1,' Personally Autographed Doug Henry Legends Poster','DHP1',29.95,'Just 1','',194,NULL),(244,4,1,'Doug Henry Support Bracelet','0',5.00,'','',195,NULL),(245,7,1,' Personally Autographed Doug Henry Legends Poster','DHP1',29.95,'Just 1','',196,NULL),(246,4,1,'Doug Henry Support Bracelet','0',5.00,'','',197,NULL),(247,7,1,' Personally Autographed Doug Henry Legends Poster','DHP1',29.95,'Just 1','',197,NULL),(248,2,1,'Ernesto Fonseca Recovery Bracelets','0',5.00,'','',197,NULL),(249,7,1,' Personally Autographed Doug Henry Legends Poster','DHP1',29.95,'Just 1','',198,NULL),(250,1,1,'Road 2 Recovery Bracelets','0',2.00,'','',199,NULL),(251,6,1,'Road 2 Recovery T-Shirt  - Black','T-Shirtblk',15.00,' XXL','',199,NULL),(252,4,2,'Doug Henry Support Bracelet','0',5.00,'','',199,NULL),(253,2,3,'Ernesto Fonseca Recovery Bracelets','0',5.00,'','',200,NULL),(254,7,2,' Personally Autographed Doug Henry Legends Poster','DHP1',24.95,' More than 1','',200,NULL),(255,2,1,'Ernesto Fonseca Recovery Bracelets','0',5.00,'','',201,NULL),(256,7,1,' Personally Autographed Doug Henry Legends Poster','DHP1',29.95,'Just 1','',202,NULL),(257,7,1,' Personally Autographed Doug Henry Legends Poster','DHP1',29.95,'Just 1','',203,NULL),(261,7,1,' Personally Autographed Doug Henry Legends Poster','DHP1',29.95,'Just 1','',207,NULL),(262,4,2,'Doug Henry Support Bracelet','0',5.00,'','',207,NULL),(263,1,4,'Road 2 Recovery Bracelets','0',2.00,'','',208,NULL),(264,7,1,' Personally Autographed Doug Henry Legends Poster','DHP1',29.95,'Just 1','',209,NULL),(265,7,1,' Personally Autographed Doug Henry Legends Poster','DHP1',29.95,'Just 1','',210,NULL),(266,4,1,'Doug Henry Support Bracelet','0',5.00,'','',211,NULL),(267,2,1,'Ernesto Fonseca Recovery Bracelets','0',5.00,'','',211,NULL),(268,7,3,' Personally Autographed Doug Henry Legends Poster','DHP1',24.95,' More than 1','',211,NULL),(269,2,1,'Ernesto Fonseca Recovery Bracelets','0',5.00,'','',212,NULL),(270,4,4,'Doug Henry Support Bracelet','0',5.00,'','',212,NULL),(271,7,1,' Personally Autographed Doug Henry Legends Poster','DHP1',29.95,'Just 1','',213,NULL),(274,4,1,'Doug Henry Support Bracelet','0',5.00,'','',216,NULL),(275,4,1,'Doug Henry Support Bracelet','0',5.00,'','',217,NULL),(276,2,1,'Ernesto Fonseca Recovery Bracelets','0',5.00,'','',217,NULL),(277,1,1,'Road 2 Recovery Bracelets','0',2.00,'','',218,NULL),(278,2,1,'Ernesto Fonseca Recovery Bracelets','0',5.00,'','',219,NULL),(279,7,1,' Personally Autographed Doug Henry Legends Poster','DHP1',29.95,'Just 1','',220,NULL),(280,4,1,'Doug Henry Support Bracelet','0',5.00,'','',221,NULL),(281,1,1,'Road 2 Recovery Bracelets','0',2.00,'','',222,NULL),(282,7,2,' Personally Autographed Doug Henry Legends Poster','DHP1',24.95,' More than 1','',223,NULL),(283,2,1,'Ernesto Fonseca Recovery Bracelets','0',5.00,'','',224,NULL),(284,4,2,'Doug Henry Support Bracelet','0',5.00,'','',225,NULL),(285,1,2,'Road 2 Recovery Bracelets','0',2.00,'','',226,NULL),(286,4,2,'Doug Henry Support Bracelet','0',5.00,'','',227,NULL),(287,4,1,'Doug Henry Support Bracelet','0',5.00,'','',228,NULL),(288,2,2,'Ernesto Fonseca Recovery Bracelets','0',5.00,'','',229,NULL),(289,4,1,'Doug Henry Support Bracelet','0',5.00,'','',230,NULL),(290,7,1,' Personally Autographed Doug Henry Legends Poster','DHP1',29.95,'Just 1','',231,NULL),(291,1,1,'Road 2 Recovery Bracelets','0',2.00,'','',232,NULL),(292,4,1,'Doug Henry Support Bracelet','0',5.00,'','',232,NULL),(293,4,1,'Doug Henry Support Bracelet','0',5.00,'','',233,NULL),(294,2,1,'Ernesto Fonseca Recovery Bracelets','0',5.00,'','',233,NULL),(295,4,4,'Doug Henry Support Bracelet','0',5.00,'','',234,NULL),(296,7,2,' Personally Autographed Doug Henry Legends Poster','DHP1',24.95,' More than 1','',235,NULL),(297,4,2,'Doug Henry Support Bracelet','0',5.00,'','',236,NULL),(298,2,2,'Ernesto Fonseca Recovery Bracelets','0',5.00,'','',236,NULL),(299,7,1,' Personally Autographed Doug Henry Legends Poster','DHP1',29.95,'Just 1','',237,NULL),(300,7,2,' Personally Autographed Doug Henry Legends Poster','DHP1',24.95,' More than 1','',238,NULL),(301,7,1,' Personally Autographed Doug Henry Legends Poster','DHP1',29.95,'Just 1','',239,NULL),(302,1,1,'Road 2 Recovery Bracelets','0',2.00,'','',240,NULL),(303,4,2,'Doug Henry Support Bracelet','0',5.00,'','',241,NULL),(304,7,1,' Personally Autographed Doug Henry Legends Poster','DHP1',29.95,'Just 1','',242,NULL),(305,1,1,'Road 2 Recovery Bracelets','0',2.00,'','',243,NULL),(344,10,1,'Jeremy McGrath Legend Poster - Autographed','0',49.95,'Buy 1 ($49.95)','',279,NULL),(307,5,1,'James Marshall Support Bracelet','0',5.00,'','',245,NULL),(308,1,2,'Road 2 Recovery Bracelets','0',2.00,'','',246,NULL),(309,3,1,'Road 2 Recovery T-Shirt - White','T-Shirtwht',15.00,' S','White',246,NULL),(310,4,2,'Doug Henry Support Bracelet','0',5.00,'','',247,NULL),(311,7,1,' Personally Autographed Doug Henry Legends Poster','DHP1',29.95,'Just 1','',248,NULL),(312,7,1,' Personally Autographed Doug Henry Legends Poster','DHP1',29.95,'Just 1','',249,NULL),(313,10,1,'Jeremy McGrath Legend Poster - Autographed','0',44.95,'Buy 1 ($49.95)','',250,NULL),(314,10,1,'Jeremy McGrath Legend Poster - Autographed','0',44.95,'Buy 1 ($49.95)','',251,NULL),(315,10,1,'Jeremy McGrath Legend Poster - Autographed','0',44.95,'Buy 1 ($49.95)','',252,NULL),(316,10,1,'Jeremy McGrath Legend Poster - Autographed','0',44.95,'Buy 1 ($49.95)','',253,NULL),(326,10,1,'Jeremy McGrath Legend Poster - Autographed','0',89.90,' Buy 2 ($44.95 ea)','',265,NULL),(319,10,1,'Jeremy McGrath Legend Poster - Autographed','0',89.90,' Buy 2 ($44.95 ea)','',258,NULL),(320,5,1,'James Marshall Support Bracelet','0',5.00,'','',259,NULL),(321,10,1,'Jeremy McGrath Legend Poster - Autographed','0',44.95,'Buy 1 ($49.95)','',259,NULL),(322,10,1,'Jeremy McGrath Legend Poster - Autographed','0',44.95,'Buy 1 ($49.95)','',260,NULL),(323,10,1,'Jeremy McGrath Legend Poster - Autographed','0',44.95,'Buy 1 ($49.95)','',261,NULL),(324,10,1,'Jeremy McGrath Legend Poster - Autographed','0',179.80,'Buy  4 ($44.95 ea)','',263,NULL),(325,10,1,'Jeremy McGrath Legend Poster - Autographed','0',44.95,'Buy 1 ($49.95)','',264,NULL),(327,10,1,'Jeremy McGrath Legend Poster - Autographed','0',49.95,'Buy 1 ($49.95)','',266,NULL),(328,7,1,' Personally Autographed Doug Henry Legends Poster','DHP1',29.95,'Just 1','',266,NULL),(329,10,1,'Jeremy McGrath Legend Poster - Autographed','0',49.95,'Buy 1 ($49.95)','',267,NULL),(330,10,1,'Jeremy McGrath Legend Poster - Autographed','0',49.95,'Buy 1 ($49.95)','',268,NULL),(331,10,1,'Jeremy McGrath Legend Poster - Autographed','0',49.95,'Buy 1 ($49.95)','',269,NULL),(332,10,1,'Jeremy McGrath Legend Poster - Autographed','0',49.95,'Buy 1 ($49.95)','',270,NULL),(333,7,1,' Personally Autographed Doug Henry Legends Poster','DHP1',29.95,'Just 1','',270,NULL),(343,10,1,'Jeremy McGrath Legend Poster - Autographed','0',49.95,'Buy 1 ($49.95)','',278,NULL),(335,10,1,'Jeremy McGrath Legend Poster - Autographed','0',49.95,'Buy 1 ($49.95)','',272,NULL),(336,10,1,'Jeremy McGrath Legend Poster - Autographed','0',49.95,'Buy 1 ($49.95)','',273,NULL),(337,10,1,'Jeremy McGrath Legend Poster - Autographed','0',49.95,'Buy 1 ($49.95)','',274,NULL),(338,10,1,'Jeremy McGrath Legend Poster - Autographed','0',49.95,'Buy 1 ($49.95)','',275,NULL),(339,7,1,' Personally Autographed Doug Henry Legends Poster','DHP1',29.95,'Just 1','',276,NULL),(340,10,1,'Jeremy McGrath Legend Poster - Autographed','0',49.95,'Buy 1 ($49.95)','',276,NULL),(341,3,1,'Road 2 Recovery T-Shirt - White','T-Shirtwht',15.00,' XXL','White',277,NULL),(342,10,1,'Jeremy McGrath Legend Poster - Autographed','0',49.95,'Buy 1 ($49.95)','',277,NULL),(345,10,1,'Jeremy McGrath Legend Poster - Autographed','0',49.95,'Buy 1 ($49.95)','',280,NULL),(346,10,1,'Jeremy McGrath Legend Poster - Autographed','0',179.80,'Buy  4 ($44.95 ea)','',281,NULL),(347,7,1,' Personally Autographed Doug Henry Legends Poster','DHP1',29.95,'Just 1','',282,NULL),(348,10,1,'Jeremy McGrath Legend Poster - Autographed','0',49.95,'Buy 1 ($49.95)','',283,NULL),(349,10,1,'Jeremy McGrath Legend Poster - Autographed','0',49.95,'Buy 1 ($49.95)','',284,NULL),(350,7,1,' Personally Autographed Doug Henry Legends Poster','DHP1',29.95,'Just 1','',284,NULL),(351,10,1,'Jeremy McGrath Legend Poster - Autographed','0',49.95,'Buy 1 ($49.95)','',286,NULL),(352,10,1,'Jeremy McGrath Legend Poster - Autographed','0',89.90,' Buy 2 ($44.95 ea)','',287,NULL),(353,4,1,'Doug Henry Support Bracelet','0',5.00,'','',287,NULL),(354,10,1,'Jeremy McGrath Legend Poster - Autographed','0',49.95,'Buy 1 ($49.95)','',288,NULL),(355,10,1,'Jeremy McGrath Legend Poster - Autographed','0',49.95,'Buy 1 ($49.95)','',289,NULL),(356,5,1,'James Marshall Support Bracelet','0',5.00,'','',290,NULL),(357,2,1,'Ernesto Fonseca Recovery Bracelets','0',5.00,'','',290,NULL),(358,1,1,'Road 2 Recovery Bracelets','0',2.00,'','',290,NULL),(359,10,1,'Jeremy McGrath Legend Poster - Autographed','0',49.95,'Buy 1 ($49.95)','',291,NULL),(360,10,1,'Jeremy McGrath Legend Poster - Autographed','0',49.95,'Buy 1 ($49.95)','',292,NULL),(361,10,1,'Jeremy McGrath Legend Poster - Autographed','0',49.95,'Buy 1 ($49.95)','',293,NULL),(362,10,1,'Jeremy McGrath Legend Poster - Autographed','0',49.95,'Buy 1 ($49.95)','',294,NULL),(363,10,1,'Jeremy McGrath Legend Poster - Autographed','0',49.95,'Buy 1 ($49.95)','',295,NULL),(364,4,1,'Doug Henry Support Bracelet','0',5.00,'','',296,NULL),(365,10,1,'Jeremy McGrath Legend Poster - Autographed','0',49.95,'Buy 1 ($49.95)','',296,NULL),(366,10,1,'Jeremy McGrath Legend Poster - Autographed','0',89.90,' Buy 2 ($44.95 ea)','',297,NULL),(367,10,1,'Jeremy McGrath Legend Poster - Autographed','0',49.95,'Buy 1 ($49.95)','',298,NULL),(368,10,1,'Jeremy McGrath Legend Poster - Autographed','0',49.95,'Buy 1 ($49.95)','',299,NULL),(369,10,1,'Jeremy McGrath Legend Poster - Autographed','0',49.95,'Buy 1 ($49.95)','',300,NULL),(370,10,1,'Jeremy McGrath Legend Poster - Autographed','0',49.95,'Buy 1 ($49.95)','',301,NULL),(371,10,1,'Jeremy McGrath Legend Poster - Autographed','0',49.95,'Buy 1 ($49.95)','',302,NULL),(372,4,1,'Doug Henry Support Bracelet','0',5.00,'','',303,NULL),(373,10,1,'Jeremy McGrath Legend Poster - Autographed','0',49.95,'Buy 1 ($49.95)','',304,NULL),(374,10,1,'Jeremy McGrath Legend Poster - Autographed','0',49.95,'Buy 1 ($49.95)','',305,NULL),(375,10,1,'Jeremy McGrath Legend Poster - Autographed','0',39.95,'Buy 1 ($39.95)','',306,NULL),(376,21,1,'Malcolm Smith','MS-POST',29.95,'Buy 1 ($29.95)','',307,NULL),(377,17,1,'Bruce Ogilvie','BO-POST',29.95,'Buy 1 ($29.95)','',308,NULL),(378,10,1,'Jeremy McGrath Legend Poster - Autographed','0',39.95,'Buy 1 ($39.95)','',309,NULL),(379,10,1,'Jeremy McGrath Legend Poster - Autographed','0',39.95,'Buy 1 ($39.95)','',310,NULL),(380,4,2,'Doug Henry Support Bracelet','0',5.00,'','',311,NULL),(381,4,3,'Doug Henry Support Bracelet','0',5.00,'','',312,NULL),(382,10,1,'Jeremy McGrath Legend Poster - Autographed','0',39.95,'Buy 1 ($39.95)','',313,NULL),(383,4,4,'Doug Henry Support Bracelet','0',5.00,'','',314,NULL),(384,1,10,'Road 2 Recovery Bracelets','0',2.00,'','',315,NULL),(385,4,1,'Doug Henry Support Bracelet','0',5.00,'','',316,NULL),(386,4,4,'Doug Henry Support Bracelet','0',5.00,'','',317,NULL),(387,7,1,'Doug Henry Legends Poster','DHP',29.95,'Buy 1 ($29.95)','',318,NULL),(388,4,8,'Doug Henry Support Bracelet','0',5.00,'','',319,NULL),(389,4,2,'Doug Henry Support Bracelet','0',5.00,'','',320,NULL),(390,1,2,'Road 2 Recovery Bracelets','0',2.00,'','',320,NULL),(391,7,1,'Doug Henry Legends Poster','DHP',29.95,'Buy 1 ($29.95)','',321,NULL),(392,23,1,'Miles for Miracles Official Riding Gear','M4MGEAR',350.00,'',' Large',322,NULL),(393,4,2,'Doug Henry Support Bracelet','0',5.00,'','',323,NULL),(394,7,1,'Doug Henry Legends Poster','DHP',29.95,'Buy 1 ($29.95)','',324,NULL),(395,21,1,'Malcolm Smith','MS-POST',29.95,'Buy 1 ($29.95)','',324,NULL),(396,2,1,'Ernesto Fonseca Recovery Bracelets','0',5.00,'','',324,NULL),(397,7,1,'Doug Henry Legends Poster','DHP',29.95,'Buy 1 ($29.95)','',325,NULL),(398,4,4,'Doug Henry Support Bracelet','0',5.00,'','',326,NULL),(399,4,2,'Doug Henry Support Bracelet','0',5.00,'','',327,NULL),(400,1,1,'Road 2 Recovery Bracelets','0',2.00,'','',328,NULL),(401,4,1,'Doug Henry Support Bracelet','0',5.00,'','',329,NULL),(402,7,1,'Doug Henry Legends Poster','DHP',29.95,'Buy 1 ($29.95)','',329,NULL),(403,4,3,'Doug Henry Support Bracelet','0',5.00,'','',330,NULL),(404,10,1,'Jeremy McGrath Legend Poster - Autographed','0',39.95,'Buy 1 ($39.95)','',331,NULL),(493,21,1,'Malcolm Smith','MS-POST',29.95,'Buy 1 ($29.95)','',389,NULL),(420,4,2,'Doug Henry Support Bracelet','0',5.00,'','',343,NULL),(419,21,1,'Malcolm Smith','MS-POST',29.95,'Buy 1 ($29.95)','',342,NULL),(408,4,1,'Doug Henry Support Bracelet','0',5.00,'','',334,NULL),(409,1,1,'Road 2 Recovery Bracelets','0',2.00,'','',335,NULL),(410,7,1,'Doug Henry Legends Poster','DHP',29.95,'Buy 1 ($29.95)','',336,NULL),(411,4,3,'Doug Henry Support Bracelet','0',5.00,'','',336,NULL),(412,4,1,'Doug Henry Support Bracelet','0',5.00,'','',337,NULL),(413,21,1,'Malcolm Smith','MS-POST',29.95,'Buy 1 ($29.95)','',337,NULL),(414,4,1,'Doug Henry Support Bracelet','0',5.00,'','',338,NULL),(415,21,1,'Malcolm Smith','MS-POST',49.90,' Buy 2 ($24.95 ea)','',339,NULL),(416,7,1,'Doug Henry Legends Poster','DHP',49.90,' Buy 2 ($24.95 ea)','',339,NULL),(417,24,2,'R2R Deuce Brand Watches','DUC',20.00,'',' Suzuki Yellow',340,NULL),(418,17,1,'Bruce Ogilvie','BO-POST',29.95,'Buy 1 ($29.95)','',341,NULL),(421,4,1,'Doug Henry Support Bracelet','0',5.00,'','',344,NULL),(422,22,1,'Jeff Ward Poster','JW-POST',29.95,'Buy 1 ($29.95)','',345,NULL),(423,16,1,'Rick Johnson','RJ-POST',29.95,'Buy 1 ($29.95)','',345,NULL),(424,14,1,'Bob Hannah Poster','BH-POST',29.95,'Buy 1 ($29.95)','',345,NULL),(425,11,1,'David Bailey Poster','DB-Post',29.95,'Buy 1 ($29.95)','',345,NULL),(426,10,1,'Jeremy McGrath Legend Poster - Autographed','0',39.95,'Buy 1 ($39.95)','',346,NULL),(427,15,1,'Kent Howerton','KH-POST',29.95,'Buy 1 ($29.95)','',347,NULL),(428,14,1,'Bob Hannah Poster','BH-POST',29.95,'Buy 1 ($29.95)','',347,NULL),(429,13,1,'Broc Glover Poster','BG-Post',29.95,'Buy 1 ($29.95)','',347,NULL),(430,10,1,'Jeremy McGrath Legend Poster - Autographed','0',39.95,'Buy 1 ($39.95)','',347,NULL),(431,7,1,'Doug Henry Legends Poster','DHP',29.95,'Buy 1 ($29.95)','',347,NULL),(432,21,1,'Malcolm Smith','MS-POST',29.95,'Buy 1 ($29.95)','',348,NULL),(433,23,1,'Miles for Miracles Official Riding Gear','M4MGEAR',350.00,'','Small',349,NULL),(434,10,1,'Jeremy McGrath Legend Poster - Autographed','0',39.95,'Buy 1 ($39.95)','',350,NULL),(435,4,1,'Doug Henry Support Bracelet','0',5.00,'','',351,NULL),(436,13,1,'Broc Glover Poster','BG-Post',29.95,'Buy 1 ($29.95)','',351,NULL),(437,11,1,'David Bailey Poster','DB-Post',29.95,'Buy 1 ($29.95)','',351,NULL),(438,19,1,'Kenny Roberts','KR-POST',29.95,'Buy 1 ($29.95)','',352,NULL),(439,10,1,'Jeremy McGrath Legend Poster - Autographed','0',39.95,'Buy 1 ($39.95)','',353,NULL),(440,23,1,'Miles for Miracles Official Riding Gear','M4MGEAR',350.00,'',' Large',354,NULL),(441,10,1,'Jeremy McGrath Legend Poster - Autographed','0',39.95,'Buy 1 ($39.95)','',355,NULL),(442,14,1,'Bob Hannah Poster','BH-POST',29.95,'Buy 1 ($29.95)','',356,NULL),(443,11,1,'David Bailey Poster','DB-Post',29.95,'Buy 1 ($29.95)','',356,NULL),(444,22,1,'Jeff Ward Poster','JW-POST',29.95,'Buy 1 ($29.95)','',356,NULL),(445,10,1,'Jeremy McGrath Legend Poster - Autographed','0',39.95,'Buy 1 ($39.95)','',356,NULL),(446,7,1,'Doug Henry Legends Poster','DHP',29.95,'Buy 1 ($29.95)','',356,NULL),(447,26,1,'M4M T-Shirt','M4M-TEE',25.00,'',' X-Large',357,NULL),(448,26,1,'M4M T-Shirt','M4M-TEE',25.00,'',' Large',358,NULL),(449,26,1,'M4M T-Shirt','M4M-TEE',25.00,'',' X-Large',359,NULL),(450,16,1,'Rick Johnson','RJ-POST',29.95,'Buy 1 ($29.95)','',360,NULL),(451,14,1,'Bob Hannah Poster','BH-POST',29.95,'Buy 1 ($29.95)','',360,NULL),(452,26,1,'M4M T-Shirt','M4M-TEE',25.00,'',' Medium',361,NULL),(453,26,1,'M4M T-Shirt','M4M-TEE',25.00,'',' Large',362,NULL),(454,26,1,'M4M T-Shirt','M4M-TEE',25.00,'','Small',362,NULL),(455,26,1,'M4M T-Shirt','M4M-TEE',25.00,'',' X-Large',362,NULL),(456,26,1,'M4M T-Shirt','M4M-TEE',25.00,'',' X-Large',363,NULL),(457,26,1,'M4M T-Shirt','M4M-TEE',25.00,'',' Large',364,NULL),(458,26,1,'M4M T-Shirt','M4M-TEE',25.00,'',' X-Large',364,NULL),(459,23,1,'Miles for Miracles Official Riding Gear','M4MGEAR',350.00,'',' Medium',365,NULL),(460,26,1,'M4M T-Shirt','M4M-TEE',25.00,'',' Large',366,NULL),(461,26,1,'M4M T-Shirt','M4M-TEE',25.00,'','Small',366,NULL),(462,23,1,'Miles for Miracles Official Riding Gear','M4MGEAR',350.00,'',' Large',366,NULL),(463,23,1,'Miles for Miracles Official Riding Gear','M4MGEAR',350.00,'',' Medium',367,NULL),(494,26,1,'M4M T-Shirt','M4M-TEE',25.00,'','Small',390,NULL),(465,26,1,'M4M T-Shirt','M4M-TEE',25.00,'',' X-Large',369,NULL),(466,26,1,'M4M T-Shirt','M4M-TEE',25.00,'',' Large',369,NULL),(467,26,1,'M4M T-Shirt','M4M-TEE',25.00,'',' Large',370,NULL),(468,26,1,'M4M T-Shirt','M4M-TEE',25.00,'',' Medium',371,NULL),(469,10,1,'Jeremy McGrath Legend Poster - Autographed','0',39.95,'Buy 1 ($39.95)','',371,NULL),(470,26,1,'M4M T-Shirt','M4M-TEE',25.00,'',' Large',372,NULL),(471,26,1,'M4M T-Shirt','M4M-TEE',25.00,'',' X-Large',373,NULL),(472,26,1,'M4M T-Shirt','M4M-TEE',25.00,'',' Large',374,NULL),(473,24,1,'R2R Deuce Brand Watches','DUC',20.00,'',' KTM Orange',375,NULL),(474,4,1,'Doug Henry Support Bracelet','0',5.00,'','',376,NULL),(475,21,1,'Malcolm Smith','MS-POST',29.95,'Buy 1 ($29.95)','',376,NULL),(476,10,1,'Jeremy McGrath Legend Poster','0',39.95,'Buy 1 ($39.95)','',376,NULL),(477,7,1,'Doug Henry Legends Poster','DHP',29.95,'Buy 1 ($29.95)','',376,NULL),(560,10,1,'Jeremy McGrath Legend Poster','0',29.95,'Buy 1 ($29.95)','',438,NULL),(480,26,1,'M4M T-Shirt','M4M-TEE',25.00,'',' Large',378,NULL),(481,26,1,'M4M T-Shirt','M4M-TEE',25.00,'',' Large',379,NULL),(482,26,1,'M4M T-Shirt','M4M-TEE',25.00,'',' X-Large',380,NULL),(483,26,1,'M4M T-Shirt','M4M-TEE',25.00,'',' X-Large',381,NULL),(484,26,1,'M4M T-Shirt','M4M-TEE',25.00,'',' X-Large',382,NULL),(485,26,1,'M4M T-Shirt','M4M-TEE',25.00,'',' X-Large',383,NULL),(486,24,1,'R2R Deuce Brand Watches','DUC',20.00,'',' Suzuki Yellow',384,NULL),(487,23,1,'Miles for Miracles Official Riding Gear','M4MGEAR',350.00,'',' Large',385,NULL),(488,4,3,'Doug Henry Support Bracelet','0',5.00,'','',386,NULL),(489,26,1,'M4M T-Shirt','M4M-TEE',25.00,'','Small',387,NULL),(490,26,1,'M4M T-Shirt','M4M-TEE',25.00,'',' Medium',387,NULL),(491,2,1,'Ernesto Fonseca Recovery Bracelets','0',5.00,'','',387,NULL),(492,26,1,'M4M T-Shirt','M4M-TEE',25.00,'',' Large',388,NULL),(495,5,1,'James Marshall Support Bracelet','0',5.00,'','',391,NULL),(496,4,1,'Doug Henry Support Bracelet','0',5.00,'','',391,NULL),(497,2,1,'Ernesto Fonseca Recovery Bracelets','0',5.00,'','',391,NULL),(498,26,1,'M4M T-Shirt','M4M-TEE',25.00,'',' Large',392,NULL),(499,10,1,'Jeremy McGrath Legend Poster','0',39.95,'Buy 1 ($39.95)','',393,NULL),(500,2,1,'Ernesto Fonseca Recovery Bracelets','0',5.00,'','',394,NULL),(501,23,1,'Miles for Miracles Official Riding Gear','M4MGEAR',350.00,'',' Medium',395,NULL),(502,26,1,'M4M T-Shirt','M4M-TEE',25.00,'',' X-Large',396,NULL),(503,26,1,'M4M T-Shirt','M4M-TEE',25.00,'',' Large',397,NULL),(504,26,1,'M4M T-Shirt','M4M-TEE',25.00,'',' X-Large',398,NULL),(505,26,2,'M4M T-Shirt','M4M-TEE',25.00,'','Small',398,NULL),(591,21,2,'Malcolm Smith','MS-POST',29.95,'Buy 1 ($29.95)','',456,NULL),(507,16,1,'Rick Johnson','RJ-POST',29.95,'Buy 1 ($29.95)','',400,NULL),(508,28,1,'Jeff Stanton Poster','JS-POST',29.95,'Buy 1 ($29.95)','',400,NULL),(509,14,1,'Bob Hannah Poster','BH-POST',29.95,'Buy 1 ($29.95)','',400,NULL),(510,11,1,'David Bailey Poster','DB-Post',29.95,'Buy 1 ($29.95)','',400,NULL),(511,28,1,'Jeff Stanton Poster','JS-POST',29.95,'Buy 1 ($29.95)','',401,NULL),(512,11,1,'David Bailey Poster','DB-Post',29.95,'Buy 1 ($29.95)','',402,NULL),(513,28,1,'Jeff Stanton Poster','JS-POST',29.95,'Buy 1 ($29.95)','',403,NULL),(514,14,1,'Bob Hannah Poster','BH-POST',29.95,'Buy 1 ($29.95)','',404,NULL),(515,13,1,'Broc Glover Poster','BG-Post',29.95,'Buy 1 ($29.95)','',404,NULL),(516,11,1,'David Bailey Poster','DB-Post',29.95,'Buy 1 ($29.95)','',404,NULL),(517,19,1,'Kenny Roberts','KR-POST',29.95,'Buy 1 ($29.95)','',405,NULL),(518,21,1,'Malcolm Smith','MS-POST',29.95,'Buy 1 ($29.95)','',405,NULL),(519,24,1,'R2R Deuce Brand Watches','DUC',20.00,' Large',' KTM Orange',406,NULL),(520,22,1,'Jeff Ward Poster','JW-POST',29.95,'Buy 1 ($29.95)','',407,NULL),(521,28,1,'Jeff Stanton Poster','JS-POST',29.95,'Buy 1 ($29.95)','',408,NULL),(522,26,1,'M4M T-Shirt','M4M-TEE',25.00,'',' X-Large',409,NULL),(523,21,1,'Malcolm Smith','MS-POST',29.95,'Buy 1 ($29.95)','',410,NULL),(524,10,1,'Jeremy McGrath Legend Poster','0',29.95,'Buy 1 ($29.95)','',411,NULL),(525,21,1,'Malcolm Smith','MS-POST',29.95,'Buy 1 ($29.95)','',411,NULL),(526,19,1,'Kenny Roberts','KR-POST',29.95,'Buy 1 ($29.95)','',412,NULL),(527,28,1,'Jeff Stanton Poster','JS-POST',29.95,'Buy 1 ($29.95)','',413,NULL),(528,21,1,'Malcolm Smith','MS-POST',29.95,'Buy 1 ($29.95)','',414,NULL),(529,26,1,'M4M T-Shirt','M4M-TEE',25.00,'','Small',415,NULL),(530,26,2,'M4M T-Shirt','M4M-TEE',25.00,'',' Medium',415,NULL),(531,16,1,'Rick Johnson','RJ-POST',29.95,'Buy 1 ($29.95)','',416,NULL),(532,14,1,'Bob Hannah Poster','BH-POST',29.95,'Buy 1 ($29.95)','',416,NULL),(533,28,1,'Jeff Stanton Poster','JS-POST',29.95,'Buy 1 ($29.95)','',417,NULL),(534,21,1,'Malcolm Smith','MS-POST',29.95,'Buy 1 ($29.95)','',418,NULL),(535,4,1,'Doug Henry Support Bracelet','0',5.00,'','',419,NULL),(536,5,1,'James Marshall Support Bracelet','0',5.00,'','',419,NULL),(537,2,1,'Ernesto Fonseca Recovery Bracelets','0',5.00,'','',419,NULL),(538,28,1,'Jeff Stanton Poster','JS-POST',29.95,'Buy 1 ($29.95)','',420,NULL),(539,19,1,'Kenny Roberts','KR-POST',29.95,'Buy 1 ($29.95)','',421,NULL),(540,19,1,'Kenny Roberts','KR-POST',29.95,'Buy 1 ($29.95)','',422,NULL),(541,2,1,'Ernesto Fonseca Recovery Bracelets','0',5.00,'','',423,NULL),(542,4,1,'Doug Henry Support Bracelet','0',5.00,'','',423,NULL),(543,28,1,'Jeff Stanton Poster','JS-POST',29.95,'Buy 1 ($29.95)','',424,NULL),(544,4,2,'Doug Henry Support Bracelet','0',5.00,'','',425,NULL),(545,2,1,'Ernesto Fonseca Recovery Bracelets','0',5.00,'','',425,NULL),(546,21,1,'Malcolm Smith','MS-POST',29.95,'Buy 1 ($29.95)','',426,NULL),(547,15,1,'Kent Howerton','KH-POST',29.95,'Buy 1 ($29.95)','',427,NULL),(548,4,1,'Doug Henry Support Bracelet','0',5.00,'','',428,NULL),(549,14,1,'Bob Hannah Poster','BH-POST',29.95,'Buy 1 ($29.95)','',429,NULL),(550,4,1,'Doug Henry Support Bracelet','0',5.00,'','',430,NULL),(551,21,1,'Malcolm Smith','MS-POST',29.95,'Buy 1 ($29.95)','',431,NULL),(552,4,2,'Doug Henry Support Bracelet','0',5.00,'','',432,NULL),(553,14,1,'Bob Hannah Poster','BH-POST',29.95,'Buy 1 ($29.95)','',433,NULL),(554,7,1,'Doug Henry Legends Poster','DHP',29.95,'Buy 1 ($29.95)','',433,NULL),(555,21,1,'Malcolm Smith','MS-POST',29.95,'Buy 1 ($29.95)','',434,NULL),(556,7,1,'Doug Henry Legends Poster','DHP',29.95,'Buy 1 ($29.95)','',435,NULL),(557,28,1,'Jeff Stanton Poster','JS-POST',29.95,'Buy 1 ($29.95)','',436,NULL),(558,10,1,'Jeremy McGrath Legend Poster','0',29.95,'Buy 1 ($29.95)','',436,NULL),(561,21,1,'Malcolm Smith','MS-POST',29.95,'Buy 1 ($29.95)','',439,NULL),(590,17,2,'Bruce Ogilvie','BO-POST',29.95,'Buy 1 ($29.95)','',456,NULL),(563,1,1,'Road 2 Recovery Bracelets','0',2.00,'','',441,NULL),(564,14,1,'Bob Hannah Poster','BH-POST',29.95,'Buy 1 ($29.95)','',442,NULL),(565,19,1,'Kenny Roberts','KR-POST',29.95,'Buy 1 ($29.95)','',442,NULL),(566,21,1,'Malcolm Smith','MS-POST',29.95,'Buy 1 ($29.95)','',443,NULL),(567,4,1,'Doug Henry Support Bracelet','0',5.00,'','',444,NULL),(568,14,1,'Bob Hannah Poster','BH-POST',29.95,'Buy 1 ($29.95)','',445,NULL),(569,2,1,'Ernesto Fonseca Recovery Bracelets','0',5.00,'','',446,NULL),(570,19,1,'Kenny Roberts','KR-POST',29.95,'Buy 1 ($29.95)','',447,NULL),(571,4,2,'Doug Henry Support Bracelet','0',5.00,'','',448,NULL),(572,2,4,'Ernesto Fonseca Recovery Bracelets','0',5.00,'','',450,NULL),(574,11,1,'David Bailey Poster','DB-Post',29.95,'Buy 1 ($29.95)','',452,NULL),(575,22,1,'Jeff Ward Poster','JW-POST',29.95,'Buy 1 ($29.95)','',452,NULL),(576,28,1,'Jeff Stanton Poster','JS-POST',29.95,'Buy 1 ($29.95)','',452,NULL),(577,7,1,'Doug Henry Legends Poster','DHP',29.95,'Buy 1 ($29.95)','',453,NULL),(578,14,1,'Bob Hannah Poster','BH-POST',29.95,'Buy 1 ($29.95)','',453,NULL),(579,15,1,'Kent Howerton','KH-POST',29.95,'Buy 1 ($29.95)','',453,NULL),(580,21,1,'Malcolm Smith','MS-POST',29.95,'Buy 1 ($29.95)','',453,NULL),(659,19,1,'Kenny Roberts','KR-POST',29.95,'Buy 1 ($29.95)','',507,NULL),(582,11,1,'David Bailey Poster','DB-Post',29.95,'Buy 1 ($29.95)','',455,NULL),(583,7,1,'Doug Henry Legends Poster','DHP',29.95,'Buy 1 ($29.95)','',455,NULL),(584,22,1,'Jeff Ward Poster','JW-POST',29.95,'Buy 1 ($29.95)','',455,NULL),(585,28,1,'Jeff Stanton Poster','JS-POST',49.90,' Buy 2 ($24.95 ea)','',455,NULL),(586,13,1,'Broc Glover Poster','BG-Post',49.90,' Buy 2 ($24.95 ea)','',455,NULL),(587,14,1,'Bob Hannah Poster','BH-POST',29.95,'Buy 1 ($29.95)','',455,NULL),(588,15,1,'Kent Howerton','KH-POST',49.90,' Buy 2 ($24.95 ea)','',455,NULL),(589,16,1,'Rick Johnson','RJ-POST',49.90,' Buy 2 ($24.95 ea)','',455,NULL),(592,11,1,'David Bailey Poster','DB-Post',29.95,'Buy 1 ($29.95)','',456,NULL),(601,28,1,'Jeff Stanton Poster','JS-POST',29.95,'Buy 1 ($29.95)','',462,NULL),(595,19,1,'Kenny Roberts','KR-POST',29.95,'Buy 1 ($29.95)','',458,NULL),(596,7,1,'Doug Henry Legends Poster','DHP',29.95,'Buy 1 ($29.95)','',458,NULL),(597,21,1,'Malcolm Smith','MS-POST',29.95,'Buy 1 ($29.95)','',459,NULL),(598,21,1,'Malcolm Smith','MS-POST',49.90,' Buy 2 ($24.95 ea)','',460,NULL),(599,21,1,'Malcolm Smith','MS-POST',29.95,'Buy 1 ($29.95)','',461,NULL),(600,14,1,'Bob Hannah Poster','BH-POST',29.95,'Buy 1 ($29.95)','',461,NULL),(602,15,1,'Kent Howerton','KH-POST',29.95,'Buy 1 ($29.95)','',462,NULL),(603,13,1,'Broc Glover Poster','BG-Post',29.95,'Buy 1 ($29.95)','',462,NULL),(658,4,1,'Doug Henry Support Bracelet','0',5.00,'','',506,NULL),(684,21,1,'Malcolm Smith','MS-POST',29.95,'Buy 1 ($29.95)','',523,NULL),(685,7,1,'Doug Henry Legends Poster','DHP',29.95,'Buy 1 ($29.95)','',524,NULL),(686,7,1,'Doug Henry Legends Poster','DHP',29.95,'Buy 1 ($29.95)','',525,NULL),(681,16,1,'Rick Johnson','RJ-POST',29.95,'Buy 1 ($29.95)','',520,NULL),(610,31,1,'Marco Simoncelli Memorial Ride Gear - Set','SRG-SET',300.00,'X-Large','Large',465,NULL),(611,31,1,'Marco Simoncelli Memorial Ride Gear - Set','SRG-SET',300.00,'Large','Large',466,NULL),(612,31,1,'Marco Simoncelli Memorial Ride Gear - Set','SRG-SET',300.00,'Large','Large',467,NULL),(613,29,1,'Marco Simoncelli Memorial Ride Gear - Jersey','SRG-JER',150.00,'','Large',468,NULL),(614,29,1,'Marco Simoncelli Memorial Ride Gear - Jersey','SRG-JER',150.00,'','X-Large',469,NULL),(615,31,1,'Marco Simoncelli Memorial Ride Gear - Set','SRG-SET',300.00,'Large','Large',470,NULL),(616,29,1,'Marco Simoncelli Memorial Ride Gear - Jersey','SRG-JER',150.00,'','X-Large',471,NULL),(617,29,1,'Marco Simoncelli Memorial Ride Gear - Jersey','SRG-JER',150.00,'','Large',472,NULL),(618,29,1,'Marco Simoncelli Memorial Ride Gear - Jersey','SRG-JER',150.00,'','Large',473,NULL),(619,29,1,'Marco Simoncelli Memorial Ride Gear - Jersey','SRG-JER',150.00,'','Medium',474,NULL),(620,31,1,'Marco Simoncelli Memorial Ride Gear - Set','SRG-SET',300.00,'Large','Large',475,NULL),(621,29,1,'Marco Simoncelli Memorial Ride Gear - Jersey','SRG-JER',150.00,'','Large',476,NULL),(725,5,3,'James Marshall Support Bracelet','0',5.00,'','',549,NULL),(680,21,1,'Malcolm Smith','MS-POST',29.95,'Buy 1 ($29.95)','',520,NULL),(679,10,1,'Jeremy McGrath Legend Poster','0',29.95,'Buy 1 ($29.95)','',520,NULL),(625,31,1,'Marco Simoncelli Memorial Ride Gear - Set','SRG-SET',300.00,'Large','Large',480,NULL),(626,31,1,'Marco Simoncelli Memorial Ride Gear - Set','SRG-SET',300.00,'Medium','Medium',481,NULL),(627,31,1,'Marco Simoncelli Memorial Ride Gear - Set','SRG-SET',300.00,'Large','Large',482,NULL),(628,29,1,'Marco Simoncelli Memorial Ride Gear - Jersey','SRG-JER',150.00,'','Large',483,NULL),(629,31,1,'Marco Simoncelli Memorial Ride Gear - Set','SRG-SET',300.00,'XX-Large','XX-Large',484,NULL),(630,29,1,'Marco Simoncelli Memorial Ride Gear - Jersey','SRG-JER',150.00,'','Large',485,NULL),(631,29,1,'Marco Simoncelli Memorial Ride Gear - Jersey','SRG-JER',150.00,'','Large',486,NULL),(632,29,1,'Marco Simoncelli Memorial Ride Gear - Jersey','SRG-JER',150.00,'','XX-Large',487,NULL),(633,1,1,'Road 2 Recovery Bracelets','0',2.00,'','',488,NULL),(634,31,1,'Marco Simoncelli Memorial Ride Gear - Set','SRG-SET',300.00,'XX-Large','X-Large',489,NULL),(635,31,1,'Marco Simoncelli Memorial Ride Gear - Set','SRG-SET',300.00,'Large','Large',490,NULL),(636,29,1,'Marco Simoncelli Memorial Ride Gear - Jersey','SRG-JER',150.00,'','Large',491,NULL),(637,31,1,'Marco Simoncelli Memorial Ride Gear - Set','SRG-SET',300.00,'Medium','Medium',493,NULL),(638,31,1,'Marco Simoncelli Memorial Ride Gear - Set','SRG-SET',300.00,'X-Large','X-Large',494,NULL),(639,29,1,'Marco Simoncelli Memorial Ride Gear - Jersey','SRG-JER',150.00,'','Large',495,NULL),(640,31,1,'Marco Simoncelli Memorial Ride Gear - Set','SRG-SET',300.00,'Large','Large',496,NULL),(641,29,1,'Marco Simoncelli Memorial Ride Gear - Jersey','SRG-JER',150.00,'','Medium',497,NULL),(642,29,1,'Marco Simoncelli Memorial Ride Gear - Jersey','SRG-JER',150.00,'','Medium',498,NULL),(643,29,1,'Marco Simoncelli Memorial Ride Gear - Jersey','SRG-JER',150.00,'','X-Large',499,NULL),(644,29,1,'Marco Simoncelli Memorial Ride Gear - Jersey','SRG-JER',150.00,'','Large',500,NULL),(687,21,1,'Malcolm Smith','MS-POST',29.95,'Buy 1 ($29.95)','',525,NULL),(646,31,1,'Marco Simoncelli Memorial Ride Gear - Set','SRG-SET',300.00,'X-Large','X-Large',502,NULL),(647,4,1,'Doug Henry Support Bracelet','0',5.00,'','',503,NULL),(648,28,1,'Jeff Stanton Poster','JS-POST',29.95,'Buy 1 ($29.95)','',503,NULL),(649,21,1,'Malcolm Smith','MS-POST',29.95,'Buy 1 ($29.95)','',503,NULL),(650,17,1,'Bruce Ogilvie','BO-POST',29.95,'Buy 1 ($29.95)','',503,NULL),(651,11,1,'David Bailey Poster','DB-Post',29.95,'Buy 1 ($29.95)','',503,NULL),(652,10,1,'Jeremy McGrath Legend Poster','0',29.95,'Buy 1 ($29.95)','',503,NULL),(653,7,1,'Doug Henry Legends Poster','DHP',29.95,'Buy 1 ($29.95)','',503,NULL),(654,5,1,'James Marshall Support Bracelet','0',5.00,'','',504,NULL),(655,14,1,'Bob Hannah Poster','BH-POST',29.95,'Buy 1 ($29.95)','',505,NULL),(656,11,1,'David Bailey Poster','DB-Post',29.95,'Buy 1 ($29.95)','',505,NULL),(657,10,1,'Jeremy McGrath Legend Poster','0',29.95,'Buy 1 ($29.95)','',505,NULL),(660,21,1,'Malcolm Smith','MS-POST',29.95,'Buy 1 ($29.95)','',508,NULL),(661,21,1,'Malcolm Smith','MS-POST',29.95,'Buy 1 ($29.95)','',509,NULL),(662,7,1,'Doug Henry Legends Poster','DHP',29.95,'Buy 1 ($29.95)','',509,NULL),(663,10,1,'Jeremy McGrath Legend Poster','0',29.95,'Buy 1 ($29.95)','',510,NULL),(664,15,1,'Kent Howerton','KH-POST',29.95,'Buy 1 ($29.95)','',510,NULL),(665,21,1,'Malcolm Smith','MS-POST',29.95,'Buy 1 ($29.95)','',510,NULL),(666,7,1,'Doug Henry Legends Poster','DHP',29.95,'Buy 1 ($29.95)','',510,NULL),(667,4,2,'Doug Henry Support Bracelet','0',5.00,'','',511,NULL),(668,24,1,'R2R Deuce Brand Watches','DUC',20.00,' Large',' KTM Orange',512,NULL),(669,4,1,'Doug Henry Support Bracelet','0',5.00,'','',513,NULL),(670,24,1,'R2R Deuce Brand Watches','DUC',20.00,' Large',' KTM Orange',514,NULL),(671,10,1,'Jeremy McGrath Legend Poster','0',29.95,'Buy 1 ($29.95)','',515,NULL),(672,4,1,'Doug Henry Support Bracelet','0',5.00,'','',516,NULL),(673,4,4,'Doug Henry Support Bracelet','0',5.00,'','',517,NULL),(674,32,1,'Toyota Escondido Supercross R2R Tee','TER2R',10.00,'',' L',518,NULL),(675,5,1,'James Marshall Support Bracelet','0',5.00,'','',519,NULL),(676,4,1,'Doug Henry Support Bracelet','0',5.00,'','',519,NULL),(677,2,1,'Ernesto Fonseca Recovery Bracelets','0',5.00,'','',519,NULL),(678,1,1,'Road 2 Recovery Bracelets','0',2.00,'','',519,NULL),(688,19,1,'Kenny Roberts','KR-POST',29.95,'Buy 1 ($29.95)','',526,NULL),(689,7,1,'Doug Henry Legends Poster','DHP',29.95,'Buy 1 ($29.95)','',527,NULL),(690,17,1,'Bruce Ogilvie','BO-POST',29.95,'Buy 1 ($29.95)','',527,NULL),(691,21,1,'Malcolm Smith','MS-POST',29.95,'Buy 1 ($29.95)','',528,NULL),(692,14,1,'Bob Hannah Poster','BH-POST',29.95,'Buy 1 ($29.95)','',528,NULL),(693,15,1,'Kent Howerton','KH-POST',29.95,'Buy 1 ($29.95)','',528,NULL),(694,20,1,'Bubba Shobert','BS-POST',29.95,'Buy 1 ($29.95)','',529,NULL),(695,19,1,'Kenny Roberts','KR-POST',29.95,'Buy 1 ($29.95)','',530,NULL),(696,21,1,'Malcolm Smith','MS-POST',29.95,'Buy 1 ($29.95)','',531,NULL),(697,19,1,'Kenny Roberts','KR-POST',29.95,'Buy 1 ($29.95)','',532,NULL),(698,20,1,'Bubba Shobert','BS-POST',29.95,'Buy 1 ($29.95)','',533,NULL),(699,21,1,'Malcolm Smith','MS-POST',29.95,'Buy 1 ($29.95)','',533,NULL),(700,12,1,'Yvon Duhamel Poster','YD-Post',29.95,'Buy 1 ($29.95)','',533,NULL),(701,19,1,'Kenny Roberts','KR-POST',99.80,'Buy  4 ($24.95 ea)','',533,NULL),(702,19,1,'Kenny Roberts','KR-POST',29.95,'Buy 1 ($29.95)','',534,NULL),(703,19,1,'Kenny Roberts','KR-POST',29.95,'Buy 1 ($29.95)','',535,NULL),(704,1,1,'Road 2 Recovery Bracelets','0',2.00,'','',536,NULL),(705,19,1,'Kenny Roberts','KR-POST',74.85,'Buy  3 ($24.95 ea)','',537,NULL),(706,7,1,'Doug Henry Legends Poster','DHP',29.95,'Buy 1 ($29.95)','',538,NULL),(732,7,1,'Doug Henry Legends Poster','DHP',29.95,'Buy 1 ($29.95)','',555,NULL),(731,21,1,'Malcolm Smith','MS-POST',29.95,'Buy 1 ($29.95)','',555,NULL),(724,4,1,'Doug Henry Support Bracelet','0',5.00,'','',548,NULL),(726,10,1,'Jeremy McGrath Legend Poster','0',29.95,'Buy 1 ($29.95)','',550,NULL),(727,26,1,'M4M T-Shirt','M4M-TEE',25.00,'',' Large',551,NULL),(730,1,5,'Road 2 Recovery Bracelets','0',2.00,'','',554,NULL),(714,10,1,'Jeremy McGrath Legend Poster','0',29.95,'Buy 1 ($29.95)','',542,NULL),(733,4,1,'Doug Henry Support Bracelet','0',5.00,'','',556,NULL),(734,2,1,'Ernesto Fonseca Recovery Bracelets','0',5.00,'','',556,NULL),(735,14,1,'Bob Hannah Poster','BH-POST',29.95,'Buy 1 ($29.95)','',557,NULL),(736,21,1,'Malcolm Smith','MS-POST',29.95,'Buy 1 ($29.95)','',558,NULL),(737,19,1,'Kenny Roberts','KR-POST',29.95,'Buy 1 ($29.95)','',558,NULL),(738,14,1,'Bob Hannah Poster','BH-POST',29.95,'Buy 1 ($29.95)','',558,NULL),(739,7,1,'Doug Henry Legends Poster','DHP',29.95,'Buy 1 ($29.95)','',558,NULL),(740,10,1,'Jeremy McGrath Legend Poster','0',29.95,'Buy 1 ($29.95)','',558,NULL),(741,11,1,'David Bailey Poster','DB-Post',29.95,'Buy 1 ($29.95)','',558,NULL),(742,4,3,'Doug Henry Support Bracelet','0',5.00,'','',559,NULL),(743,1,1,'Road 2 Recovery Bracelets','0',2.00,'','',560,NULL),(744,4,1,'Doug Henry Support Bracelet','0',5.00,'','',561,NULL),(745,19,1,'Kenny Roberts','KR-POST',29.95,'Buy 1 ($29.95)','',562,NULL),(746,21,1,'Malcolm Smith','MS-POST',29.95,'Buy 1 ($29.95)','',563,NULL),(747,14,1,'Bob Hannah Poster','BH-POST',29.95,'Buy 1 ($29.95)','',564,NULL),(748,14,1,'Bob Hannah Poster','BH-POST',29.95,'Buy 1 ($29.95)','',565,NULL),(749,4,2,'Doug Henry Support Bracelet','0',5.00,'','',566,NULL),(750,4,3,'Doug Henry Support Bracelet','0',5.00,'','',567,NULL),(751,4,2,'Doug Henry Support Bracelet','0',5.00,'','',568,NULL),(752,21,1,'Malcolm Smith','MS-POST',29.95,'Buy 1 ($29.95)','',569,NULL),(753,4,1,'Doug Henry Support Bracelet','0',5.00,'','',570,NULL),(754,7,1,'Doug Henry Legends Poster','DHP',29.95,'Buy 1 ($29.95)','',570,NULL),(755,2,1,'Ernesto Fonseca Recovery Bracelets','0',5.00,'','',570,NULL),(756,21,1,'Malcolm Smith','MS-POST',29.95,'Buy 1 ($29.95)','',571,NULL),(757,21,1,'Malcolm Smith','MS-POST',29.95,'Buy 1 ($29.95)','',572,NULL),(758,21,1,'Malcolm Smith','MS-POST',29.95,'Buy 1 ($29.95)','',573,NULL),(759,4,1,'Doug Henry Support Bracelet','0',5.00,'','',574,NULL),(760,21,1,'Malcolm Smith','MS-POST',74.85,'Buy  3 ($24.95 ea)','',574,NULL),(761,19,1,'Kenny Roberts','KR-POST',29.95,'Buy 1 ($29.95)','',575,NULL),(762,14,1,'Bob Hannah Poster','BH-POST',29.95,'Buy 1 ($29.95)','',575,NULL),(763,16,1,'Rick Johnson','RJ-POST',29.95,'Buy 1 ($29.95)','',575,NULL),(764,21,1,'Malcolm Smith','MS-POST',29.95,'Buy 1 ($29.95)','',576,NULL);

--
-- Table structure for table `Shipping`
--

CREATE TABLE `Shipping` (
  `carrier` tinytext,
  `method` tinytext,
  `weight` double(16,2) DEFAULT NULL,
  `price` double(16,2) DEFAULT NULL,
  `record_type` tinyint(4) NOT NULL DEFAULT '0',
  `id` int(11) NOT NULL AUTO_INCREMENT,
  `code` varchar(50) DEFAULT NULL,
  `class` varchar(5) DEFAULT NULL,
  PRIMARY KEY (`id`)
) ENGINE=MyISAM AUTO_INCREMENT=43 DEFAULT CHARSET=latin1;

--
-- Dumping data for table `Shipping`
--

INSERT INTO `Shipping` VALUES (NULL,NULL,1.00,2.00,5,39,NULL,NULL),(NULL,NULL,0.00,1.00,5,38,NULL,NULL),(NULL,NULL,15.00,3.00,5,37,NULL,NULL),(NULL,NULL,30.00,5.00,5,36,NULL,NULL),(NULL,NULL,50.00,7.00,5,35,NULL,NULL),(NULL,NULL,75.00,10.00,5,34,NULL,NULL),(NULL,NULL,10000.00,0.00,5,40,NULL,NULL),(NULL,NULL,100.00,0.00,5,41,NULL,NULL),(NULL,NULL,10.00,3.00,5,42,NULL,NULL);

--
-- Table structure for table `Shopping`
--

CREATE TABLE `Shopping` (
  `ID` int(11) NOT NULL AUTO_INCREMENT,
  `product` int(11) NOT NULL DEFAULT '0',
  `session` int(11) NOT NULL DEFAULT '0',
  `quantity` int(11) NOT NULL DEFAULT '0',
  `label1` tinytext,
  `sitename` tinytext,
  `label2` tinytext,
  PRIMARY KEY (`ID`),
  KEY `ID` (`ID`)
) ENGINE=MyISAM AUTO_INCREMENT=673 DEFAULT CHARSET=latin1;

--
-- Dumping data for table `Shopping`
--


--
-- Dumping events for database 'road2recovery'
--

--
-- Dumping routines for database 'road2recovery'
--


