--
-- Host: localhost    Database: tarlowloring
-- ------------------------------------------------------


--
-- Table structure for table `jos_banner`
--

CREATE TABLE `jos_banner` (
  `bid` int(11) NOT NULL AUTO_INCREMENT,
  `cid` int(11) NOT NULL DEFAULT '0',
  `type` varchar(10) NOT NULL DEFAULT 'banner',
  `name` varchar(50) NOT NULL DEFAULT '',
  `imptotal` int(11) NOT NULL DEFAULT '0',
  `impmade` int(11) NOT NULL DEFAULT '0',
  `clicks` int(11) NOT NULL DEFAULT '0',
  `imageurl` varchar(100) NOT NULL DEFAULT '',
  `clickurl` varchar(200) NOT NULL DEFAULT '',
  `date` datetime DEFAULT NULL,
  `showBanner` tinyint(1) NOT NULL DEFAULT '0',
  `checked_out` tinyint(1) NOT NULL DEFAULT '0',
  `checked_out_time` datetime NOT NULL DEFAULT '0000-00-00 00:00:00',
  `editor` varchar(50) DEFAULT NULL,
  `custombannercode` text,
  PRIMARY KEY (`bid`),
  KEY `viewbanner` (`showBanner`)
) ENGINE=MyISAM AUTO_INCREMENT=3 DEFAULT CHARSET=latin1;

--
-- Dumping data for table `jos_banner`
--

INSERT INTO `jos_banner` VALUES (1,1,'banner','OSM 1',0,51,0,'osmbanner1.png','http://www.opensourcematters.org','2004-07-07 15:31:29',1,62,'2008-03-20 11:57:52',NULL,NULL),(2,1,'banner','OSM 2',0,56,0,'osmbanner2.png','http://www.opensourcematters.org','2004-07-07 15:31:29',1,0,'0000-00-00 00:00:00',NULL,NULL);

--
-- Table structure for table `jos_bannerclient`
--

CREATE TABLE `jos_bannerclient` (
  `cid` int(11) NOT NULL AUTO_INCREMENT,
  `name` varchar(60) NOT NULL DEFAULT '',
  `contact` varchar(60) NOT NULL DEFAULT '',
  `email` varchar(60) NOT NULL DEFAULT '',
  `extrainfo` text NOT NULL,
  `checked_out` tinyint(1) NOT NULL DEFAULT '0',
  `checked_out_time` time DEFAULT NULL,
  `editor` varchar(50) DEFAULT NULL,
  PRIMARY KEY (`cid`)
) ENGINE=MyISAM AUTO_INCREMENT=2 DEFAULT CHARSET=latin1;

--
-- Dumping data for table `jos_bannerclient`
--

INSERT INTO `jos_bannerclient` VALUES (1,'Open Source Matters','Administrator','admin@opensourcematters.org','',0,'00:00:00',NULL);

--
-- Table structure for table `jos_bannerfinish`
--

CREATE TABLE `jos_bannerfinish` (
  `bid` int(11) NOT NULL AUTO_INCREMENT,
  `cid` int(11) NOT NULL DEFAULT '0',
  `type` varchar(10) NOT NULL DEFAULT '',
  `name` varchar(50) NOT NULL DEFAULT '',
  `impressions` int(11) NOT NULL DEFAULT '0',
  `clicks` int(11) NOT NULL DEFAULT '0',
  `imageurl` varchar(50) NOT NULL DEFAULT '',
  `datestart` datetime DEFAULT NULL,
  `dateend` datetime DEFAULT NULL,
  PRIMARY KEY (`bid`)
) ENGINE=MyISAM DEFAULT CHARSET=latin1;

--
-- Dumping data for table `jos_bannerfinish`
--


--
-- Table structure for table `jos_categories`
--

CREATE TABLE `jos_categories` (
  `id` int(11) NOT NULL AUTO_INCREMENT,
  `parent_id` int(11) NOT NULL DEFAULT '0',
  `title` varchar(50) NOT NULL DEFAULT '',
  `name` varchar(255) NOT NULL DEFAULT '',
  `image` varchar(100) NOT NULL DEFAULT '',
  `section` varchar(50) NOT NULL DEFAULT '',
  `image_position` varchar(10) NOT NULL DEFAULT '',
  `description` text NOT NULL,
  `published` tinyint(1) NOT NULL DEFAULT '0',
  `checked_out` int(11) unsigned NOT NULL DEFAULT '0',
  `checked_out_time` datetime NOT NULL DEFAULT '0000-00-00 00:00:00',
  `editor` varchar(50) DEFAULT NULL,
  `ordering` int(11) NOT NULL DEFAULT '0',
  `access` tinyint(3) unsigned NOT NULL DEFAULT '0',
  `count` int(11) NOT NULL DEFAULT '0',
  `params` text NOT NULL,
  PRIMARY KEY (`id`),
  KEY `cat_idx` (`section`,`published`,`access`),
  KEY `idx_section` (`section`),
  KEY `idx_access` (`access`),
  KEY `idx_checkout` (`checked_out`)
) ENGINE=MyISAM AUTO_INCREMENT=15 DEFAULT CHARSET=latin1;

--
-- Dumping data for table `jos_categories`
--

INSERT INTO `jos_categories` VALUES (1,0,'Latest','Latest News','taking_notes.jpg','1','left','The latest news from the Joomla! Team',1,0,'0000-00-00 00:00:00','',0,0,1,''),(3,0,'Newsflash','Newsflash','','2','left','',0,0,'0000-00-00 00:00:00','',1,0,0,'imagefolders=*2*'),(4,0,'Joomla!','Joomla!','','com_newsfeeds','left','',1,0,'0000-00-00 00:00:00',NULL,2,0,0,''),(5,0,'Business: general','Business: general','','com_newsfeeds','left','',1,0,'0000-00-00 00:00:00',NULL,1,0,0,''),(7,0,'Examples','Example FAQs','key.jpg','3','left','Here you will find an example set of FAQs.',1,0,'0000-00-00 00:00:00',NULL,0,0,2,''),(9,0,'Finance','Finance','','com_newsfeeds','left','',1,0,'0000-00-00 00:00:00',NULL,5,0,0,''),(10,0,'Linux','Linux','','com_newsfeeds','left','<br />\r\n',1,0,'0000-00-00 00:00:00',NULL,6,0,0,''),(11,0,'Internet','Internet','','com_newsfeeds','left','',1,0,'0000-00-00 00:00:00',NULL,7,0,0,''),(12,0,'Contacts','Contacts','','com_contact_details','left','Contact Details for this website',1,0,'0000-00-00 00:00:00',NULL,0,0,0,''),(13,0,'home page main','home page main','','4','left','',1,0,'0000-00-00 00:00:00',NULL,1,0,0,'imagefolders=*2*'),(14,0,'Fitness Together Personal Training Studios','Health & Fitness','','com_weblinks','left','At <strong>Fitness Together -&nbsp;Personal Training Studios</strong>&nbsp;our&nbsp;Fitness Programs offer the most cutting edge, One on One Personal Training Programs for Men and Women of all ages. All of our clients train in the Privacy of cutting edge, luxurious, one-on-one Personal Training Suites. We offer comprehensive fitness assessments and nutritional plans that are conducted by one of our top certified personal trainers.',1,0,'0000-00-00 00:00:00',NULL,1,0,0,'');

--
-- Table structure for table `jos_components`
--

CREATE TABLE `jos_components` (
  `id` int(11) NOT NULL AUTO_INCREMENT,
  `name` varchar(50) NOT NULL DEFAULT '',
  `link` varchar(255) NOT NULL DEFAULT '',
  `menuid` int(11) unsigned NOT NULL DEFAULT '0',
  `parent` int(11) unsigned NOT NULL DEFAULT '0',
  `admin_menu_link` varchar(255) NOT NULL DEFAULT '',
  `admin_menu_alt` varchar(255) NOT NULL DEFAULT '',
  `option` varchar(50) NOT NULL DEFAULT '',
  `ordering` int(11) NOT NULL DEFAULT '0',
  `admin_menu_img` varchar(255) NOT NULL DEFAULT '',
  `iscore` tinyint(4) NOT NULL DEFAULT '0',
  `params` text NOT NULL,
  PRIMARY KEY (`id`)
) ENGINE=MyISAM AUTO_INCREMENT=19 DEFAULT CHARSET=latin1;

--
-- Dumping data for table `jos_components`
--

INSERT INTO `jos_components` VALUES (1,'Banners','',0,0,'','Banner Management','com_banners',0,'js/ThemeOffice/component.png',0,''),(2,'Manage Banners','',0,1,'option=com_banners','Active Banners','com_banners',1,'js/ThemeOffice/edit.png',0,''),(3,'Manage Clients','',0,1,'option=com_banners&task=listclients','Manage Clients','com_banners',2,'js/ThemeOffice/categories.png',0,''),(4,'Web Links','option=com_weblinks',0,0,'','Manage Weblinks','com_weblinks',0,'js/ThemeOffice/globe2.png',0,''),(5,'Web Link Items','',0,4,'option=com_weblinks','View existing weblinks','com_weblinks',1,'js/ThemeOffice/edit.png',0,''),(6,'Web Link Categories','',0,4,'option=categories&section=com_weblinks','Manage weblink categories','',2,'js/ThemeOffice/categories.png',0,''),(7,'Contacts','option=com_contact',0,0,'','Edit contact details','com_contact',0,'js/ThemeOffice/user.png',1,''),(8,'Manage Contacts','',0,7,'option=com_contact','Edit contact details','com_contact',0,'js/ThemeOffice/edit.png',1,''),(9,'Contact Categories','',0,7,'option=categories&section=com_contact_details','Manage contact categories','',2,'js/ThemeOffice/categories.png',1,''),(10,'Front Page','option=com_frontpage',0,0,'','Manage Front Page Items','com_frontpage',0,'js/ThemeOffice/component.png',1,''),(11,'Polls','option=com_poll',0,0,'option=com_poll','Manage Polls','com_poll',0,'js/ThemeOffice/component.png',0,''),(12,'News Feeds','option=com_newsfeeds',0,0,'','News Feeds Management','com_newsfeeds',0,'js/ThemeOffice/component.png',0,''),(13,'Manage News Feeds','',0,12,'option=com_newsfeeds','Manage News Feeds','com_newsfeeds',1,'js/ThemeOffice/edit.png',0,''),(14,'Manage Categories','',0,12,'option=com_categories&section=com_newsfeeds','Manage Categories','',2,'js/ThemeOffice/categories.png',0,''),(15,'Login','option=com_login',0,0,'','','com_login',0,'',1,''),(16,'Search','option=com_search',0,0,'','','com_search',0,'',1,''),(17,'Syndicate','',0,0,'option=com_syndicate&hidemainmenu=1','Manage Syndication Settings','com_syndicate',0,'js/ThemeOffice/component.png',0,''),(18,'Mass Mail','',0,0,'option=com_massmail&hidemainmenu=1','Send Mass Mail','com_massmail',0,'js/ThemeOffice/mass_email.png',0,'');

--
-- Table structure for table `jos_contact_details`
--

CREATE TABLE `jos_contact_details` (
  `id` int(11) NOT NULL AUTO_INCREMENT,
  `name` varchar(100) NOT NULL DEFAULT '',
  `con_position` varchar(50) DEFAULT NULL,
  `address` text,
  `suburb` varchar(50) DEFAULT NULL,
  `state` varchar(20) DEFAULT NULL,
  `country` varchar(50) DEFAULT NULL,
  `postcode` varchar(10) DEFAULT NULL,
  `telephone` varchar(25) DEFAULT NULL,
  `fax` varchar(25) DEFAULT NULL,
  `misc` mediumtext,
  `image` varchar(100) DEFAULT NULL,
  `imagepos` varchar(20) DEFAULT NULL,
  `email_to` varchar(100) DEFAULT NULL,
  `default_con` tinyint(1) unsigned NOT NULL DEFAULT '0',
  `published` tinyint(1) unsigned NOT NULL DEFAULT '0',
  `checked_out` int(11) unsigned NOT NULL DEFAULT '0',
  `checked_out_time` datetime NOT NULL DEFAULT '0000-00-00 00:00:00',
  `ordering` int(11) NOT NULL DEFAULT '0',
  `params` text NOT NULL,
  `user_id` int(11) NOT NULL DEFAULT '0',
  `catid` int(11) NOT NULL DEFAULT '0',
  `access` tinyint(3) unsigned NOT NULL DEFAULT '0',
  PRIMARY KEY (`id`)
) ENGINE=MyISAM AUTO_INCREMENT=2 DEFAULT CHARSET=latin1;

--
-- Dumping data for table `jos_contact_details`
--

INSERT INTO `jos_contact_details` VALUES (1,'Wendy Tarlow','','','','Florida','','','954-202-6582','','','asterisk.png','top','wtarlow@bellsouth.net',0,1,0,'0000-00-00 00:00:00',1,'menu_image=-1\npageclass_sfx=\nprint=\nback_button=\nname=1\nposition=0\nemail=1\nstreet_address=0\nsuburb=0\nstate=0\ncountry=0\npostcode=0\ntelephone=1\nfax=0\nmisc=0\nimage=0\nvcard=0\nemail_description=1\nemail_description_text=\nemail_form=1\nemail_copy=0\ndrop_down=0\ncontact_icons=0\nicon_address=\nicon_email=\nicon_telephone=\nicon_fax=\nicon_misc=',0,12,0);

--
-- Table structure for table `jos_content`
--

CREATE TABLE `jos_content` (
  `id` int(11) unsigned NOT NULL AUTO_INCREMENT,
  `title` varchar(100) NOT NULL DEFAULT '',
  `title_alias` varchar(100) NOT NULL DEFAULT '',
  `introtext` mediumtext NOT NULL,
  `fulltext` mediumtext NOT NULL,
  `state` tinyint(3) NOT NULL DEFAULT '0',
  `sectionid` int(11) unsigned NOT NULL DEFAULT '0',
  `mask` int(11) unsigned NOT NULL DEFAULT '0',
  `catid` int(11) unsigned NOT NULL DEFAULT '0',
  `created` datetime NOT NULL DEFAULT '0000-00-00 00:00:00',
  `created_by` int(11) unsigned NOT NULL DEFAULT '0',
  `created_by_alias` varchar(100) NOT NULL DEFAULT '',
  `modified` datetime NOT NULL DEFAULT '0000-00-00 00:00:00',
  `modified_by` int(11) unsigned NOT NULL DEFAULT '0',
  `checked_out` int(11) unsigned NOT NULL DEFAULT '0',
  `checked_out_time` datetime NOT NULL DEFAULT '0000-00-00 00:00:00',
  `publish_up` datetime NOT NULL DEFAULT '0000-00-00 00:00:00',
  `publish_down` datetime NOT NULL DEFAULT '0000-00-00 00:00:00',
  `images` text NOT NULL,
  `urls` text NOT NULL,
  `attribs` text NOT NULL,
  `version` int(11) unsigned NOT NULL DEFAULT '1',
  `parentid` int(11) unsigned NOT NULL DEFAULT '0',
  `ordering` int(11) NOT NULL DEFAULT '0',
  `metakey` text NOT NULL,
  `metadesc` text NOT NULL,
  `access` int(11) unsigned NOT NULL DEFAULT '0',
  `hits` int(11) unsigned NOT NULL DEFAULT '0',
  PRIMARY KEY (`id`),
  KEY `idx_section` (`sectionid`),
  KEY `idx_access` (`access`),
  KEY `idx_checkout` (`checked_out`),
  KEY `idx_state` (`state`),
  KEY `idx_catid` (`catid`),
  KEY `idx_mask` (`mask`)
) ENGINE=MyISAM AUTO_INCREMENT=17 DEFAULT CHARSET=latin1;

--
-- Dumping data for table `jos_content`
--

INSERT INTO `jos_content` VALUES (1,'Why advertising is a waste of money!','Welcome','<p align=\"justify\">Typically a small to medium size business struggles with building brand awareness because they simply do not have the time to dedicate.&nbsp; And it really takes 110% of your effort to strategically place advertisements in effective mediums.&nbsp; </p><p align=\"justify\">&nbsp;</p><p align=\"justify\">Tarlow Consultants&nbsp;are not your typical advertising agency.&nbsp; We specialize in Hyper Local Marketing for the small to midsized business using new media to reach your service areas.&nbsp; Yellow pages are dead, newspapers are ineffective, more and more people are turning to the internet to find your company. </p><p align=\"justify\">&nbsp;</p><p align=\"justify\">&nbsp;</p><p align=\"justify\">We offer a menu of marketing services designed for your companies needs to help you penetrate your marketplace using Search Engine Optimization as an integral aspect of our overall marketing strategy.&nbsp; Just as you would not have a messy store front why would you have a messy website? Websites are a glimpse into your business. We will help you make sure your portrayal of yourself and your business is positive, accurate and exciting. The web should be sending you constant traffic. Qualified leads that have learned enough about you, gotten a real taste of what you offer, and a strong enough glimpse into the mind of your business to follow through. </p><p align=\"justify\">&nbsp;</p><p align=\"justify\">Marketing success happens when all the right elements come together: branding, information, insight, experience, and vision. We will take your business to the next level. </p><div align=\"center\"><strong>Research&nbsp;&nbsp;&nbsp;&nbsp; Analytics&nbsp;&nbsp;&nbsp;&nbsp; Web Development&nbsp;&nbsp;&nbsp;&nbsp; SEO Optimization&nbsp;&nbsp;&nbsp;&nbsp; TV Production&nbsp;&nbsp;&nbsp;&nbsp; Video Production&nbsp;&nbsp;&nbsp;&nbsp; Direct Mail</strong><br /></div><p align=\"justify\">&nbsp;</p><p align=\"center\"><strong>We BRAND. We DEVELOP. We provide RESULTS!</strong></p><p align=\"justify\">&nbsp;</p>','',1,4,0,13,'2008-02-15 22:00:00',62,'','2008-03-20 11:53:25',62,0,'0000-00-00 00:00:00','2008-02-14 22:00:00','0000-00-00 00:00:00','','','pageclass_sfx=\nback_button=0\nitem_title=1\nlink_titles=0\nintrotext=1\nsection=0\nsection_link=0\ncategory=0\ncategory_link=0\nrating=0\nauthor=0\ncreatedate=0\nmodifydate=0\npdf=\nprint=\nemail=\nkeyref=\ndocbook_type=',29,0,1,'','',0,228),(14,'Portfolio','Portfolio','<p>&nbsp;</p><h3>Commercials </h3><p>{tab=Anti Wrinkle}</p><p>{flv}antiwrinkle_onlyone{/flv}</p><p>{tab=Blemish}</p><p>{flv}blemish_so_you_thought{/flv}</p><p>{tab=Body Moisture}</p><p>{flv}bodymoisture_24hr{/flv}</p><p>{tab=Gentle&nbsp;Scrub}</p><p>{flv}gentlescrub_stop_scraping{/flv}</p><p>{tab=Instant Bronze}</p><p>{flv}instantbronze_morewomen{/flv}&nbsp;</p><p>{tab=Mask Scrub}</p><p>{flv}maskscrub_breakthrough{/flv}</p><p>{tab=Power Scrub Bar}</p><p>{flv}powerscrubbar_wrapped_up{/flv}</p><p>{tab=Razor Defense}</p><p>{flv}razordefense_stadium{/flv}</p><p>{tab=T Gel}</p><p>{flv}tgel_power_of_3{/flv}</p><p>{/tabs}</p><p>&nbsp;</p><p>&nbsp;</p><p>{tab=OFAW Clear Up}</p><p>{flv}ofaw_clear_up{/flv}</p><p>{tab=OFAW Clear Up Paola}</p><p>{flv}ofaw_clear_up_paola{/flv}</p><p>{/tabs}</p><p>&nbsp;</p><p>&nbsp;</p><p>{tab=Polo}</p><p>{flv}poloblue_dougboat{/flv}</p><p>{tab=RL Glamorous}</p><p>{flv}ralph_glamorous{/flv}</p><p>{tab=RL In Love Again}</p><p>{flv}ralphlauren_in_love_again{/flv}</p><p>{/tabs}</p><p>&nbsp;</p>','',1,0,0,0,'2008-02-14 14:01:15',62,'','2008-03-20 11:57:09',62,0,'0000-00-00 00:00:00','2008-02-14 14:00:34','0000-00-00 00:00:00','','','menu_image=-1\nitem_title=1\npageclass_sfx=\nback_button=0\nrating=0\nauthor=0\ncreatedate=0\nmodifydate=0\npdf=0\nprint=0\nemail=0',1,0,0,'','',0,366),(2,'Check out our new site','','<p>Check out are new site.&nbsp; yeah!</p>','',0,2,0,3,'2004-08-09 08:30:34',62,'','2008-03-04 07:31:48',62,0,'0000-00-00 00:00:00','2004-08-09 00:00:00','0000-00-00 00:00:00','','','pageclass_sfx=\nback_button=\nitem_title=1\nlink_titles=\nintrotext=1\nsection=0\nsection_link=0\ncategory=0\ncategory_link=0\nrating=\nauthor=\ncreatedate=\nmodifydate=\npdf=\nprint=\nemail=\nkeyref=\ndocbook_type=',4,0,1,'','',0,28),(3,'Newsflash 2','','Yesterday all servers in the U.S. went out on strike in a bid to get more RAM and better CPUs. A spokes person said that the need for better RAM was due to some fool increasing the front-side bus speed. In future, busses will be told to slow down in residential motherboards.','',0,2,0,3,'2004-08-09 08:30:34',62,'','2008-02-14 15:08:24',62,0,'0000-00-00 00:00:00','2004-08-09 00:00:00','0000-00-00 00:00:00','','','pageclass_sfx=\nback_button=\nitem_title=1\nlink_titles=\nintrotext=1\nsection=0\nsection_link=0\ncategory=0\ncategory_link=0\nrating=\nauthor=\ncreatedate=\nmodifydate=\npdf=\nprint=\nemail=\nkeyref=\ndocbook_type=',2,0,2,'','',0,6),(4,'Newsflash 3','','Aoccdrnig to a rscheearch at an Elingsh uinervtisy, it deosn&#39;t mttaer in waht oredr the ltteers in a wrod are, the olny iprmoetnt tihng is taht frist and lsat ltteer is at the rghit pclae. The rset can be a toatl mses and you can sitll raed it wouthit porbelm. Tihs is bcuseae we do not raed ervey lteter by itslef but the wrod as a wlohe.','',0,2,0,3,'2004-08-09 08:30:34',62,'','2008-03-04 08:00:52',62,0,'0000-00-00 00:00:00','2004-08-09 00:00:00','0000-00-00 00:00:00','','','pageclass_sfx=\nback_button=\nitem_title=1\nlink_titles=\nintrotext=1\nsection=0\nsection_link=0\ncategory=0\ncategory_link=0\nrating=\nauthor=\ncreatedate=\nmodifydate=\npdf=\nprint=\nemail=\nkeyref=\ndocbook_type=',3,0,3,'','',0,8),(5,'Joomla! License Guidelines','','<p>This website is powered by <a href=\"http://www.joomla.org/\">Joomla!</a> The software and default templates on which it runs are Copyright 2005 <a href=\"http://www.opensourcematters.org/\">Open Source Matters</a>. All other content and data, including data entered into this website and templates added after installation, are copyrighted by their respective copyright owners.</p><p>If you want to distribute, copy or modify Joomla!, you are welcome to do so under the terms of the <a href=\"http://www.gnu.org/copyleft/gpl.html#SEC1\">GNU General Public License</a>. If you are unfamiliar with this license, you might want to read <a href=\"http://www.gnu.org/copyleft/gpl.html#SEC4\">&#39;How To Apply These Terms To Your Program&#39;</a> and the <a href=\"http://www.gnu.org/licenses/gpl-faq.html\">&#39;GNU General Public License FAQ&#39;</a>.</p>','',-2,0,0,0,'2004-08-19 20:11:07',62,'','2008-02-14 13:55:32',62,0,'0000-00-00 00:00:00','2004-08-19 00:00:00','0000-00-00 00:00:00','','','menu_image=-1\nitem_title=1\npageclass_sfx=\nback_button=\nrating=\nauthor=\ncreatedate=\nmodifydate=\npdf=\nprint=\nemail=',1,0,0,'','',0,19),(6,'Hyper Local Marketing?','News1','<p>Wow fitnesstogetherflorida.com looks great! I have a question though... what is &quot;hyper local&quot; marketing? And how can I apply that same sort of strategy to my franchise in another state? I know we all need to help echother out but I just don&#39;t know how to get everyone together to do this. HELP!</p><h1 class=\"blogsection\">posted by interested owner</h1>','<font size=\"3\">Hi! Thanks for your questions and responses!&nbsp; All of us at Tarlow Consultants&nbsp;take pride in listening to what you have to say and we do our best to answer those questions/concerns as quickly as we can.&nbsp;&nbsp;&nbsp;</font><font size=\"3\">&nbsp; The challenge with working on a cooperative program is getting everyone to see the benefits.&nbsp; That being said, I must say that working with Fitness Together has been a wonderful experience.&nbsp; It&#39;s important to convey just what you are planning to do and why the owners should spend their money.&nbsp; In this case, as much of our business, we wanted each Fitness Together to benefit from a &quot;Hyper Local&quot; approach.&nbsp; We use that term to differentiate national advertising from very local advertising&hellip; using geographical location as a measure of reach and frequency.&nbsp; We take a look at demographic areas surrounding a business and capitalize on that specific area.&nbsp; This reduces the amount of competition, increases the frequency of your ads, and eliminates wasted ad impressions to consumers that are not in your area.&nbsp; I hope this sheds some light on your questions.&nbsp; Please feel free to reach out to us directly! </font><span style=\"font-family: &#39;Calibri&#39;,&#39;sans-serif&#39;\"><font size=\"3\">Thank you again for your comments!</font></span><span style=\"font-family: &#39;Calibri&#39;,&#39;sans-serif&#39;\"><font size=\"3\">Wendy Tarlow</font></span> <p class=\"blog\">&nbsp;</p>',1,1,0,1,'2004-07-07 11:54:06',62,'','2008-03-20 11:55:07',62,0,'0000-00-00 00:00:00','2004-07-07 00:00:00','0000-00-00 00:00:00','food/coffee.jpg|left||0\r\nfood/bread.jpg|right||0','','pageclass_sfx=\nback_button=\nitem_title=1\nlink_titles=\nintrotext=1\nsection=0\nsection_link=0\ncategory=0\ncategory_link=0\nrating=\nauthor=\ncreatedate=\nmodifydate=\npdf=\nprint=\nemail=\nkeyref=\ndocbook_type=',4,0,2,'','',0,310),(7,'Example News Item 2','News2','<p>{mosimage}Lorem ipsum dolor sit amet, consetetur sadipscing elitr, sed diam nonumy eirmod tempor invidunt ut labore et dolore magna aliquyam erat, sed diam voluptua. At vero eos et accusam et justo duo dolores et ea rebum. Stet clita kasd gubergren, no sea takimata sanctus est Lorem ipsum dolor sit amet. Lorem ipsum dolor sit amet, consetetur sadipscing elitr, sed diam nonumy eirmod tempor invidunt ut labore et dolore magna aliquyam erat, sed diam voluptua. At vero eos et accusam et justo duo dolores et ea rebum. Stet clita kasd gubergren, no sea takimata sanctus est Lorem ipsum dolor sit amet. Lorem ipsum dolor sit amet, consetetur sadipscing elitr, sed diam nonumy eirmod tempor invidunt ut labore et dolore magna aliquyam erat, sed diam voluptua. At vero eos et accusam et justo duo dolores et ea rebum. Stet clita kasd gubergren, no sea takimata sanctus est Lorem ipsum dolor sit amet.</p>','',0,1,0,1,'2004-07-07 11:54:06',62,'','2008-03-04 07:32:15',62,0,'0000-00-00 00:00:00','2004-07-07 00:00:00','0000-00-00 00:00:00','food/bun.jpg|right||0','','pageclass_sfx=\nback_button=\nitem_title=1\nlink_titles=\nintrotext=1\nsection=0\nsection_link=0\ncategory=0\ncategory_link=0\nrating=\nauthor=\ncreatedate=\nmodifydate=\npdf=\nprint=\nemail=\nkeyref=\ndocbook_type=',2,0,3,'','',0,31),(8,'Example News Item 3','News3','<p>{mosimage}Lorem ipsum dolor sit amet, consetetur sadipscing elitr, sed diam nonumy eirmod tempor invidunt ut labore et dolore magna aliquyam erat, sed diam voluptua. At vero eos et accusam et justo duo dolores et ea rebum. Stet clita kasd gubergren, no sea takimata sanctus est Lorem ipsum dolor sit amet. Lorem ipsum dolor sit amet, consetetur sadipscing elitr, sed diam nonumy eirmod tempor invidunt ut labore et dolore magna aliquyam erat, sed diam voluptua. At vero eos et accusam et justo duo dolores et ea rebum. Stet clita kasd gubergren, no sea takimata sanctus est Lorem ipsum dolor sit amet. Lorem ipsum dolor sit amet, consetetur sadipscing elitr, sed diam nonumy eirmod tempor invidunt ut labore et dolore magna aliquyam erat, sed diam voluptua. At vero eos et accusam et justo duo dolores et ea rebum. Stet clita kasd gubergren, no sea takimata sanctus est Lorem ipsum dolor sit amet.</p>','',0,1,0,1,'2004-04-12 11:54:06',62,'','2008-03-04 07:32:26',62,0,'0000-00-00 00:00:00','2004-07-07 00:00:00','0000-00-00 00:00:00','fruit/pears.jpg|right||0','','pageclass_sfx=\nback_button=\nitem_title=1\nlink_titles=\nintrotext=1\nsection=0\nsection_link=0\ncategory=0\ncategory_link=0\nrating=\nauthor=\ncreatedate=\nmodifydate=\npdf=\nprint=\nemail=\nkeyref=\ndocbook_type=',2,0,4,'','',0,25),(9,'Example News Item 4','News4','<p>Lorem ipsum dolor sit amet, consetetur sadipscing elitr, sed diam nonumy eirmod tempor invidunt ut labore et dolore magna aliquyam erat, sed diam voluptua. Lorem ipsum dolor sit amet, consetetur sadipscing elitr, sed diam nonumy eirmod tempor invidunt ut labore et dolore magna aliquyam erat, sed diam voluptua. At vero eos et accusam et justo duo dolores et ea rebum. Stet clita kasd gubergren, no sea takimata sanctus est Lorem ipsum dolor sit amet.</p>','<p>{mosimage}Duis autem vel eum iriure dolor in hendrerit in vulputate velit esse molestie consequat, vel illum dolore eu feugiat nulla facilisis at vero eros et accumsan et iusto odio dignissim qui blandit praesent luptatum zzril delenit augue duis dolore te feugait nulla facilisi. Lorem ipsum dolor sit amet, consectetuer adipiscing elit, sed diam nonummy nibh euismod tincidunt ut laoreet dolore magna aliquam erat volutpat.</p>{mospagebreak} <p>{mosimage}Ut wisi enim ad minim veniam, quis nostrud exerci tation ullamcorper suscipit lobortis nisl ut aliquip ex ea commodo consequat. Duis autem vel eum iriure dolor in hendrerit in vulputate velit esse molestie consequat, vel illum dolore eu feugiat nulla facilisis at vero eros et accumsan et iusto odio dignissim qui blandit praesent luptatum zzril delenit augue duis dolore te feugait nulla facilisi.</p><p>{mosimage}Nam liber tempor cum soluta nobis eleifend option congue nihil imperdiet doming id quod mazim placerat facer possim assum. Lorem ipsum dolor sit amet, consectetuer adipiscing elit, sed diam nonummy nibh euismod tincidunt ut laoreet dolore magna aliquam erat volutpat. Ut wisi enim ad minim veniam, quis nostrud exerci tation ullamcorper suscipit lobortis nisl ut aliquip ex ea commodo consequat.</p><p>Duis autem vel eum iriure dolor in hendrerit in vulputate velit esse molestie consequat, vel illum dolore eu feugiat nulla facilisis. At vero eos et accusam et justo duo dolores et ea rebum. Stet clita kasd gubergren, no sea takimata sanctus est Lorem ipsum dolor sit amet. Lorem ipsum dolor sit amet, consetetur sadipscing elitr, sed diam nonumy eirmod tempor invidunt ut labore et dolore magna aliquyam erat, sed diam voluptua. At vero eos et accusam et justo duo dolores et ea rebum. Stet clita kasd gubergren, no sea takimata sanctus est Lorem ipsum dolor sit amet. Lorem ipsum dolor sit amet, consetetur sadipscing elitr, At accusam aliquyam diam diam dolore dolores duo eirmod eos erat, et nonumy sed tempor et et invidunt justo labore Stet clita ea et gubergren, kasd magna no rebum. sanctus sea sed takimata ut vero voluptua. est Lorem ipsum dolor sit amet. Lorem ipsum dolor sit amet, consetetur sadipscing elitr, sed diam nonumy eirmod tempor invidunt ut labore et dolore magna aliquyam erat.</p>{mospagebreak} <p>Consetetur sadipscing elitr, sed diam nonumy eirmod tempor invidunt ut labore et dolore magna aliquyam erat, sed diam voluptua. At vero eos et accusam et justo duo dolores et ea rebum. Stet clita kasd gubergren, no sea takimata sanctus est Lorem ipsum dolor sit amet. Lorem ipsum dolor sit amet, consetetur sadipscing elitr, sed diam nonumy eirmod tempor invidunt ut labore et dolore magna aliquyam erat, sed diam voluptua. At vero eos et accusam et justo duo dolores et ea rebum. Stet clita kasd gubergren, no sea takimata sanctus est Lorem ipsum dolor sit amet. Lorem ipsum dolor sit amet, consetetur sadipscing elitr, sed diam nonumy eirmod tempor invidunt ut labore et dolore magna aliquyam erat, sed diam voluptua. At vero eos et accusam et justo duo dolores et ea rebum. Stet clita kasd gubergren, no sea takimata sanctus est Lorem ipsum dolor sit amet.</p>',0,1,0,1,'2004-07-07 11:54:06',62,'','2008-03-04 07:32:34',62,0,'0000-00-00 00:00:00','2004-07-07 00:00:00','0000-00-00 00:00:00','fruit/strawberry.jpg|left||0\r\nfruit/pears.jpg|right||0\r\nfruit/cherry.jpg|left||0','','pageclass_sfx=\nback_button=\nitem_title=1\nlink_titles=\nintrotext=1\nsection=0\nsection_link=0\ncategory=0\ncategory_link=0\nrating=\nauthor=\ncreatedate=\nmodifydate=\npdf=\nprint=\nemail=\nkeyref=\ndocbook_type=',2,0,5,'','',0,72),(10,'Example FAQ Item 1','FAQ1','<p>Lorem ipsum dolor sit amet, consetetur sadipscing elitr, sed diam nonumy eirmod tempor invidunt ut labore et dolore magna aliquyam erat, sed diam voluptua. Lorem ipsum dolor sit amet, consetetur sadipscing elitr, sed diam nonumy eirmod tempor invidunt ut labore et dolore magna aliquyam erat, sed diam voluptua. At vero eos et accusam et justo duo dolores et ea rebum. Stet clita kasd gubergren, no sea takimata sanctus est Lorem ipsum dolor sit amet.</p>','',0,3,0,7,'2004-05-12 11:54:06',62,'','2008-03-04 07:59:12',62,0,'0000-00-00 00:00:00','2004-01-01 00:00:00','0000-00-00 00:00:00','','','pageclass_sfx=\nback_button=\nitem_title=1\nlink_titles=\nintrotext=1\nsection=0\nsection_link=0\ncategory=0\ncategory_link=0\nrating=\nauthor=\ncreatedate=\nmodifydate=\npdf=\nprint=\nemail=\nkeyref=\ndocbook_type=',2,0,1,'','',0,23),(11,'Example FAQ Item 2','FAQ2','<p>Lorem ipsum dolor sit amet, consetetur sadipscing elitr, sed diam nonumy eirmod tempor invidunt ut labore et dolore magna aliquyam erat, sed diam voluptua. Lorem ipsum dolor sit amet, consetetur sadipscing elitr, sed diam nonumy eirmod tempor invidunt ut labore et dolore magna aliquyam erat, sed diam voluptua. At vero eos et accusam et justo duo dolores et ea rebum. Stet clita kasd gubergren, no sea takimata sanctus est Lorem ipsum dolor sit amet.</p>','<p>{mosimage}Duis autem vel eum iriure dolor in hendrerit in vulputate velit esse molestie consequat, vel illum dolore eu feugiat nulla facilisis at vero eros et accumsan et iusto odio dignissim qui blandit praesent luptatum zzril delenit augue duis dolore te feugait nulla facilisi. Lorem ipsum dolor sit amet, consectetuer adipiscing elit, sed diam nonummy nibh euismod tincidunt ut laoreet dolore magna aliquam erat volutpat.</p><p>{mosimage}Ut wisi enim ad minim veniam, quis nostrud exerci tation ullamcorper suscipit lobortis nisl ut aliquip ex ea commodo consequat. Duis autem vel eum iriure dolor in hendrerit in vulputate velit esse molestie consequat, vel illum dolore eu feugiat nulla facilisis at vero eros et accumsan et iusto odio dignissim qui blandit praesent luptatum zzril delenit augue duis dolore te feugait nulla facilisi.</p><p>{mosimage}Nam liber tempor cum soluta nobis eleifend option congue nihil imperdiet doming id quod mazim placerat facer possim assum. Lorem ipsum dolor sit amet, consectetuer adipiscing elit, sed diam nonummy nibh euismod tincidunt ut laoreet dolore magna aliquam erat volutpat. Ut wisi enim ad minim veniam, quis nostrud exerci tation ullamcorper suscipit lobortis nisl ut aliquip ex ea commodo consequat.</p><p>Duis autem vel eum iriure dolor in hendrerit in vulputate velit esse molestie consequat, vel illum dolore eu feugiat nulla facilisis. At vero eos et accusam et justo duo dolores et ea rebum. Stet clita kasd gubergren, no sea takimata sanctus est Lorem ipsum dolor sit amet. Lorem ipsum dolor sit amet, consetetur sadipscing elitr, sed diam nonumy eirmod tempor invidunt ut labore et dolore magna aliquyam erat, sed diam voluptua. At vero eos et accusam et justo duo dolores et ea rebum. Stet clita kasd gubergren, no sea takimata sanctus est Lorem ipsum dolor sit amet. Lorem ipsum dolor sit amet, consetetur sadipscing elitr, At accusam aliquyam diam diam dolore dolores duo eirmod eos erat, et nonumy sed tempor et et invidunt justo labore Stet clita ea et gubergren, kasd magna no rebum. sanctus sea sed takimata ut vero voluptua. est Lorem ipsum dolor sit amet. Lorem ipsum dolor sit amet, consetetur sadipscing elitr, sed diam nonumy eirmod tempor invidunt ut labore et dolore magna aliquyam erat.</p><p>Consetetur sadipscing elitr, sed diam nonumy eirmod tempor invidunt ut labore et dolore magna aliquyam erat, sed diam voluptua. At vero eos et accusam et justo duo dolores et ea rebum. Stet clita kasd gubergren, no sea takimata sanctus est Lorem ipsum dolor sit amet. Lorem ipsum dolor sit amet, consetetur sadipscing elitr, sed diam nonumy eirmod tempor invidunt ut labore et dolore magna aliquyam erat, sed diam voluptua. At vero eos et accusam et justo duo dolores et ea rebum. Stet clita kasd gubergren, no sea takimata sanctus est Lorem ipsum dolor sit amet. Lorem ipsum dolor sit amet, consetetur sadipscing elitr, sed diam nonumy eirmod tempor invidunt ut labore et dolore magna aliquyam erat, sed diam voluptua. At vero eos et accusam et justo duo dolores et ea rebum. Stet clita kasd gubergren, no sea takimata sanctus est Lorem ipsum dolor sit amet.</p>',0,3,0,7,'2004-05-12 11:54:06',62,'Web master','2008-03-04 07:59:18',62,0,'0000-00-00 00:00:00','2004-01-01 00:00:00','0000-00-00 00:00:00','fruit/cherry.jpg|left||0\r\nfruit/peas.jpg|right||0\r\nfood/milk.jpg|left||0','','pageclass_sfx=\nback_button=\nitem_title=1\nlink_titles=\nintrotext=1\nsection=0\nsection_link=0\ncategory=0\ncategory_link=0\nrating=\nauthor=\ncreatedate=\nmodifydate=\npdf=\nprint=\nemail=\nkeyref=\ndocbook_type=',2,0,2,'','',0,30),(15,'Services','Services','<p><strong><font size=\"3\"><font face=\"Calibri\">This day and age economically small to midsized businesses are faced with a global crisis. Statistically, 1 out of 3 small businesses close within 1 year. The Mortgage Industry is a real life problem for small to midsized businesses because most lines of credit that fuel their growth typically are drying up and becoming extremely hard to obtain. </font></font></strong></p><p>&nbsp;</p><p>&nbsp;</p><p><strong><font size=\"3\"><font face=\"Calibri\">What to do when those sources are not an option?</font></font></strong><strong><font face=\"Calibri\" size=\"3\">&nbsp;</font></strong>&nbsp; </p><p align=\"center\">&nbsp;</p><p align=\"center\">&nbsp;</p><p align=\"center\">&nbsp;</p><ul><li><strong><font size=\"3\"><font face=\"Calibri\">Guerilla Marketing.&nbsp;&nbsp; </font></font></strong></li><li><strong><font size=\"3\"><font face=\"Calibri\">Strategic business partnerships.&nbsp;&nbsp; </font></font></strong></li><li><strong><font size=\"3\"><font face=\"Calibri\">Behavior Modification.&nbsp;&nbsp;</font></font></strong></li><li><strong><font size=\"3\"><font face=\"Calibri\">Source analysis &ndash; Where does your business really come from.&nbsp;&nbsp; </font></font></strong></li><li><strong><font size=\"3\"><font face=\"Calibri\">Smaller Option Packages.&nbsp;&nbsp;&nbsp; </font></font></strong></li><li><strong><font size=\"3\"><font face=\"Calibri\">Results Driven Contracts.&nbsp;&nbsp;&nbsp;&nbsp; </font></font></strong></li><li><strong><font size=\"3\"><font face=\"Calibri\">Leverage over large advertising shops</font></font></strong><strong><font face=\"Calibri\" size=\"3\">&nbsp;</font></strong>&nbsp;&nbsp; </li></ul><hr /><p>&nbsp;</p><p>&nbsp;</p><p>&nbsp;</p><p><strong><span style=\"font-size: 12pt; line-height: 115%\"><font face=\"Calibri\">MARKETING</font></span></strong> </p><p>&nbsp;</p><p>&nbsp;</p><p><span style=\"font-size: 12pt; line-height: 115%\"><font face=\"Calibri\">Direct Mail &ndash; multiple impressions</font></span></p><p><span style=\"font-size: 12pt; line-height: 115%\"><font face=\"Calibri\">Pay Per Click Management &ndash; Is pay per click necessary for your business</font></span></p><p><span style=\"font-size: 12pt; line-height: 115%\"><font face=\"Calibri\">Email Marketing &ndash; Newsletter Template and content building. </font></span></p><p><span style=\"font-size: 12pt; line-height: 115%\"><font face=\"Calibri\">Email blasts. </font></span></p><p><span style=\"font-size: 12pt; line-height: 115%\"><font face=\"Calibri\">Demographic list building.</font></span></p><p><span style=\"font-size: 12pt; line-height: 115%\"><font face=\"Calibri\">Blogging</font></span></p><p><span style=\"font-size: 12pt; line-height: 115%\"><font face=\"Calibri\">Online Media Buying&nbsp;</font></span></p><p>&nbsp;</p><p><strong><font face=\"Calibri\" size=\"3\">&nbsp;</font></strong>&nbsp;<strong><span style=\"font-size: 12pt; line-height: 115%\"><font face=\"Calibri\">&nbsp;</font></span></strong> </p><p>&nbsp;</p><p>&nbsp;</p><p><strong><span style=\"font-size: 12pt; line-height: 115%\"><font face=\"Calibri\">I</font></span></strong><strong><span style=\"font-size: 12pt; line-height: 115%\"><font face=\"Calibri\">NTERACTIVE</font></span></strong> </p><p>&nbsp;</p><p>&nbsp;</p><p><span style=\"font-size: 12pt; line-height: 115%\"><font face=\"Calibri\">Web Site Design &ndash; This is not how you envision yourself but how your audience depicts you.</font></span></p><p><span style=\"font-size: 12pt; line-height: 115%\"><font face=\"Calibri\">Internet Marketing -<span>&nbsp; </span>The most economical way to get the word out about who you are once you have a clear brand to market.</font></span></p><p><span style=\"font-size: 12pt; line-height: 115%\"><font face=\"Calibri\">Search Engine optimization</font></span><span style=\"font-size: 12pt; line-height: 115%\"><font face=\"Calibri\">&nbsp;&nbsp;&nbsp;&nbsp;&nbsp;&nbsp;&nbsp;&nbsp;&nbsp;&nbsp;&nbsp; </font></span></p><p><span style=\"font-size: 12pt; line-height: 115%\"><font face=\"Calibri\">Link Building &ndash; reciprocal linking</font></span><span style=\"font-size: 12pt; line-height: 115%\"><font face=\"Calibri\">&nbsp;&nbsp;&nbsp;&nbsp;&nbsp;&nbsp;&nbsp;&nbsp;&nbsp;&nbsp;&nbsp; </font></span></p><p><span style=\"font-size: 12pt; line-height: 115%\"><font face=\"Calibri\">Copywriting&nbsp;</font></span><span style=\"font-size: 12pt; line-height: 115%\"><font face=\"Calibri\">&nbsp;&nbsp;&nbsp;&nbsp;&nbsp;&nbsp;&nbsp;&nbsp;&nbsp;&nbsp;&nbsp; </font></span></p><p><span style=\"font-size: 12pt; line-height: 115%\"><font face=\"Calibri\">Keyword Analysis &ndash; correct phrasing, non-spamming techniques</font></span><strong><span style=\"font-size: 12pt; line-height: 115%\"><font face=\"Calibri\">&nbsp;</font></span></strong>&nbsp; </p><p>&nbsp;</p><p>&nbsp;</p><p>&nbsp;</p><p><strong><span style=\"font-size: 12pt; line-height: 115%\"><font face=\"Calibri\">PRODUCTION </font></span></strong></p><p><strong><span style=\"font-size: 12pt; line-height: 115%\"><font face=\"Calibri\">(Hyper Local Productions a division of Tarlow Consultants)</font></span></strong> </p><p>&nbsp;</p><p>&nbsp;</p><pre><span style=\"font-size: 12pt; line-height: 115%\" class=\"contenttoc\">TV/ Radio Spot production </span><span style=\"font-size: 12pt; line-height: 115%\">Internet/Video production </span></pre><p style=\"font-size: 12pt; line-height: 115%; font-family: &#39;Calibri&#39;,&#39;sans-serif&#39;\"><span>Television and Radio Media Buying</span></p>','',1,0,0,0,'2008-02-21 22:17:09',62,'','2008-03-20 11:56:53',62,0,'0000-00-00 00:00:00','2008-02-21 22:16:31','0000-00-00 00:00:00','','','menu_image=-1\nitem_title=1\npageclass_sfx=\nback_button=0\nrating=\nauthor=0\ncreatedate=0\nmodifydate=0\npdf=0\nprint=0\nemail=0',1,0,0,'','',0,217),(16,'Fitness Together Florida Studios','','<p class=\"blogsection\">Blog written by Wendy Tarlow</p>','<p class=\"blog\">Fitness Together Florida Studios</p><p>We are all starting to band together to increase the Fitness Together brand down here. The 400th studio opened last week in Pembroke Pines, Florida: <a href=\"http://www.ftpembrokepines.com/\"><u><font color=\"#800080\">http://www.ftpembrokepines.com</font></u></a> </p><p>I obviously, am extremely excited to be apart of this studio. We have started off the way I like it. With a lot of interest and people lining up to fill slots. We already have a great team in place. My Manager from Fitness Together Fort Lauderdale: <a href=\"http://www.ftfortlauderdale.com/\"><u><font color=\"#800080\">http://www.ftfortlauderdale.com</font></u></a> decided to partner with me on the opening of my 2nd studio, Meaghan Vecchia and she is doing a tremendous job - learning about build outs and Building departments and the unreliability of getting a business open in Florida.</p><p>We joined together with most of the other Florida Studios and TarlowLoring created the website so we all have a common landing page for cooperative advertising: <a href=\"http://www.fitnesstogetherflorida.com/\"><u><font color=\"#800080\">http://www.fitnesstogetherflorida.com</font></u></a> </p><p>We sent out an 80,000 household postcard that has set the phones ringing for all of the studios that participated and has brought us some wonderful new clients.</p><p>Branding and Cooperative advertising for small businesses is the key to their success!</p><p>Without the brand recognition, you are just another business.</p><p>What sets you apart from other businesses? Where is your niche? How can you distinguish yourself from the business down the street.</p><p>That is what my head has been wrapped around the last few years of being a small business owner. Such a totally different experience than being a General Manager for Equinox or when I was a GM for NYSC. The marketing was handed to us and we just needed to close the deal. Stick to our quotas and collect bonus&#39;. </p><p>When I worked on Madison Ave for Carlson &amp; Partners which became Roberts and Tarlow as a Producer, it was still the same kind of set up. I certainly was doing a lot more thinking about marketing and getting the brand out because I was working in advertising but essentially was still playing with someone else&#39;s money.</p><p>I moved down to Fort Lauderdale because I saw a pocket of opportunity that didn&#39;t have the kind of branding that I was accustomed to and I knew that I could eventually sink my teeth into this market. I certainly have learned about the hard knocks of owning the Small Business instead of collecting the paycheck and at the end of the day walking away from most of the problems.</p><p>The first year a chunk of my roof blew off of my house and off of my business during Wilma and I started getting scared. Scared doesn&#39;t make me run. Scared makes me roll up my sleeves and steam forward like a baby bull which was my nickname as a kid. I get pissed off when I get scared and stupid or not have the attitude of &quot;bring it on&quot; &quot;I&#39;m ready for what life is throwing my way.&quot; and I muscle my way through the obstacles. </p><p>I have learned that is what makes a successful small business and what sets the small business owner apart from the other business owners.</p><p>So all I can say is, through my now twenty something years of business experience I am excited to be the one who has the reins in my hands. I am excited to support and help grow the younger generation of entrepreneurs into their own top brands.</p><p>2/29/08 Leap Year</p><p>Wendy Tarlow, President</p><p>&nbsp;</p>',1,1,0,1,'2008-02-29 06:51:47',62,'Wendy Tarlow','2008-03-20 11:55:57',62,0,'0000-00-00 00:00:00','2008-02-29 06:47:41','0000-00-00 00:00:00','','','pageclass_sfx=\nback_button=\nitem_title=1\nlink_titles=\nintrotext=1\nsection=0\nsection_link=0\ncategory=0\ncategory_link=0\nrating=\nauthor=\ncreatedate=\nmodifydate=\npdf=\nprint=\nemail=\nkeyref=\ndocbook_type=',3,0,1,'personal training studios, pembroke pines personal trainers, fitness together, fort lauderdale private trainers, florida personal training studios.','Florida Fitness Together Personal Training Studios',0,336);

--
-- Table structure for table `jos_content_frontpage`
--

CREATE TABLE `jos_content_frontpage` (
  `content_id` int(11) NOT NULL DEFAULT '0',
  `ordering` int(11) NOT NULL DEFAULT '0',
  PRIMARY KEY (`content_id`)
) ENGINE=MyISAM DEFAULT CHARSET=latin1;

--
-- Dumping data for table `jos_content_frontpage`
--

INSERT INTO `jos_content_frontpage` VALUES (1,2),(5,1);

--
-- Table structure for table `jos_content_rating`
--

CREATE TABLE `jos_content_rating` (
  `content_id` int(11) NOT NULL DEFAULT '0',
  `rating_sum` int(11) unsigned NOT NULL DEFAULT '0',
  `rating_count` int(11) unsigned NOT NULL DEFAULT '0',
  `lastip` varchar(50) NOT NULL DEFAULT '',
  PRIMARY KEY (`content_id`)
) ENGINE=MyISAM DEFAULT CHARSET=latin1;

--
-- Dumping data for table `jos_content_rating`
--


--
-- Table structure for table `jos_core_acl_aro`
--

CREATE TABLE `jos_core_acl_aro` (
  `aro_id` int(11) NOT NULL AUTO_INCREMENT,
  `section_value` varchar(240) NOT NULL DEFAULT '0',
  `value` varchar(240) NOT NULL DEFAULT '',
  `order_value` int(11) NOT NULL DEFAULT '0',
  `name` varchar(255) NOT NULL DEFAULT '',
  `hidden` int(11) NOT NULL DEFAULT '0',
  PRIMARY KEY (`aro_id`),
  UNIQUE KEY `jos_gacl_section_value_value_aro` (`section_value`(100),`value`(100)),
  KEY `jos_gacl_hidden_aro` (`hidden`)
) ENGINE=MyISAM AUTO_INCREMENT=14 DEFAULT CHARSET=latin1;

--
-- Dumping data for table `jos_core_acl_aro`
--

INSERT INTO `jos_core_acl_aro` VALUES (10,'users','62',0,'Administrator',0),(11,'users','63',0,'wendy',0),(12,'users','64',0,'Vincent',0),(13,'users','65',0,'Jordan',0);

--
-- Table structure for table `jos_core_acl_aro_groups`
--

CREATE TABLE `jos_core_acl_aro_groups` (
  `group_id` int(11) NOT NULL AUTO_INCREMENT,
  `parent_id` int(11) NOT NULL DEFAULT '0',
  `name` varchar(255) NOT NULL DEFAULT '',
  `lft` int(11) NOT NULL DEFAULT '0',
  `rgt` int(11) NOT NULL DEFAULT '0',
  PRIMARY KEY (`group_id`),
  KEY `parent_id_aro_groups` (`parent_id`),
  KEY `jos_gacl_parent_id_aro_groups` (`parent_id`),
  KEY `jos_gacl_lft_rgt_aro_groups` (`lft`,`rgt`)
) ENGINE=MyISAM AUTO_INCREMENT=31 DEFAULT CHARSET=latin1;

--
-- Dumping data for table `jos_core_acl_aro_groups`
--

INSERT INTO `jos_core_acl_aro_groups` VALUES (17,0,'ROOT',1,22),(28,17,'USERS',2,21),(29,28,'Public Frontend',3,12),(18,29,'Registered',4,11),(19,18,'Author',5,10),(20,19,'Editor',6,9),(21,20,'Publisher',7,8),(30,28,'Public Backend',13,20),(23,30,'Manager',14,19),(24,23,'Administrator',15,18),(25,24,'Super Administrator',16,17);

--
-- Table structure for table `jos_core_acl_aro_sections`
--

CREATE TABLE `jos_core_acl_aro_sections` (
  `section_id` int(11) NOT NULL AUTO_INCREMENT,
  `value` varchar(230) NOT NULL DEFAULT '',
  `order_value` int(11) NOT NULL DEFAULT '0',
  `name` varchar(230) NOT NULL DEFAULT '',
  `hidden` int(11) NOT NULL DEFAULT '0',
  PRIMARY KEY (`section_id`),
  UNIQUE KEY `value_aro_sections` (`value`),
  UNIQUE KEY `jos_gacl_value_aro_sections` (`value`),
  KEY `hidden_aro_sections` (`hidden`),
  KEY `jos_gacl_hidden_aro_sections` (`hidden`)
) ENGINE=MyISAM AUTO_INCREMENT=11 DEFAULT CHARSET=latin1;

--
-- Dumping data for table `jos_core_acl_aro_sections`
--

INSERT INTO `jos_core_acl_aro_sections` VALUES (10,'users',1,'Users',0);

--
-- Table structure for table `jos_core_acl_groups_aro_map`
--

CREATE TABLE `jos_core_acl_groups_aro_map` (
  `group_id` int(11) NOT NULL DEFAULT '0',
  `section_value` varchar(240) NOT NULL DEFAULT '',
  `aro_id` int(11) NOT NULL DEFAULT '0',
  UNIQUE KEY `group_id_aro_id_groups_aro_map` (`group_id`,`section_value`,`aro_id`)
) ENGINE=MyISAM DEFAULT CHARSET=latin1;

--
-- Dumping data for table `jos_core_acl_groups_aro_map`
--

INSERT INTO `jos_core_acl_groups_aro_map` VALUES (18,'',12),(18,'',13),(25,'',10),(25,'',11);

--
-- Table structure for table `jos_core_log_items`
--

CREATE TABLE `jos_core_log_items` (
  `time_stamp` date NOT NULL DEFAULT '0000-00-00',
  `item_table` varchar(50) NOT NULL DEFAULT '',
  `item_id` int(11) unsigned NOT NULL DEFAULT '0',
  `hits` int(11) unsigned NOT NULL DEFAULT '0'
) ENGINE=MyISAM DEFAULT CHARSET=latin1;

--
-- Dumping data for table `jos_core_log_items`
--


--
-- Table structure for table `jos_core_log_searches`
--

CREATE TABLE `jos_core_log_searches` (
  `search_term` varchar(128) NOT NULL DEFAULT '',
  `hits` int(11) unsigned NOT NULL DEFAULT '0'
) ENGINE=MyISAM DEFAULT CHARSET=latin1;

--
-- Dumping data for table `jos_core_log_searches`
--


--
-- Table structure for table `jos_groups`
--

CREATE TABLE `jos_groups` (
  `id` tinyint(3) unsigned NOT NULL DEFAULT '0',
  `name` varchar(50) NOT NULL DEFAULT '',
  PRIMARY KEY (`id`)
) ENGINE=MyISAM DEFAULT CHARSET=latin1;

--
-- Dumping data for table `jos_groups`
--

INSERT INTO `jos_groups` VALUES (0,'Public'),(1,'Registered'),(2,'Special');

--
-- Table structure for table `jos_mambots`
--

CREATE TABLE `jos_mambots` (
  `id` int(11) NOT NULL AUTO_INCREMENT,
  `name` varchar(100) NOT NULL DEFAULT '',
  `element` varchar(100) NOT NULL DEFAULT '',
  `folder` varchar(100) NOT NULL DEFAULT '',
  `access` tinyint(3) unsigned NOT NULL DEFAULT '0',
  `ordering` int(11) NOT NULL DEFAULT '0',
  `published` tinyint(3) NOT NULL DEFAULT '0',
  `iscore` tinyint(3) NOT NULL DEFAULT '0',
  `client_id` tinyint(3) NOT NULL DEFAULT '0',
  `checked_out` int(11) unsigned NOT NULL DEFAULT '0',
  `checked_out_time` datetime NOT NULL DEFAULT '0000-00-00 00:00:00',
  `params` text NOT NULL,
  PRIMARY KEY (`id`),
  KEY `idx_folder` (`published`,`client_id`,`access`,`folder`)
) ENGINE=MyISAM AUTO_INCREMENT=23 DEFAULT CHARSET=latin1;

--
-- Dumping data for table `jos_mambots`
--

INSERT INTO `jos_mambots` VALUES (1,'MOS Image','mosimage','content',0,-10000,1,1,0,0,'0000-00-00 00:00:00',''),(2,'MOS Pagination','mospaging','content',0,10000,1,1,0,0,'0000-00-00 00:00:00',''),(3,'Legacy Mambot Includer','legacybots','content',0,4,0,1,0,0,'0000-00-00 00:00:00',''),(4,'SEF','mossef','content',0,6,1,0,0,0,'0000-00-00 00:00:00',''),(5,'MOS Rating','mosvote','content',0,7,1,1,0,0,'0000-00-00 00:00:00',''),(6,'Search Content','content.searchbot','search',0,1,1,1,0,0,'0000-00-00 00:00:00',''),(7,'Search Weblinks','weblinks.searchbot','search',0,2,1,1,0,0,'0000-00-00 00:00:00',''),(8,'Code support','moscode','content',0,5,0,0,0,0,'0000-00-00 00:00:00',''),(9,'No WYSIWYG Editor','none','editors',0,0,1,1,0,0,'0000-00-00 00:00:00',''),(10,'TinyMCE WYSIWYG Editor','tinymce','editors',0,0,1,1,0,0,'0000-00-00 00:00:00','theme=advanced'),(11,'MOS Image Editor Button','mosimage.btn','editors-xtd',0,0,1,0,0,0,'0000-00-00 00:00:00',''),(12,'MOS Pagebreak Editor Button','mospage.btn','editors-xtd',0,0,1,0,0,0,'0000-00-00 00:00:00',''),(13,'Search Contacts','contacts.searchbot','search',0,3,1,1,0,0,'0000-00-00 00:00:00',''),(14,'Search Categories','categories.searchbot','search',0,4,1,0,0,0,'0000-00-00 00:00:00',''),(15,'Search Sections','sections.searchbot','search',0,5,1,0,0,0,'0000-00-00 00:00:00',''),(16,'Email Cloaking','mosemailcloak','content',0,8,1,0,0,0,'0000-00-00 00:00:00',''),(17,'GeSHi','geshi','content',0,9,0,0,0,0,'0000-00-00 00:00:00',''),(18,'Search Newsfeeds','newsfeeds.searchbot','search',0,6,1,0,0,0,'0000-00-00 00:00:00',''),(19,'Load Module Positions','mosloadposition','content',0,10,1,0,0,0,'0000-00-00 00:00:00',''),(20,'AllVideos Plugin','plugin_jw_allvideos','content',0,3,1,0,0,62,'2008-04-02 02:29:17','allvideos_css=allvideos\ntop_margin=8\nbottom_margin=8\nvideo_align=center\nwidth=400\nheight=323\nifilmwidth=400\nifilmheight=323\nmetacafewidth=400\nmetacafeheight=323\nvideo_folder=images/videos/\nautostart=autostart=false\nvideo_transparency=transparent\nvideo_bg=#FFFFFF\naudio_folder=images/audio/\nawidth=300\naheight=20'),(21,'JW Tabs & Slides Plugin','plugin_jw_ts','content',0,2,1,0,0,0,'0000-00-00 00:00:00','slides_slidespeed=30\nslides_timer=10'),(22,'Simple Image Gallery Plugin','plugin_jw_sig','content',0,1,1,0,0,0,'0000-00-00 00:00:00','');

--
-- Table structure for table `jos_menu`
--

CREATE TABLE `jos_menu` (
  `id` int(11) NOT NULL AUTO_INCREMENT,
  `menutype` varchar(25) DEFAULT NULL,
  `name` varchar(100) DEFAULT NULL,
  `link` text,
  `type` varchar(50) NOT NULL DEFAULT '',
  `published` tinyint(1) NOT NULL DEFAULT '0',
  `parent` int(11) unsigned NOT NULL DEFAULT '0',
  `componentid` int(11) unsigned NOT NULL DEFAULT '0',
  `sublevel` int(11) DEFAULT '0',
  `ordering` int(11) DEFAULT '0',
  `checked_out` int(11) unsigned NOT NULL DEFAULT '0',
  `checked_out_time` datetime NOT NULL DEFAULT '0000-00-00 00:00:00',
  `pollid` int(11) NOT NULL DEFAULT '0',
  `browserNav` tinyint(4) DEFAULT '0',
  `access` tinyint(3) unsigned NOT NULL DEFAULT '0',
  `utaccess` tinyint(3) unsigned NOT NULL DEFAULT '0',
  `params` text NOT NULL,
  PRIMARY KEY (`id`),
  KEY `componentid` (`componentid`,`menutype`,`published`,`access`),
  KEY `menutype` (`menutype`)
) ENGINE=MyISAM AUTO_INCREMENT=37 DEFAULT CHARSET=latin1;

--
-- Dumping data for table `jos_menu`
--

INSERT INTO `jos_menu` VALUES (1,'mainmenu','Home','index.php?option=com_frontpage','components',1,0,10,0,1,0,'0000-00-00 00:00:00',0,0,0,3,'leading=1\r\nintro=2\r\nlink=1\r\nimage=1\r\npage_title=0\r\nheader=Welcome to the Frontpage\r\norderby_sec=front\r\nprint=0\r\npdf=0\r\nemail=0\r\nback_button=0'),(2,'mainmenu','News','index.php?option=com_content&task=section&id=1','content_section',1,0,1,0,3,0,'0000-00-00 00:00:00',0,0,0,3,''),(3,'mainmenu','Contact Us','index.php?option=com_contact','components',1,0,7,0,6,0,'0000-00-00 00:00:00',0,0,0,3,''),(23,'mainmenu','Links','index.php?option=com_weblinks','components',1,0,4,0,5,0,'0000-00-00 00:00:00',0,0,0,0,'menu_image=web_links.jpg\npageclass_sfx=\nback_button=\npage_title=1\nheader=\nheadings=1\nhits=\nitem_description=1\nother_cat=1\ndescription=1\ndescription_text=\nimage=-1\nimage_align=right\nweblink_icons='),(5,'mainmenu','Search','index.php?option=com_search','components',1,0,16,0,7,0,'0000-00-00 00:00:00',0,0,0,3,''),(6,'mainmenu','Joomla! License','index.php?option=com_content&task=view&id=5','content_typed',1,0,5,0,2,0,'0000-00-00 00:00:00',0,0,0,0,''),(7,'mainmenu','News Feeds','index.php?option=com_newsfeeds','components',1,0,12,0,8,0,'0000-00-00 00:00:00',0,0,0,3,'menu_image=-1\npageclass_sfx=\nback_button=\npage_title=1\nheader='),(8,'mainmenu','Wrapper','index.php?option=com_wrapper','wrapper',1,0,0,0,10,0,'0000-00-00 00:00:00',0,0,0,3,'menu_image=-1\npageclass_sfx=\nback_button=\npage_title=1\nheader=\nscrolling=auto\nwidth=100%\nheight=600\nheight_auto=0\nurl=www.joomla.org'),(9,'mainmenu','Blog','index.php?option=com_content&task=blogsection&id=0','content_blog_section',1,0,0,0,4,0,'0000-00-00 00:00:00',0,0,0,3,'menu_image=-1\npageclass_sfx=\nback_button=\nheader=A blog of all sections with no images\npage_title=1\nleading=0\nintro=6\ncolumns=2\nlink=4\norderby_pri=\norderby_sec=\npagination=2\npagination_results=1\nimage=0\ndescription=0\ndescription_image=0\ncategory=0\ncategory_link=0\nitem_title=1\nlink_titles=\nreadmore=\nrating=\nauthor=\ncreatedate=\nmodifydate=\npdf=\nprint=\nemail=\nsectionid='),(10,'othermenu','Joomla! Home','http://www.joomla.org','url',1,0,0,0,1,62,'2008-02-16 14:44:20',0,0,0,3,''),(11,'othermenu','Joomla! Forums','http://forum.joomla.org','url',1,0,0,0,1,0,'0000-00-00 00:00:00',0,0,0,3,''),(12,'othermenu','OSM Home','http://www.opensourcematters.org','url',1,0,0,0,1,62,'2008-02-16 14:44:21',0,0,0,3,''),(24,'othermenu','Administrator','administrator/','url',1,0,0,0,3,0,'0000-00-00 00:00:00',0,0,0,3,'menu_image=-1'),(21,'usermenu','Your Details','index.php?option=com_user&task=UserDetails','url',1,0,0,0,1,0,'0000-00-00 00:00:00',0,0,1,3,''),(13,'usermenu','Submit News','index.php?option=com_content&task=new&sectionid=1&Itemid=0','url',1,0,0,0,2,0,'0000-00-00 00:00:00',0,0,1,2,''),(14,'usermenu','Submit WebLink','index.php?option=com_weblinks&task=new','url',1,0,0,0,4,0,'0000-00-00 00:00:00',0,0,1,2,''),(15,'usermenu','Check-In My Items','index.php?option=com_user&task=CheckIn','url',1,0,0,0,5,0,'0000-00-00 00:00:00',0,0,1,2,''),(16,'usermenu','Logout','index.php?option=com_login','components',1,0,15,0,5,0,'0000-00-00 00:00:00',0,0,1,3,''),(17,'topmenu','Home','index.php','url',1,0,0,0,7,0,'0000-00-00 00:00:00',0,0,0,3,''),(18,'topmenu','Contact Us','index.php?option=com_contact&Itemid=3','url',1,0,0,0,11,0,'0000-00-00 00:00:00',0,0,0,3,''),(19,'topmenu','Portfolio','index.php?option=com_content&task=blogsection&id=0&Itemid=9','url',-2,0,0,0,6,0,'0000-00-00 00:00:00',0,0,0,3,'menu_image=-1'),(20,'topmenu','Services','index.php?option=com_weblinks&Itemid=23','url',-2,0,0,0,1,0,'0000-00-00 00:00:00',0,0,0,3,'menu_image=-1'),(25,'mainmenu','FAQs','index.php?option=com_content&task=category&sectionid=3&id=7','content_category',1,0,7,0,9,0,'0000-00-00 00:00:00',0,0,0,0,'menu_image=-1\npage_title=1\npageclass_sfx=\nback_button=\norderby=\ndate_format=\ndate=\nauthor=\ntitle=1\nhits=\nheadings=1\nnavigation=1\norder_select=1\ndisplay=1\ndisplay_num=50\nfilter=1\nfilter_type=title\nother_cat=1\nempty_cat=0\ncat_items=1\ncat_description=1'),(36,'topmenu','Services','index.php?option=com_content&task=view&id=15','content_typed',1,0,15,0,8,0,'0000-00-00 00:00:00',0,0,0,0,'menu_image=-1\nunique_itemid=0'),(26,'topmenu','Blog','index.php?option=com_content&task=blogcategory&id=0','content_blog_category',-2,0,0,0,5,0,'0000-00-00 00:00:00',0,0,0,0,'menu_image=-1\npageclass_sfx=\nback_button=\nheader=\npage_title=1\nleading=1\nintro=4\ncolumns=2\nlink=4\norderby_pri=\norderby_sec=\npagination=2\npagination_results=1\nimage=1\ndescription=0\ndescription_image=0\ncategory=0\ncategory_link=0\nitem_title=1\nlink_titles=\nreadmore=\nrating=\nauthor=\ncreatedate=\nmodifydate=\npdf=\nprint=\nemail=\nunpublished=0\ncategoryid=0'),(27,'topmenu','Portfolio','index.php?option=com_content&task=view&id=12','content_typed',-2,0,12,0,2,0,'0000-00-00 00:00:00',0,0,0,0,'menu_image=-1\nunique_itemid=0'),(28,'topmenu','Blog','index.php?option=com_content&task=blogsection&id=0','content_blog_section',-2,0,0,0,3,0,'0000-00-00 00:00:00',0,0,0,0,'menu_image=-1\npageclass_sfx=\nback_button=\nheader=\npage_title=1\nleading=1\nintro=4\ncolumns=2\nlink=4\norderby_pri=\norderby_sec=\npagination=2\npagination_results=1\nimage=1\ndescription=0\ndescription_image=0\ncategory=0\ncategory_link=0\nitem_title=1\nlink_titles=\nreadmore=\nrating=\nauthor=\ncreatedate=\nmodifydate=\npdf=\nprint=\nemail=\nunpublished=0\nsectionid=0'),(29,'topmenu','Blog','index.php?option=com_content&task=blogsection&id=0','content_blog_section',-2,0,0,0,4,0,'0000-00-00 00:00:00',0,0,0,0,'menu_image=-1\npageclass_sfx=\nback_button=\nheader=\npage_title=1\nleading=1\nintro=4\ncolumns=2\nlink=4\norderby_pri=\norderby_sec=\npagination=2\npagination_results=1\nimage=1\ndescription=0\ndescription_image=0\ncategory=0\ncategory_link=0\nitem_title=1\nlink_titles=\nreadmore=\nrating=\nauthor=\ncreatedate=\nmodifydate=\npdf=\nprint=\nemail=\nunpublished=0\nsectionid=0'),(30,'topmenu','Blog','index.php?option=com_content&task=blogsection&id=0&Itemid=9 ','url',1,0,0,0,10,0,'0000-00-00 00:00:00',0,0,0,0,'menu_image=-1'),(31,'topmenu','Portfolio','index.php?option=com_content&task=view&id=14','content_typed',1,0,14,0,9,0,'0000-00-00 00:00:00',0,0,0,0,''),(32,'Home','Home','index.php?option=com_content&task=category&sectionid=4&id=13','content_category',1,0,13,0,2,0,'0000-00-00 00:00:00',0,0,0,0,'menu_image=-1\npage_title=1\npageclass_sfx=\nback_button=\ndescription_cat=1\ndescription_cat_image=1\norderby=\ndate_format=\ndate=0\nauthor=0\nhits=0\nheadings=1\nnavigation=1\norder_select=1\ndisplay=1\ndisplay_num=50\nfilter=1\nfilter_type=title\nother_cat=1\nempty_cat=0\ncat_items=1\ncat_description=1\nunpublished=0'),(33,'Home','Home','index.php?option=com_content&task=view&id=1','content_item_link',-2,0,1,0,1,0,'0000-00-00 00:00:00',0,0,0,0,''),(34,'Home','Why Advertising is a Waste of Money','index.php?option=com_content&task=view&id=1','content_item_link',-2,0,1,0,0,0,'0000-00-00 00:00:00',0,0,0,0,''),(35,'mainmenu','Links','index.php?option=com_weblinks&Itemid=23','url',1,0,0,0,11,0,'0000-00-00 00:00:00',0,0,0,0,'menu_image=-1');

--
-- Table structure for table `jos_messages`
--

CREATE TABLE `jos_messages` (
  `message_id` int(10) unsigned NOT NULL AUTO_INCREMENT,
  `user_id_from` int(10) unsigned NOT NULL DEFAULT '0',
  `user_id_to` int(10) unsigned NOT NULL DEFAULT '0',
  `folder_id` int(10) unsigned NOT NULL DEFAULT '0',
  `date_time` datetime NOT NULL DEFAULT '0000-00-00 00:00:00',
  `state` int(11) NOT NULL DEFAULT '0',
  `priority` int(1) unsigned NOT NULL DEFAULT '0',
  `subject` varchar(230) NOT NULL DEFAULT '',
  `message` text NOT NULL,
  PRIMARY KEY (`message_id`)
) ENGINE=MyISAM DEFAULT CHARSET=latin1;

--
-- Dumping data for table `jos_messages`
--


--
-- Table structure for table `jos_messages_cfg`
--

CREATE TABLE `jos_messages_cfg` (
  `user_id` int(10) unsigned NOT NULL DEFAULT '0',
  `cfg_name` varchar(100) NOT NULL DEFAULT '',
  `cfg_value` varchar(255) NOT NULL DEFAULT '',
  UNIQUE KEY `idx_user_var_name` (`user_id`,`cfg_name`)
) ENGINE=MyISAM DEFAULT CHARSET=latin1;

--
-- Dumping data for table `jos_messages_cfg`
--


--
-- Table structure for table `jos_modules`
--

CREATE TABLE `jos_modules` (
  `id` int(11) NOT NULL AUTO_INCREMENT,
  `title` text NOT NULL,
  `content` text NOT NULL,
  `ordering` int(11) NOT NULL DEFAULT '0',
  `position` varchar(10) DEFAULT NULL,
  `checked_out` int(11) unsigned NOT NULL DEFAULT '0',
  `checked_out_time` datetime NOT NULL DEFAULT '0000-00-00 00:00:00',
  `published` tinyint(1) NOT NULL DEFAULT '0',
  `module` varchar(50) DEFAULT NULL,
  `numnews` int(11) NOT NULL DEFAULT '0',
  `access` tinyint(3) unsigned NOT NULL DEFAULT '0',
  `showtitle` tinyint(3) unsigned NOT NULL DEFAULT '1',
  `params` text NOT NULL,
  `iscore` tinyint(4) NOT NULL DEFAULT '0',
  `client_id` tinyint(4) NOT NULL DEFAULT '0',
  PRIMARY KEY (`id`),
  KEY `published` (`published`,`access`),
  KEY `newsfeeds` (`module`,`published`)
) ENGINE=MyISAM AUTO_INCREMENT=34 DEFAULT CHARSET=latin1;

--
-- Dumping data for table `jos_modules`
--

INSERT INTO `jos_modules` VALUES (1,'Polls','',1,'user7',0,'0000-00-00 00:00:00',1,'mod_poll',0,0,1,'cache=0\nmoduleclass_sfx=_s3',0,0),(2,'User Menu','',2,'left',0,'0000-00-00 00:00:00',0,'mod_mainmenu',0,1,1,'class_sfx=\nmoduleclass_sfx=\nmenutype=usermenu\nmenu_style=vert_indent\nfull_active_id=0\ncache=0\nmenu_images=0\nmenu_images_align=0\nexpand_menu=0\nactivate_parent=0\nindent_image=0\nindent_image1=\nindent_image2=\nindent_image3=\nindent_image4=\nindent_image5=\nindent_image6=\nspacer=\nend_spacer=',1,0),(3,'Main Menu','',1,'user1',0,'0000-00-00 00:00:00',0,'mod_mainmenu',0,0,1,'class_sfx=_s1\nmoduleclass_sfx=_s1\nmenutype=mainmenu\nmenu_style=vert_indent\nfull_active_id=0\ncache=0\nmenu_images=0\nmenu_images_align=0\nexpand_menu=0\nactivate_parent=0\nindent_image=0\nindent_image1=\nindent_image2=\nindent_image3=\nindent_image4=\nindent_image5=\nindent_image6=\nspacer=\nend_spacer=',1,0),(4,'Login Form','',2,'user8',0,'0000-00-00 00:00:00',1,'mod_login',0,0,1,'moduleclass_sfx=_s2\npretext=\nposttext=\nlogin=\nlogout=\nlogin_message=0\nlogout_message=0\ngreeting=1\nname=0',1,0),(5,'Syndicate','',1,'right',0,'0000-00-00 00:00:00',0,'mod_rssfeed',0,0,1,'text=\ncache=0\nmoduleclass_sfx=\nrss091=1\nrss10=1\nrss20=1\natom=1\nopml=1\nrss091_image=\nrss10_image=\nrss20_image=\natom_image=\nopml_image=',1,0),(6,'Latest News','',1,'user5',62,'2008-02-14 14:08:52',1,'mod_latestnews',0,0,1,'moduleclass_sfx=_s5\ncache=0\ntype=1\nshow_front=1\ncount=5\ncatid=\nsecid=',1,0),(7,'Statistics','',3,'left',0,'0000-00-00 00:00:00',0,'mod_stats',0,0,1,'serverinfo=1\nsiteinfo=1\ncounter=1\nincrease=0\nmoduleclass_sfx=',0,0),(8,'Who\'s Online','',2,'user9',0,'0000-00-00 00:00:00',0,'mod_whosonline',0,0,1,'showmode=0\nmoduleclass_sfx=_s4',0,0),(9,'Popular','',1,'user6',0,'0000-00-00 00:00:00',0,'mod_mostread',0,0,0,'moduleclass_sfx=_s7\ncache=0\ntype=1\nshow_front=1\ncount=5\ncatid=\nsecid=',0,0),(10,'Template Chooser','',4,'left',0,'0000-00-00 00:00:00',0,'mod_templatechooser',0,0,1,'title_length=20\nshow_preview=1\npreview_width=140\npreview_height=90\nmoduleclass_sfx=',0,0),(11,'Archive','',5,'left',0,'0000-00-00 00:00:00',0,'mod_archive',0,0,1,'count=10\ncache=0\nmoduleclass_sfx=',1,0),(12,'Sections','',6,'left',0,'0000-00-00 00:00:00',0,'mod_sections',0,0,1,'count=5\nmoduleclass_sfx=',1,0),(13,'Newsflash','',1,'user2',0,'0000-00-00 00:00:00',0,'mod_newsflash',0,0,1,'catid=0\nstyle=random\nimage=0\nlink_titles=\nreadmore=0\nitem_title=0\nitems=\ncache=0\nmoduleclass_sfx=',0,0),(14,'Related Items','',7,'left',0,'0000-00-00 00:00:00',0,'mod_related_items',0,0,1,'cache=0\nmoduleclass_sfx=',0,0),(15,'Search','',1,'user4',0,'0000-00-00 00:00:00',1,'mod_search',0,0,0,'moduleclass_sfx=_s6\ncache=0\nset_itemid=\nwidth=20\ntext=\nbutton=\nbutton_pos=right\nbutton_text=',0,0),(16,'Random Image','',2,'right',0,'0000-00-00 00:00:00',0,'mod_random_image',0,0,1,'type=jpg\nfolder=\nlink=\nwidth=\nheight=\nmoduleclass_sfx=',0,0),(17,'Top Menu','',2,'user3',0,'0000-00-00 00:00:00',1,'mod_mainmenu',0,0,1,'class_sfx=-nav\nmoduleclass_sfx=_s1\nmenutype=topmenu\nmenu_style=list_flat\nfull_active_id=0\ncache=0\nmenu_images=0\nmenu_images_align=0\nexpand_menu=0\nactivate_parent=0\nindent_image=0\nindent_image1=\nindent_image2=\nindent_image3=\nindent_image4=\nindent_image5=\nindent_image6=\nspacer=\nend_spacer=',1,0),(18,'Banners','',1,'banner',0,'0000-00-00 00:00:00',0,'mod_banners',0,0,0,'banner_cids=\nmoduleclass_sfx=',1,0),(19,'Components','',2,'cpanel',0,'0000-00-00 00:00:00',1,'mod_components',0,99,1,'',1,1),(20,'Popular','',3,'cpanel',0,'0000-00-00 00:00:00',1,'mod_popular',0,99,1,'',0,1),(21,'Latest Items','',4,'cpanel',0,'0000-00-00 00:00:00',1,'mod_latest',0,99,1,'',0,1),(22,'Menu Stats','',5,'cpanel',0,'0000-00-00 00:00:00',1,'mod_stats',0,99,1,'',0,1),(23,'Unread Messages','',1,'header',0,'0000-00-00 00:00:00',1,'mod_unread',0,99,1,'',1,1),(24,'Online Users','',2,'header',0,'0000-00-00 00:00:00',1,'mod_online',0,99,1,'',1,1),(25,'Full Menu','',1,'top',0,'0000-00-00 00:00:00',1,'mod_fullmenu',0,99,1,'',1,1),(26,'Pathway','',1,'pathway',0,'0000-00-00 00:00:00',1,'mod_pathway',0,99,1,'',1,1),(27,'Toolbar','',1,'toolbar',0,'0000-00-00 00:00:00',1,'mod_toolbar',0,99,1,'',1,1),(28,'System Message','',1,'inset',0,'0000-00-00 00:00:00',1,'mod_mosmsg',0,99,1,'',1,1),(29,'Quick Icons','',1,'icon',0,'0000-00-00 00:00:00',1,'mod_quickicon',0,99,1,'',1,1),(30,'Other Menu','',3,'user9',0,'0000-00-00 00:00:00',0,'mod_mainmenu',0,0,1,'class_sfx=\nmoduleclass_sfx=\nmenutype=othermenu\nmenu_style=vert_indent\nfull_active_id=0\ncache=0\nmenu_images=0\nmenu_images_align=0\nexpand_menu=0\nactivate_parent=0\nindent_image=0\nindent_image1=\nindent_image2=\nindent_image3=\nindent_image4=\nindent_image5=\nindent_image6=\nspacer=\nend_spacer=',0,0),(31,'Wrapper','',8,'left',0,'0000-00-00 00:00:00',0,'mod_wrapper',0,0,1,'moduleclass_sfx=\nurl=\nscrolling=auto\nwidth=100%\nheight=200\nheight_auto=1\nadd=1',0,0),(32,'Logged','',0,'cpanel',0,'0000-00-00 00:00:00',1,'mod_logged',0,99,1,'',0,1),(33,'Home','',1,'left',0,'0000-00-00 00:00:00',0,'mod_mainmenu',0,0,1,'menutype=Home',0,0);

--
-- Table structure for table `jos_modules_menu`
--

CREATE TABLE `jos_modules_menu` (
  `moduleid` int(11) NOT NULL DEFAULT '0',
  `menuid` int(11) NOT NULL DEFAULT '0',
  PRIMARY KEY (`moduleid`,`menuid`)
) ENGINE=MyISAM DEFAULT CHARSET=latin1;

--
-- Dumping data for table `jos_modules_menu`
--

INSERT INTO `jos_modules_menu` VALUES (1,1),(2,0),(3,0),(4,1),(5,1),(6,1),(6,2),(7,0),(8,1),(9,1),(9,2),(10,1),(11,0),(12,0),(13,0),(14,0),(15,0),(16,0),(17,0),(18,0),(30,0),(31,0),(33,0);

--
-- Table structure for table `jos_newsfeeds`
--

CREATE TABLE `jos_newsfeeds` (
  `catid` int(11) NOT NULL DEFAULT '0',
  `id` int(11) NOT NULL AUTO_INCREMENT,
  `name` text NOT NULL,
  `link` text NOT NULL,
  `filename` varchar(200) DEFAULT NULL,
  `published` tinyint(1) NOT NULL DEFAULT '0',
  `numarticles` int(11) unsigned NOT NULL DEFAULT '1',
  `cache_time` int(11) unsigned NOT NULL DEFAULT '3600',
  `checked_out` tinyint(3) unsigned NOT NULL DEFAULT '0',
  `checked_out_time` datetime NOT NULL DEFAULT '0000-00-00 00:00:00',
  `ordering` int(11) NOT NULL DEFAULT '0',
  PRIMARY KEY (`id`),
  KEY `published` (`published`)
) ENGINE=MyISAM AUTO_INCREMENT=11 DEFAULT CHARSET=latin1;

--
-- Dumping data for table `jos_newsfeeds`
--

INSERT INTO `jos_newsfeeds` VALUES (4,1,'Joomla! - Official News','http://www.joomla.org/index.php?option=com_rss_xtd&feed=RSS2.0&type=com_frontpage&Itemid=1','',1,5,3600,0,'0000-00-00 00:00:00',8),(4,2,'Joomla! - Community News','http://www.joomla.org/index.php?option=com_rss_xtd&feed=RSS2.0&type=com_content&task=blogcategory&id=0&Itemid=33','',1,5,3600,0,'0000-00-00 00:00:00',9),(10,4,'Linux Today','http://linuxtoday.com/backend/my-netscape.rdf','',1,3,3600,0,'0000-00-00 00:00:00',1),(5,5,'Business News','http://headlines.internet.com/internetnews/bus-news/news.rss','',1,3,3600,0,'0000-00-00 00:00:00',2),(11,6,'Web Developer News','http://headlines.internet.com/internetnews/wd-news/news.rss','',1,3,3600,0,'0000-00-00 00:00:00',3),(10,7,'Linux Central:New Products','http://linuxcentral.com/backend/lcnew.rdf','',1,3,3600,0,'0000-00-00 00:00:00',4),(10,8,'Linux Central:Best Selling','http://linuxcentral.com/backend/lcbestns.rdf','',1,3,3600,0,'0000-00-00 00:00:00',5),(10,9,'Linux Central:Daily Specials','http://linuxcentral.com/backend/lcspecialns.rdf','',1,3,3600,0,'0000-00-00 00:00:00',6),(9,10,'Internet:Finance News','http://headlines.internet.com/internetnews/fina-news/news.rss','',1,3,3600,0,'0000-00-00 00:00:00',7);

--
-- Table structure for table `jos_poll_data`
--

CREATE TABLE `jos_poll_data` (
  `id` int(11) NOT NULL AUTO_INCREMENT,
  `pollid` int(4) NOT NULL DEFAULT '0',
  `text` text NOT NULL,
  `hits` int(11) NOT NULL DEFAULT '0',
  PRIMARY KEY (`id`),
  KEY `pollid` (`pollid`,`text`(1))
) ENGINE=MyISAM AUTO_INCREMENT=13 DEFAULT CHARSET=latin1;

--
-- Dumping data for table `jos_poll_data`
--

INSERT INTO `jos_poll_data` VALUES (1,14,'Absolutely simple',2),(2,14,'Reasonably easy',0),(3,14,'Not straight-forward but I worked it out',2),(4,14,'I had to install extra server stuff',1),(5,14,'I had no idea and got my friend to do it',0),(6,14,'My dog ran away with the README ...',0),(7,14,'',0),(8,14,'',0),(9,14,'',0),(10,14,'',0),(11,14,'',0),(12,14,'',0);

--
-- Table structure for table `jos_poll_date`
--

CREATE TABLE `jos_poll_date` (
  `id` bigint(20) NOT NULL AUTO_INCREMENT,
  `date` datetime NOT NULL DEFAULT '0000-00-00 00:00:00',
  `vote_id` int(11) NOT NULL DEFAULT '0',
  `poll_id` int(11) NOT NULL DEFAULT '0',
  PRIMARY KEY (`id`),
  KEY `poll_id` (`poll_id`)
) ENGINE=MyISAM AUTO_INCREMENT=5 DEFAULT CHARSET=latin1;

--
-- Dumping data for table `jos_poll_date`
--

INSERT INTO `jos_poll_date` VALUES (1,'2008-02-14 14:14:00',3,14),(2,'2008-02-15 08:07:00',3,14),(3,'2008-02-15 10:31:00',1,14),(4,'2008-02-17 09:06:00',4,14);

--
-- Table structure for table `jos_poll_menu`
--

CREATE TABLE `jos_poll_menu` (
  `pollid` int(11) NOT NULL DEFAULT '0',
  `menuid` int(11) NOT NULL DEFAULT '0',
  PRIMARY KEY (`pollid`,`menuid`)
) ENGINE=MyISAM DEFAULT CHARSET=latin1;

--
-- Dumping data for table `jos_poll_menu`
--

INSERT INTO `jos_poll_menu` VALUES (14,-999);

--
-- Table structure for table `jos_polls`
--

CREATE TABLE `jos_polls` (
  `id` int(11) unsigned NOT NULL AUTO_INCREMENT,
  `title` varchar(100) NOT NULL DEFAULT '',
  `voters` int(9) NOT NULL DEFAULT '0',
  `checked_out` int(11) NOT NULL DEFAULT '0',
  `checked_out_time` datetime NOT NULL DEFAULT '0000-00-00 00:00:00',
  `published` tinyint(1) NOT NULL DEFAULT '0',
  `access` int(11) NOT NULL DEFAULT '0',
  `lag` int(11) NOT NULL DEFAULT '0',
  PRIMARY KEY (`id`)
) ENGINE=MyISAM AUTO_INCREMENT=15 DEFAULT CHARSET=latin1;

--
-- Dumping data for table `jos_polls`
--

INSERT INTO `jos_polls` VALUES (14,'This Joomla! installation was ....',5,0,'0000-00-00 00:00:00',0,0,86400);

--
-- Table structure for table `jos_sections`
--

CREATE TABLE `jos_sections` (
  `id` int(11) NOT NULL AUTO_INCREMENT,
  `title` varchar(50) NOT NULL DEFAULT '',
  `name` varchar(255) NOT NULL DEFAULT '',
  `image` varchar(100) NOT NULL DEFAULT '',
  `scope` varchar(50) NOT NULL DEFAULT '',
  `image_position` varchar(10) NOT NULL DEFAULT '',
  `description` text NOT NULL,
  `published` tinyint(1) NOT NULL DEFAULT '0',
  `checked_out` int(11) unsigned NOT NULL DEFAULT '0',
  `checked_out_time` datetime NOT NULL DEFAULT '0000-00-00 00:00:00',
  `ordering` int(11) NOT NULL DEFAULT '0',
  `access` tinyint(3) unsigned NOT NULL DEFAULT '0',
  `count` int(11) NOT NULL DEFAULT '0',
  `params` text NOT NULL,
  PRIMARY KEY (`id`),
  KEY `idx_scope` (`scope`)
) ENGINE=MyISAM AUTO_INCREMENT=5 DEFAULT CHARSET=latin1;

--
-- Dumping data for table `jos_sections`
--

INSERT INTO `jos_sections` VALUES (1,'News','The News','articles.jpg','content','right','Select a news topic from the list below, then select a news article to read.',1,62,'2008-02-29 07:20:28',2,0,1,''),(2,'Newsflashes','Newsflashes','','content','left','',1,0,'0000-00-00 00:00:00',3,0,2,''),(3,'FAQs','Frequently Asked Questions','pastarchives.jpg','content','left','From the list below choose one of our FAQs topics, then select an FAQ to read. If you have a question which is not in this section, please contact us.',1,62,'2008-02-18 12:55:10',4,0,1,''),(4,'Home page body','home page body','','content','right','',1,0,'0000-00-00 00:00:00',1,0,9,'imagefolders=*1*');

--
-- Table structure for table `jos_stats_agents`
--

CREATE TABLE `jos_stats_agents` (
  `agent` varchar(255) NOT NULL DEFAULT '',
  `type` tinyint(1) unsigned NOT NULL DEFAULT '0',
  `hits` int(11) unsigned NOT NULL DEFAULT '1'
) ENGINE=MyISAM DEFAULT CHARSET=latin1;

--
-- Dumping data for table `jos_stats_agents`
--

INSERT INTO `jos_stats_agents` VALUES ('MS Internet Explorer 7.0',0,464),('Windows XP',1,525),('net',2,981),('Mozilla 5.0',0,2173),('Unknown',1,2612),('com',2,1840),('Unknown',2,510),('MS Internet Explorer 6.0',0,163),('Netscape 8.1.3',0,1),('Unknown',0,457),('Unknown',0,457),('sc',2,40),('Windows Longhorn',1,141),('Mozilla Firefox 2.0.0.12',0,48),('Mozilla Firefox 2.0.0.11',0,1),('MS Internet Explorer 4.01',0,1),('Macintosh',1,1),('Mozilla Firefox 1.0.7',0,55),('Linux',1,84),('Mozilla Firefox 1.0',0,8),('Mac OS X',1,36),('it',2,31),('gbl',2,13),('Safari 419.3',0,1),('fr',2,1),('Windows 98',1,2),('Windows 2003',1,25),('edu',2,4),('Mozilla 3.0',0,2),('Mozilla Firefox 2.0.0.13',0,14),('Netscape 7.1',0,2),('Safari 525.13',0,7),('Windows 2000',1,30),('ca',2,1),('Netscape 4.51',0,2),('Safari 523.15',0,3),('Mozilla Firefox 1.0.2',0,1),('MS Internet Explorer 5.01',0,1),('bt',2,1),('au',2,3),('Mozilla Firefox 2.0.0.14',0,27),('org',2,1),('br',2,2),('de',2,1),('Netscape 6.01',0,1),('Mozilla Firefox 2.0.0.3',0,1),('mx',2,26),('Safari 525.18',0,5),('Mozilla Firefox 2.0.0.7',0,1),('Mozilla Firefox 3.0',0,9),('Mozilla Firefox 2.0.0.15',0,1),('Safari 312.6',0,1),('Safari 525.20.1',0,1),('ru',2,1),('Safari 525.20',0,1),('Mozilla Firefox 3.0.1',0,1),('Mozilla Firefox 2.0.0.16',0,2);

--
-- Table structure for table `jos_template_positions`
--

CREATE TABLE `jos_template_positions` (
  `id` int(11) NOT NULL AUTO_INCREMENT,
  `position` varchar(10) NOT NULL DEFAULT '',
  `description` varchar(255) NOT NULL DEFAULT '',
  PRIMARY KEY (`id`)
) ENGINE=MyISAM AUTO_INCREMENT=28 DEFAULT CHARSET=latin1;

--
-- Dumping data for table `jos_template_positions`
--

INSERT INTO `jos_template_positions` VALUES (1,'left',''),(2,'right',''),(3,'top',''),(4,'bottom',''),(5,'inset',''),(6,'banner',''),(7,'header',''),(8,'footer',''),(9,'newsflash',''),(10,'legals',''),(11,'pathway',''),(12,'toolbar',''),(13,'cpanel',''),(14,'user1',''),(15,'user2',''),(16,'user3',''),(17,'user4',''),(18,'user5',''),(19,'user6',''),(20,'user7',''),(21,'user8',''),(22,'user9',''),(23,'advert1',''),(24,'advert2',''),(25,'advert3',''),(26,'icon',''),(27,'debug','');

--
-- Table structure for table `jos_templates_menu`
--

CREATE TABLE `jos_templates_menu` (
  `template` varchar(50) NOT NULL DEFAULT '',
  `menuid` int(11) NOT NULL DEFAULT '0',
  `client_id` tinyint(4) NOT NULL DEFAULT '0',
  PRIMARY KEY (`template`,`menuid`)
) ENGINE=MyISAM DEFAULT CHARSET=latin1;

--
-- Dumping data for table `jos_templates_menu`
--

INSERT INTO `jos_templates_menu` VALUES ('theme033',0,0),('joomla_admin',0,1),('theme033',14,0),('theme033',21,0),('theme033',31,0),('theme033',36,0),('theme033',17,0),('theme033',24,0),('theme033',12,0),('theme033',11,0),('theme033',10,0),('theme033',8,0),('theme033',25,0),('theme033',7,0),('theme033',5,0),('theme033',3,0),('theme033',23,0),('theme033',9,0),('theme033',2,0),('theme033',6,0),('theme033',1,0),('theme033',32,0),('theme033',99999999,0),('theme033',15,0),('theme033',16,0);

--
-- Table structure for table `jos_usertypes`
--

CREATE TABLE `jos_usertypes` (
  `id` tinyint(3) unsigned NOT NULL DEFAULT '0',
  `name` varchar(50) NOT NULL DEFAULT '',
  `mask` varchar(11) NOT NULL DEFAULT '',
  PRIMARY KEY (`id`)
) ENGINE=MyISAM DEFAULT CHARSET=latin1;

--
-- Dumping data for table `jos_usertypes`
--

INSERT INTO `jos_usertypes` VALUES (0,'superadministrator',''),(1,'administrator',''),(2,'editor',''),(3,'user',''),(4,'author',''),(5,'publisher',''),(6,'manager','');

--
-- Table structure for table `jos_weblinks`
--

CREATE TABLE `jos_weblinks` (
  `id` int(11) unsigned NOT NULL AUTO_INCREMENT,
  `catid` int(11) NOT NULL DEFAULT '0',
  `sid` int(11) NOT NULL DEFAULT '0',
  `title` varchar(250) NOT NULL DEFAULT '',
  `url` varchar(250) NOT NULL DEFAULT '',
  `description` varchar(250) NOT NULL DEFAULT '',
  `date` datetime NOT NULL DEFAULT '0000-00-00 00:00:00',
  `hits` int(11) NOT NULL DEFAULT '0',
  `published` tinyint(1) NOT NULL DEFAULT '0',
  `checked_out` int(11) NOT NULL DEFAULT '0',
  `checked_out_time` datetime NOT NULL DEFAULT '0000-00-00 00:00:00',
  `ordering` int(11) NOT NULL DEFAULT '0',
  `archived` tinyint(1) NOT NULL DEFAULT '0',
  `approved` tinyint(1) NOT NULL DEFAULT '1',
  `params` text NOT NULL,
  PRIMARY KEY (`id`),
  KEY `catid` (`catid`,`published`,`archived`)
) ENGINE=MyISAM AUTO_INCREMENT=10 DEFAULT CHARSET=latin1;

--
-- Dumping data for table `jos_weblinks`
--

INSERT INTO `jos_weblinks` VALUES (6,14,0,'Fitness Together Fort Lauderdale','http://www.ftfortlauderdale.com','At Fitness Together - Fort Lauderdale our Personal Training Programs offer the most advanced goal-oriented One on One Personal Training Programs for Men and Women of all ages. All of our clients train in the Privacy of cutting edge, luxurious, one-on','2008-02-18 05:59:23',17,1,0,'0000-00-00 00:00:00',3,0,1,'target=0'),(7,14,0,'Fitness Together Pembroke Pines','http://www.ftpembrokepines.com','Our newest personal training facility and website designed by TarlowLoring Consultants in Pembroke Pines Florida.','2008-02-18 05:59:17',17,1,0,'0000-00-00 00:00:00',4,0,1,'target=0'),(8,14,0,'Fitness Together Florida','http://www.fitnesstogetherflorida.com','Find all of the Top Fitness Together Personal Training Studios and more in Florida!','2008-02-18 05:59:10',18,1,0,'0000-00-00 00:00:00',1,0,1,'target=0'),(9,14,0,'Fitness Together Broward','http://www.ftbroward.com','Browards Fitness Together Personal Training Studios in one convenient web location.','2008-02-18 05:59:00',15,1,0,'0000-00-00 00:00:00',2,0,1,'target=0');

--
-- Dumping events for database 'tarlowloring'
--

--
-- Dumping routines for database 'tarlowloring'
--


