--
-- Host: localhost    Database: terriannd
-- ------------------------------------------------------


--
-- Table structure for table `action_recorder`
--

CREATE TABLE `action_recorder` (
  `id` int(11) NOT NULL AUTO_INCREMENT,
  `module` varchar(255) NOT NULL,
  `user_id` int(11) DEFAULT NULL,
  `user_name` varchar(255) DEFAULT NULL,
  `identifier` varchar(255) NOT NULL,
  `success` char(1) DEFAULT NULL,
  `date_added` datetime NOT NULL,
  PRIMARY KEY (`id`),
  KEY `idx_action_recorder_module` (`module`),
  KEY `idx_action_recorder_user_id` (`user_id`),
  KEY `idx_action_recorder_identifier` (`identifier`),
  KEY `idx_action_recorder_date_added` (`date_added`)
) ENGINE=InnoDB AUTO_INCREMENT=9 DEFAULT CHARSET=latin1;

--
-- Dumping data for table `action_recorder`
--

INSERT INTO `action_recorder` VALUES (1,'ar_admin_login',1,'rbabick','68.3.121.179','1','2013-01-09 04:35:34'),(2,'ar_admin_login',1,'rbabick','68.3.121.179','1','2013-01-09 20:47:55'),(3,'ar_admin_login',1,'rbabick','68.3.121.179','1','2013-01-09 21:45:54'),(4,'ar_admin_login',1,'rbabick','68.3.121.179','1','2013-01-09 23:31:54'),(5,'ar_admin_login',1,'rbabick','68.3.121.179','1','2013-01-10 00:36:45'),(6,'ar_admin_login',1,'rbabick','68.3.121.179','1','2013-01-12 05:43:21'),(7,'ar_admin_login',1,'rbabick','68.3.121.179','1','2013-01-12 06:17:55'),(8,'ar_admin_login',1,'rbabick','68.3.121.179','1','2013-01-12 06:18:09');

--
-- Table structure for table `address_book`
--

CREATE TABLE `address_book` (
  `address_book_id` int(11) NOT NULL AUTO_INCREMENT,
  `customers_id` int(11) NOT NULL,
  `entry_gender` char(1) DEFAULT NULL,
  `entry_company` varchar(255) DEFAULT NULL,
  `entry_firstname` varchar(255) NOT NULL,
  `entry_lastname` varchar(255) NOT NULL,
  `entry_street_address` varchar(255) NOT NULL,
  `entry_suburb` varchar(255) DEFAULT NULL,
  `entry_postcode` varchar(255) NOT NULL,
  `entry_city` varchar(255) NOT NULL,
  `entry_state` varchar(255) DEFAULT NULL,
  `entry_country_id` int(11) NOT NULL DEFAULT '0',
  `entry_zone_id` int(11) NOT NULL DEFAULT '0',
  PRIMARY KEY (`address_book_id`),
  KEY `idx_address_book_customers_id` (`customers_id`)
) ENGINE=InnoDB DEFAULT CHARSET=latin1;

--
-- Dumping data for table `address_book`
--


--
-- Table structure for table `address_format`
--

CREATE TABLE `address_format` (
  `address_format_id` int(11) NOT NULL AUTO_INCREMENT,
  `address_format` varchar(128) NOT NULL,
  `address_summary` varchar(48) NOT NULL,
  PRIMARY KEY (`address_format_id`)
) ENGINE=InnoDB AUTO_INCREMENT=6 DEFAULT CHARSET=latin1;

--
-- Dumping data for table `address_format`
--

INSERT INTO `address_format` VALUES (1,'$firstname $lastname$cr$streets$cr$city, $postcode$cr$statecomma$country','$city / $country'),(2,'$firstname $lastname$cr$streets$cr$city, $state    $postcode$cr$country','$city, $state / $country'),(3,'$firstname $lastname$cr$streets$cr$city$cr$postcode - $statecomma$country','$state / $country'),(4,'$firstname $lastname$cr$streets$cr$city ($postcode)$cr$country','$postcode / $country'),(5,'$firstname $lastname$cr$streets$cr$postcode $city$cr$country','$city / $country');

--
-- Table structure for table `administrators`
--

CREATE TABLE `administrators` (
  `id` int(11) NOT NULL AUTO_INCREMENT,
  `user_name` varchar(255) CHARACTER SET latin1 COLLATE latin1_bin NOT NULL,
  `user_password` varchar(60) NOT NULL,
  PRIMARY KEY (`id`)
) ENGINE=InnoDB AUTO_INCREMENT=2 DEFAULT CHARSET=latin1;

--
-- Dumping data for table `administrators`
--

INSERT INTO `administrators` VALUES (1,'rbabick','$P$Dw32pOlfUl9Ed5HLwTY1lKMSZ0skrI/');

--
-- Table structure for table `banners`
--

CREATE TABLE `banners` (
  `banners_id` int(11) NOT NULL AUTO_INCREMENT,
  `banners_title` varchar(64) NOT NULL,
  `banners_url` varchar(255) NOT NULL,
  `banners_image` varchar(64) NOT NULL,
  `banners_group` varchar(10) NOT NULL,
  `banners_html_text` text,
  `expires_impressions` int(7) DEFAULT '0',
  `expires_date` datetime DEFAULT NULL,
  `date_scheduled` datetime DEFAULT NULL,
  `date_added` datetime NOT NULL,
  `date_status_change` datetime DEFAULT NULL,
  `status` int(1) NOT NULL DEFAULT '1',
  PRIMARY KEY (`banners_id`),
  KEY `idx_banners_group` (`banners_group`)
) ENGINE=InnoDB AUTO_INCREMENT=2 DEFAULT CHARSET=latin1;

--
-- Dumping data for table `banners`
--

INSERT INTO `banners` VALUES (1,'osCommerce','http://www.oscommerce.com','banners/oscommerce.gif','468x50','',0,NULL,NULL,'2013-01-09 04:30:52',NULL,1);

--
-- Table structure for table `banners_history`
--

CREATE TABLE `banners_history` (
  `banners_history_id` int(11) NOT NULL AUTO_INCREMENT,
  `banners_id` int(11) NOT NULL,
  `banners_shown` int(5) NOT NULL DEFAULT '0',
  `banners_clicked` int(5) NOT NULL DEFAULT '0',
  `banners_history_date` datetime NOT NULL,
  PRIMARY KEY (`banners_history_id`),
  KEY `idx_banners_history_banners_id` (`banners_id`)
) ENGINE=InnoDB AUTO_INCREMENT=2 DEFAULT CHARSET=latin1;

--
-- Dumping data for table `banners_history`
--

INSERT INTO `banners_history` VALUES (1,1,1,0,'2013-01-09 04:59:42');

--
-- Table structure for table `categories`
--

CREATE TABLE `categories` (
  `categories_id` int(11) NOT NULL AUTO_INCREMENT,
  `categories_image` varchar(64) DEFAULT NULL,
  `parent_id` int(11) NOT NULL DEFAULT '0',
  `sort_order` int(3) DEFAULT NULL,
  `date_added` datetime DEFAULT NULL,
  `last_modified` datetime DEFAULT NULL,
  PRIMARY KEY (`categories_id`),
  KEY `idx_categories_parent_id` (`parent_id`)
) ENGINE=InnoDB AUTO_INCREMENT=28 DEFAULT CHARSET=latin1;

--
-- Dumping data for table `categories`
--

INSERT INTO `categories` VALUES (1,'teapot-round-thumb.jpg',0,1,'2013-01-09 04:30:52','2013-01-09 22:01:36'),(2,'tissue-box-thumb.jpg',0,2,'2013-01-09 04:30:52','2013-01-09 22:01:42'),(3,'6quarter-desert-thumb.jpg',0,3,'2013-01-09 04:30:52','2013-01-09 22:01:49'),(21,'birdhouse-folder.jpg',0,4,'2013-01-09 04:30:53','2013-01-09 22:01:57'),(22,NULL,0,0,'2013-01-09 20:49:51',NULL),(23,'tiles-folder.jpg',0,5,'2013-01-09 22:00:32',NULL),(24,'bowls-folder.jpg',22,0,'2013-01-09 22:16:48',NULL),(25,'mugs-folder.jpg',22,1,'2013-01-09 22:17:23',NULL),(26,'plates-folder.jpg',22,2,'2013-01-09 22:18:04',NULL),(27,'platters-folder.jpg',22,3,'2013-01-09 22:18:57',NULL);

--
-- Table structure for table `categories_description`
--

CREATE TABLE `categories_description` (
  `categories_id` int(11) NOT NULL DEFAULT '0',
  `language_id` int(11) NOT NULL DEFAULT '1',
  `categories_name` varchar(32) NOT NULL,
  PRIMARY KEY (`categories_id`,`language_id`),
  KEY `idx_categories_name` (`categories_name`)
) ENGINE=InnoDB DEFAULT CHARSET=latin1;

--
-- Dumping data for table `categories_description`
--

INSERT INTO `categories_description` VALUES (2,1,'Bath Accessories'),(21,1,'Bird Houses'),(24,1,'Bowls'),(22,1,'Dinnerware'),(1,1,'Kitchen Accessories'),(23,1,'Miscellaneous'),(25,1,'Mugs & Cups'),(26,1,'Plates'),(27,1,'Platters'),(3,1,'Vases & Pots');

--
-- Table structure for table `configuration`
--

CREATE TABLE `configuration` (
  `configuration_id` int(11) NOT NULL AUTO_INCREMENT,
  `configuration_title` varchar(255) NOT NULL,
  `configuration_key` varchar(255) NOT NULL,
  `configuration_value` text NOT NULL,
  `configuration_description` varchar(255) NOT NULL,
  `configuration_group_id` int(11) NOT NULL,
  `sort_order` int(5) DEFAULT NULL,
  `last_modified` datetime DEFAULT NULL,
  `date_added` datetime NOT NULL,
  `use_function` varchar(255) DEFAULT NULL,
  `set_function` varchar(255) DEFAULT NULL,
  PRIMARY KEY (`configuration_id`)
) ENGINE=InnoDB AUTO_INCREMENT=253 DEFAULT CHARSET=latin1;

--
-- Dumping data for table `configuration`
--

INSERT INTO `configuration` VALUES (1,'Store Name','STORE_NAME','Terri Ann Davis Designs','The name of my store',1,1,NULL,'2013-01-09 04:30:53',NULL,NULL),(2,'Store Owner','STORE_OWNER','Terri Ann Davis','The name of my store owner',1,2,NULL,'2013-01-09 04:30:53',NULL,NULL),(3,'E-Mail Address','STORE_OWNER_EMAIL_ADDRESS','tadavis19@aol.com','The e-mail address of my store owner',1,3,NULL,'2013-01-09 04:30:53',NULL,NULL),(4,'E-Mail From','EMAIL_FROM','\"Terri Ann Davis\" <tadavis19@aol.com>','The e-mail address used in (sent) e-mails',1,4,NULL,'2013-01-09 04:30:53',NULL,NULL),(5,'Country','STORE_COUNTRY','223','The country my store is located in <br /><br /><strong>Note: Please remember to update the store zone.</strong>',1,6,NULL,'2013-01-09 04:30:53','tep_get_country_name','tep_cfg_pull_down_country_list('),(6,'Zone','STORE_ZONE','4','The zone my store is located in',1,7,'2013-01-09 05:33:09','2013-01-09 04:30:53','tep_cfg_get_zone_name','tep_cfg_pull_down_zone_list('),(7,'Expected Sort Order','EXPECTED_PRODUCTS_SORT','desc','This is the sort order used in the expected products box.',1,8,NULL,'2013-01-09 04:30:53',NULL,'tep_cfg_select_option(array(\'asc\', \'desc\'), '),(8,'Expected Sort Field','EXPECTED_PRODUCTS_FIELD','date_expected','The column to sort by in the expected products box.',1,9,NULL,'2013-01-09 04:30:53',NULL,'tep_cfg_select_option(array(\'products_name\', \'date_expected\'), '),(9,'Switch To Default Language Currency','USE_DEFAULT_LANGUAGE_CURRENCY','false','Automatically switch to the language\'s currency when it is changed',1,10,NULL,'2013-01-09 04:30:53',NULL,'tep_cfg_select_option(array(\'true\', \'false\'), '),(10,'Send Extra Order Emails To','SEND_EXTRA_ORDER_EMAILS_TO','','Send extra order emails to the following email addresses, in this format: Name 1 &lt;email@address1&gt;, Name 2 &lt;email@address2&gt;',1,11,NULL,'2013-01-09 04:30:53',NULL,NULL),(11,'Use Search-Engine Safe URLs','SEARCH_ENGINE_FRIENDLY_URLS','true','Use search-engine safe urls for all site links',1,12,'2013-01-09 05:33:20','2013-01-09 04:30:54',NULL,'tep_cfg_select_option(array(\'true\', \'false\'), '),(12,'Display Cart After Adding Product','DISPLAY_CART','false','Display the shopping cart after adding a product (or return back to their origin)',1,14,'2013-01-09 05:32:01','2013-01-09 04:30:54',NULL,'tep_cfg_select_option(array(\'true\', \'false\'), '),(13,'Allow Guest To Tell A Friend','ALLOW_GUEST_TO_TELL_A_FRIEND','false','Allow guests to tell a friend about a product',1,15,NULL,'2013-01-09 04:30:54',NULL,'tep_cfg_select_option(array(\'true\', \'false\'), '),(14,'Default Search Operator','ADVANCED_SEARCH_DEFAULT_OPERATOR','and','Default search operators',1,17,NULL,'2013-01-09 04:30:54',NULL,'tep_cfg_select_option(array(\'and\', \'or\'), '),(15,'Store Address and Phone','STORE_NAME_ADDRESS','Cave Creek, Arizona (480) 502-5832','This is the Store Name, Address and Phone used on printable documents and displayed online',1,18,'2013-01-09 05:34:02','2013-01-09 04:30:54',NULL,'tep_cfg_textarea('),(16,'Show Category Counts','SHOW_COUNTS','true','Count recursively how many products are in each category',1,19,NULL,'2013-01-09 04:30:54',NULL,'tep_cfg_select_option(array(\'true\', \'false\'), '),(17,'Tax Decimal Places','TAX_DECIMAL_PLACES','0','Pad the tax value this amount of decimal places',1,20,NULL,'2013-01-09 04:30:54',NULL,NULL),(18,'Display Prices with Tax','DISPLAY_PRICE_WITH_TAX','false','Display prices with tax included (true) or add the tax at the end (false)',1,21,NULL,'2013-01-09 04:30:54',NULL,'tep_cfg_select_option(array(\'true\', \'false\'), '),(19,'First Name','ENTRY_FIRST_NAME_MIN_LENGTH','2','Minimum length of first name',2,1,NULL,'2013-01-09 04:30:54',NULL,NULL),(20,'Last Name','ENTRY_LAST_NAME_MIN_LENGTH','2','Minimum length of last name',2,2,NULL,'2013-01-09 04:30:54',NULL,NULL),(21,'Date of Birth','ENTRY_DOB_MIN_LENGTH','10','Minimum length of date of birth',2,3,NULL,'2013-01-09 04:30:54',NULL,NULL),(22,'E-Mail Address','ENTRY_EMAIL_ADDRESS_MIN_LENGTH','7','Minimum length of e-mail address',2,4,'2013-01-09 05:35:44','2013-01-09 04:30:54',NULL,NULL),(23,'Street Address','ENTRY_STREET_ADDRESS_MIN_LENGTH','5','Minimum length of street address',2,5,NULL,'2013-01-09 04:30:54',NULL,NULL),(24,'Company','ENTRY_COMPANY_MIN_LENGTH','2','Minimum length of company name',2,6,NULL,'2013-01-09 04:30:54',NULL,NULL),(25,'Post Code','ENTRY_POSTCODE_MIN_LENGTH','4','Minimum length of post code',2,7,NULL,'2013-01-09 04:30:54',NULL,NULL),(26,'City','ENTRY_CITY_MIN_LENGTH','3','Minimum length of city',2,8,NULL,'2013-01-09 04:30:54',NULL,NULL),(27,'State','ENTRY_STATE_MIN_LENGTH','2','Minimum length of state',2,9,NULL,'2013-01-09 04:30:54',NULL,NULL),(28,'Telephone Number','ENTRY_TELEPHONE_MIN_LENGTH','10','Minimum length of telephone number',2,10,'2013-01-09 05:36:07','2013-01-09 04:30:54',NULL,NULL),(29,'Password','ENTRY_PASSWORD_MIN_LENGTH','8','Minimum length of password',2,11,'2013-01-09 05:36:19','2013-01-09 04:30:54',NULL,NULL),(30,'Credit Card Owner Name','CC_OWNER_MIN_LENGTH','3','Minimum length of credit card owner name',2,12,NULL,'2013-01-09 04:30:54',NULL,NULL),(31,'Credit Card Number','CC_NUMBER_MIN_LENGTH','10','Minimum length of credit card number',2,13,NULL,'2013-01-09 04:30:54',NULL,NULL),(32,'Review Text','REVIEW_TEXT_MIN_LENGTH','50','Minimum length of review text',2,14,NULL,'2013-01-09 04:30:54',NULL,NULL),(33,'Best Sellers','MIN_DISPLAY_BESTSELLERS','1','Minimum number of best sellers to display',2,15,NULL,'2013-01-09 04:30:54',NULL,NULL),(34,'Also Purchased','MIN_DISPLAY_ALSO_PURCHASED','1','Minimum number of products to display in the \'This Customer Also Purchased\' box',2,16,NULL,'2013-01-09 04:30:54',NULL,NULL),(35,'Address Book Entries','MAX_ADDRESS_BOOK_ENTRIES','5','Maximum address book entries a customer is allowed to have',3,1,NULL,'2013-01-09 04:30:54',NULL,NULL),(36,'Search Results','MAX_DISPLAY_SEARCH_RESULTS','20','Amount of products to list',3,2,NULL,'2013-01-09 04:30:54',NULL,NULL),(37,'Page Links','MAX_DISPLAY_PAGE_LINKS','5','Number of \'number\' links use for page-sets',3,3,NULL,'2013-01-09 04:30:54',NULL,NULL),(38,'Special Products','MAX_DISPLAY_SPECIAL_PRODUCTS','9','Maximum number of products on special to display',3,4,NULL,'2013-01-09 04:30:54',NULL,NULL),(39,'New Products Module','MAX_DISPLAY_NEW_PRODUCTS','9','Maximum number of new products to display in a category',3,5,NULL,'2013-01-09 04:30:54',NULL,NULL),(40,'Products Expected','MAX_DISPLAY_UPCOMING_PRODUCTS','10','Maximum number of products expected to display',3,6,NULL,'2013-01-09 04:30:54',NULL,NULL),(41,'Manufacturers List','MAX_DISPLAY_MANUFACTURERS_IN_A_LIST','0','Used in manufacturers box; when the number of manufacturers exceeds this number, a drop-down list will be displayed instead of the default list',3,7,NULL,'2013-01-09 04:30:54',NULL,NULL),(42,'Manufacturers Select Size','MAX_MANUFACTURERS_LIST','1','Used in manufacturers box; when this value is \'1\' the classic drop-down list will be used for the manufacturers box. Otherwise, a list-box with the specified number of rows will be displayed.',3,7,NULL,'2013-01-09 04:30:54',NULL,NULL),(43,'Length of Manufacturers Name','MAX_DISPLAY_MANUFACTURER_NAME_LEN','15','Used in manufacturers box; maximum length of manufacturers name to display',3,8,NULL,'2013-01-09 04:30:54',NULL,NULL),(44,'New Reviews','MAX_DISPLAY_NEW_REVIEWS','6','Maximum number of new reviews to display',3,9,NULL,'2013-01-09 04:30:54',NULL,NULL),(45,'Selection of Random Reviews','MAX_RANDOM_SELECT_REVIEWS','10','How many records to select from to choose one random product review',3,10,NULL,'2013-01-09 04:30:55',NULL,NULL),(46,'Selection of Random New Products','MAX_RANDOM_SELECT_NEW','10','How many records to select from to choose one random new product to display',3,11,NULL,'2013-01-09 04:30:55',NULL,NULL),(47,'Selection of Products on Special','MAX_RANDOM_SELECT_SPECIALS','10','How many records to select from to choose one random product special to display',3,12,NULL,'2013-01-09 04:30:55',NULL,NULL),(48,'Categories To List Per Row','MAX_DISPLAY_CATEGORIES_PER_ROW','2','How many categories to list per row',3,13,'2013-01-09 05:37:20','2013-01-09 04:30:55',NULL,NULL),(49,'New Products Listing','MAX_DISPLAY_PRODUCTS_NEW','10','Maximum number of new products to display in new products page',3,14,NULL,'2013-01-09 04:30:55',NULL,NULL),(50,'Best Sellers','MAX_DISPLAY_BESTSELLERS','10','Maximum number of best sellers to display',3,15,NULL,'2013-01-09 04:30:55',NULL,NULL),(51,'Also Purchased','MAX_DISPLAY_ALSO_PURCHASED','6','Maximum number of products to display in the \'This Customer Also Purchased\' box',3,16,NULL,'2013-01-09 04:30:55',NULL,NULL),(52,'Customer Order History Box','MAX_DISPLAY_PRODUCTS_IN_ORDER_HISTORY_BOX','6','Maximum number of products to display in the customer order history box',3,17,NULL,'2013-01-09 04:30:55',NULL,NULL),(53,'Order History','MAX_DISPLAY_ORDER_HISTORY','10','Maximum number of orders to display in the order history page',3,18,NULL,'2013-01-09 04:30:55',NULL,NULL),(54,'Product Quantities In Shopping Cart','MAX_QTY_IN_CART','99','Maximum number of product quantities that can be added to the shopping cart (0 for no limit)',3,19,NULL,'2013-01-09 04:30:55',NULL,NULL),(55,'Small Image Width','SMALL_IMAGE_WIDTH','150','The pixel width of small images',4,1,'2013-01-09 05:38:01','2013-01-09 04:30:55',NULL,NULL),(56,'Small Image Height','SMALL_IMAGE_HEIGHT','','The pixel height of small images',4,2,'2013-01-09 05:38:08','2013-01-09 04:30:55',NULL,NULL),(57,'Heading Image Width','HEADING_IMAGE_WIDTH','57','The pixel width of heading images',4,3,NULL,'2013-01-09 04:30:55',NULL,NULL),(58,'Heading Image Height','HEADING_IMAGE_HEIGHT','40','The pixel height of heading images',4,4,NULL,'2013-01-09 04:30:55',NULL,NULL),(59,'Subcategory Image Width','SUBCATEGORY_IMAGE_WIDTH','','The pixel width of subcategory images',4,5,'2013-01-09 05:38:21','2013-01-09 04:30:55',NULL,NULL),(60,'Subcategory Image Height','SUBCATEGORY_IMAGE_HEIGHT','','The pixel height of subcategory images',4,6,'2013-01-09 05:38:28','2013-01-09 04:30:55',NULL,NULL),(61,'Calculate Image Size','CONFIG_CALCULATE_IMAGE_SIZE','false','Calculate the size of images?',4,7,'2013-01-09 05:38:38','2013-01-09 04:30:55',NULL,'tep_cfg_select_option(array(\'true\', \'false\'), '),(62,'Image Required','IMAGE_REQUIRED','true','Enable to display broken images. Good for development.',4,8,NULL,'2013-01-09 04:30:55',NULL,'tep_cfg_select_option(array(\'true\', \'false\'), '),(63,'Gender','ACCOUNT_GENDER','false','Display gender in the customers account',5,1,'2013-01-09 05:39:50','2013-01-09 04:30:55',NULL,'tep_cfg_select_option(array(\'true\', \'false\'), '),(64,'Date of Birth','ACCOUNT_DOB','false','Display date of birth in the customers account',5,2,'2013-01-09 05:39:56','2013-01-09 04:30:55',NULL,'tep_cfg_select_option(array(\'true\', \'false\'), '),(65,'Company','ACCOUNT_COMPANY','false','Display company in the customers account',5,3,'2013-01-09 05:40:04','2013-01-09 04:30:55',NULL,'tep_cfg_select_option(array(\'true\', \'false\'), '),(66,'Suburb','ACCOUNT_SUBURB','false','Display suburb in the customers account',5,4,'2013-01-09 05:40:11','2013-01-09 04:30:55',NULL,'tep_cfg_select_option(array(\'true\', \'false\'), '),(67,'State','ACCOUNT_STATE','true','Display state in the customers account',5,5,NULL,'2013-01-09 04:30:55',NULL,'tep_cfg_select_option(array(\'true\', \'false\'), '),(68,'Installed Modules','MODULE_PAYMENT_INSTALLED','cod.php','List of payment module filenames separated by a semi-colon. This is automatically updated. No need to edit. (Example: cod.php;paypal_express.php)',6,0,NULL,'2013-01-09 04:30:55',NULL,NULL),(69,'Installed Modules','MODULE_ORDER_TOTAL_INSTALLED','ot_subtotal.php;ot_shipping.php;ot_tax.php;ot_total.php','List of order_total module filenames separated by a semi-colon. This is automatically updated. No need to edit. (Example: ot_subtotal.php;ot_tax.php;ot_shipping.php;ot_total.php)',6,0,'2013-01-09 05:47:24','2013-01-09 04:30:55',NULL,NULL),(70,'Installed Modules','MODULE_SHIPPING_INSTALLED','flat.php','List of shipping module filenames separated by a semi-colon. This is automatically updated. No need to edit. (Example: ups.php;flat.php;item.php)',6,0,NULL,'2013-01-09 04:30:55',NULL,NULL),(71,'Installed Modules','MODULE_ACTION_RECORDER_INSTALLED','ar_admin_login.php;ar_contact_us.php;ar_tell_a_friend.php','List of action recorder module filenames separated by a semi-colon. This is automatically updated. No need to edit.',6,0,NULL,'2013-01-09 04:30:55',NULL,NULL),(72,'Installed Modules','MODULE_SOCIAL_BOOKMARKS_INSTALLED','','List of social bookmark module filenames separated by a semi-colon. This is automatically updated. No need to edit.',6,0,NULL,'2013-01-09 04:30:55',NULL,NULL),(73,'Enable Cash On Delivery Module','MODULE_PAYMENT_COD_STATUS','True','Do you want to accept Cash On Delevery payments?',6,1,NULL,'2013-01-09 04:30:55',NULL,'tep_cfg_select_option(array(\'True\', \'False\'), '),(74,'Payment Zone','MODULE_PAYMENT_COD_ZONE','0','If a zone is selected, only enable this payment method for that zone.',6,2,NULL,'2013-01-09 04:30:55','tep_get_zone_class_title','tep_cfg_pull_down_zone_classes('),(75,'Sort order of display.','MODULE_PAYMENT_COD_SORT_ORDER','0','Sort order of display. Lowest is displayed first.',6,0,NULL,'2013-01-09 04:30:55',NULL,NULL),(76,'Set Order Status','MODULE_PAYMENT_COD_ORDER_STATUS_ID','0','Set the status of orders made with this payment module to this value',6,0,NULL,'2013-01-09 04:30:55','tep_get_order_status_name','tep_cfg_pull_down_order_statuses('),(77,'Enable Flat Shipping','MODULE_SHIPPING_FLAT_STATUS','False','Do you want to offer flat rate shipping?',6,0,NULL,'2013-01-09 04:30:55',NULL,'tep_cfg_select_option(array(\'True\', \'False\'), '),(78,'Shipping Cost','MODULE_SHIPPING_FLAT_COST','5.00','The shipping cost for all orders using this shipping method.',6,0,NULL,'2013-01-09 04:30:55',NULL,NULL),(79,'Tax Class','MODULE_SHIPPING_FLAT_TAX_CLASS','0','Use the following tax class on the shipping fee.',6,0,NULL,'2013-01-09 04:30:55','tep_get_tax_class_title','tep_cfg_pull_down_tax_classes('),(80,'Shipping Zone','MODULE_SHIPPING_FLAT_ZONE','0','If a zone is selected, only enable this shipping method for that zone.',6,0,NULL,'2013-01-09 04:30:56','tep_get_zone_class_title','tep_cfg_pull_down_zone_classes('),(81,'Sort Order','MODULE_SHIPPING_FLAT_SORT_ORDER','0','Sort order of display.',6,0,NULL,'2013-01-09 04:30:56',NULL,NULL),(82,'Default Currency','DEFAULT_CURRENCY','USD','Default Currency',6,0,NULL,'2013-01-09 04:30:56',NULL,NULL),(83,'Default Language','DEFAULT_LANGUAGE','en','Default Language',6,0,NULL,'2013-01-09 04:30:56',NULL,NULL),(84,'Default Order Status For New Orders','DEFAULT_ORDERS_STATUS_ID','1','When a new order is created, this order status will be assigned to it.',6,0,NULL,'2013-01-09 04:30:56',NULL,NULL),(85,'Display Shipping','MODULE_ORDER_TOTAL_SHIPPING_STATUS','true','Do you want to display the order shipping cost?',6,1,NULL,'2013-01-09 04:30:56',NULL,'tep_cfg_select_option(array(\'true\', \'false\'), '),(86,'Sort Order','MODULE_ORDER_TOTAL_SHIPPING_SORT_ORDER','2','Sort order of display.',6,2,NULL,'2013-01-09 04:30:56',NULL,NULL),(87,'Allow Free Shipping','MODULE_ORDER_TOTAL_SHIPPING_FREE_SHIPPING','false','Do you want to allow free shipping?',6,3,NULL,'2013-01-09 04:30:56',NULL,'tep_cfg_select_option(array(\'true\', \'false\'), '),(88,'Free Shipping For Orders Over','MODULE_ORDER_TOTAL_SHIPPING_FREE_SHIPPING_OVER','50','Provide free shipping for orders over the set amount.',6,4,NULL,'2013-01-09 04:30:56','currencies->format',NULL),(89,'Provide Free Shipping For Orders Made','MODULE_ORDER_TOTAL_SHIPPING_DESTINATION','national','Provide free shipping for orders sent to the set destination.',6,5,NULL,'2013-01-09 04:30:56',NULL,'tep_cfg_select_option(array(\'national\', \'international\', \'both\'), '),(90,'Display Sub-Total','MODULE_ORDER_TOTAL_SUBTOTAL_STATUS','true','Do you want to display the order sub-total cost?',6,1,NULL,'2013-01-09 04:30:56',NULL,'tep_cfg_select_option(array(\'true\', \'false\'), '),(91,'Sort Order','MODULE_ORDER_TOTAL_SUBTOTAL_SORT_ORDER','1','Sort order of display.',6,2,NULL,'2013-01-09 04:30:56',NULL,NULL),(92,'Display Tax','MODULE_ORDER_TOTAL_TAX_STATUS','true','Do you want to display the order tax value?',6,1,NULL,'2013-01-09 04:30:56',NULL,'tep_cfg_select_option(array(\'true\', \'false\'), '),(93,'Sort Order','MODULE_ORDER_TOTAL_TAX_SORT_ORDER','3','Sort order of display.',6,2,NULL,'2013-01-09 04:30:56',NULL,NULL),(94,'Display Total','MODULE_ORDER_TOTAL_TOTAL_STATUS','true','Do you want to display the total order value?',6,1,NULL,'2013-01-09 04:30:56',NULL,'tep_cfg_select_option(array(\'true\', \'false\'), '),(95,'Sort Order','MODULE_ORDER_TOTAL_TOTAL_SORT_ORDER','4','Sort order of display.',6,2,NULL,'2013-01-09 04:30:56',NULL,NULL),(96,'Minimum Minutes Per E-Mail','MODULE_ACTION_RECORDER_CONTACT_US_EMAIL_MINUTES','15','Minimum number of minutes to allow 1 e-mail to be sent (eg, 15 for 1 e-mail every 15 minutes)',6,0,NULL,'2013-01-09 04:30:56',NULL,NULL),(97,'Minimum Minutes Per E-Mail','MODULE_ACTION_RECORDER_TELL_A_FRIEND_EMAIL_MINUTES','15','Minimum number of minutes to allow 1 e-mail to be sent (eg, 15 for 1 e-mail every 15 minutes)',6,0,NULL,'2013-01-09 04:30:56',NULL,NULL),(98,'Allowed Minutes','MODULE_ACTION_RECORDER_ADMIN_LOGIN_MINUTES','5','Number of minutes to allow login attempts to occur.',6,0,NULL,'2013-01-09 04:30:56',NULL,NULL),(99,'Allowed Attempts','MODULE_ACTION_RECORDER_ADMIN_LOGIN_ATTEMPTS','3','Number of login attempts to allow within the specified period.',6,0,NULL,'2013-01-09 04:30:56',NULL,NULL),(110,'Country of Origin','SHIPPING_ORIGIN_COUNTRY','223','Select the country of origin to be used in shipping quotes.',7,1,NULL,'2013-01-09 04:30:56','tep_get_country_name','tep_cfg_pull_down_country_list('),(111,'Postal Code','SHIPPING_ORIGIN_ZIP','85331','Enter the Postal Code (ZIP) of the Store to be used in shipping quotes.',7,2,'2013-01-09 05:41:14','2013-01-09 04:30:56',NULL,NULL),(112,'Enter the Maximum Package Weight you will ship','SHIPPING_MAX_WEIGHT','50','Carriers have a max weight limit for a single package. This is a common one for all.',7,3,NULL,'2013-01-09 04:30:56',NULL,NULL),(113,'Package Tare weight.','SHIPPING_BOX_WEIGHT','3','What is the weight of typical packaging of small to medium packages?',7,4,NULL,'2013-01-09 04:30:56',NULL,NULL),(114,'Larger packages - percentage increase.','SHIPPING_BOX_PADDING','10','For 10% enter 10',7,5,NULL,'2013-01-09 04:30:56',NULL,NULL),(115,'Display Product Image','PRODUCT_LIST_IMAGE','1','Do you want to display the Product Image?',8,1,NULL,'2013-01-09 04:30:57',NULL,NULL),(116,'Display Product Manufaturer Name','PRODUCT_LIST_MANUFACTURER','0','Do you want to display the Product Manufacturer Name?',8,2,NULL,'2013-01-09 04:30:57',NULL,NULL),(117,'Display Product Model','PRODUCT_LIST_MODEL','0','Do you want to display the Product Model?',8,3,NULL,'2013-01-09 04:30:57',NULL,NULL),(118,'Display Product Name','PRODUCT_LIST_NAME','2','Do you want to display the Product Name?',8,4,NULL,'2013-01-09 04:30:57',NULL,NULL),(119,'Display Product Price','PRODUCT_LIST_PRICE','3','Do you want to display the Product Price',8,5,NULL,'2013-01-09 04:30:57',NULL,NULL),(120,'Display Product Quantity','PRODUCT_LIST_QUANTITY','0','Do you want to display the Product Quantity?',8,6,'2013-01-09 23:38:57','2013-01-09 04:30:57',NULL,NULL),(121,'Display Product Weight','PRODUCT_LIST_WEIGHT','0','Do you want to display the Product Weight?',8,7,NULL,'2013-01-09 04:30:57',NULL,NULL),(122,'Display Buy Now column','PRODUCT_LIST_BUY_NOW','4','Do you want to display the Buy Now column?',8,8,NULL,'2013-01-09 04:30:57',NULL,NULL),(123,'Display Category/Manufacturer Filter (0=disable; 1=enable)','PRODUCT_LIST_FILTER','1','Do you want to display the Category/Manufacturer Filter?',8,9,NULL,'2013-01-09 04:30:57',NULL,NULL),(124,'Location of Prev/Next Navigation Bar (1-top, 2-bottom, 3-both)','PREV_NEXT_BAR_LOCATION','2','Sets the location of the Prev/Next Navigation Bar (1-top, 2-bottom, 3-both)',8,10,NULL,'2013-01-09 04:30:57',NULL,NULL),(125,'Check stock level','STOCK_CHECK','false','Check to see if sufficent stock is available',9,1,'2013-01-09 05:42:46','2013-01-09 04:30:57',NULL,'tep_cfg_select_option(array(\'true\', \'false\'), '),(126,'Subtract stock','STOCK_LIMITED','true','Subtract product in stock by product orders',9,2,NULL,'2013-01-09 04:30:57',NULL,'tep_cfg_select_option(array(\'true\', \'false\'), '),(127,'Allow Checkout','STOCK_ALLOW_CHECKOUT','false','Allow customer to checkout even if there is insufficient stock',9,3,'2013-01-09 05:42:57','2013-01-09 04:30:57',NULL,'tep_cfg_select_option(array(\'true\', \'false\'), '),(128,'Mark product out of stock','STOCK_MARK_PRODUCT_OUT_OF_STOCK','***','Display something on screen so customer can see which product has insufficient stock',9,4,NULL,'2013-01-09 04:30:57',NULL,NULL),(129,'Stock Re-order level','STOCK_REORDER_LEVEL','5','Define when stock needs to be re-ordered',9,5,NULL,'2013-01-09 04:30:57',NULL,NULL),(130,'Store Page Parse Time','STORE_PAGE_PARSE_TIME','false','Store the time it takes to parse a page',10,1,NULL,'2013-01-09 04:30:57',NULL,'tep_cfg_select_option(array(\'true\', \'false\'), '),(131,'Log Destination','STORE_PAGE_PARSE_TIME_LOG','/var/log/www/tep/page_parse_time.log','Directory and filename of the page parse time log',10,2,NULL,'2013-01-09 04:30:57',NULL,NULL),(132,'Log Date Format','STORE_PARSE_DATE_TIME_FORMAT','%d/%m/%Y %H:%M:%S','The date format',10,3,NULL,'2013-01-09 04:30:57',NULL,NULL),(133,'Display The Page Parse Time','DISPLAY_PAGE_PARSE_TIME','true','Display the page parse time (store page parse time must be enabled)',10,4,NULL,'2013-01-09 04:30:57',NULL,'tep_cfg_select_option(array(\'true\', \'false\'), '),(134,'Store Database Queries','STORE_DB_TRANSACTIONS','false','Store the database queries in the page parse time log',10,5,NULL,'2013-01-09 04:30:57',NULL,'tep_cfg_select_option(array(\'true\', \'false\'), '),(135,'Use Cache','USE_CACHE','false','Use caching features',11,1,NULL,'2013-01-09 04:30:57',NULL,'tep_cfg_select_option(array(\'true\', \'false\'), '),(136,'Cache Directory','DIR_FS_CACHE','/var/www/sites/terrianndavis.com/root/catalog/includes/work/','The directory where the cached files are saved',11,2,NULL,'2013-01-09 04:30:57',NULL,NULL),(137,'E-Mail Transport Method','EMAIL_TRANSPORT','sendmail','Defines if this server uses a local connection to sendmail or uses an SMTP connection via TCP/IP. Servers running on Windows and MacOS should change this setting to SMTP.',12,1,NULL,'2013-01-09 04:30:57',NULL,'tep_cfg_select_option(array(\'sendmail\', \'smtp\'),'),(138,'E-Mail Linefeeds','EMAIL_LINEFEED','LF','Defines the character sequence used to separate mail headers.',12,2,NULL,'2013-01-09 04:30:57',NULL,'tep_cfg_select_option(array(\'LF\', \'CRLF\'),'),(139,'Use MIME HTML When Sending Emails','EMAIL_USE_HTML','true','Send e-mails in HTML format',12,3,'2013-01-09 05:45:27','2013-01-09 04:30:57',NULL,'tep_cfg_select_option(array(\'true\', \'false\'),'),(140,'Verify E-Mail Addresses Through DNS','ENTRY_EMAIL_ADDRESS_CHECK','false','Verify e-mail address through a DNS server',12,4,NULL,'2013-01-09 04:30:57',NULL,'tep_cfg_select_option(array(\'true\', \'false\'), '),(141,'Send E-Mails','SEND_EMAILS','true','Send out e-mails',12,5,NULL,'2013-01-09 04:30:58',NULL,'tep_cfg_select_option(array(\'true\', \'false\'), '),(142,'Enable download','DOWNLOAD_ENABLED','false','Enable the products download functions.',13,1,NULL,'2013-01-09 04:30:58',NULL,'tep_cfg_select_option(array(\'true\', \'false\'), '),(143,'Download by redirect','DOWNLOAD_BY_REDIRECT','false','Use browser redirection for download. Disable on non-Unix systems.',13,2,NULL,'2013-01-09 04:30:58',NULL,'tep_cfg_select_option(array(\'true\', \'false\'), '),(144,'Expiry delay (days)','DOWNLOAD_MAX_DAYS','7','Set number of days before the download link expires. 0 means no limit.',13,3,NULL,'2013-01-09 04:30:58',NULL,''),(145,'Maximum number of downloads','DOWNLOAD_MAX_COUNT','5','Set the maximum number of downloads. 0 means no download authorized.',13,4,NULL,'2013-01-09 04:30:58',NULL,''),(146,'Enable GZip Compression','GZIP_COMPRESSION','false','Enable HTTP GZip compression.',14,1,NULL,'2013-01-09 04:30:58',NULL,'tep_cfg_select_option(array(\'true\', \'false\'), '),(147,'Compression Level','GZIP_LEVEL','5','Use this compression level 0-9 (0 = minimum, 9 = maximum).',14,2,NULL,'2013-01-09 04:30:58',NULL,NULL),(148,'Session Directory','SESSION_WRITE_DIRECTORY','/var/www/sites/terrianndavis.com/root/catalog/includes/work/','If sessions are file based, store them in this directory.',15,1,NULL,'2013-01-09 04:30:58',NULL,NULL),(149,'Force Cookie Use','SESSION_FORCE_COOKIE_USE','False','Force the use of sessions when cookies are only enabled.',15,2,NULL,'2013-01-09 04:30:58',NULL,'tep_cfg_select_option(array(\'True\', \'False\'), '),(150,'Check SSL Session ID','SESSION_CHECK_SSL_SESSION_ID','False','Validate the SSL_SESSION_ID on every secure HTTPS page request.',15,3,NULL,'2013-01-09 04:30:58',NULL,'tep_cfg_select_option(array(\'True\', \'False\'), '),(151,'Check User Agent','SESSION_CHECK_USER_AGENT','False','Validate the clients browser user agent on every page request.',15,4,NULL,'2013-01-09 04:30:58',NULL,'tep_cfg_select_option(array(\'True\', \'False\'), '),(152,'Check IP Address','SESSION_CHECK_IP_ADDRESS','False','Validate the clients IP address on every page request.',15,5,NULL,'2013-01-09 04:30:58',NULL,'tep_cfg_select_option(array(\'True\', \'False\'), '),(153,'Prevent Spider Sessions','SESSION_BLOCK_SPIDERS','True','Prevent known spiders from starting a session.',15,6,NULL,'2013-01-09 04:30:58',NULL,'tep_cfg_select_option(array(\'True\', \'False\'), '),(154,'Recreate Session','SESSION_RECREATE','True','Recreate the session to generate a new session ID when the customer logs on or creates an account (PHP >=4.1 needed).',15,7,NULL,'2013-01-09 04:30:58',NULL,'tep_cfg_select_option(array(\'True\', \'False\'), '),(155,'Last Update Check Time','LAST_UPDATE_CHECK_TIME','','Last time a check for new versions of osCommerce was run',6,0,NULL,'2013-01-09 04:30:58',NULL,NULL),(172,'Installed Modules','MODULE_HEADER_TAGS_INSTALLED','ht_manufacturer_title.php;ht_category_title.php;ht_product_title.php','List of header tag module filenames separated by a semi-colon. This is automatically updated. No need to edit.',6,0,NULL,'2013-01-09 04:31:17',NULL,NULL),(173,'Enable Category Title Module','MODULE_HEADER_TAGS_CATEGORY_TITLE_STATUS','True','Do you want to allow category titles to be added to the page title?',6,1,NULL,'2013-01-09 04:31:17',NULL,'tep_cfg_select_option(array(\'True\', \'False\'), '),(174,'Sort Order','MODULE_HEADER_TAGS_CATEGORY_TITLE_SORT_ORDER','200','Sort order of display. Lowest is displayed first.',6,0,NULL,'2013-01-09 04:31:17',NULL,NULL),(175,'Enable Manufacturer Title Module','MODULE_HEADER_TAGS_MANUFACTURER_TITLE_STATUS','True','Do you want to allow manufacturer titles to be added to the page title?',6,1,NULL,'2013-01-09 04:31:17',NULL,'tep_cfg_select_option(array(\'True\', \'False\'), '),(176,'Sort Order','MODULE_HEADER_TAGS_MANUFACTURER_TITLE_SORT_ORDER','100','Sort order of display. Lowest is displayed first.',6,0,NULL,'2013-01-09 04:31:17',NULL,NULL),(177,'Enable Product Title Module','MODULE_HEADER_TAGS_PRODUCT_TITLE_STATUS','True','Do you want to allow product titles to be added to the page title?',6,1,NULL,'2013-01-09 04:31:17',NULL,'tep_cfg_select_option(array(\'True\', \'False\'), '),(178,'Sort Order','MODULE_HEADER_TAGS_PRODUCT_TITLE_SORT_ORDER','300','Sort order of display. Lowest is displayed first.',6,0,NULL,'2013-01-09 04:31:17',NULL,NULL),(179,'Installed Modules','MODULE_ADMIN_DASHBOARD_INSTALLED','d_total_revenue.php;d_total_customers.php;d_orders.php;d_customers.php;d_admin_logins.php;d_security_checks.php;d_latest_news.php;d_latest_addons.php;d_version_check.php;d_reviews.php','List of Administration Tool Dashboard module filenames separated by a semi-colon. This is automatically updated. No need to edit.',6,0,NULL,'2013-01-09 04:31:17',NULL,NULL),(180,'Enable Administrator Logins Module','MODULE_ADMIN_DASHBOARD_ADMIN_LOGINS_STATUS','True','Do you want to show the latest administrator logins on the dashboard?',6,1,NULL,'2013-01-09 04:31:17',NULL,'tep_cfg_select_option(array(\'True\', \'False\'), '),(181,'Sort Order','MODULE_ADMIN_DASHBOARD_ADMIN_LOGINS_SORT_ORDER','500','Sort order of display. Lowest is displayed first.',6,0,NULL,'2013-01-09 04:31:17',NULL,NULL),(182,'Enable Customers Module','MODULE_ADMIN_DASHBOARD_CUSTOMERS_STATUS','True','Do you want to show the newest customers on the dashboard?',6,1,NULL,'2013-01-09 04:31:17',NULL,'tep_cfg_select_option(array(\'True\', \'False\'), '),(183,'Sort Order','MODULE_ADMIN_DASHBOARD_CUSTOMERS_SORT_ORDER','400','Sort order of display. Lowest is displayed first.',6,0,NULL,'2013-01-09 04:31:17',NULL,NULL),(184,'Enable Latest Add-Ons Module','MODULE_ADMIN_DASHBOARD_LATEST_ADDONS_STATUS','True','Do you want to show the latest osCommerce Add-Ons on the dashboard?',6,1,NULL,'2013-01-09 04:31:17',NULL,'tep_cfg_select_option(array(\'True\', \'False\'), '),(185,'Sort Order','MODULE_ADMIN_DASHBOARD_LATEST_ADDONS_SORT_ORDER','800','Sort order of display. Lowest is displayed first.',6,0,NULL,'2013-01-09 04:31:17',NULL,NULL),(186,'Enable Latest News Module','MODULE_ADMIN_DASHBOARD_LATEST_NEWS_STATUS','True','Do you want to show the latest osCommerce News on the dashboard?',6,1,NULL,'2013-01-09 04:31:17',NULL,'tep_cfg_select_option(array(\'True\', \'False\'), '),(187,'Sort Order','MODULE_ADMIN_DASHBOARD_LATEST_NEWS_SORT_ORDER','700','Sort order of display. Lowest is displayed first.',6,0,NULL,'2013-01-09 04:31:17',NULL,NULL),(188,'Enable Orders Module','MODULE_ADMIN_DASHBOARD_ORDERS_STATUS','True','Do you want to show the latest orders on the dashboard?',6,1,NULL,'2013-01-09 04:31:17',NULL,'tep_cfg_select_option(array(\'True\', \'False\'), '),(189,'Sort Order','MODULE_ADMIN_DASHBOARD_ORDERS_SORT_ORDER','300','Sort order of display. Lowest is displayed first.',6,0,NULL,'2013-01-09 04:31:17',NULL,NULL),(190,'Enable Security Checks Module','MODULE_ADMIN_DASHBOARD_SECURITY_CHECKS_STATUS','True','Do you want to run the security checks for this installation?',6,1,NULL,'2013-01-09 04:31:17',NULL,'tep_cfg_select_option(array(\'True\', \'False\'), '),(191,'Sort Order','MODULE_ADMIN_DASHBOARD_SECURITY_CHECKS_SORT_ORDER','600','Sort order of display. Lowest is displayed first.',6,0,NULL,'2013-01-09 04:31:17',NULL,NULL),(192,'Enable Total Customers Module','MODULE_ADMIN_DASHBOARD_TOTAL_CUSTOMERS_STATUS','True','Do you want to show the total customers chart on the dashboard?',6,1,NULL,'2013-01-09 04:31:17',NULL,'tep_cfg_select_option(array(\'True\', \'False\'), '),(193,'Sort Order','MODULE_ADMIN_DASHBOARD_TOTAL_CUSTOMERS_SORT_ORDER','200','Sort order of display. Lowest is displayed first.',6,0,NULL,'2013-01-09 04:31:17',NULL,NULL),(194,'Enable Total Revenue Module','MODULE_ADMIN_DASHBOARD_TOTAL_REVENUE_STATUS','True','Do you want to show the total revenue chart on the dashboard?',6,1,NULL,'2013-01-09 04:31:17',NULL,'tep_cfg_select_option(array(\'True\', \'False\'), '),(195,'Sort Order','MODULE_ADMIN_DASHBOARD_TOTAL_REVENUE_SORT_ORDER','100','Sort order of display. Lowest is displayed first.',6,0,NULL,'2013-01-09 04:31:17',NULL,NULL),(196,'Enable Version Check Module','MODULE_ADMIN_DASHBOARD_VERSION_CHECK_STATUS','True','Do you want to show the version check results on the dashboard?',6,1,NULL,'2013-01-09 04:31:17',NULL,'tep_cfg_select_option(array(\'True\', \'False\'), '),(197,'Sort Order','MODULE_ADMIN_DASHBOARD_VERSION_CHECK_SORT_ORDER','900','Sort order of display. Lowest is displayed first.',6,0,NULL,'2013-01-09 04:31:17',NULL,NULL),(198,'Enable Latest Reviews Module','MODULE_ADMIN_DASHBOARD_REVIEWS_STATUS','True','Do you want to show the latest reviews on the dashboard?',6,1,NULL,'2013-01-09 04:31:17',NULL,'tep_cfg_select_option(array(\'True\', \'False\'), '),(199,'Sort Order','MODULE_ADMIN_DASHBOARD_REVIEWS_SORT_ORDER','1000','Sort order of display. Lowest is displayed first.',6,0,NULL,'2013-01-09 04:31:17',NULL,NULL),(200,'Installed Modules','MODULE_BOXES_INSTALLED','addl_menu_top.php;bm_categories.php;bm_search.php;addl_menu_bottom.php;bm_information.php;bm_manufacturers.php;bm_whats_new.php;bm_shopping_cart.php;bm_manufacturer_info.php;bm_order_history.php;bm_best_sellers.php;bm_product_notifications.php;bm_product_social_bookmarks.php;bm_specials.php;bm_reviews.php;bm_languages.php;bm_currencies.php','List of box module filenames separated by a semi-colon. This is automatically updated. No need to edit.',6,0,'2013-01-09 06:01:43','2013-01-09 04:31:17',NULL,NULL),(201,'Enable Best Sellers Module','MODULE_BOXES_BEST_SELLERS_STATUS','False','Do you want to add the module to your shop?',6,1,NULL,'2013-01-09 04:31:18',NULL,'tep_cfg_select_option(array(\'True\', \'False\'), '),(202,'Content Placement','MODULE_BOXES_BEST_SELLERS_CONTENT_PLACEMENT','Right Column','Should the module be loaded in the left or right column?',6,1,NULL,'2013-01-09 04:31:18',NULL,'tep_cfg_select_option(array(\'Left Column\', \'Right Column\'), '),(203,'Sort Order','MODULE_BOXES_BEST_SELLERS_SORT_ORDER','5030','Sort order of display. Lowest is displayed first.',6,0,NULL,'2013-01-09 04:31:18',NULL,NULL),(204,'Enable Categories Module','MODULE_BOXES_CATEGORIES_STATUS','True','Do you want to add the module to your shop?',6,1,NULL,'2013-01-09 04:31:18',NULL,'tep_cfg_select_option(array(\'True\', \'False\'), '),(205,'Content Placement','MODULE_BOXES_CATEGORIES_CONTENT_PLACEMENT','Left Column','Should the module be loaded in the left or right column?',6,1,NULL,'2013-01-09 04:31:18',NULL,'tep_cfg_select_option(array(\'Left Column\', \'Right Column\'), '),(206,'Sort Order','MODULE_BOXES_CATEGORIES_SORT_ORDER','1020','Sort order of display. Lowest is displayed first.',6,0,NULL,'2013-01-09 04:31:18',NULL,NULL),(207,'Enable Currencies Module','MODULE_BOXES_CURRENCIES_STATUS','False','Do you want to add the module to your shop?',6,1,NULL,'2013-01-09 04:31:18',NULL,'tep_cfg_select_option(array(\'True\', \'False\'), '),(208,'Content Placement','MODULE_BOXES_CURRENCIES_CONTENT_PLACEMENT','Right Column','Should the module be loaded in the left or right column?',6,1,NULL,'2013-01-09 04:31:18',NULL,'tep_cfg_select_option(array(\'Left Column\', \'Right Column\'), '),(209,'Sort Order','MODULE_BOXES_CURRENCIES_SORT_ORDER','5090','Sort order of display. Lowest is displayed first.',6,0,NULL,'2013-01-09 04:31:18',NULL,NULL),(210,'Enable Information Module','MODULE_BOXES_INFORMATION_STATUS','False','Do you want to add the module to your shop?',6,1,NULL,'2013-01-09 04:31:18',NULL,'tep_cfg_select_option(array(\'True\', \'False\'), '),(211,'Content Placement','MODULE_BOXES_INFORMATION_CONTENT_PLACEMENT','Left Column','Should the module be loaded in the left or right column?',6,1,NULL,'2013-01-09 04:31:18',NULL,'tep_cfg_select_option(array(\'Left Column\', \'Right Column\'), '),(212,'Sort Order','MODULE_BOXES_INFORMATION_SORT_ORDER','4060','Sort order of display. Lowest is displayed first.',6,0,NULL,'2013-01-09 04:31:18',NULL,NULL),(213,'Enable Languages Module','MODULE_BOXES_LANGUAGES_STATUS','False','Do you want to add the module to your shop?',6,1,NULL,'2013-01-09 04:31:18',NULL,'tep_cfg_select_option(array(\'True\', \'False\'), '),(214,'Content Placement','MODULE_BOXES_LANGUAGES_CONTENT_PLACEMENT','Right Column','Should the module be loaded in the left or right column?',6,1,NULL,'2013-01-09 04:31:18',NULL,'tep_cfg_select_option(array(\'Left Column\', \'Right Column\'), '),(215,'Sort Order','MODULE_BOXES_LANGUAGES_SORT_ORDER','5080','Sort order of display. Lowest is displayed first.',6,0,NULL,'2013-01-09 04:31:18',NULL,NULL),(216,'Enable Manufacturer Info Module','MODULE_BOXES_MANUFACTURER_INFO_STATUS','False','Do you want to add the module to your shop?',6,1,NULL,'2013-01-09 04:31:18',NULL,'tep_cfg_select_option(array(\'True\', \'False\'), '),(217,'Content Placement','MODULE_BOXES_MANUFACTURER_INFO_CONTENT_PLACEMENT','Right Column','Should the module be loaded in the left or right column?',6,1,NULL,'2013-01-09 04:31:18',NULL,'tep_cfg_select_option(array(\'Left Column\', \'Right Column\'), '),(218,'Sort Order','MODULE_BOXES_MANUFACTURER_INFO_SORT_ORDER','5010','Sort order of display. Lowest is displayed first.',6,0,NULL,'2013-01-09 04:31:18',NULL,NULL),(219,'Enable Manufacturers Module','MODULE_BOXES_MANUFACTURERS_STATUS','False','Do you want to add the module to your shop?',6,1,NULL,'2013-01-09 04:31:18',NULL,'tep_cfg_select_option(array(\'True\', \'False\'), '),(220,'Content Placement','MODULE_BOXES_MANUFACTURERS_CONTENT_PLACEMENT','Left Column','Should the module be loaded in the left or right column?',6,1,NULL,'2013-01-09 04:31:18',NULL,'tep_cfg_select_option(array(\'Left Column\', \'Right Column\'), '),(221,'Sort Order','MODULE_BOXES_MANUFACTURERS_SORT_ORDER','4080','Sort order of display. Lowest is displayed first.',6,0,NULL,'2013-01-09 04:31:18',NULL,NULL),(222,'Enable Order History Module','MODULE_BOXES_ORDER_HISTORY_STATUS','False','Do you want to add the module to your shop?',6,1,NULL,'2013-01-09 04:31:18',NULL,'tep_cfg_select_option(array(\'True\', \'False\'), '),(223,'Content Placement','MODULE_BOXES_ORDER_HISTORY_CONTENT_PLACEMENT','Right Column','Should the module be loaded in the left or right column?',6,1,NULL,'2013-01-09 04:31:18',NULL,'tep_cfg_select_option(array(\'Left Column\', \'Right Column\'), '),(224,'Sort Order','MODULE_BOXES_ORDER_HISTORY_SORT_ORDER','5020','Sort order of display. Lowest is displayed first.',6,0,NULL,'2013-01-09 04:31:18',NULL,NULL),(225,'Enable Product Notifications Module','MODULE_BOXES_PRODUCT_NOTIFICATIONS_STATUS','False','Do you want to add the module to your shop?',6,1,NULL,'2013-01-09 04:31:19',NULL,'tep_cfg_select_option(array(\'True\', \'False\'), '),(226,'Content Placement','MODULE_BOXES_PRODUCT_NOTIFICATIONS_CONTENT_PLACEMENT','Right Column','Should the module be loaded in the left or right column?',6,1,NULL,'2013-01-09 04:31:19',NULL,'tep_cfg_select_option(array(\'Left Column\', \'Right Column\'), '),(227,'Sort Order','MODULE_BOXES_PRODUCT_NOTIFICATIONS_SORT_ORDER','5040','Sort order of display. Lowest is displayed first.',6,0,NULL,'2013-01-09 04:31:19',NULL,NULL),(228,'Enable Product Social Bookmarks Module','MODULE_BOXES_PRODUCT_SOCIAL_BOOKMARKS_STATUS','False','Do you want to add the module to your shop?',6,1,NULL,'2013-01-09 04:31:19',NULL,'tep_cfg_select_option(array(\'True\', \'False\'), '),(229,'Content Placement','MODULE_BOXES_PRODUCT_SOCIAL_BOOKMARKS_CONTENT_PLACEMENT','Left Column','Should the module be loaded in the left or right column?',6,1,NULL,'2013-01-09 04:31:19',NULL,'tep_cfg_select_option(array(\'Left Column\', \'Right Column\'), '),(230,'Sort Order','MODULE_BOXES_PRODUCT_SOCIAL_BOOKMARKS_SORT_ORDER','5050','Sort order of display. Lowest is displayed first.',6,0,NULL,'2013-01-09 04:31:19',NULL,NULL),(231,'Enable Reviews Module','MODULE_BOXES_REVIEWS_STATUS','False','Do you want to add the module to your shop?',6,1,NULL,'2013-01-09 04:31:19',NULL,'tep_cfg_select_option(array(\'True\', \'False\'), '),(232,'Content Placement','MODULE_BOXES_REVIEWS_CONTENT_PLACEMENT','Right Column','Should the module be loaded in the left or right column?',6,1,NULL,'2013-01-09 04:31:19',NULL,'tep_cfg_select_option(array(\'Left Column\', \'Right Column\'), '),(233,'Sort Order','MODULE_BOXES_REVIEWS_SORT_ORDER','5070','Sort order of display. Lowest is displayed first.',6,0,NULL,'2013-01-09 04:31:19',NULL,NULL),(234,'Enable Search Module','MODULE_BOXES_SEARCH_STATUS','True','Do you want to add the module to your shop?',6,1,NULL,'2013-01-09 04:31:19',NULL,'tep_cfg_select_option(array(\'True\', \'False\'), '),(235,'Content Placement','MODULE_BOXES_SEARCH_CONTENT_PLACEMENT','Left Column','Should the module be loaded in the left or right column?',6,1,NULL,'2013-01-09 04:31:19',NULL,'tep_cfg_select_option(array(\'Left Column\', \'Right Column\'), '),(236,'Sort Order','MODULE_BOXES_SEARCH_SORT_ORDER','1030','Sort order of display. Lowest is displayed first.',6,0,NULL,'2013-01-09 04:31:19',NULL,NULL),(237,'Enable Shopping Cart Module','MODULE_BOXES_SHOPPING_CART_STATUS','False','Do you want to add the module to your shop?',6,1,NULL,'2013-01-09 04:31:19',NULL,'tep_cfg_select_option(array(\'True\', \'False\'), '),(238,'Content Placement','MODULE_BOXES_SHOPPING_CART_CONTENT_PLACEMENT','Right Column','Should the module be loaded in the left or right column?',6,1,NULL,'2013-01-09 04:31:19',NULL,'tep_cfg_select_option(array(\'Left Column\', \'Right Column\'), '),(239,'Sort Order','MODULE_BOXES_SHOPPING_CART_SORT_ORDER','5000','Sort order of display. Lowest is displayed first.',6,0,NULL,'2013-01-09 04:31:19',NULL,NULL),(240,'Enable Specials Module','MODULE_BOXES_SPECIALS_STATUS','False','Do you want to add the module to your shop?',6,1,NULL,'2013-01-09 04:31:19',NULL,'tep_cfg_select_option(array(\'True\', \'False\'), '),(241,'Content Placement','MODULE_BOXES_SPECIALS_CONTENT_PLACEMENT','Right Column','Should the module be loaded in the left or right column?',6,1,NULL,'2013-01-09 04:31:19',NULL,'tep_cfg_select_option(array(\'Left Column\', \'Right Column\'), '),(242,'Sort Order','MODULE_BOXES_SPECIALS_SORT_ORDER','5060','Sort order of display. Lowest is displayed first.',6,0,NULL,'2013-01-09 04:31:19',NULL,NULL),(243,'Enable What\'s New Module','MODULE_BOXES_WHATS_NEW_STATUS','False','Do you want to add the module to your shop?',6,1,NULL,'2013-01-09 04:31:19',NULL,'tep_cfg_select_option(array(\'True\', \'False\'), '),(244,'Content Placement','MODULE_BOXES_WHATS_NEW_CONTENT_PLACEMENT','Right Column','Should the module be loaded in the left or right column?',6,1,NULL,'2013-01-09 04:31:19',NULL,'tep_cfg_select_option(array(\'Left Column\', \'Right Column\'), '),(245,'Sort Order','MODULE_BOXES_WHATS_NEW_SORT_ORDER','4090','Sort order of display. Lowest is displayed first.',6,0,NULL,'2013-01-09 04:31:19',NULL,NULL),(246,'Installed Template Block Groups','TEMPLATE_BLOCK_GROUPS','boxes;header_tags','This is automatically updated. No need to edit.',6,0,NULL,'2013-01-09 04:31:19',NULL,NULL),(247,'Enable Information Module','MODULE_BOXES_ADDL_MENU_BOTTOM_STATUS','True','Do you want to add the module to your shop?',6,1,NULL,'2013-01-09 06:00:35',NULL,'tep_cfg_select_option(array(\'True\', \'False\'), '),(248,'Content Placement','MODULE_BOXES_ADDL_MENU_BOTTOM_CONTENT_PLACEMENT','Left Column','Should the module be loaded in the left or right column?',6,1,NULL,'2013-01-09 06:00:35',NULL,'tep_cfg_select_option(array(\'Left Column\', \'Right Column\'), '),(249,'Sort Order','MODULE_BOXES_ADDL_MENU_BOTTOM_SORT_ORDER','1040','Sort order of display. Lowest is displayed first.',6,0,NULL,'2013-01-09 06:00:35',NULL,NULL),(250,'Enable Information Module','MODULE_BOXES_ADDL_MENU_TOP_STATUS','True','Do you want to add the module to your shop?',6,1,NULL,'2013-01-09 06:01:32',NULL,'tep_cfg_select_option(array(\'True\', \'False\'), '),(251,'Content Placement','MODULE_BOXES_ADDL_MENU_TOP_CONTENT_PLACEMENT','Left Column','Should the module be loaded in the left or right column?',6,1,NULL,'2013-01-09 06:01:33',NULL,'tep_cfg_select_option(array(\'Left Column\', \'Right Column\'), '),(252,'Sort Order','MODULE_BOXES_ADDL_MENU_TOP_SORT_ORDER','1000','Sort order of display. Lowest is displayed first.',6,0,NULL,'2013-01-09 06:01:33',NULL,NULL);

--
-- Table structure for table `configuration_group`
--

CREATE TABLE `configuration_group` (
  `configuration_group_id` int(11) NOT NULL AUTO_INCREMENT,
  `configuration_group_title` varchar(64) NOT NULL,
  `configuration_group_description` varchar(255) NOT NULL,
  `sort_order` int(5) DEFAULT NULL,
  `visible` int(1) DEFAULT '1',
  PRIMARY KEY (`configuration_group_id`)
) ENGINE=InnoDB AUTO_INCREMENT=16 DEFAULT CHARSET=latin1;

--
-- Dumping data for table `configuration_group`
--

INSERT INTO `configuration_group` VALUES (1,'My Store','General information about my store',1,1),(2,'Minimum Values','The minimum values for functions / data',2,1),(3,'Maximum Values','The maximum values for functions / data',3,1),(4,'Images','Image parameters',4,1),(5,'Customer Details','Customer account configuration',5,1),(6,'Module Options','Hidden from configuration',6,0),(7,'Shipping/Packaging','Shipping options available at my store',7,1),(8,'Product Listing','Product Listing    configuration options',8,1),(9,'Stock','Stock configuration options',9,1),(10,'Logging','Logging configuration options',10,1),(11,'Cache','Caching configuration options',11,1),(12,'E-Mail Options','General setting for E-Mail transport and HTML E-Mails',12,1),(13,'Download','Downloadable products options',13,1),(14,'GZip Compression','GZip compression options',14,1),(15,'Sessions','Session options',15,1);

--
-- Table structure for table `counter`
--

CREATE TABLE `counter` (
  `startdate` char(8) DEFAULT NULL,
  `counter` int(12) DEFAULT NULL
) ENGINE=InnoDB DEFAULT CHARSET=latin1;

--
-- Dumping data for table `counter`
--

INSERT INTO `counter` VALUES ('20130109',1);

--
-- Table structure for table `counter_history`
--

CREATE TABLE `counter_history` (
  `month` char(8) DEFAULT NULL,
  `counter` int(12) DEFAULT NULL
) ENGINE=InnoDB DEFAULT CHARSET=latin1;

--
-- Dumping data for table `counter_history`
--


--
-- Table structure for table `countries`
--

CREATE TABLE `countries` (
  `countries_id` int(11) NOT NULL AUTO_INCREMENT,
  `countries_name` varchar(255) NOT NULL,
  `countries_iso_code_2` char(2) NOT NULL,
  `countries_iso_code_3` char(3) NOT NULL,
  `address_format_id` int(11) NOT NULL,
  PRIMARY KEY (`countries_id`),
  KEY `IDX_COUNTRIES_NAME` (`countries_name`)
) ENGINE=InnoDB AUTO_INCREMENT=240 DEFAULT CHARSET=latin1;

--
-- Dumping data for table `countries`
--

INSERT INTO `countries` VALUES (1,'Afghanistan','AF','AFG',1),(2,'Albania','AL','ALB',1),(3,'Algeria','DZ','DZA',1),(4,'American Samoa','AS','ASM',1),(5,'Andorra','AD','AND',1),(6,'Angola','AO','AGO',1),(7,'Anguilla','AI','AIA',1),(8,'Antarctica','AQ','ATA',1),(9,'Antigua and Barbuda','AG','ATG',1),(10,'Argentina','AR','ARG',1),(11,'Armenia','AM','ARM',1),(12,'Aruba','AW','ABW',1),(13,'Australia','AU','AUS',1),(14,'Austria','AT','AUT',5),(15,'Azerbaijan','AZ','AZE',1),(16,'Bahamas','BS','BHS',1),(17,'Bahrain','BH','BHR',1),(18,'Bangladesh','BD','BGD',1),(19,'Barbados','BB','BRB',1),(20,'Belarus','BY','BLR',1),(21,'Belgium','BE','BEL',1),(22,'Belize','BZ','BLZ',1),(23,'Benin','BJ','BEN',1),(24,'Bermuda','BM','BMU',1),(25,'Bhutan','BT','BTN',1),(26,'Bolivia','BO','BOL',1),(27,'Bosnia and Herzegowina','BA','BIH',1),(28,'Botswana','BW','BWA',1),(29,'Bouvet Island','BV','BVT',1),(30,'Brazil','BR','BRA',1),(31,'British Indian Ocean Territory','IO','IOT',1),(32,'Brunei Darussalam','BN','BRN',1),(33,'Bulgaria','BG','BGR',1),(34,'Burkina Faso','BF','BFA',1),(35,'Burundi','BI','BDI',1),(36,'Cambodia','KH','KHM',1),(37,'Cameroon','CM','CMR',1),(38,'Canada','CA','CAN',1),(39,'Cape Verde','CV','CPV',1),(40,'Cayman Islands','KY','CYM',1),(41,'Central African Republic','CF','CAF',1),(42,'Chad','TD','TCD',1),(43,'Chile','CL','CHL',1),(44,'China','CN','CHN',1),(45,'Christmas Island','CX','CXR',1),(46,'Cocos (Keeling) Islands','CC','CCK',1),(47,'Colombia','CO','COL',1),(48,'Comoros','KM','COM',1),(49,'Congo','CG','COG',1),(50,'Cook Islands','CK','COK',1),(51,'Costa Rica','CR','CRI',1),(52,'Cote D\'Ivoire','CI','CIV',1),(53,'Croatia','HR','HRV',1),(54,'Cuba','CU','CUB',1),(55,'Cyprus','CY','CYP',1),(56,'Czech Republic','CZ','CZE',1),(57,'Denmark','DK','DNK',1),(58,'Djibouti','DJ','DJI',1),(59,'Dominica','DM','DMA',1),(60,'Dominican Republic','DO','DOM',1),(61,'East Timor','TP','TMP',1),(62,'Ecuador','EC','ECU',1),(63,'Egypt','EG','EGY',1),(64,'El Salvador','SV','SLV',1),(65,'Equatorial Guinea','GQ','GNQ',1),(66,'Eritrea','ER','ERI',1),(67,'Estonia','EE','EST',1),(68,'Ethiopia','ET','ETH',1),(69,'Falkland Islands (Malvinas)','FK','FLK',1),(70,'Faroe Islands','FO','FRO',1),(71,'Fiji','FJ','FJI',1),(72,'Finland','FI','FIN',1),(73,'France','FR','FRA',1),(74,'France, Metropolitan','FX','FXX',1),(75,'French Guiana','GF','GUF',1),(76,'French Polynesia','PF','PYF',1),(77,'French Southern Territories','TF','ATF',1),(78,'Gabon','GA','GAB',1),(79,'Gambia','GM','GMB',1),(80,'Georgia','GE','GEO',1),(81,'Germany','DE','DEU',5),(82,'Ghana','GH','GHA',1),(83,'Gibraltar','GI','GIB',1),(84,'Greece','GR','GRC',1),(85,'Greenland','GL','GRL',1),(86,'Grenada','GD','GRD',1),(87,'Guadeloupe','GP','GLP',1),(88,'Guam','GU','GUM',1),(89,'Guatemala','GT','GTM',1),(90,'Guinea','GN','GIN',1),(91,'Guinea-bissau','GW','GNB',1),(92,'Guyana','GY','GUY',1),(93,'Haiti','HT','HTI',1),(94,'Heard and Mc Donald Islands','HM','HMD',1),(95,'Honduras','HN','HND',1),(96,'Hong Kong','HK','HKG',1),(97,'Hungary','HU','HUN',1),(98,'Iceland','IS','ISL',1),(99,'India','IN','IND',1),(100,'Indonesia','ID','IDN',1),(101,'Iran (Islamic Republic of)','IR','IRN',1),(102,'Iraq','IQ','IRQ',1),(103,'Ireland','IE','IRL',1),(104,'Israel','IL','ISR',1),(105,'Italy','IT','ITA',1),(106,'Jamaica','JM','JAM',1),(107,'Japan','JP','JPN',1),(108,'Jordan','JO','JOR',1),(109,'Kazakhstan','KZ','KAZ',1),(110,'Kenya','KE','KEN',1),(111,'Kiribati','KI','KIR',1),(112,'Korea, Democratic People\'s Republic of','KP','PRK',1),(113,'Korea, Republic of','KR','KOR',1),(114,'Kuwait','KW','KWT',1),(115,'Kyrgyzstan','KG','KGZ',1),(116,'Lao People\'s Democratic Republic','LA','LAO',1),(117,'Latvia','LV','LVA',1),(118,'Lebanon','LB','LBN',1),(119,'Lesotho','LS','LSO',1),(120,'Liberia','LR','LBR',1),(121,'Libyan Arab Jamahiriya','LY','LBY',1),(122,'Liechtenstein','LI','LIE',1),(123,'Lithuania','LT','LTU',1),(124,'Luxembourg','LU','LUX',1),(125,'Macau','MO','MAC',1),(126,'Macedonia, The Former Yugoslav Republic of','MK','MKD',1),(127,'Madagascar','MG','MDG',1),(128,'Malawi','MW','MWI',1),(129,'Malaysia','MY','MYS',1),(130,'Maldives','MV','MDV',1),(131,'Mali','ML','MLI',1),(132,'Malta','MT','MLT',1),(133,'Marshall Islands','MH','MHL',1),(134,'Martinique','MQ','MTQ',1),(135,'Mauritania','MR','MRT',1),(136,'Mauritius','MU','MUS',1),(137,'Mayotte','YT','MYT',1),(138,'Mexico','MX','MEX',1),(139,'Micronesia, Federated States of','FM','FSM',1),(140,'Moldova, Republic of','MD','MDA',1),(141,'Monaco','MC','MCO',1),(142,'Mongolia','MN','MNG',1),(143,'Montserrat','MS','MSR',1),(144,'Morocco','MA','MAR',1),(145,'Mozambique','MZ','MOZ',1),(146,'Myanmar','MM','MMR',1),(147,'Namibia','NA','NAM',1),(148,'Nauru','NR','NRU',1),(149,'Nepal','NP','NPL',1),(150,'Netherlands','NL','NLD',1),(151,'Netherlands Antilles','AN','ANT',1),(152,'New Caledonia','NC','NCL',1),(153,'New Zealand','NZ','NZL',1),(154,'Nicaragua','NI','NIC',1),(155,'Niger','NE','NER',1),(156,'Nigeria','NG','NGA',1),(157,'Niue','NU','NIU',1),(158,'Norfolk Island','NF','NFK',1),(159,'Northern Mariana Islands','MP','MNP',1),(160,'Norway','NO','NOR',1),(161,'Oman','OM','OMN',1),(162,'Pakistan','PK','PAK',1),(163,'Palau','PW','PLW',1),(164,'Panama','PA','PAN',1),(165,'Papua New Guinea','PG','PNG',1),(166,'Paraguay','PY','PRY',1),(167,'Peru','PE','PER',1),(168,'Philippines','PH','PHL',1),(169,'Pitcairn','PN','PCN',1),(170,'Poland','PL','POL',1),(171,'Portugal','PT','PRT',1),(172,'Puerto Rico','PR','PRI',1),(173,'Qatar','QA','QAT',1),(174,'Reunion','RE','REU',1),(175,'Romania','RO','ROM',1),(176,'Russian Federation','RU','RUS',1),(177,'Rwanda','RW','RWA',1),(178,'Saint Kitts and Nevis','KN','KNA',1),(179,'Saint Lucia','LC','LCA',1),(180,'Saint Vincent and the Grenadines','VC','VCT',1),(181,'Samoa','WS','WSM',1),(182,'San Marino','SM','SMR',1),(183,'Sao Tome and Principe','ST','STP',1),(184,'Saudi Arabia','SA','SAU',1),(185,'Senegal','SN','SEN',1),(186,'Seychelles','SC','SYC',1),(187,'Sierra Leone','SL','SLE',1),(188,'Singapore','SG','SGP',4),(189,'Slovakia (Slovak Republic)','SK','SVK',1),(190,'Slovenia','SI','SVN',1),(191,'Solomon Islands','SB','SLB',1),(192,'Somalia','SO','SOM',1),(193,'South Africa','ZA','ZAF',1),(194,'South Georgia and the South Sandwich Islands','GS','SGS',1),(195,'Spain','ES','ESP',3),(196,'Sri Lanka','LK','LKA',1),(197,'St. Helena','SH','SHN',1),(198,'St. Pierre and Miquelon','PM','SPM',1),(199,'Sudan','SD','SDN',1),(200,'Suriname','SR','SUR',1),(201,'Svalbard and Jan Mayen Islands','SJ','SJM',1),(202,'Swaziland','SZ','SWZ',1),(203,'Sweden','SE','SWE',1),(204,'Switzerland','CH','CHE',1),(205,'Syrian Arab Republic','SY','SYR',1),(206,'Taiwan','TW','TWN',1),(207,'Tajikistan','TJ','TJK',1),(208,'Tanzania, United Republic of','TZ','TZA',1),(209,'Thailand','TH','THA',1),(210,'Togo','TG','TGO',1),(211,'Tokelau','TK','TKL',1),(212,'Tonga','TO','TON',1),(213,'Trinidad and Tobago','TT','TTO',1),(214,'Tunisia','TN','TUN',1),(215,'Turkey','TR','TUR',1),(216,'Turkmenistan','TM','TKM',1),(217,'Turks and Caicos Islands','TC','TCA',1),(218,'Tuvalu','TV','TUV',1),(219,'Uganda','UG','UGA',1),(220,'Ukraine','UA','UKR',1),(221,'United Arab Emirates','AE','ARE',1),(222,'United Kingdom','GB','GBR',1),(223,'United States','US','USA',2),(224,'United States Minor Outlying Islands','UM','UMI',1),(225,'Uruguay','UY','URY',1),(226,'Uzbekistan','UZ','UZB',1),(227,'Vanuatu','VU','VUT',1),(228,'Vatican City State (Holy See)','VA','VAT',1),(229,'Venezuela','VE','VEN',1),(230,'Viet Nam','VN','VNM',1),(231,'Virgin Islands (British)','VG','VGB',1),(232,'Virgin Islands (U.S.)','VI','VIR',1),(233,'Wallis and Futuna Islands','WF','WLF',1),(234,'Western Sahara','EH','ESH',1),(235,'Yemen','YE','YEM',1),(236,'Yugoslavia','YU','YUG',1),(237,'Zaire','ZR','ZAR',1),(238,'Zambia','ZM','ZMB',1),(239,'Zimbabwe','ZW','ZWE',1);

--
-- Table structure for table `currencies`
--

CREATE TABLE `currencies` (
  `currencies_id` int(11) NOT NULL AUTO_INCREMENT,
  `title` varchar(32) NOT NULL,
  `code` char(3) NOT NULL,
  `symbol_left` varchar(12) DEFAULT NULL,
  `symbol_right` varchar(12) DEFAULT NULL,
  `decimal_point` char(1) DEFAULT NULL,
  `thousands_point` char(1) DEFAULT NULL,
  `decimal_places` char(1) DEFAULT NULL,
  `value` float(13,8) DEFAULT NULL,
  `last_updated` datetime DEFAULT NULL,
  PRIMARY KEY (`currencies_id`),
  KEY `idx_currencies_code` (`code`)
) ENGINE=InnoDB AUTO_INCREMENT=3 DEFAULT CHARSET=latin1;

--
-- Dumping data for table `currencies`
--

INSERT INTO `currencies` VALUES (1,'U.S. Dollar','USD','$','','.',',','2',1.00000000,'2013-01-09 04:31:05'),(2,'Euro','EUR','','€','.',',','2',1.00000000,'2013-01-09 04:31:05');

--
-- Table structure for table `customers`
--

CREATE TABLE `customers` (
  `customers_id` int(11) NOT NULL AUTO_INCREMENT,
  `customers_gender` char(1) DEFAULT NULL,
  `customers_firstname` varchar(255) NOT NULL,
  `customers_lastname` varchar(255) NOT NULL,
  `customers_dob` datetime NOT NULL DEFAULT '0000-00-00 00:00:00',
  `customers_email_address` varchar(255) NOT NULL,
  `customers_default_address_id` int(11) DEFAULT NULL,
  `customers_telephone` varchar(255) NOT NULL,
  `customers_fax` varchar(255) DEFAULT NULL,
  `customers_password` varchar(60) NOT NULL,
  `customers_newsletter` char(1) DEFAULT NULL,
  PRIMARY KEY (`customers_id`),
  KEY `idx_customers_email_address` (`customers_email_address`)
) ENGINE=InnoDB DEFAULT CHARSET=latin1;

--
-- Dumping data for table `customers`
--


--
-- Table structure for table `customers_basket`
--

CREATE TABLE `customers_basket` (
  `customers_basket_id` int(11) NOT NULL AUTO_INCREMENT,
  `customers_id` int(11) NOT NULL,
  `products_id` tinytext NOT NULL,
  `customers_basket_quantity` int(2) NOT NULL,
  `final_price` decimal(15,4) DEFAULT NULL,
  `customers_basket_date_added` char(8) DEFAULT NULL,
  PRIMARY KEY (`customers_basket_id`),
  KEY `idx_customers_basket_customers_id` (`customers_id`)
) ENGINE=InnoDB DEFAULT CHARSET=latin1;

--
-- Dumping data for table `customers_basket`
--


--
-- Table structure for table `customers_basket_attributes`
--

CREATE TABLE `customers_basket_attributes` (
  `customers_basket_attributes_id` int(11) NOT NULL AUTO_INCREMENT,
  `customers_id` int(11) NOT NULL,
  `products_id` tinytext NOT NULL,
  `products_options_id` int(11) NOT NULL,
  `products_options_value_id` int(11) NOT NULL,
  PRIMARY KEY (`customers_basket_attributes_id`),
  KEY `idx_customers_basket_att_customers_id` (`customers_id`)
) ENGINE=InnoDB DEFAULT CHARSET=latin1;

--
-- Dumping data for table `customers_basket_attributes`
--


--
-- Table structure for table `customers_info`
--

CREATE TABLE `customers_info` (
  `customers_info_id` int(11) NOT NULL,
  `customers_info_date_of_last_logon` datetime DEFAULT NULL,
  `customers_info_number_of_logons` int(5) DEFAULT NULL,
  `customers_info_date_account_created` datetime DEFAULT NULL,
  `customers_info_date_account_last_modified` datetime DEFAULT NULL,
  `global_product_notifications` int(1) DEFAULT '0',
  PRIMARY KEY (`customers_info_id`)
) ENGINE=InnoDB DEFAULT CHARSET=latin1;

--
-- Dumping data for table `customers_info`
--


--
-- Table structure for table `geo_zones`
--

CREATE TABLE `geo_zones` (
  `geo_zone_id` int(11) NOT NULL AUTO_INCREMENT,
  `geo_zone_name` varchar(32) NOT NULL,
  `geo_zone_description` varchar(255) NOT NULL,
  `last_modified` datetime DEFAULT NULL,
  `date_added` datetime NOT NULL,
  PRIMARY KEY (`geo_zone_id`)
) ENGINE=InnoDB AUTO_INCREMENT=2 DEFAULT CHARSET=latin1;

--
-- Dumping data for table `geo_zones`
--

INSERT INTO `geo_zones` VALUES (1,'Florida','Florida local sales tax zone',NULL,'2013-01-09 04:31:11');

--
-- Table structure for table `languages`
--

CREATE TABLE `languages` (
  `languages_id` int(11) NOT NULL AUTO_INCREMENT,
  `name` varchar(32) NOT NULL,
  `code` char(2) NOT NULL,
  `image` varchar(64) DEFAULT NULL,
  `directory` varchar(32) DEFAULT NULL,
  `sort_order` int(3) DEFAULT NULL,
  PRIMARY KEY (`languages_id`),
  KEY `IDX_LANGUAGES_NAME` (`name`)
) ENGINE=InnoDB AUTO_INCREMENT=2 DEFAULT CHARSET=latin1;

--
-- Dumping data for table `languages`
--

INSERT INTO `languages` VALUES (1,'English','en','icon.gif','english',1);

--
-- Table structure for table `manufacturers`
--

CREATE TABLE `manufacturers` (
  `manufacturers_id` int(11) NOT NULL AUTO_INCREMENT,
  `manufacturers_name` varchar(32) NOT NULL,
  `manufacturers_image` varchar(64) DEFAULT NULL,
  `date_added` datetime DEFAULT NULL,
  `last_modified` datetime DEFAULT NULL,
  PRIMARY KEY (`manufacturers_id`),
  KEY `IDX_MANUFACTURERS_NAME` (`manufacturers_name`)
) ENGINE=InnoDB DEFAULT CHARSET=latin1;

--
-- Dumping data for table `manufacturers`
--


--
-- Table structure for table `manufacturers_info`
--

CREATE TABLE `manufacturers_info` (
  `manufacturers_id` int(11) NOT NULL,
  `languages_id` int(11) NOT NULL,
  `manufacturers_url` varchar(255) NOT NULL,
  `url_clicked` int(5) NOT NULL DEFAULT '0',
  `date_last_click` datetime DEFAULT NULL,
  PRIMARY KEY (`manufacturers_id`,`languages_id`)
) ENGINE=InnoDB DEFAULT CHARSET=latin1;

--
-- Dumping data for table `manufacturers_info`
--


--
-- Table structure for table `newsletters`
--

CREATE TABLE `newsletters` (
  `newsletters_id` int(11) NOT NULL AUTO_INCREMENT,
  `title` varchar(255) NOT NULL,
  `content` text NOT NULL,
  `module` varchar(255) NOT NULL,
  `date_added` datetime NOT NULL,
  `date_sent` datetime DEFAULT NULL,
  `status` int(1) DEFAULT NULL,
  `locked` int(1) DEFAULT '0',
  PRIMARY KEY (`newsletters_id`)
) ENGINE=InnoDB DEFAULT CHARSET=latin1;

--
-- Dumping data for table `newsletters`
--


--
-- Table structure for table `orders`
--

CREATE TABLE `orders` (
  `orders_id` int(11) NOT NULL AUTO_INCREMENT,
  `customers_id` int(11) NOT NULL,
  `customers_name` varchar(255) NOT NULL,
  `customers_company` varchar(255) DEFAULT NULL,
  `customers_street_address` varchar(255) NOT NULL,
  `customers_suburb` varchar(255) DEFAULT NULL,
  `customers_city` varchar(255) NOT NULL,
  `customers_postcode` varchar(255) NOT NULL,
  `customers_state` varchar(255) DEFAULT NULL,
  `customers_country` varchar(255) NOT NULL,
  `customers_telephone` varchar(255) NOT NULL,
  `customers_email_address` varchar(255) NOT NULL,
  `customers_address_format_id` int(5) NOT NULL,
  `delivery_name` varchar(255) NOT NULL,
  `delivery_company` varchar(255) DEFAULT NULL,
  `delivery_street_address` varchar(255) NOT NULL,
  `delivery_suburb` varchar(255) DEFAULT NULL,
  `delivery_city` varchar(255) NOT NULL,
  `delivery_postcode` varchar(255) NOT NULL,
  `delivery_state` varchar(255) DEFAULT NULL,
  `delivery_country` varchar(255) NOT NULL,
  `delivery_address_format_id` int(5) NOT NULL,
  `billing_name` varchar(255) NOT NULL,
  `billing_company` varchar(255) DEFAULT NULL,
  `billing_street_address` varchar(255) NOT NULL,
  `billing_suburb` varchar(255) DEFAULT NULL,
  `billing_city` varchar(255) NOT NULL,
  `billing_postcode` varchar(255) NOT NULL,
  `billing_state` varchar(255) DEFAULT NULL,
  `billing_country` varchar(255) NOT NULL,
  `billing_address_format_id` int(5) NOT NULL,
  `payment_method` varchar(255) NOT NULL,
  `cc_type` varchar(20) DEFAULT NULL,
  `cc_owner` varchar(255) DEFAULT NULL,
  `cc_number` varchar(32) DEFAULT NULL,
  `cc_expires` varchar(4) DEFAULT NULL,
  `last_modified` datetime DEFAULT NULL,
  `date_purchased` datetime DEFAULT NULL,
  `orders_status` int(5) NOT NULL,
  `orders_date_finished` datetime DEFAULT NULL,
  `currency` char(3) DEFAULT NULL,
  `currency_value` decimal(14,6) DEFAULT NULL,
  PRIMARY KEY (`orders_id`),
  KEY `idx_orders_customers_id` (`customers_id`)
) ENGINE=InnoDB DEFAULT CHARSET=latin1;

--
-- Dumping data for table `orders`
--


--
-- Table structure for table `orders_products`
--

CREATE TABLE `orders_products` (
  `orders_products_id` int(11) NOT NULL AUTO_INCREMENT,
  `orders_id` int(11) NOT NULL,
  `products_id` int(11) NOT NULL,
  `products_model` varchar(12) DEFAULT NULL,
  `products_name` varchar(64) NOT NULL,
  `products_price` decimal(15,4) NOT NULL,
  `final_price` decimal(15,4) NOT NULL,
  `products_tax` decimal(7,4) NOT NULL,
  `products_quantity` int(2) NOT NULL,
  PRIMARY KEY (`orders_products_id`),
  KEY `idx_orders_products_orders_id` (`orders_id`),
  KEY `idx_orders_products_products_id` (`products_id`)
) ENGINE=InnoDB DEFAULT CHARSET=latin1;

--
-- Dumping data for table `orders_products`
--


--
-- Table structure for table `orders_products_attributes`
--

CREATE TABLE `orders_products_attributes` (
  `orders_products_attributes_id` int(11) NOT NULL AUTO_INCREMENT,
  `orders_id` int(11) NOT NULL,
  `orders_products_id` int(11) NOT NULL,
  `products_options` varchar(32) NOT NULL,
  `products_options_values` varchar(32) NOT NULL,
  `options_values_price` decimal(15,4) NOT NULL,
  `price_prefix` char(1) NOT NULL,
  PRIMARY KEY (`orders_products_attributes_id`),
  KEY `idx_orders_products_att_orders_id` (`orders_id`)
) ENGINE=InnoDB DEFAULT CHARSET=latin1;

--
-- Dumping data for table `orders_products_attributes`
--


--
-- Table structure for table `orders_products_download`
--

CREATE TABLE `orders_products_download` (
  `orders_products_download_id` int(11) NOT NULL AUTO_INCREMENT,
  `orders_id` int(11) NOT NULL DEFAULT '0',
  `orders_products_id` int(11) NOT NULL DEFAULT '0',
  `orders_products_filename` varchar(255) NOT NULL DEFAULT '',
  `download_maxdays` int(2) NOT NULL DEFAULT '0',
  `download_count` int(2) NOT NULL DEFAULT '0',
  PRIMARY KEY (`orders_products_download_id`),
  KEY `idx_orders_products_download_orders_id` (`orders_id`)
) ENGINE=InnoDB DEFAULT CHARSET=latin1;

--
-- Dumping data for table `orders_products_download`
--


--
-- Table structure for table `orders_status`
--

CREATE TABLE `orders_status` (
  `orders_status_id` int(11) NOT NULL DEFAULT '0',
  `language_id` int(11) NOT NULL DEFAULT '1',
  `orders_status_name` varchar(32) NOT NULL,
  `public_flag` int(11) DEFAULT '1',
  `downloads_flag` int(11) DEFAULT '0',
  PRIMARY KEY (`orders_status_id`,`language_id`),
  KEY `idx_orders_status_name` (`orders_status_name`)
) ENGINE=InnoDB DEFAULT CHARSET=latin1;

--
-- Dumping data for table `orders_status`
--

INSERT INTO `orders_status` VALUES (1,1,'Pending',1,0),(2,1,'Processing',1,1),(3,1,'Delivered',1,1),(4,1,'PayPal [Transactions]',0,0);

--
-- Table structure for table `orders_status_history`
--

CREATE TABLE `orders_status_history` (
  `orders_status_history_id` int(11) NOT NULL AUTO_INCREMENT,
  `orders_id` int(11) NOT NULL,
  `orders_status_id` int(5) NOT NULL,
  `date_added` datetime NOT NULL,
  `customer_notified` int(1) DEFAULT '0',
  `comments` text,
  PRIMARY KEY (`orders_status_history_id`),
  KEY `idx_orders_status_history_orders_id` (`orders_id`)
) ENGINE=InnoDB DEFAULT CHARSET=latin1;

--
-- Dumping data for table `orders_status_history`
--


--
-- Table structure for table `orders_total`
--

CREATE TABLE `orders_total` (
  `orders_total_id` int(10) unsigned NOT NULL AUTO_INCREMENT,
  `orders_id` int(11) NOT NULL,
  `title` varchar(255) NOT NULL,
  `text` varchar(255) NOT NULL,
  `value` decimal(15,4) NOT NULL,
  `class` varchar(32) NOT NULL,
  `sort_order` int(11) NOT NULL,
  PRIMARY KEY (`orders_total_id`),
  KEY `idx_orders_total_orders_id` (`orders_id`)
) ENGINE=InnoDB DEFAULT CHARSET=latin1;

--
-- Dumping data for table `orders_total`
--


--
-- Table structure for table `products`
--

CREATE TABLE `products` (
  `products_id` int(11) NOT NULL AUTO_INCREMENT,
  `products_quantity` int(4) NOT NULL,
  `products_model` varchar(12) DEFAULT NULL,
  `products_image` varchar(64) DEFAULT NULL,
  `products_price` decimal(15,4) NOT NULL,
  `products_date_added` datetime NOT NULL,
  `products_last_modified` datetime DEFAULT NULL,
  `products_date_available` datetime DEFAULT NULL,
  `products_weight` decimal(5,2) NOT NULL,
  `products_status` tinyint(1) NOT NULL,
  `products_tax_class_id` int(11) NOT NULL,
  `manufacturers_id` int(11) DEFAULT NULL,
  `products_ordered` int(11) NOT NULL DEFAULT '0',
  PRIMARY KEY (`products_id`),
  KEY `idx_products_model` (`products_model`),
  KEY `idx_products_date_added` (`products_date_added`)
) ENGINE=InnoDB AUTO_INCREMENT=76 DEFAULT CHARSET=latin1;

--
-- Dumping data for table `products`
--

INSERT INTO `products` VALUES (29,0,'','butter-dish-thumb.jpg',56.0000,'2013-01-09 20:52:44',NULL,NULL,0.00,1,0,0,0),(30,0,'','cookiejar-desert-tall-orange-thumb.jpg',130.0000,'2013-01-09 20:54:17',NULL,NULL,0.00,1,0,0,0),(31,0,'','cream-sugar-desert-sunsetstripes-thumb.jpg',82.0000,'2013-01-09 20:55:41',NULL,NULL,0.00,1,0,0,0),(32,0,'','pitcher-milk-rose-thumb.jpg',130.0000,'2013-01-09 20:56:42',NULL,NULL,0.00,1,0,0,0),(33,0,'','soap-dispenser-thin-thumb.jpg',44.0000,'2013-01-09 20:57:53','2013-01-10 00:38:16',NULL,0.00,1,0,0,0),(34,0,'','teaforone-desert-thumb.jpg',72.0000,'2013-01-09 20:59:26',NULL,NULL,0.00,1,0,0,0),(35,0,'','teapot-round-thumb.jpg',130.0000,'2013-01-09 21:00:45',NULL,NULL,0.00,1,0,0,0),(36,0,'','soap-dish-desert-thumb.jpg',42.0000,'2013-01-09 21:11:26',NULL,NULL,0.00,1,0,0,0),(37,0,'','soap-dispenser-thick-thumb.jpg',44.0000,'2013-01-09 21:12:50','2013-01-10 00:37:23',NULL,0.00,1,0,0,0),(38,0,'','tissue-box-thumb.jpg',72.0000,'2013-01-09 21:13:30',NULL,NULL,0.00,1,0,0,0),(40,0,'','6quarter-desert-thumb.jpg',76.0000,'2013-01-09 21:48:11',NULL,NULL,0.00,1,0,0,0),(41,0,'','birdhouse-large-heart-flowers-thumb.jpg',180.0000,'2013-01-09 21:55:07',NULL,NULL,0.00,1,0,0,0),(42,0,'','birdhouse-small-bluebirds-doors-thumb.jpg',72.0000,'2013-01-09 21:58:09','2013-01-10 00:46:43',NULL,0.00,1,0,0,0),(43,0,'','ornament-birdhouse-thumb.jpg',24.0000,'2013-01-09 22:04:52',NULL,NULL,0.00,1,0,0,0),(44,0,'',NULL,59.0000,'2013-01-09 22:05:31',NULL,NULL,0.00,1,0,0,0),(45,0,'',NULL,56.0000,'2013-01-09 22:06:08',NULL,NULL,0.00,1,0,0,0),(46,0,'','4-desert-rose-thumb.jpg',32.0000,'2013-01-09 22:07:59',NULL,NULL,0.00,1,0,0,0),(47,0,'','6-desert-rose-thumb.jpg',49.0000,'2013-01-09 22:10:53','2013-01-10 00:50:44',NULL,0.00,1,0,0,0),(48,0,'','8-horse-bw-thumb.jpg',51.0000,'2013-01-09 22:14:53',NULL,NULL,0.00,1,0,0,0),(49,0,'','mixing-med-rose-thumb.jpg',190.0000,'2013-01-09 22:20:43',NULL,NULL,0.00,1,0,0,0),(50,0,'','mixing-med-rose-thumb.jpg',150.0000,'2013-01-09 22:22:08',NULL,NULL,0.00,1,0,0,0),(51,0,'','mixing-small-orange-thumb.jpg',120.0000,'2013-01-09 22:23:08',NULL,NULL,0.00,1,0,0,0),(52,0,'','pasta-large-rose-thumb.jpg',150.0000,'2013-01-09 22:24:47',NULL,NULL,0.00,1,0,0,0),(53,0,'','for-pasta-med-bw-thumb.jpg',90.0000,'2013-01-09 22:25:31',NULL,NULL,0.00,1,0,0,0),(54,0,'','pasta-small-orange-thumb.jpg',58.0000,'2013-01-09 22:27:31',NULL,NULL,0.00,1,0,0,0),(55,0,'',NULL,42.0000,'2013-01-09 22:28:45',NULL,NULL,0.00,1,0,0,0),(56,0,'','standard-mug-thumb.jpg',44.0000,'2013-01-09 22:31:30',NULL,NULL,0.00,1,0,0,0),(57,0,'','cup-n-saucer-thumb.jpg',44.0000,'2013-01-09 22:33:17',NULL,NULL,0.00,1,0,0,0),(58,0,'','6-desert-rose-thumb.jpg',42.0000,'2013-01-09 22:35:48',NULL,NULL,0.00,1,0,0,0),(59,0,'','10-desert-bw-thumb.jpg',64.0000,'2013-01-09 22:39:07',NULL,NULL,0.00,1,0,0,0),(60,0,'','heart-large-rose-thumb.jpg',72.0000,'2013-01-09 22:41:04',NULL,NULL,0.00,1,0,0,0),(61,0,'','heart-med-rose-thumb.jpg',65.0000,'2013-01-09 22:42:13',NULL,NULL,0.00,1,0,0,0),(62,0,'','heart-small-rose-thumb.jpg',44.0000,'2013-01-09 22:43:16',NULL,NULL,0.00,1,0,0,0),(63,0,'','12-plate-thumb.jpg',72.0000,'2013-01-09 22:47:11',NULL,NULL,0.00,1,0,0,0),(64,0,'','rounded-square-med-rose-thumb.jpg',90.0000,'2013-01-09 22:48:19',NULL,NULL,0.00,1,0,0,0),(65,0,'','rounded-square-med-sedona-thumb.jpg',72.0000,'2013-01-09 22:50:26',NULL,NULL,0.00,1,0,0,0),(66,0,'','rounded-square-small-rose-thumb.jpg',51.0000,'2013-01-09 22:52:09',NULL,NULL,0.00,1,0,0,0),(67,0,'','8-horse-no-border-thumb.jpg',48.0000,'2013-01-09 22:54:56',NULL,NULL,0.00,1,0,0,0),(68,0,'','scalloped-edged-square-thumb.jpg',90.0000,'2013-01-09 22:56:12',NULL,NULL,0.00,1,0,0,0),(69,0,'','scalloped-edged-square-thumb.jpg',72.0000,'2013-01-09 22:57:33',NULL,NULL,0.00,1,0,0,0),(70,0,'','scalloped-edged-square-thumb.jpg',51.0000,'2013-01-09 22:58:37',NULL,NULL,0.00,1,0,0,0),(71,0,'','9-half-square-plate-thumb.jpg',72.0000,'2013-01-09 23:00:43',NULL,NULL,0.00,1,0,0,0),(72,0,'','horses-noborder-thumb.jpg',150.0000,'2013-01-09 23:03:55',NULL,NULL,0.00,1,0,0,0),(73,0,'','15-round-desert-bw-thumb.jpg',150.0000,'2013-01-09 23:05:52',NULL,NULL,0.00,1,0,0,0),(74,0,'','14-round-yellow-rose-thumb.jpg',200.0000,'2013-01-09 23:06:49',NULL,NULL,0.00,1,0,0,0),(75,0,'','chimneyvase-small-thumb.jpg',75.0000,'2013-01-10 00:44:02',NULL,NULL,0.00,1,0,0,0);

--
-- Table structure for table `products_attributes`
--

CREATE TABLE `products_attributes` (
  `products_attributes_id` int(11) NOT NULL AUTO_INCREMENT,
  `products_id` int(11) NOT NULL,
  `options_id` int(11) NOT NULL,
  `options_values_id` int(11) NOT NULL,
  `options_values_price` decimal(15,4) NOT NULL,
  `price_prefix` char(1) NOT NULL,
  PRIMARY KEY (`products_attributes_id`),
  KEY `idx_products_attributes_products_id` (`products_id`)
) ENGINE=InnoDB DEFAULT CHARSET=latin1;

--
-- Dumping data for table `products_attributes`
--


--
-- Table structure for table `products_attributes_download`
--

CREATE TABLE `products_attributes_download` (
  `products_attributes_id` int(11) NOT NULL,
  `products_attributes_filename` varchar(255) NOT NULL DEFAULT '',
  `products_attributes_maxdays` int(2) DEFAULT '0',
  `products_attributes_maxcount` int(2) DEFAULT '0',
  PRIMARY KEY (`products_attributes_id`)
) ENGINE=InnoDB DEFAULT CHARSET=latin1;

--
-- Dumping data for table `products_attributes_download`
--

INSERT INTO `products_attributes_download` VALUES (26,'unreal.zip',7,3);

--
-- Table structure for table `products_description`
--

CREATE TABLE `products_description` (
  `products_id` int(11) NOT NULL AUTO_INCREMENT,
  `language_id` int(11) NOT NULL DEFAULT '1',
  `products_name` varchar(64) NOT NULL DEFAULT '',
  `products_description` text,
  `products_url` varchar(255) DEFAULT NULL,
  `products_viewed` int(5) DEFAULT '0',
  PRIMARY KEY (`products_id`,`language_id`),
  KEY `products_name` (`products_name`)
) ENGINE=InnoDB AUTO_INCREMENT=76 DEFAULT CHARSET=latin1;

--
-- Dumping data for table `products_description`
--

INSERT INTO `products_description` VALUES (29,1,'Butter Dish','','',6888),(30,1,'Cookie Jar','','',6651),(31,1,'Cream and Sugar','','',6682),(32,1,'Milk Pitcher, 7\" tall','','',6538),(33,1,'Soap Dispenser','','',6245),(34,1,'Tea for One','','',6220),(35,1,'Tea Pot','','',5978),(36,1,'Soap Dish','','',7660),(37,1,'Soap Pump','','',6867),(38,1,'Tissue Box','','',8129),(40,1,'Vase -- 6 1/4\"','','',5911),(41,1,'Bird House, Large','','',9627),(42,1,'Bird House, Small','','',7035),(43,1,'Flat Ornament','','',9528),(44,1,'Square Box, Large','','',9609),(45,1,'Square Box, Medium','','',9011),(46,1,'Tile, 4\"','','',8907),(47,1,'Tile, 6\"','','',8944),(48,1,'Tile, 8\"','','',9229),(49,1,'Mixing Bowl, Large','','',4971),(50,1,'Mixing Bowl, Medium','','',4436),(51,1,'Mixing Bowl, Small','','',4309),(52,1,'Pasta Bowl, Large -- 13\" x 3 1/4\"  deep','','',4391),(53,1,'Pasta Bowl, Medium -- 10\"','','',4397),(54,1,'Pasta Bowl, Small -- 7\"','','',4481),(55,1,'Square Bowl -- 4 1/2\" x 1 1/2\" deep','','',4531),(56,1,'Coffee Mug, Standard','','',4612),(57,1,'Cup with Saucer','','',4698),(58,1,'Dessert Plate -- 6\"','','',4475),(59,1,'Dinner Plate -- 10\"','','',4181),(60,1,'Heart-Shaped Plate, Large --  <br /> 10 1/2\" x 10\"','','',4266),(61,1,'Heart-Shaped Plate, Medium --<br /> 8\" x 7\"','','',4165),(62,1,'Heart-Shaped Plate, Small -- <br />5 1/2\" x 5\"','','',4056),(63,1,'Plate --  11\" - 12\"','','',4017),(64,1,'Round-Cornered Square Plate, Large','','',4372),(65,1,'Round-Cornered Square Plate, Medium','','',4046),(66,1,'Round-Cornered Square Plate, Small','','',3896),(67,1,'Salad Plate -- 8\"','','',4689),(68,1,'Scallop-edged Square Plate, Large','','',4025),(69,1,'Scallop-edged Square Plate, Medium','','',4020),(70,1,'Scallop-edged Square Plate, Small','','',3487),(71,1,'Square Plate -- 9 1/2\"','','',3898),(72,1,'Oval Platter -- 14\"','','',4402),(73,1,'Round Platter -- 14\" -15\"','','',4482),(74,1,'Round Platter -- 17\"','','',4078),(75,1,'Chimney Vase, Small 5\" tall x 6\"','','',7037);

--
-- Table structure for table `products_images`
--

CREATE TABLE `products_images` (
  `id` int(11) NOT NULL AUTO_INCREMENT,
  `products_id` int(11) NOT NULL,
  `image` varchar(64) DEFAULT NULL,
  `htmlcontent` text,
  `sort_order` int(11) NOT NULL,
  PRIMARY KEY (`id`),
  KEY `products_images_prodid` (`products_id`)
) ENGINE=InnoDB AUTO_INCREMENT=99 DEFAULT CHARSET=latin1;

--
-- Dumping data for table `products_images`
--

INSERT INTO `products_images` VALUES (5,29,'butter-dish.jpg','',1),(6,30,'cookiejar-desert-tall-orange.jpg','',1),(7,30,'cookiejar-desert-short.jpg','',2),(8,30,'cookiejar-desert-spirals.jpg','',3),(9,30,'cookiejar-desert-tall-sedona-orange.jpg','',4),(10,31,'cream-sugar-desert-sunsetstripes.jpg','',1),(11,31,'cream-sugar-desert-dots.jpg','',2),(12,31,'cream-sugar-desert-yelloworange.jpg','',3),(13,32,'pitcher-milk-rose.jpg','',1),(14,33,'soap-dispenser-thin.jpg','',1),(15,33,'soap-dispenser-thick.jpg','',2),(16,34,'teaforone-desert.jpg','',1),(17,35,'teapot-round.jpg','',1),(18,35,'teapot-large-orange.jpg','',2),(19,36,'soap-dish-desert.jpg','',1),(20,36,'soap-dish-rose-frontback.jpg','',2),(21,37,'soap-dispenser-thick.jpg','',1),(22,37,'soap-dispenser-thin.jpg','',2),(23,38,'tissue-box.jpg','',1),(25,40,'6quarter-desert.jpg','',1),(26,40,'6quarter-horse.jpg','',2),(27,41,'birdhouse-large-heart-flowers.jpg','',1),(28,41,'birdhouse-large-notray.jpg','',2),(29,41,'birdhouse-notray-side.jpg','',3),(30,41,'birdhouse-heart-opening.jpg','',4),(31,41,'birdhouse-tray-redheart.jpg','',5),(32,41,'birdhouse-tray-side.jpg','',6),(33,42,'birdhouse-small-bluebirds-doors.jpg','',1),(34,42,'birdhouse-small-thatched.jpg','',2),(35,42,'birdhouse-small-tray-sunflower.jpg','',3),(36,42,'birdhouse-small-tray-door.jpg','',4),(37,42,'birdhouse-tray-sunflower.jpg','',5),(38,43,'ornament-birdhouse.jpg','',1),(39,43,'flatornament-round.jpg','',2),(40,43,'ornament-star-dragonfly.jpg','',3),(41,43,'flatornament-assorted.jpg','',4),(42,43,'ornament-starsun.jpg','',5),(43,46,'4-desert-rose.jpg','',1),(44,46,'4-desert-yellow.jpg','',2),(45,47,'6-desert-rose.jpg','',1),(46,47,'8-desert-orange.jpg','',2),(47,47,'6-desert-rosedots.jpg','',3),(48,48,'8-horse-bw.jpg','',1),(49,48,'8-desert-orange.jpg','',2),(50,49,'mixing-med-rose.jpg','',1),(51,49,'mixing-med-rose-inside.jpg','',2),(52,50,'mixing-med-rose.jpg','',1),(53,50,'mixing-med-rose-inside.jpg','',2),(54,51,'mixing-small-orange.jpg','',1),(55,52,'pasta-large-rose.jpg','',1),(56,52,'pasta-large-rose-back.jpg','',2),(57,54,'pasta-small-orange.jpg','',1),(58,54,'pasta-small-two.jpg','',2),(59,56,'standard-mug-cactus.jpg','',1),(60,56,'standard-mug.jpg','',2),(61,57,'cup-n-saucer.jpg','',1),(62,58,'6-desert-rose.jpg','',1),(63,59,'10-desert-bw.jpg','',1),(64,59,'10-desertday-yellowdots.jpg','',2),(65,59,'10-horse-rider-noborder.jpg','',3),(66,59,'10-desert-rose.jpg','',4),(67,59,'10-desert-noborder.jpg','',5),(68,59,'10-plates-two.jpg','',6),(69,59,'10-plates-three.jpg','',7),(70,60,'heart-large-rose.jpg','',1),(71,61,'heart-med-rose.jpg','',1),(72,61,'heart-med-sedona.jpg','',2),(73,62,'heart-small-rose.jpg','',1),(74,63,'12-plate.jpg','',1),(75,63,'angel-plate.jpg','',2),(76,64,'rounded-square-med-rose.jpg','',1),(77,65,'rounded-square-med-sedona.jpg','',1),(78,65,'rounded-square-med-rose.jpg','',2),(79,65,'rounded-square-med-red.jpg','',3),(80,66,'rounded-square-small-rose.jpg','',1),(81,66,'rounded-square-small-orange.jpg','',2),(82,67,'8-horse-noborder.jpg','',1),(83,67,'8-horse-orange.jpg','',2),(84,67,'8-desert-bw.jpg','',3),(85,68,'scalloped-edged-square.jpg','',1),(86,69,'scalloped-edged-square.jpg','',1),(87,70,'scalloped-edged-square.jpg','',1),(88,71,'9-half-square-plate.jpg','',1),(89,72,'horses-noborder.jpg','',1),(90,72,'14-oval-orange.jpg','',2),(91,72,'14-oval-orange-back.jpg','',3),(92,72,'sedona-horse-noborder.jpg','',4),(93,72,'14-oval-yellow-dots.jpg','',5),(94,72,'sedona-yellow.jpg','',6),(95,73,'15-round-desert-platter-bw.jpg','',1),(96,73,'14-round-platter-yellow-rose.jpg','',2),(97,74,'14-round-platter-yellow-rose.jpg','',1),(98,75,'chimneyvase-small.jpg','',1);

--
-- Table structure for table `products_notifications`
--

CREATE TABLE `products_notifications` (
  `products_id` int(11) NOT NULL,
  `customers_id` int(11) NOT NULL,
  `date_added` datetime NOT NULL,
  PRIMARY KEY (`products_id`,`customers_id`)
) ENGINE=InnoDB DEFAULT CHARSET=latin1;

--
-- Dumping data for table `products_notifications`
--


--
-- Table structure for table `products_options`
--

CREATE TABLE `products_options` (
  `products_options_id` int(11) NOT NULL DEFAULT '0',
  `language_id` int(11) NOT NULL DEFAULT '1',
  `products_options_name` varchar(32) NOT NULL DEFAULT '',
  PRIMARY KEY (`products_options_id`,`language_id`)
) ENGINE=InnoDB DEFAULT CHARSET=latin1;

--
-- Dumping data for table `products_options`
--

INSERT INTO `products_options` VALUES (1,1,'Color'),(2,1,'Size');

--
-- Table structure for table `products_options_values`
--

CREATE TABLE `products_options_values` (
  `products_options_values_id` int(11) NOT NULL DEFAULT '0',
  `language_id` int(11) NOT NULL DEFAULT '1',
  `products_options_values_name` varchar(64) NOT NULL DEFAULT '',
  PRIMARY KEY (`products_options_values_id`,`language_id`)
) ENGINE=InnoDB DEFAULT CHARSET=latin1;

--
-- Dumping data for table `products_options_values`
--

INSERT INTO `products_options_values` VALUES (1,1,'6\"'),(2,1,'8\"'),(3,1,'10\"');

--
-- Table structure for table `products_options_values_to_products_options`
--

CREATE TABLE `products_options_values_to_products_options` (
  `products_options_values_to_products_options_id` int(11) NOT NULL AUTO_INCREMENT,
  `products_options_id` int(11) NOT NULL,
  `products_options_values_id` int(11) NOT NULL,
  PRIMARY KEY (`products_options_values_to_products_options_id`)
) ENGINE=InnoDB AUTO_INCREMENT=4 DEFAULT CHARSET=latin1;

--
-- Dumping data for table `products_options_values_to_products_options`
--

INSERT INTO `products_options_values_to_products_options` VALUES (1,2,1),(2,2,2),(3,2,3);

--
-- Table structure for table `products_to_categories`
--

CREATE TABLE `products_to_categories` (
  `products_id` int(11) NOT NULL,
  `categories_id` int(11) NOT NULL,
  PRIMARY KEY (`products_id`,`categories_id`)
) ENGINE=InnoDB DEFAULT CHARSET=latin1;

--
-- Dumping data for table `products_to_categories`
--

INSERT INTO `products_to_categories` VALUES (29,1),(30,1),(31,1),(32,1),(33,1),(34,1),(35,1),(36,2),(37,2),(38,2),(40,3),(41,21),(42,21),(43,23),(44,23),(45,23),(46,23),(47,23),(48,23),(49,24),(50,24),(51,24),(52,24),(53,24),(54,24),(55,24),(56,25),(57,25),(58,26),(59,26),(60,26),(61,26),(62,26),(63,26),(64,26),(65,26),(66,26),(67,26),(68,26),(69,26),(70,26),(71,26),(72,27),(73,27),(74,27),(75,3);

--
-- Table structure for table `reviews`
--

CREATE TABLE `reviews` (
  `reviews_id` int(11) NOT NULL AUTO_INCREMENT,
  `products_id` int(11) NOT NULL,
  `customers_id` int(11) DEFAULT NULL,
  `customers_name` varchar(255) NOT NULL,
  `reviews_rating` int(1) DEFAULT NULL,
  `date_added` datetime DEFAULT NULL,
  `last_modified` datetime DEFAULT NULL,
  `reviews_status` tinyint(1) NOT NULL DEFAULT '0',
  `reviews_read` int(5) NOT NULL DEFAULT '0',
  PRIMARY KEY (`reviews_id`),
  KEY `idx_reviews_products_id` (`products_id`),
  KEY `idx_reviews_customers_id` (`customers_id`)
) ENGINE=InnoDB DEFAULT CHARSET=latin1;

--
-- Dumping data for table `reviews`
--


--
-- Table structure for table `reviews_description`
--

CREATE TABLE `reviews_description` (
  `reviews_id` int(11) NOT NULL,
  `languages_id` int(11) NOT NULL,
  `reviews_text` text NOT NULL,
  PRIMARY KEY (`reviews_id`,`languages_id`)
) ENGINE=InnoDB DEFAULT CHARSET=latin1;

--
-- Dumping data for table `reviews_description`
--


--
-- Table structure for table `sec_directory_whitelist`
--

CREATE TABLE `sec_directory_whitelist` (
  `id` int(11) NOT NULL AUTO_INCREMENT,
  `directory` varchar(255) NOT NULL,
  PRIMARY KEY (`id`)
) ENGINE=InnoDB AUTO_INCREMENT=13 DEFAULT CHARSET=latin1;

--
-- Dumping data for table `sec_directory_whitelist`
--

INSERT INTO `sec_directory_whitelist` VALUES (1,'admin/backups'),(2,'admin/images/graphs'),(3,'images'),(4,'images/banners'),(5,'images/dvd'),(6,'images/gt_interactive'),(7,'images/hewlett_packard'),(8,'images/matrox'),(9,'images/microsoft'),(10,'images/sierra'),(11,'includes/work'),(12,'pub');

--
-- Table structure for table `sessions`
--

CREATE TABLE `sessions` (
  `sesskey` varchar(32) NOT NULL,
  `expiry` int(11) unsigned NOT NULL,
  `value` text NOT NULL,
  PRIMARY KEY (`sesskey`)
) ENGINE=InnoDB DEFAULT CHARSET=latin1;

--
-- Dumping data for table `sessions`
--

INSERT INTO `sessions` VALUES ('0293458a2d6db38a4c9f368d13ea6a7b',1468480609,'sessiontoken|s:32:\"de0a9ca0280890835040c79e423c82a9\";cart|O:12:\"shoppingCart\":4:{s:8:\"contents\";a:0:{}s:5:\"total\";i:0;s:6:\"weight\";i:0;s:12:\"content_type\";b:0;}language|s:7:\"english\";languages_id|s:1:\"1\";currency|s:3:\"USD\";navigation|O:17:\"navigationHistory\":2:{s:4:\"path\";a:1:{i:0;a:4:{s:4:\"page\";s:9:\"index.php\";s:4:\"mode\";s:6:\"NONSSL\";s:3:\"get\";a:2:{s:5:\"cPath\";s:1:\"1\";s:6:\"osCsid\";s:32:\"0293458a2d6db38a4c9f368d13ea6a7b\";}s:4:\"post\";a:0:{}}}s:8:\"snapshot\";a:0:{}}'),('038897a1215e7554033079a1da7d7376',1468499262,'sessiontoken|s:32:\"b4c04473015e56d8e3f4d1e82a4123b0\";cart|O:12:\"shoppingCart\":5:{s:8:\"contents\";a:1:{i:70;a:1:{s:3:\"qty\";i:1;}}s:5:\"total\";i:0;s:6:\"weight\";i:0;s:12:\"content_type\";b:0;s:6:\"cartID\";s:5:\"68708\";}language|s:7:\"english\";languages_id|s:1:\"1\";currency|s:3:\"USD\";navigation|O:17:\"navigationHistory\":2:{s:4:\"path\";a:1:{i:0;a:4:{s:4:\"page\";s:9:\"index.php\";s:4:\"mode\";s:6:\"NONSSL\";s:3:\"get\";a:5:{s:5:\"cPath\";s:5:\"22_26\";s:4:\"sort\";s:2:\"2a\";s:6:\"action\";s:7:\"buy_now\";s:11:\"products_id\";s:2:\"70\";s:6:\"osCsid\";s:32:\"038897a1215e7554033079a1da7d7376\";}s:4:\"post\";a:0:{}}}s:8:\"snapshot\";a:0:{}}new_products_id_in_cart|i:70;'),('163d3c5eb814c1eaad8f3248db2b2b25',1468497681,'sessiontoken|s:32:\"8d622d57fcbfd550057ed1a0d7526ef0\";cart|O:12:\"shoppingCart\":5:{s:8:\"contents\";a:1:{i:63;a:1:{s:3:\"qty\";i:1;}}s:5:\"total\";i:0;s:6:\"weight\";i:0;s:12:\"content_type\";b:0;s:6:\"cartID\";s:5:\"03475\";}language|s:7:\"english\";languages_id|s:1:\"1\";currency|s:3:\"USD\";navigation|O:17:\"navigationHistory\":2:{s:4:\"path\";a:1:{i:0;a:4:{s:4:\"page\";s:9:\"index.php\";s:4:\"mode\";s:6:\"NONSSL\";s:3:\"get\";a:6:{s:5:\"cPath\";s:5:\"22_26\";s:4:\"page\";s:1:\"1\";s:4:\"sort\";s:2:\"2d\";s:6:\"action\";s:7:\"buy_now\";s:11:\"products_id\";s:2:\"63\";s:6:\"osCsid\";s:32:\"163d3c5eb814c1eaad8f3248db2b2b25\";}s:4:\"post\";a:0:{}}}s:8:\"snapshot\";a:0:{}}new_products_id_in_cart|i:63;'),('197cd70be0329d69527822cf85347042',1468494253,'sessiontoken|s:32:\"221d01c67ce19c55de10138610656626\";cart|O:12:\"shoppingCart\":4:{s:8:\"contents\";a:0:{}s:5:\"total\";i:0;s:6:\"weight\";i:0;s:12:\"content_type\";b:0;}language|s:7:\"english\";languages_id|s:1:\"1\";currency|s:3:\"USD\";navigation|O:17:\"navigationHistory\":2:{s:4:\"path\";a:1:{i:0;a:4:{s:4:\"page\";s:16:\"product_info.php\";s:4:\"mode\";s:6:\"NONSSL\";s:3:\"get\";a:3:{s:5:\"cPath\";s:1:\"1\";s:11:\"products_id\";s:2:\"34\";s:6:\"osCsid\";s:32:\"197cd70be0329d69527822cf85347042\";}s:4:\"post\";a:0:{}}}s:8:\"snapshot\";a:0:{}}'),('1ca37665fc8973304605af31fe854c82',1468485638,'sessiontoken|s:32:\"50957f4c324bf224aaab690e3f5aa2bd\";cart|O:12:\"shoppingCart\":4:{s:8:\"contents\";a:0:{}s:5:\"total\";i:0;s:6:\"weight\";i:0;s:12:\"content_type\";b:0;}language|s:7:\"english\";languages_id|s:1:\"1\";currency|s:3:\"USD\";navigation|O:17:\"navigationHistory\":2:{s:4:\"path\";a:1:{i:0;a:4:{s:4:\"page\";s:16:\"product_info.php\";s:4:\"mode\";s:6:\"NONSSL\";s:3:\"get\";a:3:{s:5:\"cPath\";s:2:\"23\";s:11:\"products_id\";s:2:\"44\";s:6:\"osCsid\";s:32:\"1ca37665fc8973304605af31fe854c82\";}s:4:\"post\";a:0:{}}}s:8:\"snapshot\";a:0:{}}'),('2103762bcd72d030fbc209c6fa227b3c',1468491979,'sessiontoken|s:32:\"7a738708e39d312046bc6fcff3697aeb\";cart|O:12:\"shoppingCart\":4:{s:8:\"contents\";a:0:{}s:5:\"total\";i:0;s:6:\"weight\";i:0;s:12:\"content_type\";b:0;}language|s:7:\"english\";languages_id|s:1:\"1\";currency|s:3:\"USD\";navigation|O:17:\"navigationHistory\":2:{s:4:\"path\";a:1:{i:0;a:4:{s:4:\"page\";s:16:\"product_info.php\";s:4:\"mode\";s:6:\"NONSSL\";s:3:\"get\";a:3:{s:5:\"cPath\";s:2:\"23\";s:11:\"products_id\";s:2:\"46\";s:6:\"osCsid\";s:32:\"2103762bcd72d030fbc209c6fa227b3c\";}s:4:\"post\";a:0:{}}}s:8:\"snapshot\";a:0:{}}'),('21d527d51a16e5c2b0df2de39295f107',1468487126,'sessiontoken|s:32:\"5d1313c4b0d64cb451a3f700de5c1470\";cart|O:12:\"shoppingCart\":5:{s:8:\"contents\";a:1:{i:32;a:1:{s:3:\"qty\";i:1;}}s:5:\"total\";i:0;s:6:\"weight\";i:0;s:12:\"content_type\";b:0;s:6:\"cartID\";s:5:\"95661\";}language|s:7:\"english\";languages_id|s:1:\"1\";currency|s:3:\"USD\";navigation|O:17:\"navigationHistory\":2:{s:4:\"path\";a:1:{i:0;a:4:{s:4:\"page\";s:9:\"index.php\";s:4:\"mode\";s:6:\"NONSSL\";s:3:\"get\";a:6:{s:5:\"cPath\";s:1:\"1\";s:4:\"page\";s:1:\"1\";s:4:\"sort\";s:2:\"2d\";s:6:\"action\";s:7:\"buy_now\";s:11:\"products_id\";s:2:\"32\";s:6:\"osCsid\";s:32:\"21d527d51a16e5c2b0df2de39295f107\";}s:4:\"post\";a:0:{}}}s:8:\"snapshot\";a:0:{}}new_products_id_in_cart|i:32;'),('296f6e208b042b8e24f8469d11e9ee96',1468494686,'sessiontoken|s:32:\"bbea47854f739c9a0156d68351e723f7\";cart|O:12:\"shoppingCart\":5:{s:8:\"contents\";a:1:{i:31;a:1:{s:3:\"qty\";i:1;}}s:5:\"total\";i:0;s:6:\"weight\";i:0;s:6:\"cartID\";s:5:\"23089\";s:12:\"content_type\";b:0;}language|s:7:\"english\";languages_id|s:1:\"1\";currency|s:3:\"USD\";navigation|O:17:\"navigationHistory\":2:{s:4:\"path\";a:1:{i:0;a:4:{s:4:\"page\";s:9:\"index.php\";s:4:\"mode\";s:6:\"NONSSL\";s:3:\"get\";a:6:{s:5:\"cPath\";s:1:\"1\";s:4:\"page\";s:1:\"1\";s:4:\"sort\";s:2:\"2d\";s:6:\"action\";s:7:\"buy_now\";s:11:\"products_id\";s:2:\"31\";s:6:\"osCsid\";s:32:\"296f6e208b042b8e24f8469d11e9ee96\";}s:4:\"post\";a:0:{}}}s:8:\"snapshot\";a:0:{}}new_products_id_in_cart|i:31;'),('2ab5b70d649ce4fa733e29826961df0e',1468487315,'sessiontoken|s:32:\"20163869aafd584e9010ad2c8ba160b7\";cart|O:12:\"shoppingCart\":5:{s:8:\"contents\";a:1:{i:53;a:1:{s:3:\"qty\";i:1;}}s:5:\"total\";i:0;s:6:\"weight\";i:0;s:12:\"content_type\";b:0;s:6:\"cartID\";s:5:\"08158\";}language|s:7:\"english\";languages_id|s:1:\"1\";currency|s:3:\"USD\";navigation|O:17:\"navigationHistory\":2:{s:4:\"path\";a:1:{i:0;a:4:{s:4:\"page\";s:9:\"index.php\";s:4:\"mode\";s:6:\"NONSSL\";s:3:\"get\";a:6:{s:5:\"cPath\";s:5:\"22_24\";s:4:\"page\";s:1:\"1\";s:4:\"sort\";s:2:\"2d\";s:6:\"action\";s:7:\"buy_now\";s:11:\"products_id\";s:2:\"53\";s:6:\"osCsid\";s:32:\"2ab5b70d649ce4fa733e29826961df0e\";}s:4:\"post\";a:0:{}}}s:8:\"snapshot\";a:0:{}}new_products_id_in_cart|i:53;'),('2c76cfe596b4807987500102e0abe859',1468498704,'sessiontoken|s:32:\"97bd3a984d8477348842507fdbce1d94\";cart|O:12:\"shoppingCart\":4:{s:8:\"contents\";a:0:{}s:5:\"total\";i:0;s:6:\"weight\";i:0;s:12:\"content_type\";b:0;}language|s:7:\"english\";languages_id|s:1:\"1\";currency|s:3:\"USD\";navigation|O:17:\"navigationHistory\":2:{s:4:\"path\";a:1:{i:0;a:4:{s:4:\"page\";s:9:\"index.php\";s:4:\"mode\";s:6:\"NONSSL\";s:3:\"get\";a:2:{s:5:\"cPath\";s:1:\"2\";s:6:\"osCsid\";s:32:\"2c76cfe596b4807987500102e0abe859\";}s:4:\"post\";a:0:{}}}s:8:\"snapshot\";a:0:{}}'),('2d613a00b044520e147384e8b11ccffe',1468479945,'sessiontoken|s:32:\"c99321fc29589f52833c3ea51f18f06e\";cart|O:12:\"shoppingCart\":5:{s:8:\"contents\";a:2:{i:53;a:1:{s:3:\"qty\";i:1;}i:49;a:1:{s:3:\"qty\";i:1;}}s:5:\"total\";i:0;s:6:\"weight\";i:0;s:6:\"cartID\";s:5:\"88617\";s:12:\"content_type\";b:0;}language|s:7:\"english\";languages_id|s:1:\"1\";currency|s:3:\"USD\";navigation|O:17:\"navigationHistory\":2:{s:4:\"path\";a:1:{i:0;a:4:{s:4:\"page\";s:9:\"index.php\";s:4:\"mode\";s:6:\"NONSSL\";s:3:\"get\";a:6:{s:5:\"cPath\";s:5:\"22_24\";s:4:\"page\";s:1:\"1\";s:4:\"sort\";s:2:\"2d\";s:6:\"action\";s:7:\"buy_now\";s:11:\"products_id\";s:2:\"49\";s:6:\"osCsid\";s:32:\"2d613a00b044520e147384e8b11ccffe\";}s:4:\"post\";a:0:{}}}s:8:\"snapshot\";a:0:{}}new_products_id_in_cart|i:49;'),('2e5709a1cc41895b602c2fb1a69956ef',1468490153,'sessiontoken|s:32:\"9c205ebc70708aee8592bc04259518a4\";cart|O:12:\"shoppingCart\":5:{s:8:\"contents\";a:1:{i:51;a:1:{s:3:\"qty\";i:1;}}s:5:\"total\";i:0;s:6:\"weight\";i:0;s:12:\"content_type\";b:0;s:6:\"cartID\";s:5:\"39863\";}language|s:7:\"english\";languages_id|s:1:\"1\";currency|s:3:\"USD\";navigation|O:17:\"navigationHistory\":2:{s:4:\"path\";a:1:{i:0;a:4:{s:4:\"page\";s:9:\"index.php\";s:4:\"mode\";s:6:\"NONSSL\";s:3:\"get\";a:5:{s:5:\"cPath\";s:5:\"22_24\";s:4:\"sort\";s:2:\"2a\";s:6:\"action\";s:7:\"buy_now\";s:11:\"products_id\";s:2:\"51\";s:6:\"osCsid\";s:32:\"2e5709a1cc41895b602c2fb1a69956ef\";}s:4:\"post\";a:0:{}}}s:8:\"snapshot\";a:0:{}}new_products_id_in_cart|i:51;'),('2e808fe580242b304bf32ced0af3694a',1468482482,'sessiontoken|s:32:\"ac8b460eb0e8957559c44a7b005acdf3\";cart|O:12:\"shoppingCart\":4:{s:8:\"contents\";a:0:{}s:5:\"total\";i:0;s:6:\"weight\";i:0;s:12:\"content_type\";b:0;}language|s:7:\"english\";languages_id|s:1:\"1\";currency|s:3:\"USD\";navigation|O:17:\"navigationHistory\":2:{s:4:\"path\";a:1:{i:0;a:4:{s:4:\"page\";s:16:\"contact_info.php\";s:4:\"mode\";s:6:\"NONSSL\";s:3:\"get\";a:1:{s:6:\"osCsid\";s:32:\"2e808fe580242b304bf32ced0af3694a\";}s:4:\"post\";a:0:{}}}s:8:\"snapshot\";a:0:{}}'),('30c6bdfe9d4995df80a296a4a5899da1',1468492933,'sessiontoken|s:32:\"76283d28e94afdbbde34ac714e68011b\";cart|O:12:\"shoppingCart\":5:{s:8:\"contents\";a:1:{i:37;a:1:{s:3:\"qty\";i:1;}}s:5:\"total\";i:0;s:6:\"weight\";i:0;s:12:\"content_type\";b:0;s:6:\"cartID\";s:5:\"36599\";}language|s:7:\"english\";languages_id|s:1:\"1\";currency|s:3:\"USD\";navigation|O:17:\"navigationHistory\":2:{s:4:\"path\";a:1:{i:0;a:4:{s:4:\"page\";s:9:\"index.php\";s:4:\"mode\";s:6:\"NONSSL\";s:3:\"get\";a:6:{s:5:\"cPath\";s:1:\"2\";s:4:\"page\";s:1:\"1\";s:4:\"sort\";s:2:\"3d\";s:6:\"action\";s:7:\"buy_now\";s:11:\"products_id\";s:2:\"37\";s:6:\"osCsid\";s:32:\"30c6bdfe9d4995df80a296a4a5899da1\";}s:4:\"post\";a:0:{}}}s:8:\"snapshot\";a:0:{}}new_products_id_in_cart|i:37;'),('32e320fc1a51e43f54fef92840bc2d99',1468489314,'sessiontoken|s:32:\"84b8c797a49e42d73ecec61062a2638f\";cart|O:12:\"shoppingCart\":5:{s:8:\"contents\";a:2:{i:35;a:1:{s:3:\"qty\";i:1;}i:38;a:1:{s:3:\"qty\";i:1;}}s:5:\"total\";i:0;s:6:\"weight\";i:0;s:6:\"cartID\";s:5:\"31633\";s:12:\"content_type\";b:0;}language|s:7:\"english\";languages_id|s:1:\"1\";currency|s:3:\"USD\";navigation|O:17:\"navigationHistory\":2:{s:4:\"path\";a:1:{i:0;a:4:{s:4:\"page\";s:9:\"index.php\";s:4:\"mode\";s:6:\"NONSSL\";s:3:\"get\";a:6:{s:5:\"cPath\";s:1:\"2\";s:4:\"page\";s:1:\"1\";s:4:\"sort\";s:2:\"2a\";s:6:\"action\";s:7:\"buy_now\";s:11:\"products_id\";s:2:\"38\";s:6:\"osCsid\";s:32:\"32e320fc1a51e43f54fef92840bc2d99\";}s:4:\"post\";a:0:{}}}s:8:\"snapshot\";a:0:{}}new_products_id_in_cart|i:38;'),('351d945167cd739ee56007f97fc7be01',1468498500,'sessiontoken|s:32:\"699038d9303a25ddb1c385729d1ad2e4\";cart|O:12:\"shoppingCart\":5:{s:8:\"contents\";a:1:{i:30;a:1:{s:3:\"qty\";i:1;}}s:5:\"total\";i:0;s:6:\"weight\";i:0;s:12:\"content_type\";b:0;s:6:\"cartID\";s:5:\"09123\";}language|s:7:\"english\";languages_id|s:1:\"1\";currency|s:3:\"USD\";navigation|O:17:\"navigationHistory\":2:{s:4:\"path\";a:1:{i:0;a:4:{s:4:\"page\";s:9:\"index.php\";s:4:\"mode\";s:6:\"NONSSL\";s:3:\"get\";a:5:{s:5:\"cPath\";s:1:\"1\";s:4:\"sort\";s:2:\"2a\";s:6:\"action\";s:7:\"buy_now\";s:11:\"products_id\";s:2:\"30\";s:6:\"osCsid\";s:32:\"351d945167cd739ee56007f97fc7be01\";}s:4:\"post\";a:0:{}}}s:8:\"snapshot\";a:0:{}}new_products_id_in_cart|i:30;'),('39982956c3b60bf21a9bd1957a898dfc',1468498535,'sessiontoken|s:32:\"f5d9ef9d6dc3b1017e89433958ae0a9a\";cart|O:12:\"shoppingCart\":5:{s:8:\"contents\";a:1:{i:34;a:1:{s:3:\"qty\";i:1;}}s:5:\"total\";i:0;s:6:\"weight\";i:0;s:12:\"content_type\";b:0;s:6:\"cartID\";s:5:\"35164\";}language|s:7:\"english\";languages_id|s:1:\"1\";currency|s:3:\"USD\";navigation|O:17:\"navigationHistory\":2:{s:4:\"path\";a:1:{i:0;a:4:{s:4:\"page\";s:9:\"index.php\";s:4:\"mode\";s:6:\"NONSSL\";s:3:\"get\";a:6:{s:5:\"cPath\";s:1:\"1\";s:4:\"page\";s:1:\"1\";s:4:\"sort\";s:2:\"2d\";s:6:\"action\";s:7:\"buy_now\";s:11:\"products_id\";s:2:\"34\";s:6:\"osCsid\";s:32:\"39982956c3b60bf21a9bd1957a898dfc\";}s:4:\"post\";a:0:{}}}s:8:\"snapshot\";a:0:{}}new_products_id_in_cart|i:34;'),('3a762a1b4bdd6f50be52e9495a762881',1468484471,'sessiontoken|s:32:\"52f962807fccc016d6070d3381edb4f3\";cart|O:12:\"shoppingCart\":4:{s:8:\"contents\";a:0:{}s:5:\"total\";i:0;s:6:\"weight\";i:0;s:12:\"content_type\";b:0;}language|s:7:\"english\";languages_id|s:1:\"1\";currency|s:3:\"USD\";navigation|O:17:\"navigationHistory\":2:{s:4:\"path\";a:1:{i:0;a:4:{s:4:\"page\";s:9:\"index.php\";s:4:\"mode\";s:6:\"NONSSL\";s:3:\"get\";a:2:{s:5:\"cPath\";s:1:\"1\";s:6:\"osCsid\";s:32:\"3a762a1b4bdd6f50be52e9495a762881\";}s:4:\"post\";a:0:{}}}s:8:\"snapshot\";a:0:{}}'),('3c249c1946e3fa2f4772a94d47f737dc',1468485599,'sessiontoken|s:32:\"5f7d642af5fabc91263bc0563222b146\";cart|O:12:\"shoppingCart\":4:{s:8:\"contents\";a:0:{}s:5:\"total\";i:0;s:6:\"weight\";i:0;s:12:\"content_type\";b:0;}language|s:7:\"english\";languages_id|s:1:\"1\";currency|s:3:\"USD\";navigation|O:17:\"navigationHistory\":2:{s:4:\"path\";a:1:{i:0;a:4:{s:4:\"page\";s:9:\"index.php\";s:4:\"mode\";s:6:\"NONSSL\";s:3:\"get\";a:2:{s:5:\"cPath\";s:1:\"3\";s:6:\"osCsid\";s:32:\"3c249c1946e3fa2f4772a94d47f737dc\";}s:4:\"post\";a:0:{}}}s:8:\"snapshot\";a:0:{}}'),('42874fe2792b8c5aec92b10c700137c2',1468498539,'sessiontoken|s:32:\"2b82164f2bff406bfd39dae06ad282da\";cart|O:12:\"shoppingCart\":5:{s:8:\"contents\";a:1:{i:61;a:1:{s:3:\"qty\";i:1;}}s:5:\"total\";i:0;s:6:\"weight\";i:0;s:12:\"content_type\";b:0;s:6:\"cartID\";s:5:\"78506\";}language|s:7:\"english\";languages_id|s:1:\"1\";currency|s:3:\"USD\";navigation|O:17:\"navigationHistory\":2:{s:4:\"path\";a:1:{i:0;a:4:{s:4:\"page\";s:9:\"index.php\";s:4:\"mode\";s:6:\"NONSSL\";s:3:\"get\";a:6:{s:5:\"cPath\";s:5:\"22_26\";s:4:\"page\";s:1:\"1\";s:4:\"sort\";s:2:\"2a\";s:6:\"action\";s:7:\"buy_now\";s:11:\"products_id\";s:2:\"61\";s:6:\"osCsid\";s:32:\"42874fe2792b8c5aec92b10c700137c2\";}s:4:\"post\";a:0:{}}}s:8:\"snapshot\";a:0:{}}new_products_id_in_cart|i:61;'),('4716c56cdcd456c3b21872f9a0078a8e',1468485485,'sessiontoken|s:32:\"6cf107223cf3a5585bb60f352ef4d5ad\";cart|O:12:\"shoppingCart\":4:{s:8:\"contents\";a:0:{}s:5:\"total\";i:0;s:6:\"weight\";i:0;s:12:\"content_type\";b:0;}language|s:7:\"english\";languages_id|s:1:\"1\";currency|s:3:\"USD\";navigation|O:17:\"navigationHistory\":2:{s:4:\"path\";a:1:{i:0;a:4:{s:4:\"page\";s:16:\"product_info.php\";s:4:\"mode\";s:6:\"NONSSL\";s:3:\"get\";a:3:{s:5:\"cPath\";s:1:\"2\";s:11:\"products_id\";s:2:\"37\";s:6:\"osCsid\";s:32:\"4716c56cdcd456c3b21872f9a0078a8e\";}s:4:\"post\";a:0:{}}}s:8:\"snapshot\";a:0:{}}'),('48e5cb973c31c52391d67c7ff21e4b8b',1468491499,'sessiontoken|s:32:\"a692cf9f8d477794891076ff5cac5792\";cart|O:12:\"shoppingCart\":4:{s:8:\"contents\";a:0:{}s:5:\"total\";i:0;s:6:\"weight\";i:0;s:12:\"content_type\";b:0;}language|s:7:\"english\";languages_id|s:1:\"1\";currency|s:3:\"USD\";navigation|O:17:\"navigationHistory\":2:{s:4:\"path\";a:1:{i:0;a:4:{s:4:\"page\";s:16:\"product_info.php\";s:4:\"mode\";s:6:\"NONSSL\";s:3:\"get\";a:3:{s:5:\"cPath\";s:5:\"22_26\";s:11:\"products_id\";s:2:\"69\";s:6:\"osCsid\";s:32:\"48e5cb973c31c52391d67c7ff21e4b8b\";}s:4:\"post\";a:0:{}}}s:8:\"snapshot\";a:0:{}}'),('4a855317524781500b2aea4d5baefa88',1468490774,'sessiontoken|s:32:\"89ae5a71f099e7187e22e3b180e03d9a\";cart|O:12:\"shoppingCart\":5:{s:8:\"contents\";a:1:{i:41;a:1:{s:3:\"qty\";i:1;}}s:5:\"total\";i:0;s:6:\"weight\";i:0;s:12:\"content_type\";b:0;s:6:\"cartID\";s:5:\"81299\";}language|s:7:\"english\";languages_id|s:1:\"1\";currency|s:3:\"USD\";navigation|O:17:\"navigationHistory\":2:{s:4:\"path\";a:1:{i:0;a:4:{s:4:\"page\";s:9:\"index.php\";s:4:\"mode\";s:6:\"NONSSL\";s:3:\"get\";a:6:{s:5:\"cPath\";s:2:\"21\";s:4:\"page\";s:1:\"1\";s:4:\"sort\";s:2:\"2d\";s:6:\"action\";s:7:\"buy_now\";s:11:\"products_id\";s:2:\"41\";s:6:\"osCsid\";s:32:\"4a855317524781500b2aea4d5baefa88\";}s:4:\"post\";a:0:{}}}s:8:\"snapshot\";a:0:{}}new_products_id_in_cart|i:41;'),('4dad397f2401a3e4057b6ebf79dc4de1',1468479972,'sessiontoken|s:32:\"2656578b05d536c90c282e6c7f442a3f\";cart|O:12:\"shoppingCart\":4:{s:8:\"contents\";a:0:{}s:5:\"total\";i:0;s:6:\"weight\";i:0;s:12:\"content_type\";b:0;}language|s:7:\"english\";languages_id|s:1:\"1\";currency|s:3:\"USD\";navigation|O:17:\"navigationHistory\":2:{s:4:\"path\";a:1:{i:0;a:4:{s:4:\"page\";s:9:\"index.php\";s:4:\"mode\";s:6:\"NONSSL\";s:3:\"get\";a:4:{s:5:\"cPath\";s:1:\"2\";s:4:\"page\";s:1:\"1\";s:4:\"sort\";s:2:\"2d\";s:6:\"osCsid\";s:32:\"4dad397f2401a3e4057b6ebf79dc4de1\";}s:4:\"post\";a:0:{}}}s:8:\"snapshot\";a:0:{}}'),('55c11ac3bd5e5cae8bc94ef54e0e7525',1468483029,'sessiontoken|s:32:\"d1259b4ed21de15cf3a163613cbe81d7\";cart|O:12:\"shoppingCart\":4:{s:8:\"contents\";a:0:{}s:5:\"total\";i:0;s:6:\"weight\";i:0;s:12:\"content_type\";b:0;}language|s:7:\"english\";languages_id|s:1:\"1\";currency|s:3:\"USD\";navigation|O:17:\"navigationHistory\":2:{s:4:\"path\";a:1:{i:0;a:4:{s:4:\"page\";s:16:\"product_info.php\";s:4:\"mode\";s:6:\"NONSSL\";s:3:\"get\";a:3:{s:5:\"cPath\";s:5:\"22_27\";s:11:\"products_id\";s:2:\"72\";s:6:\"osCsid\";s:32:\"55c11ac3bd5e5cae8bc94ef54e0e7525\";}s:4:\"post\";a:0:{}}}s:8:\"snapshot\";a:0:{}}'),('587799e0fb4a259b8b3ccc87f4c4b011',1468480611,'sessiontoken|s:32:\"48f6d7a5e53f8463131fa14dd3c2c42d\";cart|O:12:\"shoppingCart\":4:{s:8:\"contents\";a:0:{}s:5:\"total\";i:0;s:6:\"weight\";i:0;s:12:\"content_type\";b:0;}language|s:7:\"english\";languages_id|s:1:\"1\";currency|s:3:\"USD\";navigation|O:17:\"navigationHistory\":2:{s:4:\"path\";a:1:{i:0;a:4:{s:4:\"page\";s:9:\"index.php\";s:4:\"mode\";s:6:\"NONSSL\";s:3:\"get\";a:4:{s:5:\"cPath\";s:5:\"22_25\";s:4:\"page\";s:1:\"1\";s:4:\"sort\";s:2:\"3a\";s:6:\"osCsid\";s:32:\"587799e0fb4a259b8b3ccc87f4c4b011\";}s:4:\"post\";a:0:{}}}s:8:\"snapshot\";a:0:{}}'),('5889d0701eee008fe0729f1de6756072',1468480615,'sessiontoken|s:32:\"96aecd8071168707de33e000ac455a54\";cart|O:12:\"shoppingCart\":4:{s:8:\"contents\";a:0:{}s:5:\"total\";i:0;s:6:\"weight\";i:0;s:12:\"content_type\";b:0;}language|s:7:\"english\";languages_id|s:1:\"1\";currency|s:3:\"USD\";navigation|O:17:\"navigationHistory\":2:{s:4:\"path\";a:1:{i:0;a:4:{s:4:\"page\";s:9:\"index.php\";s:4:\"mode\";s:6:\"NONSSL\";s:3:\"get\";a:4:{s:5:\"cPath\";s:5:\"22_25\";s:4:\"page\";s:1:\"1\";s:4:\"sort\";s:2:\"3a\";s:6:\"osCsid\";s:32:\"5889d0701eee008fe0729f1de6756072\";}s:4:\"post\";a:0:{}}}s:8:\"snapshot\";a:0:{}}'),('5b8196ee2fc8ffba1ea977196294edba',1468488135,'sessiontoken|s:32:\"12c18e157c247d4f80d33089d08a383e\";cart|O:12:\"shoppingCart\":5:{s:8:\"contents\";a:1:{i:47;a:1:{s:3:\"qty\";i:1;}}s:5:\"total\";i:0;s:6:\"weight\";i:0;s:6:\"cartID\";s:5:\"35809\";s:12:\"content_type\";b:0;}language|s:7:\"english\";languages_id|s:1:\"1\";currency|s:3:\"USD\";navigation|O:17:\"navigationHistory\":2:{s:4:\"path\";a:1:{i:0;a:4:{s:4:\"page\";s:9:\"index.php\";s:4:\"mode\";s:6:\"NONSSL\";s:3:\"get\";a:4:{s:5:\"cPath\";s:2:\"23\";s:4:\"page\";s:1:\"1\";s:4:\"sort\";s:2:\"2d\";s:6:\"osCsid\";s:32:\"5b8196ee2fc8ffba1ea977196294edba\";}s:4:\"post\";a:0:{}}}s:8:\"snapshot\";a:0:{}}new_products_id_in_cart|i:47;'),('5ea00636c0e966aac10193a719e531ac',1468494803,'sessiontoken|s:32:\"92d5ffdd9a128ccf7db62df971256256\";cart|O:12:\"shoppingCart\":5:{s:8:\"contents\";a:1:{i:46;a:1:{s:3:\"qty\";i:1;}}s:5:\"total\";i:0;s:6:\"weight\";i:0;s:12:\"content_type\";b:0;s:6:\"cartID\";s:5:\"55762\";}language|s:7:\"english\";languages_id|s:1:\"1\";currency|s:3:\"USD\";navigation|O:17:\"navigationHistory\":2:{s:4:\"path\";a:1:{i:0;a:4:{s:4:\"page\";s:9:\"index.php\";s:4:\"mode\";s:6:\"NONSSL\";s:3:\"get\";a:5:{s:5:\"cPath\";s:2:\"23\";s:4:\"sort\";s:2:\"2a\";s:6:\"action\";s:7:\"buy_now\";s:11:\"products_id\";s:2:\"46\";s:6:\"osCsid\";s:32:\"5ea00636c0e966aac10193a719e531ac\";}s:4:\"post\";a:0:{}}}s:8:\"snapshot\";a:0:{}}new_products_id_in_cart|i:46;'),('5f142435241ce70ffec6edf49f7a3537',1468494153,'sessiontoken|s:32:\"96cbe70c55c55541b0dacdd96a17caf5\";cart|O:12:\"shoppingCart\":4:{s:8:\"contents\";a:0:{}s:5:\"total\";i:0;s:6:\"weight\";i:0;s:12:\"content_type\";b:0;}language|s:7:\"english\";languages_id|s:1:\"1\";currency|s:3:\"USD\";navigation|O:17:\"navigationHistory\":2:{s:4:\"path\";a:1:{i:0;a:4:{s:4:\"page\";s:9:\"index.php\";s:4:\"mode\";s:6:\"NONSSL\";s:3:\"get\";a:3:{s:5:\"cPath\";s:5:\"22_26\";s:4:\"sort\";s:2:\"2a\";s:6:\"osCsid\";s:32:\"5f142435241ce70ffec6edf49f7a3537\";}s:4:\"post\";a:0:{}}}s:8:\"snapshot\";a:0:{}}'),('601d92b1431fd2b95ecc0785da300be7',1468492412,'sessiontoken|s:32:\"fb81324f481c2fbffa11ad9243ed47d9\";cart|O:12:\"shoppingCart\":4:{s:8:\"contents\";a:0:{}s:5:\"total\";i:0;s:6:\"weight\";i:0;s:12:\"content_type\";b:0;}language|s:7:\"english\";languages_id|s:1:\"1\";currency|s:3:\"USD\";navigation|O:17:\"navigationHistory\":2:{s:4:\"path\";a:1:{i:0;a:4:{s:4:\"page\";s:9:\"index.php\";s:4:\"mode\";s:6:\"NONSSL\";s:3:\"get\";a:2:{s:5:\"cPath\";s:2:\"23\";s:6:\"osCsid\";s:32:\"601d92b1431fd2b95ecc0785da300be7\";}s:4:\"post\";a:0:{}}}s:8:\"snapshot\";a:0:{}}'),('6069e5cfff022528a01d3e6f27226ea4',1468481154,'sessiontoken|s:32:\"2ca3db36d0e822afa433bd7de08dec23\";cart|O:12:\"shoppingCart\":5:{s:8:\"contents\";a:1:{i:67;a:1:{s:3:\"qty\";i:1;}}s:5:\"total\";i:0;s:6:\"weight\";i:0;s:12:\"content_type\";b:0;s:6:\"cartID\";s:5:\"74232\";}language|s:7:\"english\";languages_id|s:1:\"1\";currency|s:3:\"USD\";navigation|O:17:\"navigationHistory\":2:{s:4:\"path\";a:1:{i:0;a:4:{s:4:\"page\";s:9:\"index.php\";s:4:\"mode\";s:6:\"NONSSL\";s:3:\"get\";a:6:{s:5:\"cPath\";s:5:\"22_26\";s:4:\"page\";s:1:\"1\";s:4:\"sort\";s:2:\"2a\";s:6:\"action\";s:7:\"buy_now\";s:11:\"products_id\";s:2:\"67\";s:6:\"osCsid\";s:32:\"6069e5cfff022528a01d3e6f27226ea4\";}s:4:\"post\";a:0:{}}}s:8:\"snapshot\";a:0:{}}new_products_id_in_cart|i:67;'),('61ecb0bea8707729c39ca9216b89de46',1468494179,'sessiontoken|s:32:\"9716059985d4b89afaf017d2605557c7\";cart|O:12:\"shoppingCart\":5:{s:8:\"contents\";a:0:{}s:5:\"total\";i:0;s:6:\"weight\";i:0;s:6:\"cartID\";N;s:12:\"content_type\";b:0;}language|s:7:\"english\";languages_id|s:1:\"1\";currency|s:3:\"USD\";navigation|O:17:\"navigationHistory\":2:{s:4:\"path\";a:2:{i:0;a:4:{s:4:\"page\";s:9:\"index.php\";s:4:\"mode\";s:6:\"NONSSL\";s:3:\"get\";a:4:{s:5:\"cPath\";s:1:\"1\";s:4:\"page\";s:1:\"1\";s:4:\"sort\";s:2:\"3a\";s:6:\"osCsid\";s:32:\"61ecb0bea8707729c39ca9216b89de46\";}s:4:\"post\";a:0:{}}i:1;a:4:{s:4:\"page\";s:16:\"product_info.php\";s:4:\"mode\";s:6:\"NONSSL\";s:3:\"get\";a:3:{s:5:\"cPath\";s:2:\"23\";s:11:\"products_id\";s:2:\"44\";s:6:\"osCsid\";s:32:\"61ecb0bea8707729c39ca9216b89de46\";}s:4:\"post\";a:0:{}}}s:8:\"snapshot\";a:0:{}}'),('63ca0a2f24088ffe557e90c003d3423c',1468488139,'sessiontoken|s:32:\"5d772a5467f1d286eccff2403d32bd7e\";cart|O:12:\"shoppingCart\":5:{s:8:\"contents\";a:1:{i:47;a:1:{s:3:\"qty\";i:1;}}s:5:\"total\";i:0;s:6:\"weight\";i:0;s:6:\"cartID\";s:5:\"81938\";s:12:\"content_type\";b:0;}language|s:7:\"english\";languages_id|s:1:\"1\";currency|s:3:\"USD\";navigation|O:17:\"navigationHistory\":2:{s:4:\"path\";a:1:{i:0;a:4:{s:4:\"page\";s:9:\"index.php\";s:4:\"mode\";s:6:\"NONSSL\";s:3:\"get\";a:4:{s:5:\"cPath\";s:2:\"23\";s:4:\"page\";s:1:\"1\";s:4:\"sort\";s:2:\"2d\";s:6:\"osCsid\";s:32:\"63ca0a2f24088ffe557e90c003d3423c\";}s:4:\"post\";a:0:{}}}s:8:\"snapshot\";a:0:{}}new_products_id_in_cart|i:47;'),('6a2594a4cba6b076061557215333d444',1468482488,'sessiontoken|s:32:\"17424231dcc3d61c6c28d5ce357ad10a\";cart|O:12:\"shoppingCart\":5:{s:8:\"contents\";a:1:{i:49;a:1:{s:3:\"qty\";i:1;}}s:5:\"total\";i:0;s:6:\"weight\";i:0;s:6:\"cartID\";s:5:\"71807\";s:12:\"content_type\";b:0;}language|s:7:\"english\";languages_id|s:1:\"1\";currency|s:3:\"USD\";navigation|O:17:\"navigationHistory\":2:{s:4:\"path\";a:1:{i:0;a:4:{s:4:\"page\";s:9:\"index.php\";s:4:\"mode\";s:6:\"NONSSL\";s:3:\"get\";a:4:{s:5:\"cPath\";s:5:\"22_24\";s:4:\"page\";s:1:\"1\";s:4:\"sort\";s:2:\"2d\";s:6:\"osCsid\";s:32:\"6a2594a4cba6b076061557215333d444\";}s:4:\"post\";a:0:{}}}s:8:\"snapshot\";a:0:{}}new_products_id_in_cart|i:49;'),('6b570a5f22110364fe072d7ceb01d467',1468489939,'sessiontoken|s:32:\"a540fe61bccfc33f82de425feebd17dd\";cart|O:12:\"shoppingCart\":5:{s:8:\"contents\";a:1:{i:67;a:1:{s:3:\"qty\";i:1;}}s:5:\"total\";i:0;s:6:\"weight\";i:0;s:6:\"cartID\";s:5:\"23396\";s:12:\"content_type\";b:0;}language|s:7:\"english\";languages_id|s:1:\"1\";currency|s:3:\"USD\";navigation|O:17:\"navigationHistory\":2:{s:4:\"path\";a:1:{i:0;a:4:{s:4:\"page\";s:9:\"index.php\";s:4:\"mode\";s:6:\"NONSSL\";s:3:\"get\";a:5:{s:5:\"cPath\";s:5:\"22_26\";s:4:\"sort\";s:2:\"2a\";s:6:\"action\";s:7:\"buy_now\";s:11:\"products_id\";s:2:\"67\";s:6:\"osCsid\";s:32:\"6b570a5f22110364fe072d7ceb01d467\";}s:4:\"post\";a:0:{}}}s:8:\"snapshot\";a:0:{}}new_products_id_in_cart|i:67;'),('709fc84b56a9861f16f0c2e204031bb9',1468497402,'sessiontoken|s:32:\"9c3be018ddd6e638a5468b3879c84c1d\";cart|O:12:\"shoppingCart\":5:{s:8:\"contents\";a:1:{i:69;a:1:{s:3:\"qty\";i:1;}}s:5:\"total\";i:0;s:6:\"weight\";i:0;s:12:\"content_type\";b:0;s:6:\"cartID\";s:5:\"93673\";}language|s:7:\"english\";languages_id|s:1:\"1\";currency|s:3:\"USD\";navigation|O:17:\"navigationHistory\":2:{s:4:\"path\";a:1:{i:0;a:4:{s:4:\"page\";s:9:\"index.php\";s:4:\"mode\";s:6:\"NONSSL\";s:3:\"get\";a:6:{s:5:\"cPath\";s:5:\"22_26\";s:4:\"page\";s:1:\"1\";s:4:\"sort\";s:2:\"3d\";s:6:\"action\";s:7:\"buy_now\";s:11:\"products_id\";s:2:\"69\";s:6:\"osCsid\";s:32:\"709fc84b56a9861f16f0c2e204031bb9\";}s:4:\"post\";a:0:{}}}s:8:\"snapshot\";a:0:{}}new_products_id_in_cart|i:69;'),('75f1057453dcb6e8e1691f23aa79a449',1468490320,'sessiontoken|s:32:\"beee9bfd44911cdc19ac456bddcb17fa\";cart|O:12:\"shoppingCart\":5:{s:8:\"contents\";a:1:{i:51;a:1:{s:3:\"qty\";i:1;}}s:5:\"total\";i:0;s:6:\"weight\";i:0;s:12:\"content_type\";b:0;s:6:\"cartID\";s:5:\"40417\";}language|s:7:\"english\";languages_id|s:1:\"1\";currency|s:3:\"USD\";navigation|O:17:\"navigationHistory\":2:{s:4:\"path\";a:1:{i:0;a:4:{s:4:\"page\";s:9:\"index.php\";s:4:\"mode\";s:6:\"NONSSL\";s:3:\"get\";a:6:{s:5:\"cPath\";s:5:\"22_24\";s:4:\"page\";s:1:\"1\";s:4:\"sort\";s:2:\"2a\";s:6:\"action\";s:7:\"buy_now\";s:11:\"products_id\";s:2:\"51\";s:6:\"osCsid\";s:32:\"75f1057453dcb6e8e1691f23aa79a449\";}s:4:\"post\";a:0:{}}}s:8:\"snapshot\";a:0:{}}new_products_id_in_cart|i:51;'),('7c8869bc620067e3213fc8c9724e7807',1468491289,'sessiontoken|s:32:\"84de856edea02a2c97469fdd6d301aee\";cart|O:12:\"shoppingCart\":5:{s:8:\"contents\";a:1:{i:75;a:1:{s:3:\"qty\";i:1;}}s:5:\"total\";i:0;s:6:\"weight\";i:0;s:12:\"content_type\";b:0;s:6:\"cartID\";s:5:\"93128\";}language|s:7:\"english\";languages_id|s:1:\"1\";currency|s:3:\"USD\";navigation|O:17:\"navigationHistory\":2:{s:4:\"path\";a:1:{i:0;a:4:{s:4:\"page\";s:9:\"index.php\";s:4:\"mode\";s:6:\"NONSSL\";s:3:\"get\";a:6:{s:5:\"cPath\";s:1:\"3\";s:4:\"page\";s:1:\"1\";s:4:\"sort\";s:2:\"3a\";s:6:\"action\";s:7:\"buy_now\";s:11:\"products_id\";s:2:\"75\";s:6:\"osCsid\";s:32:\"7c8869bc620067e3213fc8c9724e7807\";}s:4:\"post\";a:0:{}}}s:8:\"snapshot\";a:0:{}}new_products_id_in_cart|i:75;'),('7d2f50fbe8c51e56f9eb7a46ea056328',1468488771,'sessiontoken|s:32:\"53a3ca8d1b11aa7204f63c82363cd514\";cart|O:12:\"shoppingCart\":5:{s:8:\"contents\";a:1:{i:53;a:1:{s:3:\"qty\";i:1;}}s:5:\"total\";i:0;s:6:\"weight\";i:0;s:12:\"content_type\";b:0;s:6:\"cartID\";s:5:\"39553\";}language|s:7:\"english\";languages_id|s:1:\"1\";currency|s:3:\"USD\";navigation|O:17:\"navigationHistory\":2:{s:4:\"path\";a:1:{i:0;a:4:{s:4:\"page\";s:9:\"index.php\";s:4:\"mode\";s:6:\"NONSSL\";s:3:\"get\";a:6:{s:5:\"cPath\";s:5:\"22_24\";s:4:\"page\";s:1:\"1\";s:4:\"sort\";s:2:\"3d\";s:6:\"action\";s:7:\"buy_now\";s:11:\"products_id\";s:2:\"53\";s:6:\"osCsid\";s:32:\"7d2f50fbe8c51e56f9eb7a46ea056328\";}s:4:\"post\";a:0:{}}}s:8:\"snapshot\";a:0:{}}new_products_id_in_cart|i:53;'),('808166544ead90b58fdcba0c5ca4fba2',1468494476,'sessiontoken|s:32:\"38b7e3db9bb8fa163d583b9d29d13868\";cart|O:12:\"shoppingCart\":5:{s:8:\"contents\";a:1:{i:47;a:1:{s:3:\"qty\";i:1;}}s:5:\"total\";i:0;s:6:\"weight\";i:0;s:12:\"content_type\";b:0;s:6:\"cartID\";s:5:\"00332\";}language|s:7:\"english\";languages_id|s:1:\"1\";currency|s:3:\"USD\";navigation|O:17:\"navigationHistory\":2:{s:4:\"path\";a:1:{i:0;a:4:{s:4:\"page\";s:9:\"index.php\";s:4:\"mode\";s:6:\"NONSSL\";s:3:\"get\";a:6:{s:5:\"cPath\";s:2:\"23\";s:4:\"page\";s:1:\"1\";s:4:\"sort\";s:2:\"3d\";s:6:\"action\";s:7:\"buy_now\";s:11:\"products_id\";s:2:\"47\";s:6:\"osCsid\";s:32:\"808166544ead90b58fdcba0c5ca4fba2\";}s:4:\"post\";a:0:{}}}s:8:\"snapshot\";a:0:{}}new_products_id_in_cart|i:47;'),('83ce002d4b23486bac33067a577e0bfa',1468491371,'sessiontoken|s:32:\"b985d0b6419c2411f859eafaf8afb338\";cart|O:12:\"shoppingCart\":4:{s:8:\"contents\";a:0:{}s:5:\"total\";i:0;s:6:\"weight\";i:0;s:12:\"content_type\";b:0;}language|s:7:\"english\";languages_id|s:1:\"1\";currency|s:3:\"USD\";navigation|O:17:\"navigationHistory\":2:{s:4:\"path\";a:1:{i:0;a:4:{s:4:\"page\";s:9:\"index.php\";s:4:\"mode\";s:6:\"NONSSL\";s:3:\"get\";a:3:{s:5:\"cPath\";s:5:\"22_24\";s:4:\"sort\";s:2:\"2a\";s:6:\"osCsid\";s:32:\"83ce002d4b23486bac33067a577e0bfa\";}s:4:\"post\";a:0:{}}}s:8:\"snapshot\";a:0:{}}'),('860a3afd4805114bcccf90a6e99d6a96',1468496917,'sessiontoken|s:32:\"7dde8a7d1514323a9366b1583db68a44\";cart|O:12:\"shoppingCart\":5:{s:8:\"contents\";a:1:{i:46;a:1:{s:3:\"qty\";i:1;}}s:5:\"total\";i:0;s:6:\"weight\";i:0;s:6:\"cartID\";s:5:\"01930\";s:12:\"content_type\";b:0;}language|s:7:\"english\";languages_id|s:1:\"1\";currency|s:3:\"USD\";navigation|O:17:\"navigationHistory\":2:{s:4:\"path\";a:1:{i:0;a:4:{s:4:\"page\";s:9:\"index.php\";s:4:\"mode\";s:6:\"NONSSL\";s:3:\"get\";a:6:{s:5:\"cPath\";s:2:\"23\";s:4:\"page\";s:1:\"1\";s:4:\"sort\";s:2:\"2a\";s:6:\"action\";s:7:\"buy_now\";s:11:\"products_id\";s:2:\"46\";s:6:\"osCsid\";s:32:\"860a3afd4805114bcccf90a6e99d6a96\";}s:4:\"post\";a:0:{}}}s:8:\"snapshot\";a:0:{}}new_products_id_in_cart|i:46;'),('88c3aaaceadf6181898749db184e03d5',1468486709,'sessiontoken|s:32:\"732704ac0ee612c62831b3d32568f9f2\";cart|O:12:\"shoppingCart\":4:{s:8:\"contents\";a:0:{}s:5:\"total\";i:0;s:6:\"weight\";i:0;s:12:\"content_type\";b:0;}language|s:7:\"english\";languages_id|s:1:\"1\";currency|s:3:\"USD\";navigation|O:17:\"navigationHistory\":2:{s:4:\"path\";a:1:{i:0;a:4:{s:4:\"page\";s:16:\"product_info.php\";s:4:\"mode\";s:6:\"NONSSL\";s:3:\"get\";a:3:{s:5:\"cPath\";s:5:\"22_24\";s:11:\"products_id\";s:2:\"53\";s:6:\"osCsid\";s:32:\"88c3aaaceadf6181898749db184e03d5\";}s:4:\"post\";a:0:{}}}s:8:\"snapshot\";a:0:{}}'),('89a19f706fa73ec1c650bbe2d39177b3',1468482493,'sessiontoken|s:32:\"1c6bbe1a37786e36de019d86a74cdee2\";cart|O:12:\"shoppingCart\":5:{s:8:\"contents\";a:1:{i:49;a:1:{s:3:\"qty\";i:1;}}s:5:\"total\";i:0;s:6:\"weight\";i:0;s:6:\"cartID\";s:5:\"51297\";s:12:\"content_type\";b:0;}language|s:7:\"english\";languages_id|s:1:\"1\";currency|s:3:\"USD\";navigation|O:17:\"navigationHistory\":2:{s:4:\"path\";a:1:{i:0;a:4:{s:4:\"page\";s:9:\"index.php\";s:4:\"mode\";s:6:\"NONSSL\";s:3:\"get\";a:4:{s:5:\"cPath\";s:5:\"22_24\";s:4:\"page\";s:1:\"1\";s:4:\"sort\";s:2:\"2d\";s:6:\"osCsid\";s:32:\"89a19f706fa73ec1c650bbe2d39177b3\";}s:4:\"post\";a:0:{}}}s:8:\"snapshot\";a:0:{}}new_products_id_in_cart|i:49;'),('8ccc76b7e8f6bcb9b170103cbeb61a6c',1468483473,'sessiontoken|s:32:\"94084d0ebdf29c7e6048fe2bc37cad04\";cart|O:12:\"shoppingCart\":5:{s:8:\"contents\";a:1:{i:51;a:1:{s:3:\"qty\";i:1;}}s:5:\"total\";i:0;s:6:\"weight\";i:0;s:12:\"content_type\";b:0;s:6:\"cartID\";s:5:\"13666\";}language|s:7:\"english\";languages_id|s:1:\"1\";currency|s:3:\"USD\";navigation|O:17:\"navigationHistory\":2:{s:4:\"path\";a:1:{i:0;a:4:{s:4:\"page\";s:9:\"index.php\";s:4:\"mode\";s:6:\"NONSSL\";s:3:\"get\";a:6:{s:5:\"cPath\";s:5:\"22_24\";s:4:\"page\";s:1:\"1\";s:4:\"sort\";s:2:\"3d\";s:6:\"action\";s:7:\"buy_now\";s:11:\"products_id\";s:2:\"51\";s:6:\"osCsid\";s:32:\"8ccc76b7e8f6bcb9b170103cbeb61a6c\";}s:4:\"post\";a:0:{}}}s:8:\"snapshot\";a:0:{}}new_products_id_in_cart|i:51;'),('8e0a1809077ee4f088236f03c95ea0d7',1468489458,'sessiontoken|s:32:\"98dd3b8a156c743dc1fef3c9337d420d\";cart|O:12:\"shoppingCart\":4:{s:8:\"contents\";a:0:{}s:5:\"total\";i:0;s:6:\"weight\";i:0;s:12:\"content_type\";b:0;}language|s:7:\"english\";languages_id|s:1:\"1\";currency|s:3:\"USD\";navigation|O:17:\"navigationHistory\":2:{s:4:\"path\";a:1:{i:0;a:4:{s:4:\"page\";s:9:\"index.php\";s:4:\"mode\";s:6:\"NONSSL\";s:3:\"get\";a:2:{s:5:\"cPath\";s:5:\"22_25\";s:6:\"osCsid\";s:32:\"8e0a1809077ee4f088236f03c95ea0d7\";}s:4:\"post\";a:0:{}}}s:8:\"snapshot\";a:0:{}}'),('9136adb464940e4917d92f6f0f95a975',1468498383,'sessiontoken|s:32:\"06d637c4b00aba48425567da7baea04e\";cart|O:12:\"shoppingCart\":4:{s:8:\"contents\";a:0:{}s:5:\"total\";i:0;s:6:\"weight\";i:0;s:12:\"content_type\";b:0;}language|s:7:\"english\";languages_id|s:1:\"1\";currency|s:3:\"USD\";navigation|O:17:\"navigationHistory\":2:{s:4:\"path\";a:1:{i:0;a:4:{s:4:\"page\";s:16:\"product_info.php\";s:4:\"mode\";s:6:\"NONSSL\";s:3:\"get\";a:3:{s:5:\"cPath\";s:5:\"22_27\";s:11:\"products_id\";s:2:\"72\";s:6:\"osCsid\";s:32:\"9136adb464940e4917d92f6f0f95a975\";}s:4:\"post\";a:0:{}}}s:8:\"snapshot\";a:0:{}}'),('940e324f22909be58b2356caa20ca4f1',1468482498,'sessiontoken|s:32:\"4746d7fb387393989d726488648c6c22\";cart|O:12:\"shoppingCart\":5:{s:8:\"contents\";a:1:{i:49;a:1:{s:3:\"qty\";i:1;}}s:5:\"total\";i:0;s:6:\"weight\";i:0;s:6:\"cartID\";s:5:\"20263\";s:12:\"content_type\";b:0;}language|s:7:\"english\";languages_id|s:1:\"1\";currency|s:3:\"USD\";navigation|O:17:\"navigationHistory\":2:{s:4:\"path\";a:1:{i:0;a:4:{s:4:\"page\";s:9:\"index.php\";s:4:\"mode\";s:6:\"NONSSL\";s:3:\"get\";a:4:{s:5:\"cPath\";s:5:\"22_24\";s:4:\"page\";s:1:\"1\";s:4:\"sort\";s:2:\"2d\";s:6:\"osCsid\";s:32:\"940e324f22909be58b2356caa20ca4f1\";}s:4:\"post\";a:0:{}}}s:8:\"snapshot\";a:0:{}}new_products_id_in_cart|i:49;'),('9464d0c43b1e8a9b7d88dce5e2ddb497',1468488626,'sessiontoken|s:32:\"6f1632f93368ba39d5f7fec76dbc0dfb\";cart|O:12:\"shoppingCart\":5:{s:8:\"contents\";a:1:{i:41;a:1:{s:3:\"qty\";i:1;}}s:5:\"total\";i:0;s:6:\"weight\";i:0;s:12:\"content_type\";b:0;s:6:\"cartID\";s:5:\"07157\";}language|s:7:\"english\";languages_id|s:1:\"1\";currency|s:3:\"USD\";navigation|O:17:\"navigationHistory\":2:{s:4:\"path\";a:1:{i:0;a:4:{s:4:\"page\";s:9:\"index.php\";s:4:\"mode\";s:6:\"NONSSL\";s:3:\"get\";a:5:{s:5:\"cPath\";s:2:\"21\";s:4:\"sort\";s:2:\"2a\";s:6:\"action\";s:7:\"buy_now\";s:11:\"products_id\";s:2:\"41\";s:6:\"osCsid\";s:32:\"9464d0c43b1e8a9b7d88dce5e2ddb497\";}s:4:\"post\";a:0:{}}}s:8:\"snapshot\";a:0:{}}new_products_id_in_cart|i:41;'),('9b8ad6d742c4e644e40fc93e5207cea5',1468498328,'sessiontoken|s:32:\"23cb06e9cedce31f815a1004d6badda7\";cart|O:12:\"shoppingCart\":5:{s:8:\"contents\";a:1:{i:45;a:1:{s:3:\"qty\";i:1;}}s:5:\"total\";i:0;s:6:\"weight\";i:0;s:12:\"content_type\";b:0;s:6:\"cartID\";s:5:\"18758\";}language|s:7:\"english\";languages_id|s:1:\"1\";currency|s:3:\"USD\";navigation|O:17:\"navigationHistory\":2:{s:4:\"path\";a:1:{i:0;a:4:{s:4:\"page\";s:9:\"index.php\";s:4:\"mode\";s:6:\"NONSSL\";s:3:\"get\";a:6:{s:5:\"cPath\";s:2:\"23\";s:4:\"page\";s:1:\"1\";s:4:\"sort\";s:2:\"2d\";s:6:\"action\";s:7:\"buy_now\";s:11:\"products_id\";s:2:\"45\";s:6:\"osCsid\";s:32:\"9b8ad6d742c4e644e40fc93e5207cea5\";}s:4:\"post\";a:0:{}}}s:8:\"snapshot\";a:0:{}}new_products_id_in_cart|i:45;'),('a8be6518994d22ad0125b59d277bc1b8',1468487082,'sessiontoken|s:32:\"06a290936973f66afce1ceff0e3ee574\";cart|O:12:\"shoppingCart\":4:{s:8:\"contents\";a:0:{}s:5:\"total\";i:0;s:6:\"weight\";i:0;s:12:\"content_type\";b:0;}language|s:7:\"english\";languages_id|s:1:\"1\";currency|s:3:\"USD\";navigation|O:17:\"navigationHistory\":2:{s:4:\"path\";a:1:{i:0;a:4:{s:4:\"page\";s:16:\"product_info.php\";s:4:\"mode\";s:6:\"NONSSL\";s:3:\"get\";a:3:{s:5:\"cPath\";s:5:\"22_26\";s:11:\"products_id\";s:2:\"70\";s:6:\"osCsid\";s:32:\"a8be6518994d22ad0125b59d277bc1b8\";}s:4:\"post\";a:0:{}}}s:8:\"snapshot\";a:0:{}}'),('a9a7ba60c52010858914caf71aff9861',1468497334,'sessiontoken|s:32:\"e85d0020ea24a130527b331f7ec021f7\";cart|O:12:\"shoppingCart\":5:{s:8:\"contents\";a:1:{i:36;a:1:{s:3:\"qty\";i:1;}}s:5:\"total\";i:0;s:6:\"weight\";i:0;s:12:\"content_type\";b:0;s:6:\"cartID\";s:5:\"19705\";}language|s:7:\"english\";languages_id|s:1:\"1\";currency|s:3:\"USD\";navigation|O:17:\"navigationHistory\":2:{s:4:\"path\";a:1:{i:0;a:4:{s:4:\"page\";s:9:\"index.php\";s:4:\"mode\";s:6:\"NONSSL\";s:3:\"get\";a:6:{s:5:\"cPath\";s:1:\"2\";s:4:\"page\";s:1:\"1\";s:4:\"sort\";s:2:\"3d\";s:6:\"action\";s:7:\"buy_now\";s:11:\"products_id\";s:2:\"36\";s:6:\"osCsid\";s:32:\"a9a7ba60c52010858914caf71aff9861\";}s:4:\"post\";a:0:{}}}s:8:\"snapshot\";a:0:{}}new_products_id_in_cart|i:36;'),('b49ded80a9cf57e7060cc443004c9113',1468497664,'sessiontoken|s:32:\"99e437e1b7449d18b3603351b77c7a12\";cart|O:12:\"shoppingCart\":5:{s:8:\"contents\";a:1:{i:33;a:1:{s:3:\"qty\";i:1;}}s:5:\"total\";i:0;s:6:\"weight\";i:0;s:12:\"content_type\";b:0;s:6:\"cartID\";s:5:\"23106\";}language|s:7:\"english\";languages_id|s:1:\"1\";currency|s:3:\"USD\";navigation|O:17:\"navigationHistory\":2:{s:4:\"path\";a:1:{i:0;a:4:{s:4:\"page\";s:9:\"index.php\";s:4:\"mode\";s:6:\"NONSSL\";s:3:\"get\";a:6:{s:5:\"cPath\";s:1:\"1\";s:4:\"page\";s:1:\"1\";s:4:\"sort\";s:2:\"2d\";s:6:\"action\";s:7:\"buy_now\";s:11:\"products_id\";s:2:\"33\";s:6:\"osCsid\";s:32:\"b49ded80a9cf57e7060cc443004c9113\";}s:4:\"post\";a:0:{}}}s:8:\"snapshot\";a:0:{}}new_products_id_in_cart|i:33;'),('b6a6d19548776b584d3a794f269b5bb6',1468488897,'sessiontoken|s:32:\"8afef1ec8317a390fb76000178d30471\";cart|O:12:\"shoppingCart\":5:{s:8:\"contents\";a:1:{i:62;a:1:{s:3:\"qty\";i:1;}}s:5:\"total\";i:0;s:6:\"weight\";i:0;s:12:\"content_type\";b:0;s:6:\"cartID\";s:5:\"37734\";}language|s:7:\"english\";languages_id|s:1:\"1\";currency|s:3:\"USD\";navigation|O:17:\"navigationHistory\":2:{s:4:\"path\";a:1:{i:0;a:4:{s:4:\"page\";s:9:\"index.php\";s:4:\"mode\";s:6:\"NONSSL\";s:3:\"get\";a:6:{s:5:\"cPath\";s:5:\"22_26\";s:4:\"page\";s:1:\"1\";s:4:\"sort\";s:2:\"2a\";s:6:\"action\";s:7:\"buy_now\";s:11:\"products_id\";s:2:\"62\";s:6:\"osCsid\";s:32:\"b6a6d19548776b584d3a794f269b5bb6\";}s:4:\"post\";a:0:{}}}s:8:\"snapshot\";a:0:{}}new_products_id_in_cart|i:62;'),('bac7be1bb2cb491820e04d048e267c22',1468483255,'sessiontoken|s:32:\"c5e5081e0a5ad1eb411ec544ea43dae2\";cart|O:12:\"shoppingCart\":4:{s:8:\"contents\";a:0:{}s:5:\"total\";i:0;s:6:\"weight\";i:0;s:12:\"content_type\";b:0;}language|s:7:\"english\";languages_id|s:1:\"1\";currency|s:3:\"USD\";navigation|O:17:\"navigationHistory\":2:{s:4:\"path\";a:1:{i:0;a:4:{s:4:\"page\";s:16:\"product_info.php\";s:4:\"mode\";s:6:\"NONSSL\";s:3:\"get\";a:3:{s:5:\"cPath\";s:5:\"22_26\";s:11:\"products_id\";s:2:\"64\";s:6:\"osCsid\";s:32:\"bac7be1bb2cb491820e04d048e267c22\";}s:4:\"post\";a:0:{}}}s:8:\"snapshot\";a:0:{}}'),('bace6edba5d61d469ea043a1c2a6faa2',1468497491,'sessiontoken|s:32:\"e0ffdcea3401f2c894c32aeb907eda71\";cart|O:12:\"shoppingCart\":4:{s:8:\"contents\";a:0:{}s:5:\"total\";i:0;s:6:\"weight\";i:0;s:12:\"content_type\";b:0;}language|s:7:\"english\";languages_id|s:1:\"1\";currency|s:3:\"USD\";navigation|O:17:\"navigationHistory\":2:{s:4:\"path\";a:1:{i:0;a:4:{s:4:\"page\";s:9:\"index.php\";s:4:\"mode\";s:6:\"NONSSL\";s:3:\"get\";a:4:{s:5:\"cPath\";s:2:\"21\";s:4:\"page\";s:1:\"1\";s:4:\"sort\";s:2:\"2d\";s:6:\"osCsid\";s:32:\"bace6edba5d61d469ea043a1c2a6faa2\";}s:4:\"post\";a:0:{}}}s:8:\"snapshot\";a:0:{}}'),('bca26d1e5c95bf5bd6e447a593ea5651',1468479715,'sessiontoken|s:32:\"3c77ffb64599610ef614a302bb02bba5\";cart|O:12:\"shoppingCart\":5:{s:8:\"contents\";a:1:{i:68;a:1:{s:3:\"qty\";i:1;}}s:5:\"total\";i:0;s:6:\"weight\";i:0;s:12:\"content_type\";b:0;s:6:\"cartID\";s:5:\"25991\";}language|s:7:\"english\";languages_id|s:1:\"1\";currency|s:3:\"USD\";navigation|O:17:\"navigationHistory\":2:{s:4:\"path\";a:1:{i:0;a:4:{s:4:\"page\";s:9:\"index.php\";s:4:\"mode\";s:6:\"NONSSL\";s:3:\"get\";a:6:{s:5:\"cPath\";s:5:\"22_26\";s:4:\"page\";s:1:\"1\";s:4:\"sort\";s:2:\"2a\";s:6:\"action\";s:7:\"buy_now\";s:11:\"products_id\";s:2:\"68\";s:6:\"osCsid\";s:32:\"bca26d1e5c95bf5bd6e447a593ea5651\";}s:4:\"post\";a:0:{}}}s:8:\"snapshot\";a:0:{}}new_products_id_in_cart|i:68;'),('c08a054b64106d1ce2c35b3d93d8d522',1468491102,'sessiontoken|s:32:\"336152db605b83fcaa7c1fea190d930d\";cart|O:12:\"shoppingCart\":5:{s:8:\"contents\";a:1:{i:33;a:1:{s:3:\"qty\";i:1;}}s:5:\"total\";i:0;s:6:\"weight\";i:0;s:12:\"content_type\";b:0;s:6:\"cartID\";s:5:\"11142\";}language|s:7:\"english\";languages_id|s:1:\"1\";currency|s:3:\"USD\";navigation|O:17:\"navigationHistory\":2:{s:4:\"path\";a:1:{i:0;a:4:{s:4:\"page\";s:9:\"index.php\";s:4:\"mode\";s:6:\"NONSSL\";s:3:\"get\";a:5:{s:5:\"cPath\";s:1:\"1\";s:4:\"sort\";s:2:\"2a\";s:6:\"action\";s:7:\"buy_now\";s:11:\"products_id\";s:2:\"33\";s:6:\"osCsid\";s:32:\"c08a054b64106d1ce2c35b3d93d8d522\";}s:4:\"post\";a:0:{}}}s:8:\"snapshot\";a:0:{}}new_products_id_in_cart|i:33;'),('d302c8250d3c5b7193080d5d8c70fd88',1468480977,'sessiontoken|s:32:\"71dce7c47cea5f6cdea848d4f169180c\";cart|O:12:\"shoppingCart\":5:{s:8:\"contents\";a:1:{i:60;a:1:{s:3:\"qty\";i:1;}}s:5:\"total\";i:0;s:6:\"weight\";i:0;s:12:\"content_type\";b:0;s:6:\"cartID\";s:5:\"69944\";}language|s:7:\"english\";languages_id|s:1:\"1\";currency|s:3:\"USD\";navigation|O:17:\"navigationHistory\":2:{s:4:\"path\";a:1:{i:0;a:4:{s:4:\"page\";s:9:\"index.php\";s:4:\"mode\";s:6:\"NONSSL\";s:3:\"get\";a:6:{s:5:\"cPath\";s:5:\"22_26\";s:4:\"page\";s:1:\"1\";s:4:\"sort\";s:2:\"2a\";s:6:\"action\";s:7:\"buy_now\";s:11:\"products_id\";s:2:\"60\";s:6:\"osCsid\";s:32:\"d302c8250d3c5b7193080d5d8c70fd88\";}s:4:\"post\";a:0:{}}}s:8:\"snapshot\";a:0:{}}new_products_id_in_cart|i:60;'),('d5abb93914d327e50ad2a8a772ecb22f',1468492924,'sessiontoken|s:32:\"4bb0083d5416fe7e2e2246a015d0b867\";cart|O:12:\"shoppingCart\":5:{s:8:\"contents\";a:1:{i:36;a:1:{s:3:\"qty\";i:1;}}s:5:\"total\";i:0;s:6:\"weight\";i:0;s:12:\"content_type\";b:0;s:6:\"cartID\";s:5:\"98396\";}language|s:7:\"english\";languages_id|s:1:\"1\";currency|s:3:\"USD\";navigation|O:17:\"navigationHistory\":2:{s:4:\"path\";a:1:{i:0;a:4:{s:4:\"page\";s:9:\"index.php\";s:4:\"mode\";s:6:\"NONSSL\";s:3:\"get\";a:6:{s:5:\"cPath\";s:1:\"2\";s:4:\"page\";s:1:\"1\";s:4:\"sort\";s:2:\"3a\";s:6:\"action\";s:7:\"buy_now\";s:11:\"products_id\";s:2:\"36\";s:6:\"osCsid\";s:32:\"d5abb93914d327e50ad2a8a772ecb22f\";}s:4:\"post\";a:0:{}}}s:8:\"snapshot\";a:0:{}}new_products_id_in_cart|i:36;'),('d7e3dfd01be2412cc9581fcf70ddc922',1468482316,'sessiontoken|s:32:\"a9b151a6a317ec44eb8dcbef9bbd0c2a\";cart|O:12:\"shoppingCart\":5:{s:8:\"contents\";a:1:{i:63;a:1:{s:3:\"qty\";i:1;}}s:5:\"total\";i:0;s:6:\"weight\";i:0;s:12:\"content_type\";b:0;s:6:\"cartID\";s:5:\"84801\";}language|s:7:\"english\";languages_id|s:1:\"1\";currency|s:3:\"USD\";navigation|O:17:\"navigationHistory\":2:{s:4:\"path\";a:1:{i:0;a:4:{s:4:\"page\";s:9:\"index.php\";s:4:\"mode\";s:6:\"NONSSL\";s:3:\"get\";a:6:{s:5:\"cPath\";s:5:\"22_26\";s:4:\"page\";s:1:\"1\";s:4:\"sort\";s:2:\"3d\";s:6:\"action\";s:7:\"buy_now\";s:11:\"products_id\";s:2:\"63\";s:6:\"osCsid\";s:32:\"d7e3dfd01be2412cc9581fcf70ddc922\";}s:4:\"post\";a:0:{}}}s:8:\"snapshot\";a:0:{}}new_products_id_in_cart|i:63;'),('dd50b3868854a2d12dbbd7eeb9b593b8',1468481799,'sessiontoken|s:32:\"6a04a2d2249a03c35f0645937df701c7\";cart|O:12:\"shoppingCart\":5:{s:8:\"contents\";a:1:{i:29;a:1:{s:3:\"qty\";i:1;}}s:5:\"total\";i:0;s:6:\"weight\";i:0;s:6:\"cartID\";s:5:\"65257\";s:12:\"content_type\";b:0;}language|s:7:\"english\";languages_id|s:1:\"1\";currency|s:3:\"USD\";navigation|O:17:\"navigationHistory\":2:{s:4:\"path\";a:2:{i:0;a:4:{s:4:\"page\";s:9:\"index.php\";s:4:\"mode\";s:6:\"NONSSL\";s:3:\"get\";a:6:{s:5:\"cPath\";s:1:\"1\";s:4:\"page\";s:1:\"1\";s:4:\"sort\";s:2:\"2a\";s:6:\"action\";s:7:\"buy_now\";s:11:\"products_id\";s:2:\"29\";s:6:\"osCsid\";s:32:\"dd50b3868854a2d12dbbd7eeb9b593b8\";}s:4:\"post\";a:0:{}}i:1;a:4:{s:4:\"page\";s:16:\"product_info.php\";s:4:\"mode\";s:6:\"NONSSL\";s:3:\"get\";a:3:{s:5:\"cPath\";s:1:\"2\";s:11:\"products_id\";s:2:\"36\";s:6:\"osCsid\";s:32:\"dd50b3868854a2d12dbbd7eeb9b593b8\";}s:4:\"post\";a:0:{}}}s:8:\"snapshot\";a:0:{}}new_products_id_in_cart|i:29;'),('dfb94ae1b557318b05cadc9ae57d28bc',1468495667,'sessiontoken|s:32:\"848ecd955fe813302ec5c58501618620\";cart|O:12:\"shoppingCart\":5:{s:8:\"contents\";a:2:{i:71;a:1:{s:3:\"qty\";i:1;}i:32;a:1:{s:3:\"qty\";i:1;}}s:5:\"total\";i:0;s:6:\"weight\";i:0;s:6:\"cartID\";s:5:\"17158\";s:12:\"content_type\";b:0;}language|s:7:\"english\";languages_id|s:1:\"1\";currency|s:3:\"USD\";navigation|O:17:\"navigationHistory\":2:{s:4:\"path\";a:1:{i:0;a:4:{s:4:\"page\";s:9:\"index.php\";s:4:\"mode\";s:6:\"NONSSL\";s:3:\"get\";a:6:{s:5:\"cPath\";s:1:\"1\";s:4:\"page\";s:1:\"1\";s:4:\"sort\";s:2:\"3d\";s:6:\"action\";s:7:\"buy_now\";s:11:\"products_id\";s:2:\"32\";s:6:\"osCsid\";s:32:\"dfb94ae1b557318b05cadc9ae57d28bc\";}s:4:\"post\";a:0:{}}}s:8:\"snapshot\";a:0:{}}new_products_id_in_cart|i:32;'),('e92a9331d7389d3f4baef45ab1decb99',1468487277,'sessiontoken|s:32:\"9ceed21be321bc013ef8324e21845afb\";cart|O:12:\"shoppingCart\":4:{s:8:\"contents\";a:0:{}s:5:\"total\";i:0;s:6:\"weight\";i:0;s:12:\"content_type\";b:0;}language|s:7:\"english\";languages_id|s:1:\"1\";currency|s:3:\"USD\";navigation|O:17:\"navigationHistory\":2:{s:4:\"path\";a:1:{i:0;a:4:{s:4:\"page\";s:9:\"index.php\";s:4:\"mode\";s:6:\"NONSSL\";s:3:\"get\";a:4:{s:5:\"cPath\";s:2:\"21\";s:4:\"page\";s:1:\"1\";s:4:\"sort\";s:2:\"2a\";s:6:\"osCsid\";s:32:\"e92a9331d7389d3f4baef45ab1decb99\";}s:4:\"post\";a:0:{}}}s:8:\"snapshot\";a:0:{}}'),('ea41ef5873b1841b78c635a6b3873696',1468486646,'sessiontoken|s:32:\"15960075d5021751c9cc46f30d3458f8\";cart|O:12:\"shoppingCart\":5:{s:8:\"contents\";a:1:{i:60;a:1:{s:3:\"qty\";i:1;}}s:5:\"total\";i:0;s:6:\"weight\";i:0;s:12:\"content_type\";b:0;s:6:\"cartID\";s:5:\"77522\";}language|s:7:\"english\";languages_id|s:1:\"1\";currency|s:3:\"USD\";navigation|O:17:\"navigationHistory\":2:{s:4:\"path\";a:1:{i:0;a:4:{s:4:\"page\";s:9:\"index.php\";s:4:\"mode\";s:6:\"NONSSL\";s:3:\"get\";a:6:{s:5:\"cPath\";s:5:\"22_26\";s:4:\"page\";s:1:\"1\";s:4:\"sort\";s:2:\"3d\";s:6:\"action\";s:7:\"buy_now\";s:11:\"products_id\";s:2:\"60\";s:6:\"osCsid\";s:32:\"ea41ef5873b1841b78c635a6b3873696\";}s:4:\"post\";a:0:{}}}s:8:\"snapshot\";a:0:{}}new_products_id_in_cart|i:60;'),('ee56b0ae23a2c06e3bafefa7b4e5fd93',1468497871,'sessiontoken|s:32:\"e8b6a82b1d93ac6c69e5f7e7f4e075d5\";cart|O:12:\"shoppingCart\":5:{s:8:\"contents\";a:1:{i:59;a:1:{s:3:\"qty\";i:1;}}s:5:\"total\";i:0;s:6:\"weight\";i:0;s:12:\"content_type\";b:0;s:6:\"cartID\";s:5:\"43063\";}language|s:7:\"english\";languages_id|s:1:\"1\";currency|s:3:\"USD\";navigation|O:17:\"navigationHistory\":2:{s:4:\"path\";a:1:{i:0;a:4:{s:4:\"page\";s:9:\"index.php\";s:4:\"mode\";s:6:\"NONSSL\";s:3:\"get\";a:6:{s:5:\"cPath\";s:5:\"22_26\";s:4:\"page\";s:1:\"1\";s:4:\"sort\";s:2:\"2d\";s:6:\"action\";s:7:\"buy_now\";s:11:\"products_id\";s:2:\"59\";s:6:\"osCsid\";s:32:\"ee56b0ae23a2c06e3bafefa7b4e5fd93\";}s:4:\"post\";a:0:{}}}s:8:\"snapshot\";a:0:{}}new_products_id_in_cart|i:59;'),('f2c585550f70618eda81f9d82b48ecf4',1468486849,'sessiontoken|s:32:\"048e095b09ac5c3e79bca7aff7264c24\";cart|O:12:\"shoppingCart\":5:{s:8:\"contents\";a:1:{i:61;a:1:{s:3:\"qty\";i:1;}}s:5:\"total\";i:0;s:6:\"weight\";i:0;s:12:\"content_type\";b:0;s:6:\"cartID\";s:5:\"44652\";}language|s:7:\"english\";languages_id|s:1:\"1\";currency|s:3:\"USD\";navigation|O:17:\"navigationHistory\":2:{s:4:\"path\";a:1:{i:0;a:4:{s:4:\"page\";s:9:\"index.php\";s:4:\"mode\";s:6:\"NONSSL\";s:3:\"get\";a:6:{s:5:\"cPath\";s:5:\"22_26\";s:4:\"page\";s:1:\"1\";s:4:\"sort\";s:2:\"3a\";s:6:\"action\";s:7:\"buy_now\";s:11:\"products_id\";s:2:\"61\";s:6:\"osCsid\";s:32:\"f2c585550f70618eda81f9d82b48ecf4\";}s:4:\"post\";a:0:{}}}s:8:\"snapshot\";a:0:{}}new_products_id_in_cart|i:61;'),('f9a699c738bc2c896aa4ba8daa19e8d2',1468488144,'sessiontoken|s:32:\"e2e2f2b4a02bc3b078d107b70404393d\";cart|O:12:\"shoppingCart\":5:{s:8:\"contents\";a:1:{i:46;a:1:{s:3:\"qty\";i:1;}}s:5:\"total\";i:0;s:6:\"weight\";i:0;s:6:\"cartID\";s:5:\"83283\";s:12:\"content_type\";b:0;}language|s:7:\"english\";languages_id|s:1:\"1\";currency|s:3:\"USD\";navigation|O:17:\"navigationHistory\":2:{s:4:\"path\";a:1:{i:0;a:4:{s:4:\"page\";s:9:\"index.php\";s:4:\"mode\";s:6:\"NONSSL\";s:3:\"get\";a:4:{s:5:\"cPath\";s:2:\"23\";s:4:\"page\";s:1:\"1\";s:4:\"sort\";s:2:\"3a\";s:6:\"osCsid\";s:32:\"f9a699c738bc2c896aa4ba8daa19e8d2\";}s:4:\"post\";a:0:{}}}s:8:\"snapshot\";a:0:{}}new_products_id_in_cart|i:46;'),('fb5804ba9686b42c5e8b77ba73a3096b',1468488130,'sessiontoken|s:32:\"062df75b67a37836d46ff5aaad428bd3\";cart|O:12:\"shoppingCart\":4:{s:8:\"contents\";a:0:{}s:5:\"total\";i:0;s:6:\"weight\";i:0;s:12:\"content_type\";b:0;}language|s:7:\"english\";languages_id|s:1:\"1\";currency|s:3:\"USD\";navigation|O:17:\"navigationHistory\":2:{s:4:\"path\";a:1:{i:0;a:4:{s:4:\"page\";s:9:\"index.php\";s:4:\"mode\";s:6:\"NONSSL\";s:3:\"get\";a:4:{s:5:\"cPath\";s:1:\"1\";s:4:\"page\";s:1:\"1\";s:4:\"sort\";s:2:\"2a\";s:6:\"osCsid\";s:32:\"fb5804ba9686b42c5e8b77ba73a3096b\";}s:4:\"post\";a:0:{}}}s:8:\"snapshot\";a:0:{}}');

--
-- Table structure for table `specials`
--

CREATE TABLE `specials` (
  `specials_id` int(11) NOT NULL AUTO_INCREMENT,
  `products_id` int(11) NOT NULL,
  `specials_new_products_price` decimal(15,4) NOT NULL,
  `specials_date_added` datetime DEFAULT NULL,
  `specials_last_modified` datetime DEFAULT NULL,
  `expires_date` datetime DEFAULT NULL,
  `date_status_change` datetime DEFAULT NULL,
  `status` int(1) NOT NULL DEFAULT '1',
  PRIMARY KEY (`specials_id`),
  KEY `idx_specials_products_id` (`products_id`)
) ENGINE=InnoDB DEFAULT CHARSET=latin1;

--
-- Dumping data for table `specials`
--


--
-- Table structure for table `tax_class`
--

CREATE TABLE `tax_class` (
  `tax_class_id` int(11) NOT NULL AUTO_INCREMENT,
  `tax_class_title` varchar(32) NOT NULL,
  `tax_class_description` varchar(255) NOT NULL,
  `last_modified` datetime DEFAULT NULL,
  `date_added` datetime NOT NULL,
  PRIMARY KEY (`tax_class_id`)
) ENGINE=InnoDB AUTO_INCREMENT=2 DEFAULT CHARSET=latin1;

--
-- Dumping data for table `tax_class`
--

INSERT INTO `tax_class` VALUES (1,'Taxable Goods','The following types of products are included non-food, services, etc','2013-01-09 04:31:11','2013-01-09 04:31:11');

--
-- Table structure for table `tax_rates`
--

CREATE TABLE `tax_rates` (
  `tax_rates_id` int(11) NOT NULL AUTO_INCREMENT,
  `tax_zone_id` int(11) NOT NULL,
  `tax_class_id` int(11) NOT NULL,
  `tax_priority` int(5) DEFAULT '1',
  `tax_rate` decimal(7,4) NOT NULL,
  `tax_description` varchar(255) NOT NULL,
  `last_modified` datetime DEFAULT NULL,
  `date_added` datetime NOT NULL,
  PRIMARY KEY (`tax_rates_id`)
) ENGINE=InnoDB AUTO_INCREMENT=2 DEFAULT CHARSET=latin1;

--
-- Dumping data for table `tax_rates`
--

INSERT INTO `tax_rates` VALUES (1,1,1,1,7.0000,'FL TAX 7.0%','2013-01-09 04:31:11','2013-01-09 04:31:11');

--
-- Table structure for table `whos_online`
--

CREATE TABLE `whos_online` (
  `customer_id` int(11) DEFAULT NULL,
  `full_name` varchar(255) NOT NULL,
  `session_id` varchar(128) NOT NULL,
  `ip_address` varchar(15) NOT NULL,
  `time_entry` varchar(14) NOT NULL,
  `time_last_click` varchar(14) NOT NULL,
  `last_page_url` text NOT NULL
) ENGINE=InnoDB DEFAULT CHARSET=latin1;

--
-- Dumping data for table `whos_online`
--

INSERT INTO `whos_online` VALUES (0,'Guest','9136adb464940e4917d92f6f0f95a975','164.132.161.80','1468496939','1468496939','/catalog/product_info.php/cPath/22_27/products_id/72/osCsid/9136adb464940e4917d92f6f0f95a975'),(0,'Guest','2c76cfe596b4807987500102e0abe859','151.80.31.163','1468497263','1468497263','/catalog/index.php/cPath/2/osCsid/2c76cfe596b4807987500102e0abe859');

--
-- Table structure for table `zones`
--

CREATE TABLE `zones` (
  `zone_id` int(11) NOT NULL AUTO_INCREMENT,
  `zone_country_id` int(11) NOT NULL,
  `zone_code` varchar(32) NOT NULL,
  `zone_name` varchar(255) NOT NULL,
  PRIMARY KEY (`zone_id`),
  KEY `idx_zones_country_id` (`zone_country_id`)
) ENGINE=InnoDB AUTO_INCREMENT=182 DEFAULT CHARSET=latin1;

--
-- Dumping data for table `zones`
--

INSERT INTO `zones` VALUES (1,223,'AL','Alabama'),(2,223,'AK','Alaska'),(3,223,'AS','American Samoa'),(4,223,'AZ','Arizona'),(5,223,'AR','Arkansas'),(6,223,'AF','Armed Forces Africa'),(7,223,'AA','Armed Forces Americas'),(8,223,'AC','Armed Forces Canada'),(9,223,'AE','Armed Forces Europe'),(10,223,'AM','Armed Forces Middle East'),(11,223,'AP','Armed Forces Pacific'),(12,223,'CA','California'),(13,223,'CO','Colorado'),(14,223,'CT','Connecticut'),(15,223,'DE','Delaware'),(16,223,'DC','District of Columbia'),(17,223,'FM','Federated States Of Micronesia'),(18,223,'FL','Florida'),(19,223,'GA','Georgia'),(20,223,'GU','Guam'),(21,223,'HI','Hawaii'),(22,223,'ID','Idaho'),(23,223,'IL','Illinois'),(24,223,'IN','Indiana'),(25,223,'IA','Iowa'),(26,223,'KS','Kansas'),(27,223,'KY','Kentucky'),(28,223,'LA','Louisiana'),(29,223,'ME','Maine'),(30,223,'MH','Marshall Islands'),(31,223,'MD','Maryland'),(32,223,'MA','Massachusetts'),(33,223,'MI','Michigan'),(34,223,'MN','Minnesota'),(35,223,'MS','Mississippi'),(36,223,'MO','Missouri'),(37,223,'MT','Montana'),(38,223,'NE','Nebraska'),(39,223,'NV','Nevada'),(40,223,'NH','New Hampshire'),(41,223,'NJ','New Jersey'),(42,223,'NM','New Mexico'),(43,223,'NY','New York'),(44,223,'NC','North Carolina'),(45,223,'ND','North Dakota'),(46,223,'MP','Northern Mariana Islands'),(47,223,'OH','Ohio'),(48,223,'OK','Oklahoma'),(49,223,'OR','Oregon'),(50,223,'PW','Palau'),(51,223,'PA','Pennsylvania'),(52,223,'PR','Puerto Rico'),(53,223,'RI','Rhode Island'),(54,223,'SC','South Carolina'),(55,223,'SD','South Dakota'),(56,223,'TN','Tennessee'),(57,223,'TX','Texas'),(58,223,'UT','Utah'),(59,223,'VT','Vermont'),(60,223,'VI','Virgin Islands'),(61,223,'VA','Virginia'),(62,223,'WA','Washington'),(63,223,'WV','West Virginia'),(64,223,'WI','Wisconsin'),(65,223,'WY','Wyoming'),(66,38,'AB','Alberta'),(67,38,'BC','British Columbia'),(68,38,'MB','Manitoba'),(69,38,'NF','Newfoundland'),(70,38,'NB','New Brunswick'),(71,38,'NS','Nova Scotia'),(72,38,'NT','Northwest Territories'),(73,38,'NU','Nunavut'),(74,38,'ON','Ontario'),(75,38,'PE','Prince Edward Island'),(76,38,'QC','Quebec'),(77,38,'SK','Saskatchewan'),(78,38,'YT','Yukon Territory'),(79,81,'NDS','Niedersachsen'),(80,81,'BAW','Baden-Württemberg'),(81,81,'BAY','Bayern'),(82,81,'BER','Berlin'),(83,81,'BRG','Brandenburg'),(84,81,'BRE','Bremen'),(85,81,'HAM','Hamburg'),(86,81,'HES','Hessen'),(87,81,'MEC','Mecklenburg-Vorpommern'),(88,81,'NRW','Nordrhein-Westfalen'),(89,81,'RHE','Rheinland-Pfalz'),(90,81,'SAR','Saarland'),(91,81,'SAS','Sachsen'),(92,81,'SAC','Sachsen-Anhalt'),(93,81,'SCN','Schleswig-Holstein'),(94,81,'THE','Thüringen'),(95,14,'WI','Wien'),(96,14,'NO','Niederösterreich'),(97,14,'OO','Oberösterreich'),(98,14,'SB','Salzburg'),(99,14,'KN','Kärnten'),(100,14,'ST','Steiermark'),(101,14,'TI','Tirol'),(102,14,'BL','Burgenland'),(103,14,'VB','Voralberg'),(104,204,'AG','Aargau'),(105,204,'AI','Appenzell Innerrhoden'),(106,204,'AR','Appenzell Ausserrhoden'),(107,204,'BE','Bern'),(108,204,'BL','Basel-Landschaft'),(109,204,'BS','Basel-Stadt'),(110,204,'FR','Freiburg'),(111,204,'GE','Genf'),(112,204,'GL','Glarus'),(113,204,'JU','Graubünden'),(114,204,'JU','Jura'),(115,204,'LU','Luzern'),(116,204,'NE','Neuenburg'),(117,204,'NW','Nidwalden'),(118,204,'OW','Obwalden'),(119,204,'SG','St. Gallen'),(120,204,'SH','Schaffhausen'),(121,204,'SO','Solothurn'),(122,204,'SZ','Schwyz'),(123,204,'TG','Thurgau'),(124,204,'TI','Tessin'),(125,204,'UR','Uri'),(126,204,'VD','Waadt'),(127,204,'VS','Wallis'),(128,204,'ZG','Zug'),(129,204,'ZH','Zürich'),(130,195,'A Coruña','A Coruña'),(131,195,'Alava','Alava'),(132,195,'Albacete','Albacete'),(133,195,'Alicante','Alicante'),(134,195,'Almeria','Almeria'),(135,195,'Asturias','Asturias'),(136,195,'Avila','Avila'),(137,195,'Badajoz','Badajoz'),(138,195,'Baleares','Baleares'),(139,195,'Barcelona','Barcelona'),(140,195,'Burgos','Burgos'),(141,195,'Caceres','Caceres'),(142,195,'Cadiz','Cadiz'),(143,195,'Cantabria','Cantabria'),(144,195,'Castellon','Castellon'),(145,195,'Ceuta','Ceuta'),(146,195,'Ciudad Real','Ciudad Real'),(147,195,'Cordoba','Cordoba'),(148,195,'Cuenca','Cuenca'),(149,195,'Girona','Girona'),(150,195,'Granada','Granada'),(151,195,'Guadalajara','Guadalajara'),(152,195,'Guipuzcoa','Guipuzcoa'),(153,195,'Huelva','Huelva'),(154,195,'Huesca','Huesca'),(155,195,'Jaen','Jaen'),(156,195,'La Rioja','La Rioja'),(157,195,'Las Palmas','Las Palmas'),(158,195,'Leon','Leon'),(159,195,'Lleida','Lleida'),(160,195,'Lugo','Lugo'),(161,195,'Madrid','Madrid'),(162,195,'Malaga','Malaga'),(163,195,'Melilla','Melilla'),(164,195,'Murcia','Murcia'),(165,195,'Navarra','Navarra'),(166,195,'Ourense','Ourense'),(167,195,'Palencia','Palencia'),(168,195,'Pontevedra','Pontevedra'),(169,195,'Salamanca','Salamanca'),(170,195,'Santa Cruz de Tenerife','Santa Cruz de Tenerife'),(171,195,'Segovia','Segovia'),(172,195,'Sevilla','Sevilla'),(173,195,'Soria','Soria'),(174,195,'Tarragona','Tarragona'),(175,195,'Teruel','Teruel'),(176,195,'Toledo','Toledo'),(177,195,'Valencia','Valencia'),(178,195,'Valladolid','Valladolid'),(179,195,'Vizcaya','Vizcaya'),(180,195,'Zamora','Zamora'),(181,195,'Zaragoza','Zaragoza');

--
-- Table structure for table `zones_to_geo_zones`
--

CREATE TABLE `zones_to_geo_zones` (
  `association_id` int(11) NOT NULL AUTO_INCREMENT,
  `zone_country_id` int(11) NOT NULL,
  `zone_id` int(11) DEFAULT NULL,
  `geo_zone_id` int(11) DEFAULT NULL,
  `last_modified` datetime DEFAULT NULL,
  `date_added` datetime NOT NULL,
  PRIMARY KEY (`association_id`),
  KEY `idx_zones_to_geo_zones_country_id` (`zone_country_id`)
) ENGINE=InnoDB AUTO_INCREMENT=2 DEFAULT CHARSET=latin1;

--
-- Dumping data for table `zones_to_geo_zones`
--

INSERT INTO `zones_to_geo_zones` VALUES (1,223,18,1,NULL,'2013-01-09 04:31:11');

--
-- Dumping events for database 'terriannd'
--

--
-- Dumping routines for database 'terriannd'
--


