--
-- Host: localhost    Database: versevision
-- ------------------------------------------------------


--
-- Table structure for table `Category`
--

CREATE TABLE `Category` (
  `ID` int(11) NOT NULL AUTO_INCREMENT,
  `protected` int(11) NOT NULL DEFAULT '0',
  `display` int(11) NOT NULL DEFAULT '0',
  `next` int(11) NOT NULL DEFAULT '0',
  `child` int(11) NOT NULL DEFAULT '0',
  `description` blob,
  `short_description` blob,
  `name` varchar(255) DEFAULT NULL,
  `image` varchar(255) DEFAULT NULL,
  `old_id` smallint(4) NOT NULL DEFAULT '0',
  PRIMARY KEY (`ID`),
  KEY `ID` (`ID`)
) ENGINE=MyISAM AUTO_INCREMENT=4 DEFAULT CHARSET=latin1;

--
-- Dumping data for table `Category`
--

INSERT INTO `Category` VALUES (1,0,0,0,2,NULL,NULL,'Top Level',NULL,0),(2,0,3,3,0,'',NULL,'Verse Apparel','john19_skull.jpg',0),(3,0,8,0,0,'',NULL,'Verse Imagery','bridge-10x13.jpg',0);

--
-- Table structure for table `Inventory`
--

CREATE TABLE `Inventory` (
  `ID` int(11) NOT NULL AUTO_INCREMENT,
  `productID` int(11) NOT NULL DEFAULT '0',
  `categoryID` int(11) NOT NULL DEFAULT '0',
  PRIMARY KEY (`ID`),
  KEY `categoryID` (`categoryID`),
  KEY `ID` (`ID`)
) ENGINE=MyISAM AUTO_INCREMENT=208 DEFAULT CHARSET=latin1;

--
-- Dumping data for table `Inventory`
--

INSERT INTO `Inventory` VALUES (202,1,3),(201,2,3),(200,3,3),(199,4,3),(198,5,3),(197,6,3),(196,7,3),(195,8,3),(194,9,3),(193,10,3),(192,11,3),(191,12,3),(190,13,3),(189,14,3),(188,15,3),(187,16,3),(172,17,2),(205,19,2),(207,20,2),(184,21,2),(177,24,2),(206,23,2),(178,26,2),(179,27,2),(180,28,2),(181,29,2),(183,30,2),(182,31,2);

--
-- Table structure for table `Invoice`
--

CREATE TABLE `Invoice` (
  `ID` int(11) NOT NULL AUTO_INCREMENT,
  `date` datetime DEFAULT NULL,
  `purchasedby` int(11) NOT NULL DEFAULT '0',
  `deliverto` int(11) NOT NULL DEFAULT '0',
  `processed` int(11) NOT NULL DEFAULT '0',
  `shiptype` varchar(50) DEFAULT NULL,
  `shipcost` double(8,2) NOT NULL DEFAULT '0.00',
  `comment` blob,
  `cart_total` double(8,2) DEFAULT NULL,
  `tax` double(8,2) DEFAULT NULL,
  PRIMARY KEY (`ID`),
  KEY `ID` (`ID`)
) ENGINE=MyISAM DEFAULT CHARSET=latin1;

--
-- Dumping data for table `Invoice`
--


--
-- Table structure for table `Page`
--

CREATE TABLE `Page` (
  `ID` int(11) NOT NULL AUTO_INCREMENT,
  `body` blob,
  `template` int(11) NOT NULL DEFAULT '0',
  `type` int(11) NOT NULL DEFAULT '0',
  `image` varchar(255) DEFAULT NULL,
  `label` varchar(50) DEFAULT NULL,
  `featured` varchar(255) DEFAULT NULL,
  `title` varchar(255) DEFAULT NULL,
  `linkname` varchar(50) DEFAULT NULL,
  `link` varchar(255) DEFAULT NULL,
  PRIMARY KEY (`ID`),
  KEY `ID` (`ID`)
) ENGINE=MyISAM AUTO_INCREMENT=4 DEFAULT CHARSET=latin1;

--
-- Dumping data for table `Page`
--

INSERT INTO `Page` VALUES (1,'<br><br>\r\n<center>\r\n<img align=\"center\" src=\"Images/VERSE.png\" alt=\"verse\">\r\n</center>\r\n<br>\r\n\r\n<a href=\"http://www.versevision.com/pk4/store.pl?section=2\">\r\n<img align=\"left\" src=\"Images/ADesign.png\" alt=\"apparel design\" width=\"300\" height=\"200\" border=\"0\">\r\n</a>\r\n\r\n<a href=\"http://www.versevision.com/pk4/store.pl?section=3\">\r\n<img align=\"right\" src=\"Images/Photog.png\" alt=\"photography\" width=\"300\" height=\"200\" border=\"0\">\r\n</a>\r\n',6,0,'','','','',NULL,NULL),(2,'   <DIV align=\"center\">verse is a   dedicated vision with a simple goal - to spread the gospel of Christ through   visual media</DIV>\r\n\r\n        <TABLE width=\"750\" align=\"center\" cellPadding=\"5\" cellSpacing=\"0\">\r\n          <TBODY>\r\n            <TR>\r\n              <TD vAlign=\"top\" colSpan=\"3\"><H2><IMG title=\"\" alt=\"\" src=\"Images/worship_thru_photography.png\" width=\"600\" height=\"80\"></H2></TD>\r\n            </TR>\r\n            <TR>\r\n              <TD vAlign=\"top\" colSpan=\"3\"><p>A great ambition for us at Verse is to   capture the endless beauty of the world God has created for us.  A perfect   creator has preordained every blade of grass to grow where it may and every hue   of each arriving day to breach the horizon.  Our burning desire is to find and   document His reflection here on Earth, but even If we dedicated our lives to   capturing His glory through creation, surely, we would fall far   short.</p></TD>\r\n            </TR>\r\n            <TR>\r\n              <TD vAlign=\"top\" width=\"33%\" align=\"middle\"><IMG title=\"\" alt=\"\" vspace=\"5\" src=\"Images/heavensvvsm2.jpg\" width=\"180\" height=\"120\"> </TD>\r\n              <TD vAlign=\"top\" align=\"middle\"><IMG title=\"\" alt=\"\" vspace=\"5\" src=\"Images/saltvvsm.jpg\" width=\"180\" height=\"120\"></TD>\r\n              <TD vAlign=\"top\" align=\"middle\"><IMG title=\"\" alt=\"\" vspace=\"5\" src=\"Images/sunflowervvsm.jpg\" width=\"180\" height=\"120\"></TD>\r\n            </TR>\r\n            <TR>\r\n              <TD height=\"20\" colSpan=\"3\"><BR></TD>\r\n            </TR>\r\n          </TBODY>\r\n</TABLE>\r\n      </DIV></TD>\r\n    </TR>\r\n    <TR>\r\n      <TD vAlign=\"top\" align=\"left\"><DIV>\r\n        <TABLE width=\"750\" align=\"center\" cellPadding=\"10\" cellSpacing=\"0\">\r\n          <TBODY>\r\n            <TR>\r\n              <TD vAlign=\"top\" colSpan=\"2\"><H2><IMG title=\"\" alt=\"\" src=\"Images/evangelism_thru_apparel.png\" width=\"600\" height=\"80\"><BR>\r\n              </H2></TD>\r\n            </TR>\r\n            <TR>\r\n              <TD vAlign=\"top\"><DIV><IMG title=\"\" hspace=\"10\" alt=\"\" src=\"Images/proverbs-423-printweb.png\" width=\"200\" height=\"100\"></DIV></TD>\r\n              <TD vAlign=\"top\" width=\"99%\"><p>Our most pressing goal at Verse is to   spread the word of God among young adults. We believe that clothing based upon   scriptural concepts is an excellent evangelical tool. The aim is to ignite   interest in the messages each shirt delivers and ultimately, bring the   life-saving message of Christ to many.</p></TD>\r\n            </TR>\r\n            <TR>\r\n              <TD vAlign=\"top\" colSpan=\"2\" align=\"left\"><IMG title=\"\" alt=\"\" align=\"right\" src=\"Images/vslashv.png\" width=\"435\" height=\"141\"><BR></TD>\r\n            </TR>\r\n          </TBODY>\r\n        </TABLE>',4,1,'',NULL,NULL,'About Verse','About Verse',NULL),(3,'9/10/9 Versevision.com is here\r\n<br><br>\r\n12/4/9 Crossroads gun show\r\n\r\n<br><br> <br><br> <br><br> <br><br> <br><br> ',4,1,'',NULL,NULL,'News & Events','News & Events',NULL);

--
-- Table structure for table `Product`
--

CREATE TABLE `Product` (
  `ID` int(11) NOT NULL AUTO_INCREMENT,
  `name` varchar(100) DEFAULT NULL,
  `sku` varchar(30) DEFAULT NULL,
  `short_description` blob,
  `linkname` varchar(50) DEFAULT NULL,
  `link` blob,
  `alloworder` smallint(6) DEFAULT NULL,
  `instock` smallint(6) DEFAULT NULL,
  `label1` varchar(50) DEFAULT NULL,
  `label2` varchar(50) DEFAULT NULL,
  `price` double(8,2) NOT NULL DEFAULT '0.00',
  `list1` longblob,
  `list2` longblob,
  `image` varchar(255) DEFAULT NULL,
  `prices` longblob,
  `weight` double(8,4) NOT NULL DEFAULT '0.0000',
  `display` int(11) NOT NULL DEFAULT '0',
  `quantity` int(11) NOT NULL DEFAULT '0',
  `long_description` blob,
  `shipcost` float(10,2) NOT NULL DEFAULT '0.00',
  `number` smallint(6) NOT NULL DEFAULT '0',
  `notax` smallint(6) NOT NULL DEFAULT '0',
  `inactive` smallint(6) DEFAULT NULL,
  PRIMARY KEY (`ID`),
  KEY `ID` (`ID`)
) ENGINE=MyISAM AUTO_INCREMENT=32 DEFAULT CHARSET=latin1;

--
-- Dumping data for table `Product`
--

INSERT INTO `Product` VALUES (1,'Psalm 119:105','PS119','Psalm 119:105',NULL,NULL,0,1,'Size','',19.99,'10x13','','bridge-10x13.jpg','',0.0000,1,1,'<B>Your word is a lamp to my feet\r\n<br>\r\nAnd a light to my path.</B>\r\n\r\n<form target=\"paypal\" action=\"https://www.paypal.com/cgi-bin/webscr\" method=\"post\">\r\n<input type=\"hidden\" name=\"cmd\" value=\"_s-xclick\">\r\n<input type=\"hidden\" name=\"hosted_button_id\" value=\"10458751\">\r\n<table>\r\n<tr><td><input type=\"hidden\" name=\"on0\" value=\"Size\">Size</td></tr><tr><td><select name=\"os0\">\r\n	<option value=\"10x13\">10x13 $19.99</option>\r\n</select> </td></tr>\r\n</table>\r\n<input type=\"hidden\" name=\"currency_code\" value=\"USD\">\r\n<input type=\"image\" src=\"https://www.paypal.com/en_US/i/btn/btn_cart_LG.gif\" border=\"0\" name=\"submit\" alt=\"PayPal - The safer, easier way to pay online!\">\r\n<img alt=\"\" border=\"0\" src=\"https://www.paypal.com/en_US/i/scr/pixel.gif\" width=\"1\" height=\"1\">\r\n</form>\r\n\r\n\r\n<br><br><br>\r\nCOMING SOON: <br>\r\nAll prints will be available for purchase on canvas<br>\r\nHandcrafted, image-specific wood frames \r\n',0.00,1,0,NULL),(2,'Matthew 6:30','MT630','Matthew 6:30',NULL,NULL,0,1,'Size','',19.99,'10x13','','dew-grass-10x13.jpg','',0.0000,1,1,'<B>Now if God so clothes the grass of the field, which today is, and tomorrow is thrown into the oven,\r\n<br>\r\nwill He not much more clothe you, O you of little faith?</B>\r\n\r\n\r\n<form target=\"paypal\" action=\"https://www.paypal.com/cgi-bin/webscr\" method=\"post\">\r\n<input type=\"hidden\" name=\"cmd\" value=\"_s-xclick\">\r\n<input type=\"hidden\" name=\"hosted_button_id\" value=\"10458728\">\r\n<table>\r\n<tr><td><input type=\"hidden\" name=\"on0\" value=\"Size\">Size</td></tr><tr><td><select name=\"os0\">\r\n	<option value=\"10x13\">10x13 $19.99</option>\r\n</select> </td></tr>\r\n</table>\r\n<input type=\"hidden\" name=\"currency_code\" value=\"USD\">\r\n<input type=\"image\" src=\"https://www.paypal.com/en_US/i/btn/btn_cart_LG.gif\" border=\"0\" name=\"submit\" alt=\"PayPal - The safer, easier way to pay online!\">\r\n<img alt=\"\" border=\"0\" src=\"https://www.paypal.com/en_US/i/scr/pixel.gif\" width=\"1\" height=\"1\">\r\n</form>\r\n\r\n\r\n<br><br><br>\r\nCOMING SOON: <br>\r\nAll prints will be available for purchase on canvas<br>\r\nHandcrafted, image-specific wood frames \r\n',0.00,2,0,NULL),(3,'Philippians 3:14','PHIL314','Philippians 3:14 ',NULL,NULL,0,1,'Size','',19.99,'10x13','','dock-10x13.jpg','',0.0000,1,1,'<B>I press toward the goal for the prize of the upward call of God in Christ Jesus. </B>\r\n\r\n<form target=\"paypal\" action=\"https://www.paypal.com/cgi-bin/webscr\" method=\"post\">\r\n<input type=\"hidden\" name=\"cmd\" value=\"_s-xclick\">\r\n<input type=\"hidden\" name=\"hosted_button_id\" value=\"10458712\">\r\n<table>\r\n<tr><td><input type=\"hidden\" name=\"on0\" value=\"Size\">Size</td></tr><tr><td><select name=\"os0\">\r\n	<option value=\"10x13\">10x13 $19.99</option>\r\n</select> </td></tr>\r\n</table>\r\n<input type=\"hidden\" name=\"currency_code\" value=\"USD\">\r\n<input type=\"image\" src=\"https://www.paypal.com/en_US/i/btn/btn_cart_LG.gif\" border=\"0\" name=\"submit\" alt=\"PayPal - The safer, easier way to pay online!\">\r\n<img alt=\"\" border=\"0\" src=\"https://www.paypal.com/en_US/i/scr/pixel.gif\" width=\"1\" height=\"1\">\r\n</form>\r\n\r\n\r\n<br><br><br>\r\nCOMING SOON: <br>\r\nAll prints will be available for purchase on canvas<br>\r\nHandcrafted, image-specific wood frames \r\n',0.00,3,0,NULL),(4,'Psalm 66:4','PS664','Psalm 66:4',NULL,NULL,0,1,'Size','',19.99,'10x13','','flower-sun-10x13.jpg','',0.0000,1,1,'<B>All the earth shall worship you And sing praises to you.\r\n<br>\r\nThey shall sing praises to your name.</B>\r\n\r\n<form target=\"paypal\" action=\"https://www.paypal.com/cgi-bin/webscr\" method=\"post\">\r\n<input type=\"hidden\" name=\"cmd\" value=\"_s-xclick\">\r\n<input type=\"hidden\" name=\"hosted_button_id\" value=\"10458690\">\r\n<table>\r\n<tr><td><input type=\"hidden\" name=\"on0\" value=\"Size\">Size</td></tr><tr><td><select name=\"os0\">\r\n	<option value=\"10x13\">10x13 $19.99</option>\r\n</select> </td></tr>\r\n</table>\r\n<input type=\"hidden\" name=\"currency_code\" value=\"USD\">\r\n<input type=\"image\" src=\"https://www.paypal.com/en_US/i/btn/btn_cart_LG.gif\" border=\"0\" name=\"submit\" alt=\"PayPal - The safer, easier way to pay online!\">\r\n<img alt=\"\" border=\"0\" src=\"https://www.paypal.com/en_US/i/scr/pixel.gif\" width=\"1\" height=\"1\">\r\n</form>\r\n\r\n\r\n<br><br><br>\r\nCOMING SOON: <br>\r\nAll prints will be available for purchase on canvas<br>\r\nHandcrafted, image-specific wood frames \r\n',0.00,4,0,NULL),(5,'Proverbs 14:27','PR1427','Proverbs 14:27',NULL,NULL,0,1,'Size','',19.99,'10x13','','fountain-final-10x13.jpg','',0.0000,1,1,'<B>The fear of the LORD is a founatin of life to turn one away from the snares of death.</B>\r\n\r\n<form target=\"paypal\" action=\"https://www.paypal.com/cgi-bin/webscr\" method=\"post\">\r\n<input type=\"hidden\" name=\"cmd\" value=\"_s-xclick\">\r\n<input type=\"hidden\" name=\"hosted_button_id\" value=\"10458679\">\r\n<table>\r\n<tr><td><input type=\"hidden\" name=\"on0\" value=\"Size\">Size</td></tr><tr><td><select name=\"os0\">\r\n	<option value=\"10x13\">10x13 $19.99</option>\r\n</select> </td></tr>\r\n</table>\r\n<input type=\"hidden\" name=\"currency_code\" value=\"USD\">\r\n<input type=\"image\" src=\"https://www.paypal.com/en_US/i/btn/btn_cart_LG.gif\" border=\"0\" name=\"submit\" alt=\"PayPal - The safer, easier way to pay online!\">\r\n<img alt=\"\" border=\"0\" src=\"https://www.paypal.com/en_US/i/scr/pixel.gif\" width=\"1\" height=\"1\">\r\n</form>\r\n\r\n\r\n<br><br><br>\r\nCOMING SOON: <br>\r\nAll prints will be available for purchase on canvas<br>\r\nHandcrafted, image-specific wood frames \r\n',0.00,5,0,NULL),(6,'1 Peter 1:24','IP124','1 Peter 1:24 ',NULL,NULL,0,1,'Size','',19.99,'10x13','','grass-10x13.jpg','',0.0000,1,1,'<B>...The grass withers and the flowers fall off, but the word of God stands forever.</B>\r\n\r\n<form target=\"paypal\" action=\"https://www.paypal.com/cgi-bin/webscr\" method=\"post\">\r\n<input type=\"hidden\" name=\"cmd\" value=\"_s-xclick\">\r\n<input type=\"hidden\" name=\"hosted_button_id\" value=\"10458661\">\r\n<table>\r\n<tr><td><input type=\"hidden\" name=\"on0\" value=\"Size\">Size</td></tr><tr><td><select name=\"os0\">\r\n	<option value=\"10x13\">10x13 $19.99</option>\r\n</select> </td></tr>\r\n</table>\r\n<input type=\"hidden\" name=\"currency_code\" value=\"USD\">\r\n<input type=\"image\" src=\"https://www.paypal.com/en_US/i/btn/btn_cart_LG.gif\" border=\"0\" name=\"submit\" alt=\"PayPal - The safer, easier way to pay online!\">\r\n<img alt=\"\" border=\"0\" src=\"https://www.paypal.com/en_US/i/scr/pixel.gif\" width=\"1\" height=\"1\">\r\n</form>\r\n\r\n\r\n<br><br><br>\r\nCOMING SOON: <br>\r\nAll prints will be available for purchase on canvas<br>\r\nHandcrafted, image-specific wood frames \r\n',0.00,6,0,NULL),(7,'Psalm 19:1','PS1191','Psalm 19:1 ',NULL,NULL,0,1,'Size','',19.99,'10x13','','heavens-10x13.jpg','',0.0000,1,1,'<B>The heavens declare the glory of God; the skies proclaim the work of his hands.</B>\r\n\r\n<form target=\"paypal\" action=\"https://www.paypal.com/cgi-bin/webscr\" method=\"post\">\r\n<input type=\"hidden\" name=\"cmd\" value=\"_s-xclick\">\r\n<input type=\"hidden\" name=\"hosted_button_id\" value=\"10458646\">\r\n<table>\r\n<tr><td><input type=\"hidden\" name=\"on0\" value=\"Size\">Size</td></tr><tr><td><select name=\"os0\">\r\n	<option value=\"10x13\">10x13 $19.99</option>\r\n</select> </td></tr>\r\n</table>\r\n<input type=\"hidden\" name=\"currency_code\" value=\"USD\">\r\n<input type=\"image\" src=\"https://www.paypal.com/en_US/i/btn/btn_cart_LG.gif\" border=\"0\" name=\"submit\" alt=\"PayPal - The safer, easier way to pay online!\">\r\n<img alt=\"\" border=\"0\" src=\"https://www.paypal.com/en_US/i/scr/pixel.gif\" width=\"1\" height=\"1\">\r\n</form>\r\n\r\n\r\n<br><br><br>\r\nCOMING SOON: <br>\r\nAll prints will be avaiable for purchase on canvas<br>\r\nHandcrafted, image-specific wood frames ',0.00,7,0,NULL),(8,'Psalm 104:24','PS104','Psalm 104:24 ',NULL,NULL,0,1,'Size','',19.99,'10x13','','hummingbird-10x13.jpg','',0.0000,1,1,'<B>How many are your works, O LORD! \r\n<br>\r\nIn wisdom you made them all; the earth is full of your creatures.</B>\r\n\r\n<form target=\"paypal\" action=\"https://www.paypal.com/cgi-bin/webscr\" method=\"post\">\r\n<input type=\"hidden\" name=\"cmd\" value=\"_s-xclick\">\r\n<input type=\"hidden\" name=\"hosted_button_id\" value=\"10458614\">\r\n<table>\r\n<tr><td><input type=\"hidden\" name=\"on0\" value=\"Size\">Size</td></tr><tr><td><select name=\"os0\">\r\n	<option value=\"10x13\">10x13 $19.99</option>\r\n</select> </td></tr>\r\n</table>\r\n<input type=\"hidden\" name=\"currency_code\" value=\"USD\">\r\n<input type=\"image\" src=\"https://www.paypal.com/en_US/i/btn/btn_cart_LG.gif\" border=\"0\" name=\"submit\" alt=\"PayPal - The safer, easier way to pay online!\">\r\n<img alt=\"\" border=\"0\" src=\"https://www.paypal.com/en_US/i/scr/pixel.gif\" width=\"1\" height=\"1\">\r\n</form>\r\n\r\n\r\n<br><br><br>\r\nCOMING SOON: <br>\r\nAll prints will be avaiable for purchase on canvas<br>\r\nHandcrafted, image-specific wood frames ',0.00,8,0,NULL),(9,'Philippians 2:12','PHIL212','Philippians 2:12 ',NULL,NULL,0,1,'Size','',19.99,'10x13','','labor-10x13.jpg','',0.0000,1,1,'<B>So then, my beloved, just as you have always obeyed,\r\n<br>\r\nnot as in my presence only, but now much more in my absence,\r\n<br>\r\nwork out your salvation with fear and trembling;</B>\r\n\r\n<form target=\"paypal\" action=\"https://www.paypal.com/cgi-bin/webscr\" method=\"post\">\r\n<input type=\"hidden\" name=\"cmd\" value=\"_s-xclick\">\r\n<input type=\"hidden\" name=\"hosted_button_id\" value=\"10458598\">\r\n<table>\r\n<tr><td><input type=\"hidden\" name=\"on0\" value=\"Size\">Size</td></tr><tr><td><select name=\"os0\">\r\n	<option value=\"10x13\">10x13 $19.99</option>\r\n</select> </td></tr>\r\n</table>\r\n<input type=\"hidden\" name=\"currency_code\" value=\"USD\">\r\n<input type=\"image\" src=\"https://www.paypal.com/en_US/i/btn/btn_cart_LG.gif\" border=\"0\" name=\"submit\" alt=\"PayPal - The safer, easier way to pay online!\">\r\n<img alt=\"\" border=\"0\" src=\"https://www.paypal.com/en_US/i/scr/pixel.gif\" width=\"1\" height=\"1\">\r\n</form>\r\n\r\n\r\n<br><br><br>\r\nCOMING SOON: <br>\r\nAll prints will be avaiable for purchase on canvas<br>\r\nHandcrafted, image-specific wood frames ',0.00,9,0,NULL),(10,'Psalm 18:28','PS1828','Psalm 18:28',NULL,NULL,0,1,'Size','',19.99,'10x13','','light-10x13-img-merge-print-psalm.jpg','',0.0000,1,1,'<B>You, O LORD, keep my lamp burning;\r\n<br>my God turns my darkness into light.</B>\r\n\r\n<form target=\"paypal\" action=\"https://www.paypal.com/cgi-bin/webscr\" method=\"post\">\r\n<input type=\"hidden\" name=\"cmd\" value=\"_s-xclick\">\r\n<input type=\"hidden\" name=\"hosted_button_id\" value=\"10458577\">\r\n<table>\r\n<tr><td><input type=\"hidden\" name=\"on0\" value=\"Size\">Size</td></tr><tr><td><select name=\"os0\">\r\n	<option value=\"10x13\">10x13 $19.99</option>\r\n</select> </td></tr>\r\n</table>\r\n<input type=\"hidden\" name=\"currency_code\" value=\"USD\">\r\n<input type=\"image\" src=\"https://www.paypal.com/en_US/i/btn/btn_cart_LG.gif\" border=\"0\" name=\"submit\" alt=\"PayPal - The safer, easier way to pay online!\">\r\n<img alt=\"\" border=\"0\" src=\"https://www.paypal.com/en_US/i/scr/pixel.gif\" width=\"1\" height=\"1\">\r\n</form>\r\n\r\n\r\n<br><br><br>\r\nCOMING SOON: <br>\r\nAll prints will be avaiable for purchase on canvas<br>\r\nHandcrafted, image-specific wood frames ',0.00,10,0,NULL),(11,'Mark 11:22-23','MK11','Mark 11:22-23',NULL,NULL,0,1,'Size','',19.99,'10x13','','mountain-10x13.jpg','',0.0000,1,1,'<B> 22\"Have faith in God,\" Jesus answered.\r\n<br>\r\n23\"I tell you the truth, if anyone says to this mountain, \'Go, throw yourself into the sea,\' and does not doubt in his heart but believes that what he says will happen,\r\n<br>\r\nit will be done for him.</B>\r\n\r\n<form target=\"paypal\" action=\"https://www.paypal.com/cgi-bin/webscr\" method=\"post\">\r\n<input type=\"hidden\" name=\"cmd\" value=\"_s-xclick\">\r\n<input type=\"hidden\" name=\"hosted_button_id\" value=\"10458559\">\r\n<table>\r\n<tr><td><input type=\"hidden\" name=\"on0\" value=\"Size\">Size</td></tr><tr><td><select name=\"os0\">\r\n	<option value=\"10x13\">10x13 $19.99</option>\r\n</select> </td></tr>\r\n</table>\r\n<input type=\"hidden\" name=\"currency_code\" value=\"USD\">\r\n<input type=\"image\" src=\"https://www.paypal.com/en_US/i/btn/btn_cart_LG.gif\" border=\"0\" name=\"submit\" alt=\"PayPal - The safer, easier way to pay online!\">\r\n<img alt=\"\" border=\"0\" src=\"https://www.paypal.com/en_US/i/scr/pixel.gif\" width=\"1\" height=\"1\">\r\n</form>\r\n\r\n\r\n<br><br><br>\r\nCOMING SOON: <br>\r\nAll prints will be available for purchase on canvas<br>\r\nHandcrafted, image-specific wood frames \r\n',0.00,11,0,NULL),(12,'John 4:14','JN414','John 4:14',NULL,NULL,0,1,'Size','',19.99,'10x13','','river-10x13.jpg','',0.0000,1,1,'<B>but whoever drinks of the water that I shall give him will never thirst.\r\n<br>\r\nBut the water that I shall give him will become in him a fountain of water springing up into everlasting life.”</B>\r\n\r\n<form target=\"paypal\" action=\"https://www.paypal.com/cgi-bin/webscr\" method=\"post\">\r\n<input type=\"hidden\" name=\"cmd\" value=\"_s-xclick\">\r\n<input type=\"hidden\" name=\"hosted_button_id\" value=\"10458541\">\r\n<table>\r\n<tr><td><input type=\"hidden\" name=\"on0\" value=\"Size\">Size</td></tr><tr><td><select name=\"os0\">\r\n	<option value=\"10x13\">10x13 $19.99</option>\r\n</select> </td></tr>\r\n</table>\r\n<input type=\"hidden\" name=\"currency_code\" value=\"USD\">\r\n<input type=\"image\" src=\"https://www.paypal.com/en_US/i/btn/btn_cart_LG.gif\" border=\"0\" name=\"submit\" alt=\"PayPal - The safer, easier way to pay online!\">\r\n<img alt=\"\" border=\"0\" src=\"https://www.paypal.com/en_US/i/scr/pixel.gif\" width=\"1\" height=\"1\">\r\n</form>\r\n\r\n\r\n<br><br><br>\r\nCOMING SOON: <br>\r\nAll prints will be available for purchase on canvas<br>\r\nHandcrafted, image-specific wood frames \r\n',0.00,12,0,NULL),(13,'2 Corinthians 4:18','IICOR418','2 Corinthians 4:18',NULL,NULL,0,1,'Size','',19.99,'10x13','','sunflower-10x13.jpg','',0.0000,1,1,'<B>So we fix our eyes not on what is seen, but on what is unseen.\r\n<br>\r\nFor what is seen is temporary, but what is unseen is eternal.</B>\r\n\r\n<form target=\"paypal\" action=\"https://www.paypal.com/cgi-bin/webscr\" method=\"post\">\r\n<input type=\"hidden\" name=\"cmd\" value=\"_s-xclick\">\r\n<input type=\"hidden\" name=\"hosted_button_id\" value=\"10458522\">\r\n<table>\r\n<tr><td><input type=\"hidden\" name=\"on0\" value=\"Size\">Size</td></tr><tr><td><select name=\"os0\">\r\n	<option value=\"10x13\">10x13 $19.99</option>\r\n</select> </td></tr>\r\n</table>\r\n<input type=\"hidden\" name=\"currency_code\" value=\"USD\">\r\n<input type=\"image\" src=\"https://www.paypal.com/en_US/i/btn/btn_cart_LG.gif\" border=\"0\" name=\"submit\" alt=\"PayPal - The safer, easier way to pay online!\">\r\n<img alt=\"\" border=\"0\" src=\"https://www.paypal.com/en_US/i/scr/pixel.gif\" width=\"1\" height=\"1\">\r\n</form>\r\n\r\n\r\n\r\n<br><br><br>\r\n\r\nCOMING SOON: <br>\r\nAll prints will be available for purchase on canvas<br>\r\nHandcrafted, image-specific wood frames \r\n',0.00,13,0,NULL),(14,'Romans 12:2','ROM122','Romans 12:2',NULL,NULL,0,1,'Size','',19.99,'10x13','','transform-10x13.jpg','',0.0000,1,1,'<B>And do not be conformed to this world, but be transformed by the renewing of your mind,\r\n<br>\r\nthat you may prove what is that good and acceptable and perfect will of God.</B>\r\n\r\n<form target=\"paypal\" action=\"https://www.paypal.com/cgi-bin/webscr\" method=\"post\">\r\n<input type=\"hidden\" name=\"cmd\" value=\"_s-xclick\">\r\n<input type=\"hidden\" name=\"hosted_button_id\" value=\"10458496\">\r\n<table>\r\n<tr><td><input type=\"hidden\" name=\"on0\" value=\"Size\">Size</td></tr><tr><td><select name=\"os0\">\r\n	<option value=\"10x13\">10x13 $19.99</option>\r\n</select> </td></tr>\r\n</table>\r\n<input type=\"hidden\" name=\"currency_code\" value=\"USD\">\r\n<input type=\"image\" src=\"https://www.paypal.com/en_US/i/btn/btn_cart_LG.gif\" border=\"0\" name=\"submit\" alt=\"PayPal - The safer, easier way to pay online!\">\r\n<img alt=\"\" border=\"0\" src=\"https://www.paypal.com/en_US/i/scr/pixel.gif\" width=\"1\" height=\"1\">\r\n</form>\r\n\r\n\r\n<br><br><br>\r\nCOMING SOON: <br>\r\nAll prints will be available for purchase on canvas<br>\r\nHandcrafted, image-specific wood frames \r\n',0.00,14,0,NULL),(15,'Colossians 2:6-7','COL26','Colossians 2:6-7 ',NULL,NULL,0,1,'Size','',19.99,'10x13','','under-flower-10x13.jpg','',0.0000,1,1,'<B> 6So then, just as you received Christ Jesus as Lord, continue to live in him, \r\n<br>\r\n7rooted and built up in him, strengthened in the faith as you were taught, and overflowing with thankfulness.</B>\r\n\r\n<form target=\"paypal\" action=\"https://www.paypal.com/cgi-bin/webscr\" method=\"post\">\r\n<input type=\"hidden\" name=\"cmd\" value=\"_s-xclick\">\r\n<input type=\"hidden\" name=\"hosted_button_id\" value=\"10458465\">\r\n<table>\r\n<tr><td><input type=\"hidden\" name=\"on0\" value=\"Size\">Size</td></tr><tr><td><select name=\"os0\">\r\n	<option value=\"10x13\">10x13 $19.99</option>\r\n</select> </td></tr>\r\n</table>\r\n<input type=\"hidden\" name=\"currency_code\" value=\"USD\">\r\n<input type=\"image\" src=\"https://www.paypal.com/en_US/i/btn/btn_cart_LG.gif\" border=\"0\" name=\"submit\" alt=\"PayPal - The safer, easier way to pay online!\">\r\n<img alt=\"\" border=\"0\" src=\"https://www.paypal.com/en_US/i/scr/pixel.gif\" width=\"1\" height=\"1\">\r\n</form>\r\n\r\n\r\n<br><br><br>\r\nCOMING SOON: <br>\r\nAll prints will be available for purchase on canvas<br>\r\nHandcrafted, image-specific wood frames \r\n',0.00,15,0,NULL),(16,'Luke 17:33','LK17','Luke 17:33 ',NULL,NULL,0,1,'Size','',19.99,'10x13','','wood-10x13.jpg','',0.0000,1,1,'<B>Whoever tries to keep his life will lose it, and whoever loses his life will preserve it.</B>\r\n<form target=\"paypal\" action=\"https://www.paypal.com/cgi-bin/webscr\" method=\"post\">\r\n<input type=\"hidden\" name=\"cmd\" value=\"_s-xclick\">\r\n<input type=\"hidden\" name=\"hosted_button_id\" value=\"10458433\">\r\n<table>\r\n<tr><td><input type=\"hidden\" name=\"on0\" value=\"Size\">Size</td></tr><tr><td><select name=\"os0\">\r\n	<option value=\"10x13\">10x13 $19.99</option>\r\n</select> </td></tr>\r\n</table>\r\n<input type=\"hidden\" name=\"currency_code\" value=\"USD\">\r\n<input type=\"image\" src=\"https://www.paypal.com/en_US/i/btn/btn_cart_LG.gif\" border=\"0\" name=\"submit\" alt=\"PayPal - The safer, easier way to pay online!\">\r\n<img alt=\"\" border=\"0\" src=\"https://www.paypal.com/en_US/i/scr/pixel.gif\" width=\"1\" height=\"1\">\r\n</form>\r\n\r\n<br><br><br>\r\n\r\nCOMING SOON: <br>\r\nAll prints will be available for purchase on canvas<br>\r\nHandcrafted, image-specific wood frames \r\n',0.00,16,0,NULL),(17,'John 19','JN19','Chapter 19 of the book of John is John\'s account of the events leading up to and following Christ\'s crucifixion. In verse 17, Christ, \"Carrying his own cross, went out to the place of the Skull (which in Aramaic is called Golgotha).\"\r\n<br><br>\r\nThis shirt is printed on American Apparel 50/50. Click thumbnail for more views.',NULL,NULL,0,1,'Size','',18.00,'S, M, L','','john19_skull.jpg','',0.0000,1,1,'John 19<br><br>\r\n<a href=\"#\" onClick=\"showLargeimage(\'Images/john19_skull_back.jpg\');return false;\" style=\"cursor: pointer;\">View Back</a> \r\n<a href=\"#\" onClick=\"showLargeimage(\'Images/john19_skull.jpg\');return false;\" style=\"cursor: pointer;\">View Front</a>\r\n\r\n<form target=\"paypal\" action=\"https://www.paypal.com/cgi-bin/webscr\" method=\"post\">\r\n<input type=\"hidden\" name=\"cmd\" value=\"_s-xclick\">\r\n<input type=\"hidden\" name=\"hosted_button_id\" value=\"10444836\">\r\n<table>\r\n<tr><td><input type=\"hidden\" name=\"on0\" value=\"Size\">Size</td></tr><tr><td><select name=\"os0\">\r\n	<option value=\"Small\">Small $18.00</option>\r\n	<option value=\"Medium\">Medium $18.00</option>\r\n	<option value=\"Large\">Large $18.00</option>\r\n</select> </td></tr>\r\n</table>\r\n<input type=\"hidden\" name=\"currency_code\" value=\"USD\">\r\n<input type=\"image\" src=\"https://www.paypal.com/en_US/i/btn/btn_cart_LG.gif\" border=\"0\" name=\"submit\" alt=\"PayPal - The safer, easier way to pay online!\">\r\n<img alt=\"\" border=\"0\" src=\"https://www.paypal.com/en_US/i/scr/pixel.gif\" width=\"1\" height=\"1\">\r\n</form>\r\n',0.00,17,0,NULL),(19,'Shield T-Shirt','SLD','To take a stand for your faith is a concept every follower of Christ should know well. At Verse, we believe that to be successful in your spiritual battles, you must be prepared to fight them. \r\n<br>\r\nThe \"Verse Warrior\" series features themes for the Christian warrior and verses of instruction and encouragement for those fighting for faith.\r\n<br><br>\r\nPrinted on American Apparel 50/50. Click thumbnail for alternate views.',NULL,NULL,0,1,'Size','',18.00,'S, M, L','','shield.jpg','',0.0000,1,1,'<form target=\"paypal\" action=\"https://www.paypal.com/cgi-bin/webscr\" method=\"post\">\r\n<input type=\"hidden\" name=\"cmd\" value=\"_s-xclick\">\r\n<input type=\"hidden\" name=\"hosted_button_id\" value=\"10444860\">\r\n<table>\r\n<tr><td><input type=\"hidden\" name=\"on0\" value=\"Size\">Size</td></tr><tr><td><select name=\"os0\">\r\n	<option value=\"Small\">Small $18.00</option>\r\n	<option value=\"Medium\">Medium $18.00</option>\r\n	<option value=\"Large\">Large $18.00</option>\r\n</select> </td></tr>\r\n</table>\r\n<input type=\"hidden\" name=\"currency_code\" value=\"USD\">\r\n<input type=\"image\" src=\"https://www.paypal.com/en_US/i/btn/btn_cart_LG.gif\" border=\"0\" name=\"submit\" alt=\"PayPal - The safer, easier way to pay online!\">\r\n<img alt=\"\" border=\"0\" src=\"https://www.paypal.com/en_US/i/scr/pixel.gif\" width=\"1\" height=\"1\">\r\n</form>\r\n',0.00,19,0,NULL),(20,'John 3:17 T-Shirt','JN317','John 3:16 may be one of the most well known verses of the Bible, but the one which succeeds it is just as exciting. \r\n<br><br>\r\nPrinted on 100% cotton American Apparel Fine Jersey. Click thumbnail for alternate views.',NULL,NULL,0,1,'Size','',18.00,'S, M, L','','john317rear.jpg','',0.0000,1,1,'John 3:17<br>\r\n\r\n<a href=\"#\" onClick=\"showLargeimage(\'Images/john317rear.jpg\');return false;\" style=\"cursor: pointer;\">View Back</a> \r\n<a href=\"#\" onClick=\"showLargeimage(\'Images/john317.jpg\');return false;\" style=\"cursor: pointer;\">View Front</a>\r\n\r\n<form target=\"paypal\" action=\"https://www.paypal.com/cgi-bin/webscr\" method=\"post\">\r\n<input type=\"hidden\" name=\"cmd\" value=\"_s-xclick\">\r\n<input type=\"hidden\" name=\"hosted_button_id\" value=\"10444874\">\r\n<table>\r\n<tr><td><input type=\"hidden\" name=\"on0\" value=\"Size\">Size</td></tr><tr><td><select name=\"os0\">\r\n	<option value=\"Small\">Small $18.00</option>\r\n	<option value=\"Medium\">Medium $18.00</option>\r\n	<option value=\"Large\">Large $18.00</option>\r\n</select> </td></tr>\r\n</table>\r\n<input type=\"hidden\" name=\"currency_code\" value=\"USD\">\r\n<input type=\"image\" src=\"https://www.paypal.com/en_US/i/btn/btn_cart_LG.gif\" border=\"0\" name=\"submit\" alt=\"PayPal - The safer, easier way to pay online!\">\r\n<img alt=\"\" border=\"0\" src=\"https://www.paypal.com/en_US/i/scr/pixel.gif\" width=\"1\" height=\"1\">\r\n</form>\r\n\r\n',0.00,20,0,NULL),(21,'Verse','VS','Show your support with this Verse shirt. Only a few remain.\r\n<br><br>\r\nPrinted on American Apparel 50/50. Click thumbnail for alternate views.',NULL,NULL,0,1,'Size','',15.00,'S, M, L','','verse.jpg','',0.0000,1,1,'<form target=\"paypal\" action=\"https://www.paypal.com/cgi-bin/webscr\" method=\"post\">\r\n<input type=\"hidden\" name=\"cmd\" value=\"_s-xclick\">\r\n<input type=\"hidden\" name=\"hosted_button_id\" value=\"10444896\">\r\n<table>\r\n<tr><td><input type=\"hidden\" name=\"on0\" value=\"Size\">Size</td></tr><tr><td><select name=\"os0\">\r\n	<option value=\"Small\">Small $15.00</option>\r\n	<option value=\"Medium\">Medium $15.00</option>\r\n	<option value=\"Large\">Large $15.00</option>\r\n</select> </td></tr>\r\n</table>\r\n<input type=\"hidden\" name=\"currency_code\" value=\"USD\">\r\n<input type=\"image\" src=\"https://www.paypal.com/en_US/i/btn/btn_cart_LG.gif\" border=\"0\" name=\"submit\" alt=\"PayPal - The safer, easier way to pay online!\">\r\n<img alt=\"\" border=\"0\" src=\"https://www.paypal.com/en_US/i/scr/pixel.gif\" width=\"1\" height=\"1\">\r\n</form>',0.00,21,0,NULL),(23,'Luke 22:36','RFL','For those who believe in \"clinging to guns and religion.\"\r\n<br><br>\r\nPrinted on Gildan 5000 100% cotton. Click thumbnail for alternate views.',NULL,NULL,0,1,'Size','',17.00,'S, M, L, XL','','riflerear.jpg','',0.0000,1,1,'Rifle<br>\r\n<a href=\"#\" onClick=\"showLargeimage(\'Images/riflerear.jpg\');return false;\" style=\"cursor: pointer;\">View Back</a> \r\n<a href=\"#\" onClick=\"showLargeimage(\'Images/rifle.jpg\');return false;\" style=\"cursor: pointer;\">View Front</a>\r\n\r\n<form target=\"paypal\" action=\"https://www.paypal.com/cgi-bin/webscr\" method=\"post\">\r\n<input type=\"hidden\" name=\"cmd\" value=\"_s-xclick\">\r\n<input type=\"hidden\" name=\"hosted_button_id\" value=\"10444922\">\r\n<table>\r\n<tr><td><input type=\"hidden\" name=\"on0\" value=\"Size\">Size</td></tr><tr><td><select name=\"os0\">\r\n	<option value=\"Small\">Small $17.00</option>\r\n	<option value=\"Medium\">Medium $17.00</option>\r\n	<option value=\"Large\">Large $17.00</option>\r\n	<option value=\"Extra Large\">Extra Large $17.00</option>\r\n</select> </td></tr>\r\n</table>\r\n<input type=\"hidden\" name=\"currency_code\" value=\"USD\">\r\n<input type=\"image\" src=\"https://www.paypal.com/en_US/i/btn/btn_cart_LG.gif\" border=\"0\" name=\"submit\" alt=\"PayPal - The safer, easier way to pay online!\">\r\n<img alt=\"\" border=\"0\" src=\"https://www.paypal.com/en_US/i/scr/pixel.gif\" width=\"1\" height=\"1\">\r\n</form>\r\n',0.00,23,0,NULL),(24,'Proverbs 4:23','P423','The Bible is clear, guard your heart, \"for out of it spring the issues of life.\"\r\n<br>\r\nAlso available in female sizes and cuts - images to come.\r\n<br><br>\r\nPrinted on American Apparel 50/50. Click thumbnail for alternate views.',NULL,NULL,0,1,'Size','Sex',18.00,'S, M, L','Male, Female','p423.jpg','',0.0000,1,1,'<a href=\"#\" onClick=\"showLargeimage(\'Images/p423rear.jpg\');return false;\" style=\"cursor: pointer;\">View Back</a> \r\n<a href=\"#\" onClick=\"showLargeimage(\'Images/p423.jpg\');return false;\" style=\"cursor: pointer;\">View Front</a>\r\n\r\n<form target=\"paypal\" action=\"https://www.paypal.com/cgi-bin/webscr\" method=\"post\">\r\n<input type=\"hidden\" name=\"cmd\" value=\"_s-xclick\">\r\n<input type=\"hidden\" name=\"hosted_button_id\" value=\"10444969\">\r\n<table>\r\n<tr><td><input type=\"hidden\" name=\"on0\" value=\"Size\">Size</td></tr><tr><td><select name=\"os0\">\r\n	<option value=\"Men\'s Small\">Men\'s Small $18.00</option>\r\n	<option value=\"Men\'s Medium\">Men\'s Medium $18.00</option>\r\n	<option value=\"Men\'s Large\">Men\'s Large $18.00</option>\r\n	<option value=\"Ladies Small\">Ladies Small $18.00</option>\r\n	<option value=\"Ladies Medium\">Ladies Medium $18.00</option>\r\n	<option value=\"Ladies Large\">Ladies Large $18.00</option>\r\n</select> </td></tr>\r\n</table>\r\n<input type=\"hidden\" name=\"currency_code\" value=\"USD\">\r\n<input type=\"image\" src=\"https://www.paypal.com/en_US/i/btn/btn_cart_LG.gif\" border=\"0\" name=\"submit\" alt=\"PayPal - The safer, easier way to pay online!\">\r\n<img alt=\"\" border=\"0\" src=\"https://www.paypal.com/en_US/i/scr/pixel.gif\" width=\"1\" height=\"1\">\r\n</form>\r\n\r\n\r\n',0.00,24,0,NULL),(26,'Luke 22:36P','LK2236P','Again, for those who believe in \"clinging to guns and religion.\"\r\n<br><br>\r\nPrinted on 100% cotton American Apparel Fine Jersey. Click thumbnail for alternate views.',NULL,NULL,0,1,'Size','',18.00,'S, M, L','','pistol.jpg','',0.0000,1,1,'<form target=\"paypal\" action=\"https://www.paypal.com/cgi-bin/webscr\" method=\"post\">\r\n<input type=\"hidden\" name=\"cmd\" value=\"_s-xclick\">\r\n<input type=\"hidden\" name=\"hosted_button_id\" value=\"10444992\">\r\n<table>\r\n<tr><td><input type=\"hidden\" name=\"on0\" value=\"Size\">Size</td></tr><tr><td><select name=\"os0\">\r\n	<option value=\"Men\'s Small\">Men\'s Small $18.00</option>\r\n	<option value=\"Men\'s Medium\">Men\'s Medium $18.00</option>\r\n	<option value=\"Men\'s Large\">Men\'s Large $18.00</option>\r\n</select> </td></tr>\r\n</table>\r\n<input type=\"hidden\" name=\"currency_code\" value=\"USD\">\r\n<input type=\"image\" src=\"https://www.paypal.com/en_US/i/btn/btn_cart_LG.gif\" border=\"0\" name=\"submit\" alt=\"PayPal - The safer, easier way to pay online!\">\r\n<img alt=\"\" border=\"0\" src=\"https://www.paypal.com/en_US/i/scr/pixel.gif\" width=\"1\" height=\"1\">\r\n</form>\r\n',0.00,26,0,NULL),(27,'Romans 8:28','R828','Romans 8.28 Racing represents all things working together for good. In motorsports there are many critical components that work in sync to ensure success. Most are not immediately visible. ALL things work together.\r\n<br><br>\r\nPrinted on 100% cotton American Apparel Fine Jersey. Click thumbnail for alternate views.',NULL,NULL,0,1,'','',18.00,'','','r828r.jpg','',0.0000,1,1,'<a href=\"#\" onClick=\"showLargeimage(\'Images/r828rear.jpg\');return false;\" style=\"cursor: pointer;\">View Back</a> \r\n<a href=\"#\" onClick=\"showLargeimage(\'Images/r828r.jpg\');return false;\" style=\"cursor: pointer;\">View Front</a>\r\n\r\n<form target=\"paypal\" action=\"https://www.paypal.com/cgi-bin/webscr\" method=\"post\">\r\n<input type=\"hidden\" name=\"cmd\" value=\"_s-xclick\">\r\n<input type=\"hidden\" name=\"hosted_button_id\" value=\"10445003\">\r\n<table>\r\n<tr><td><input type=\"hidden\" name=\"on0\" value=\"Size\">Size</td></tr><tr><td><select name=\"os0\">\r\n	<option value=\"Men\'s Small\">Men\'s Small $18.00</option>\r\n	<option value=\"Men\'s Medium\">Men\'s Medium $18.00</option>\r\n	<option value=\"Men\'s Large\">Men\'s Large $18.00</option>\r\n</select> </td></tr>\r\n</table>\r\n<input type=\"hidden\" name=\"currency_code\" value=\"USD\">\r\n<input type=\"image\" src=\"https://www.paypal.com/en_US/i/btn/btn_cart_LG.gif\" border=\"0\" name=\"submit\" alt=\"PayPal - The safer, easier way to pay online!\">\r\n<img alt=\"\" border=\"0\" src=\"https://www.paypal.com/en_US/i/scr/pixel.gif\" width=\"1\" height=\"1\">\r\n</form>\r\n',0.00,27,0,NULL),(28,'Psalm 118','PS118','Each and every day is specifically and wonderfully made. If, for nothing else, rejoice in that.\r\n<br><br>\r\nPrinted on Fruit of the Loom 100% Cotton. Click thumbnail for alternate views.',NULL,NULL,0,1,'Size','',17.00,'S, M, L','','psalm.jpg','',0.0000,1,1,'<a href=\"#\" onClick=\"showLargeimage(\'Images/psalm2.jpg\');return false;\" style=\"cursor: pointer;\">Pic 1</a> \r\n<a href=\"#\" onClick=\"showLargeimage(\'Images/psalm3.jpg\');return false;\"\" style=\"cursor: pointer;\">Pic 2</a>\r\n<a href=\"#\" onClick=\"showLargeimage(\'Images/psalm.jpg\');return false;\" style=\"cursor: pointer;\">Pic 3</a>\r\n\r\n<form target=\"paypal\" action=\"https://www.paypal.com/cgi-bin/webscr\" method=\"post\">\r\n<input type=\"hidden\" name=\"cmd\" value=\"_s-xclick\">\r\n<input type=\"hidden\" name=\"hosted_button_id\" value=\"10445029\">\r\n<table>\r\n<tr><td><input type=\"hidden\" name=\"on0\" value=\"Size\">Size</td></tr><tr><td><select name=\"os0\">\r\n	<option value=\"Men\'s Small\">Men\'s Small $17.00</option>\r\n	<option value=\"Men\'s Medium\">Men\'s Medium $17.00</option>\r\n	<option value=\"Men\'s Large\">Men\'s Large $17.00</option>\r\n</select> </td></tr>\r\n</table>\r\n<input type=\"hidden\" name=\"currency_code\" value=\"USD\">\r\n<input type=\"image\" src=\"https://www.paypal.com/en_US/i/btn/btn_cart_LG.gif\" border=\"0\" name=\"submit\" alt=\"PayPal - The safer, easier way to pay online!\">\r\n<img alt=\"\" border=\"0\" src=\"https://www.paypal.com/en_US/i/scr/pixel.gif\" width=\"1\" height=\"1\">\r\n</form>\r\n',0.00,28,0,NULL),(29,'Molon Labe','MLN','Molon Labe - \"Come and take them!\"\r\n<br><br>\r\nPrinted on 100% cotton American Apparel Fine Jersey. Click thumbnail for alternate views.',NULL,NULL,0,1,'Size','',18.00,'S, M, L','','molont.jpg','',0.0000,1,1,'<a href=\"#\" onClick=\"showLargeimage(\'Images/molontrear.jpg\');return false;\" style=\"cursor: pointer;\">View Back</a> \r\n<a href=\"#\" onClick=\"showLargeimage(\'Images/molont.jpg\');return false;\" style=\"cursor: pointer;\">View Front</a>\r\n\r\n<form target=\"paypal\" action=\"https://www.paypal.com/cgi-bin/webscr\" method=\"post\">\r\n<input type=\"hidden\" name=\"cmd\" value=\"_s-xclick\">\r\n<input type=\"hidden\" name=\"hosted_button_id\" value=\"10445060\">\r\n<table>\r\n<tr><td><input type=\"hidden\" name=\"on0\" value=\"Size\">Size</td></tr><tr><td><select name=\"os0\">\r\n	<option value=\"Men\'s Small\">Men\'s Small $18.00</option>\r\n	<option value=\"Men\'s Medium\">Men\'s Medium $18.00</option>\r\n	<option value=\"Men\'s Large\">Men\'s Large $18.00</option>\r\n</select> </td></tr>\r\n</table>\r\n<input type=\"hidden\" name=\"currency_code\" value=\"USD\">\r\n<input type=\"image\" src=\"https://www.paypal.com/en_US/i/btn/btn_cart_LG.gif\" border=\"0\" name=\"submit\" alt=\"PayPal - The safer, easier way to pay online!\">\r\n<img alt=\"\" border=\"0\" src=\"https://www.paypal.com/en_US/i/scr/pixel.gif\" width=\"1\" height=\"1\">\r\n</form>\r\n',0.00,29,0,NULL),(30,'Molon Labe SS','MLNSS','Molon Labe Sweatshirt\r\n<br><br>\r\nPrinted on 100% cotton Gildan Heavy Sweatshirt. Click thumbnail for alternate views.',NULL,NULL,0,1,'Size','',24.00,'S, M, L','','molon.jpg','',0.0000,1,1,'\r\n<a href=\"#\" onClick=\"showLargeimage(\'Images/molon_back.jpg\');return false;\" style=\"cursor: pointer;\">View Back</a> \r\n<a href=\"#\" onClick=\"showLargeimage(\'Images/molon.jpg\');return false;\" style=\"cursor: pointer;\">View Front</a>\r\n\r\n<form target=\"paypal\" action=\"https://www.paypal.com/cgi-bin/webscr\" method=\"post\">\r\n<input type=\"hidden\" name=\"cmd\" value=\"_s-xclick\">\r\n<input type=\"hidden\" name=\"hosted_button_id\" value=\"10445115\">\r\n<table>\r\n<tr><td><input type=\"hidden\" name=\"on0\" value=\"Size\">Size</td></tr><tr><td><select name=\"os0\">\r\n	<option value=\"Men\'s Small\">Men\'s Small $24.00</option>\r\n	<option value=\"Men\'s Medium\">Men\'s Medium $24.00</option>\r\n	<option value=\"Men\'s Large\">Men\'s Large $24.00</option>\r\n</select> </td></tr>\r\n</table>\r\n<input type=\"hidden\" name=\"currency_code\" value=\"USD\">\r\n<input type=\"image\" src=\"https://www.paypal.com/en_US/i/btn/btn_cart_LG.gif\" border=\"0\" name=\"submit\" alt=\"PayPal - The safer, easier way to pay online!\">\r\n<img alt=\"\" border=\"0\" src=\"https://www.paypal.com/en_US/i/scr/pixel.gif\" width=\"1\" height=\"1\">\r\n</form>\r\n\r\n\r\n',0.00,30,0,NULL),(31,'Warrior','JER51','Jeremiah 51:20-23 is part of the Verse Warrior series. \r\n<br><br>\r\nPrinted on American Apparel 50/50. Click thumbnail for alternate views.',NULL,NULL,0,1,'Size','',18.00,'S, M, L','','warrior.jpg','',0.0000,1,1,'Warrior<br>\r\n<a href=\"#\" onClick=\"showLargeimage(\'Images/warrior2.jpg\');return false;\" style=\"cursor: pointer;\">View Back</a> \r\n<a href=\"#\" onClick=\"showLargeimage(\'Images/warrior.jpg\');return false;\" style=\"cursor: pointer;\">View Front</a>\r\n\r\n<form target=\"paypal\" action=\"https://www.paypal.com/cgi-bin/webscr\" method=\"post\">\r\n<input type=\"hidden\" name=\"cmd\" value=\"_s-xclick\">\r\n<input type=\"hidden\" name=\"hosted_button_id\" value=\"10445080\">\r\n<table>\r\n<tr><td><input type=\"hidden\" name=\"on0\" value=\"Size\">Size</td></tr><tr><td><select name=\"os0\">\r\n	<option value=\"Men\'s Small\">Men\'s Small $18.00</option>\r\n	<option value=\"Men\'s Medium\">Men\'s Medium $18.00</option>\r\n	<option value=\"Men\'s Large\">Men\'s Large $18.00</option>\r\n</select> </td></tr>\r\n</table>\r\n<input type=\"hidden\" name=\"currency_code\" value=\"USD\">\r\n<input type=\"image\" src=\"https://www.paypal.com/en_US/i/btn/btn_cart_LG.gif\" border=\"0\" name=\"submit\" alt=\"PayPal - The safer, easier way to pay online!\">\r\n<img alt=\"\" border=\"0\" src=\"https://www.paypal.com/en_US/i/scr/pixel.gif\" width=\"1\" height=\"1\">\r\n</form>\r\n',0.00,31,0,NULL);

--
-- Table structure for table `Sale`
--

CREATE TABLE `Sale` (
  `ID` int(11) NOT NULL AUTO_INCREMENT,
  `productID` int(11) NOT NULL DEFAULT '0',
  `quantity` int(11) NOT NULL DEFAULT '0',
  `name` varchar(60) DEFAULT NULL,
  `sku` varchar(30) DEFAULT NULL,
  `price` double(8,2) NOT NULL DEFAULT '0.00',
  `label1` varchar(50) DEFAULT NULL,
  `label2` varchar(50) DEFAULT NULL,
  `invoiceID` int(11) NOT NULL DEFAULT '0',
  `notax` smallint(6) DEFAULT NULL,
  PRIMARY KEY (`ID`),
  KEY `ID` (`ID`)
) ENGINE=MyISAM DEFAULT CHARSET=latin1;

--
-- Dumping data for table `Sale`
--


--
-- Table structure for table `Shipping`
--

CREATE TABLE `Shipping` (
  `carrier` tinytext,
  `method` tinytext,
  `weight` double(16,2) DEFAULT NULL,
  `price` double(16,2) DEFAULT NULL,
  `record_type` tinyint(4) NOT NULL DEFAULT '0',
  `id` int(11) NOT NULL AUTO_INCREMENT,
  `code` varchar(50) DEFAULT NULL,
  `class` varchar(5) DEFAULT NULL,
  PRIMARY KEY (`id`)
) ENGINE=MyISAM DEFAULT CHARSET=latin1;

--
-- Dumping data for table `Shipping`
--


--
-- Table structure for table `Shopping`
--

CREATE TABLE `Shopping` (
  `ID` int(11) NOT NULL AUTO_INCREMENT,
  `product` int(11) NOT NULL DEFAULT '0',
  `session` int(11) NOT NULL DEFAULT '0',
  `quantity` int(11) NOT NULL DEFAULT '0',
  `label1` tinytext,
  `sitename` tinytext,
  `label2` tinytext,
  PRIMARY KEY (`ID`),
  KEY `ID` (`ID`)
) ENGINE=MyISAM AUTO_INCREMENT=14 DEFAULT CHARSET=latin1;

--
-- Dumping data for table `Shopping`
--

INSERT INTO `Shopping` VALUES (13,2,1260464916,1,'','versevision','');

--
-- Dumping events for database 'versevision'
--

--
-- Dumping routines for database 'versevision'
--


